74.7.227.37 - - [14/Mar/2026:11:19:58 -0300] "GET /ultimate-post-kit.svg?dir=//usr/lib/dracut/modules.d/90bcache HTTP/2.0" 200 6600 "https://modernmoocacury.com.br/ultimate-post-kit.svg?dir=//usr/lib/dracut/modules.d" "Mozilla/5.0 AppleWebKit/537.36 (KHTML, like Gecko; compatible; GPTBot/1.3; +https://openai.com/gptbot)" modernmoocacury.com.br 216.172.172.98
74.7.243.219 - - [14/Mar/2026:11:20:02 -0300] "GET /inline-edit-post.js?dir=//opt/cpanel/ea-wappspector/vendor/rector/rector/vendor/composer/pcre/src HTTP/2.0" 200 10548 "https://www.modernmoocacury.com.br.contadorjoseaparecido.com/inline-edit-post.js?dir=//opt/cpanel/ea-wappspector/vendor/rector/rector/vendor/composer/pcre" "Mozilla/5.0 AppleWebKit/537.36 (KHTML, like Gecko; compatible; GPTBot/1.3; +https://openai.com/gptbot)" www.modernmoocacury.com.br.contadorjoseaparecido.com 216.172.172.98
74.7.227.37 - - [14/Mar/2026:11:20:02 -0300] "GET /ultimate-post-kit.svg?dir=//usr/lib/dracut/modules.d/98selinux HTTP/2.0" 200 6961 "https://modernmoocacury.com.br/ultimate-post-kit.svg?dir=//usr/lib/dracut/modules.d" "Mozilla/5.0 AppleWebKit/537.36 (KHTML, like Gecko; compatible; GPTBot/1.3; +https://openai.com/gptbot)" modernmoocacury.com.br 216.172.172.98
74.7.243.219 - - [14/Mar/2026:11:20:05 -0300] "GET /inline-edit-post.js?dir=//opt/cpanel/ea-wappspector/vendor/rector/rector/vendor/psr/container/src HTTP/2.0" 200 7393 "https://www.modernmoocacury.com.br.contadorjoseaparecido.com/inline-edit-post.js?dir=//opt/cpanel/ea-wappspector/vendor/rector/rector/vendor/psr/container" "Mozilla/5.0 AppleWebKit/537.36 (KHTML, like Gecko; compatible; GPTBot/1.3; +https://openai.com/gptbot)" www.modernmoocacury.com.br.contadorjoseaparecido.com 216.172.172.98
74.7.241.21 - - [14/Mar/2026:11:20:06 -0300] "GET /post-formats-vs.png?action=download&dir=//opt/cpanel/ea-wappspector/vendor/phpunit/phpunit/src/Framework&item=TestCase.php HTTP/2.0" 409 83 "https://modernmoocacury.com.br.contadorjoseaparecido.com/post-formats-vs.png?dir=//opt/cpanel/ea-wappspector/vendor/phpunit/phpunit/src/Framework" "Mozilla/5.0 AppleWebKit/537.36 (KHTML, like Gecko; compatible; GPTBot/1.3; +https://openai.com/gptbot)" modernmoocacury.com.br.contadorjoseaparecido.com 216.172.172.98
74.7.227.37 - - [14/Mar/2026:11:20:05 -0300] "GET /ultimate-post-kit.svg?dir=//usr/lib/dracut/modules.d/95znet HTTP/2.0" 200 6948 "https://modernmoocacury.com.br/ultimate-post-kit.svg?dir=//usr/lib/dracut/modules.d" "Mozilla/5.0 AppleWebKit/537.36 (KHTML, like Gecko; compatible; GPTBot/1.3; +https://openai.com/gptbot)" modernmoocacury.com.br 216.172.172.98
74.7.243.219 - - [14/Mar/2026:11:20:08 -0300] "GET /inline-edit-post.js?action=edit&dir=//opt/cpanel/ea-wappspector/vendor/rector/rector/vendor/webmozart/assert&item=composer.json HTTP/2.0" 200 8479 "https://www.modernmoocacury.com.br.contadorjoseaparecido.com/inline-edit-post.js?dir=//opt/cpanel/ea-wappspector/vendor/rector/rector/vendor/webmozart/assert" "Mozilla/5.0 AppleWebKit/537.36 (KHTML, like Gecko; compatible; GPTBot/1.3; +https://openai.com/gptbot)" www.modernmoocacury.com.br.contadorjoseaparecido.com 216.172.172.98
74.7.227.37 - - [14/Mar/2026:11:20:08 -0300] "GET /ultimate-post-kit.svg?dir=//usr/lib/dracut/modules.d/95fstab-sys HTTP/2.0" 200 6959 "https://modernmoocacury.com.br/ultimate-post-kit.svg?dir=//usr/lib/dracut/modules.d" "Mozilla/5.0 AppleWebKit/537.36 (KHTML, like Gecko; compatible; GPTBot/1.3; +https://openai.com/gptbot)" modernmoocacury.com.br 216.172.172.98
74.7.243.219 - - [14/Mar/2026:11:20:11 -0300] "GET /inline-edit-post.js?dir=//opt/cpanel/ea-wappspector/vendor/rector/rector/vendor/webmozart/assert/src HTTP/2.0" 200 7399 "https://www.modernmoocacury.com.br.contadorjoseaparecido.com/inline-edit-post.js?dir=//opt/cpanel/ea-wappspector/vendor/rector/rector/vendor/webmozart/assert" "Mozilla/5.0 AppleWebKit/537.36 (KHTML, like Gecko; compatible; GPTBot/1.3; +https://openai.com/gptbot)" www.modernmoocacury.com.br.contadorjoseaparecido.com 216.172.172.98
74.7.241.21 - - [14/Mar/2026:11:20:12 -0300] "GET /post-formats-vs.png?dir=//opt/cpanel/ea-wappspector/vendor/phpunit/phpunit/src/Framework/Assert HTTP/2.0" 200 6687 "https://modernmoocacury.com.br.contadorjoseaparecido.com/post-formats-vs.png?dir=//opt/cpanel/ea-wappspector/vendor/phpunit/phpunit/src/Framework" "Mozilla/5.0 AppleWebKit/537.36 (KHTML, like Gecko; compatible; GPTBot/1.3; +https://openai.com/gptbot)" modernmoocacury.com.br.contadorjoseaparecido.com 216.172.172.98
74.7.227.37 - - [14/Mar/2026:11:20:11 -0300] "GET /ultimate-post-kit.svg?dir=//usr/lib/dracut/modules.d/95terminfo HTTP/2.0" 200 6602 "https://modernmoocacury.com.br/ultimate-post-kit.svg?dir=//usr/lib/dracut/modules.d" "Mozilla/5.0 AppleWebKit/537.36 (KHTML, like Gecko; compatible; GPTBot/1.3; +https://openai.com/gptbot)" modernmoocacury.com.br 216.172.172.98
74.7.243.219 - - [14/Mar/2026:11:20:14 -0300] "GET /inline-edit-post.js?dir=//opt/cpanel/ea-wappspector/vendor/rector/rector/vendor/doctrine/inflector/lib HTTP/2.0" 200 6690 "https://www.modernmoocacury.com.br.contadorjoseaparecido.com/inline-edit-post.js?dir=//opt/cpanel/ea-wappspector/vendor/rector/rector/vendor/doctrine/inflector" "Mozilla/5.0 AppleWebKit/537.36 (KHTML, like Gecko; compatible; GPTBot/1.3; +https://openai.com/gptbot)" www.modernmoocacury.com.br.contadorjoseaparecido.com 216.172.172.98
74.7.227.37 - - [14/Mar/2026:11:20:14 -0300] "GET /ultimate-post-kit.svg?dir=//usr/lib/dracut/modules.d/05nss-softokn HTTP/2.0" 200 6610 "https://modernmoocacury.com.br/ultimate-post-kit.svg?dir=//usr/lib/dracut/modules.d" "Mozilla/5.0 AppleWebKit/537.36 (KHTML, like Gecko; compatible; GPTBot/1.3; +https://openai.com/gptbot)" modernmoocacury.com.br 216.172.172.98
74.7.243.219 - - [14/Mar/2026:11:20:17 -0300] "GET /inline-edit-post.js?dir=//opt/cpanel/ea-wappspector/vendor/sebastian/global-state HTTP/2.0" 200 8409 "https://www.modernmoocacury.com.br.contadorjoseaparecido.com/inline-edit-post.js?dir=//opt/cpanel/ea-wappspector/vendor/sebastian" "Mozilla/5.0 AppleWebKit/537.36 (KHTML, like Gecko; compatible; GPTBot/1.3; +https://openai.com/gptbot)" www.modernmoocacury.com.br.contadorjoseaparecido.com 216.172.172.98
74.7.227.37 - - [14/Mar/2026:11:20:17 -0300] "GET /ultimate-post-kit.svg?dir=//usr/lib/dracut/modules.d/95rootfs-block HTTP/2.0" 200 8025 "https://modernmoocacury.com.br/ultimate-post-kit.svg?dir=//usr/lib/dracut/modules.d" "Mozilla/5.0 AppleWebKit/537.36 (KHTML, like Gecko; compatible; GPTBot/1.3; +https://openai.com/gptbot)" modernmoocacury.com.br 216.172.172.98
74.7.227.37 - - [14/Mar/2026:11:20:20 -0300] "GET /ultimate-post-kit.svg?dir=//usr/lib/dracut/modules.d/91crypt-loop HTTP/2.0" 200 6962 "https://modernmoocacury.com.br/ultimate-post-kit.svg?dir=//usr/lib/dracut/modules.d" "Mozilla/5.0 AppleWebKit/537.36 (KHTML, like Gecko; compatible; GPTBot/1.3; +https://openai.com/gptbot)" modernmoocacury.com.br 216.172.172.98
74.7.243.219 - - [14/Mar/2026:11:20:20 -0300] "GET /inline-edit-post.js?dir=//opt/cpanel/ea-wappspector/vendor/sebastian/diff HTTP/2.0" 200 8396 "https://www.modernmoocacury.com.br.contadorjoseaparecido.com/inline-edit-post.js?dir=//opt/cpanel/ea-wappspector/vendor/sebastian" "Mozilla/5.0 AppleWebKit/537.36 (KHTML, like Gecko; compatible; GPTBot/1.3; +https://openai.com/gptbot)" www.modernmoocacury.com.br.contadorjoseaparecido.com 216.172.172.98
74.7.243.219 - - [14/Mar/2026:11:20:23 -0300] "GET /inline-edit-post.js?dir=//opt/cpanel/ea-wappspector/vendor/sebastian/version HTTP/2.0" 200 8400 "https://www.modernmoocacury.com.br.contadorjoseaparecido.com/inline-edit-post.js?dir=//opt/cpanel/ea-wappspector/vendor/sebastian" "Mozilla/5.0 AppleWebKit/537.36 (KHTML, like Gecko; compatible; GPTBot/1.3; +https://openai.com/gptbot)" www.modernmoocacury.com.br.contadorjoseaparecido.com 216.172.172.98
74.7.227.37 - - [14/Mar/2026:11:20:24 -0300] "GET /ultimate-post-kit.svg?dir=//usr/lib/dracut/modules.d/95ssh-client HTTP/2.0" 200 6611 "https://modernmoocacury.com.br/ultimate-post-kit.svg?dir=//usr/lib/dracut/modules.d" "Mozilla/5.0 AppleWebKit/537.36 (KHTML, like Gecko; compatible; GPTBot/1.3; +https://openai.com/gptbot)" modernmoocacury.com.br 216.172.172.98
74.7.243.219 - - [14/Mar/2026:11:20:27 -0300] "GET /inline-edit-post.js?dir=//opt/cpanel/ea-wappspector/vendor/theseer/tokenizer/src HTTP/2.0" 200 9094 "https://www.modernmoocacury.com.br.contadorjoseaparecido.com/inline-edit-post.js?dir=//opt/cpanel/ea-wappspector/vendor/theseer/tokenizer" "Mozilla/5.0 AppleWebKit/537.36 (KHTML, like Gecko; compatible; GPTBot/1.3; +https://openai.com/gptbot)" www.modernmoocacury.com.br.contadorjoseaparecido.com 216.172.172.98
74.7.227.37 - - [14/Mar/2026:11:20:27 -0300] "GET /ultimate-post-kit.svg?dir=//usr/lib/dracut/modules.d/50plymouth HTTP/2.0" 200 8030 "https://modernmoocacury.com.br/ultimate-post-kit.svg?dir=//usr/lib/dracut/modules.d" "Mozilla/5.0 AppleWebKit/537.36 (KHTML, like Gecko; compatible; GPTBot/1.3; +https://openai.com/gptbot)" modernmoocacury.com.br 216.172.172.98
74.7.243.219 - - [14/Mar/2026:11:20:30 -0300] "GET /inline-edit-post.js?dir=//opt/cpanel/ea-wappspector/vendor/rector/rector/vendor/sebastian/diff/src HTTP/2.0" 200 9876 "https://www.modernmoocacury.com.br.contadorjoseaparecido.com/inline-edit-post.js?dir=//opt/cpanel/ea-wappspector/vendor/rector/rector/vendor/sebastian/diff" "Mozilla/5.0 AppleWebKit/537.36 (KHTML, like Gecko; compatible; GPTBot/1.3; +https://openai.com/gptbot)" www.modernmoocacury.com.br.contadorjoseaparecido.com 216.172.172.98
74.7.227.37 - - [14/Mar/2026:11:20:30 -0300] "GET /ultimate-post-kit.svg?dir=//usr/lib/dracut/modules.d/95fcoe-uefi HTTP/2.0" 200 6963 "https://modernmoocacury.com.br/ultimate-post-kit.svg?dir=//usr/lib/dracut/modules.d" "Mozilla/5.0 AppleWebKit/537.36 (KHTML, like Gecko; compatible; GPTBot/1.3; +https://openai.com/gptbot)" modernmoocacury.com.br 216.172.172.98
74.7.241.21 - - [14/Mar/2026:11:20:31 -0300] "GET /post-formats-vs.png?action=download&dir=//opt/cpanel/ea-wappspector/vendor/phpunit/phpunit/src/TextUI/Output&item=Facade.php HTTP/2.0" 409 83 "https://modernmoocacury.com.br.contadorjoseaparecido.com/post-formats-vs.png?dir=//opt/cpanel/ea-wappspector/vendor/phpunit/phpunit/src/TextUI/Output" "Mozilla/5.0 AppleWebKit/537.36 (KHTML, like Gecko; compatible; GPTBot/1.3; +https://openai.com/gptbot)" modernmoocacury.com.br.contadorjoseaparecido.com 216.172.172.98
74.7.227.37 - - [14/Mar/2026:11:20:33 -0300] "GET /ultimate-post-kit.svg?dir=//usr/lib/dracut/modules.d/97biosdevname HTTP/2.0" 200 6966 "https://modernmoocacury.com.br/ultimate-post-kit.svg?dir=//usr/lib/dracut/modules.d" "Mozilla/5.0 AppleWebKit/537.36 (KHTML, like Gecko; compatible; GPTBot/1.3; +https://openai.com/gptbot)" modernmoocacury.com.br 216.172.172.98
74.7.243.219 - - [14/Mar/2026:11:20:33 -0300] "GET /inline-edit-post.js?dir=//opt/cpanel/ea-wappspector/vendor/doctrine/inflector/src HTTP/2.0" 200 9810 "https://www.modernmoocacury.com.br.contadorjoseaparecido.com/inline-edit-post.js?dir=//opt/cpanel/ea-wappspector/vendor/doctrine/inflector" "Mozilla/5.0 AppleWebKit/537.36 (KHTML, like Gecko; compatible; GPTBot/1.3; +https://openai.com/gptbot)" www.modernmoocacury.com.br.contadorjoseaparecido.com 216.172.172.98
74.7.243.219 - - [14/Mar/2026:11:20:36 -0300] "GET /inline-edit-post.js?dir=//opt/cpanel/ea-wappspector/vendor/sebastian/code-unit HTTP/2.0" 200 8402 "https://www.modernmoocacury.com.br.contadorjoseaparecido.com/inline-edit-post.js?dir=//opt/cpanel/ea-wappspector/vendor/sebastian" "Mozilla/5.0 AppleWebKit/537.36 (KHTML, like Gecko; compatible; GPTBot/1.3; +https://openai.com/gptbot)" www.modernmoocacury.com.br.contadorjoseaparecido.com 216.172.172.98
74.7.227.37 - - [14/Mar/2026:11:20:36 -0300] "GET /ultimate-post-kit.svg?dir=//usr/lib/dracut/modules.d/91crypt-gpg HTTP/2.0" 200 6963 "https://modernmoocacury.com.br/ultimate-post-kit.svg?dir=//usr/lib/dracut/modules.d" "Mozilla/5.0 AppleWebKit/537.36 (KHTML, like Gecko; compatible; GPTBot/1.3; +https://openai.com/gptbot)" modernmoocacury.com.br 216.172.172.98
74.7.243.219 - - [14/Mar/2026:11:20:39 -0300] "GET /inline-edit-post.js?dir=//opt/cpanel/ea-wappspector/vendor/sebastian/exporter HTTP/2.0" 200 8407 "https://www.modernmoocacury.com.br.contadorjoseaparecido.com/inline-edit-post.js?dir=//opt/cpanel/ea-wappspector/vendor/sebastian" "Mozilla/5.0 AppleWebKit/537.36 (KHTML, like Gecko; compatible; GPTBot/1.3; +https://openai.com/gptbot)" www.modernmoocacury.com.br.contadorjoseaparecido.com 216.172.172.98
74.7.227.37 - - [14/Mar/2026:11:20:39 -0300] "GET /ultimate-post-kit.svg?dir=//usr/lib/dracut/modules.d/99shutdown HTTP/2.0" 200 6953 "https://modernmoocacury.com.br/ultimate-post-kit.svg?dir=//usr/lib/dracut/modules.d" "Mozilla/5.0 AppleWebKit/537.36 (KHTML, like Gecko; compatible; GPTBot/1.3; +https://openai.com/gptbot)" modernmoocacury.com.br 216.172.172.98
74.7.243.219 - - [14/Mar/2026:11:20:43 -0300] "GET /inline-edit-post.js?dir=//opt/cpanel/ea-wappspector/vendor/sebastian/cli-parser HTTP/2.0" 200 8407 "https://www.modernmoocacury.com.br.contadorjoseaparecido.com/inline-edit-post.js?dir=//opt/cpanel/ea-wappspector/vendor/sebastian" "Mozilla/5.0 AppleWebKit/537.36 (KHTML, like Gecko; compatible; GPTBot/1.3; +https://openai.com/gptbot)" www.modernmoocacury.com.br.contadorjoseaparecido.com 216.172.172.98
74.7.227.37 - - [14/Mar/2026:11:20:43 -0300] "GET /ultimate-post-kit.svg?dir=//usr/lib/dracut/modules.d/90dmsquash-live HTTP/2.0" 200 9454 "https://modernmoocacury.com.br/ultimate-post-kit.svg?dir=//usr/lib/dracut/modules.d" "Mozilla/5.0 AppleWebKit/537.36 (KHTML, like Gecko; compatible; GPTBot/1.3; +https://openai.com/gptbot)" modernmoocacury.com.br 216.172.172.98
74.7.243.219 - - [14/Mar/2026:11:20:46 -0300] "GET /inline-edit-post.js?dir=//opt/cpanel/ea-wappspector/vendor/rector/rector/vendor/fidry/cpu-core-counter/bin HTTP/2.0" 200 7390 "https://www.modernmoocacury.com.br.contadorjoseaparecido.com/inline-edit-post.js?dir=//opt/cpanel/ea-wappspector/vendor/rector/rector/vendor/fidry/cpu-core-counter" "Mozilla/5.0 AppleWebKit/537.36 (KHTML, like Gecko; compatible; GPTBot/1.3; +https://openai.com/gptbot)" www.modernmoocacury.com.br.contadorjoseaparecido.com 216.172.172.98
74.7.227.37 - - [14/Mar/2026:11:20:46 -0300] "GET /ultimate-post-kit.svg?dir=//usr/lib/dracut/modules.d/95zfcp HTTP/2.0" 200 6949 "https://modernmoocacury.com.br/ultimate-post-kit.svg?dir=//usr/lib/dracut/modules.d" "Mozilla/5.0 AppleWebKit/537.36 (KHTML, like Gecko; compatible; GPTBot/1.3; +https://openai.com/gptbot)" modernmoocacury.com.br 216.172.172.98
74.7.241.21 - - [14/Mar/2026:11:20:48 -0300] "GET /inline-edit-post.min.js?action=rename&dir=//lib/python2.7/site-packages/kitchen/iterutils&item=__init__.py HTTP/2.0" 200 7577 "https://modernmoocacury.com.br.contadorjoseaparecido.com/inline-edit-post.min.js?dir=//lib/python2.7/site-packages/kitchen/iterutils" "Mozilla/5.0 AppleWebKit/537.36 (KHTML, like Gecko; compatible; GPTBot/1.3; +https://openai.com/gptbot)" modernmoocacury.com.br.contadorjoseaparecido.com 216.172.172.98
74.7.243.219 - - [14/Mar/2026:11:20:49 -0300] "GET /inline-edit-post.js?dir=//opt/cpanel/ea-wappspector/vendor/rector/rector/vendor/symplify/easy-parallel/src HTTP/2.0" 200 9186 "https://www.modernmoocacury.com.br.contadorjoseaparecido.com/inline-edit-post.js?dir=//opt/cpanel/ea-wappspector/vendor/rector/rector/vendor/symplify/easy-parallel" "Mozilla/5.0 AppleWebKit/537.36 (KHTML, like Gecko; compatible; GPTBot/1.3; +https://openai.com/gptbot)" www.modernmoocacury.com.br.contadorjoseaparecido.com 216.172.172.98
74.7.227.37 - - [14/Mar/2026:11:20:49 -0300] "GET /ultimate-post-kit.svg?dir=//usr/lib/dracut/modules.d/00systemd-bootchart HTTP/2.0" 200 6624 "https://modernmoocacury.com.br/ultimate-post-kit.svg?dir=//usr/lib/dracut/modules.d" "Mozilla/5.0 AppleWebKit/537.36 (KHTML, like Gecko; compatible; GPTBot/1.3; +https://openai.com/gptbot)" modernmoocacury.com.br 216.172.172.98
74.7.227.37 - - [14/Mar/2026:11:20:52 -0300] "GET /inline-edit-post.js?dir=//usr/lib/python2.7/site-packages/firewall/core HTTP/2.0" 200 33767 "https://modernmoocacury.com.br/inline-edit-post.js?dir=//usr/lib/python2.7/site-packages/firewall" "Mozilla/5.0 AppleWebKit/537.36 (KHTML, like Gecko; compatible; GPTBot/1.3; +https://openai.com/gptbot)" modernmoocacury.com.br 216.172.172.98
74.7.243.219 - - [14/Mar/2026:11:20:53 -0300] "GET /inline-edit-post.js?dir=//opt/cpanel/ea-wappspector/vendor/sebastian/global-state/src HTTP/2.0" 200 8073 "https://www.modernmoocacury.com.br.contadorjoseaparecido.com/inline-edit-post.js?dir=//opt/cpanel/ea-wappspector/vendor/sebastian/global-state" "Mozilla/5.0 AppleWebKit/537.36 (KHTML, like Gecko; compatible; GPTBot/1.3; +https://openai.com/gptbot)" www.modernmoocacury.com.br.contadorjoseaparecido.com 216.172.172.98
74.7.227.37 - - [14/Mar/2026:11:20:56 -0300] "GET /ultimate-post-kit.svg?dir=//usr/lib/dracut/modules.d/04watchdog HTTP/2.0" 200 7301 "https://modernmoocacury.com.br/ultimate-post-kit.svg?dir=//usr/lib/dracut/modules.d" "Mozilla/5.0 AppleWebKit/537.36 (KHTML, like Gecko; compatible; GPTBot/1.3; +https://openai.com/gptbot)" modernmoocacury.com.br 216.172.172.98
74.7.243.219 - - [14/Mar/2026:11:20:56 -0300] "GET /inline-edit-post.js?action=edit&dir=//opt/cpanel/ea-wappspector/vendor/sebastian/diff&item=SECURITY.md HTTP/2.0" 200 9676 "https://www.modernmoocacury.com.br.contadorjoseaparecido.com/inline-edit-post.js?dir=//opt/cpanel/ea-wappspector/vendor/sebastian/diff" "Mozilla/5.0 AppleWebKit/537.36 (KHTML, like Gecko; compatible; GPTBot/1.3; +https://openai.com/gptbot)" www.modernmoocacury.com.br.contadorjoseaparecido.com 216.172.172.98
74.7.227.37 - - [14/Mar/2026:11:20:59 -0300] "GET /ultimate-post-kit.svg?dir=//usr/lib/dracut/modules.d/30convertfs HTTP/2.0" 200 7304 "https://modernmoocacury.com.br/ultimate-post-kit.svg?dir=//usr/lib/dracut/modules.d" "Mozilla/5.0 AppleWebKit/537.36 (KHTML, like Gecko; compatible; GPTBot/1.3; +https://openai.com/gptbot)" modernmoocacury.com.br 216.172.172.98
74.7.243.219 - - [14/Mar/2026:11:20:59 -0300] "GET /inline-edit-post.js?dir=//opt/cpanel/ea-wappspector/vendor/sebastian/version/src HTTP/2.0" 200 6648 "https://www.modernmoocacury.com.br.contadorjoseaparecido.com/inline-edit-post.js?dir=//opt/cpanel/ea-wappspector/vendor/sebastian/version" "Mozilla/5.0 AppleWebKit/537.36 (KHTML, like Gecko; compatible; GPTBot/1.3; +https://openai.com/gptbot)" www.modernmoocacury.com.br.contadorjoseaparecido.com 216.172.172.98
74.7.227.37 - - [14/Mar/2026:11:21:02 -0300] "GET /ultimate-post-kit.svg?dir=//usr/lib/dracut/modules.d/98ecryptfs HTTP/2.0" 200 7305 "https://modernmoocacury.com.br/ultimate-post-kit.svg?dir=//usr/lib/dracut/modules.d" "Mozilla/5.0 AppleWebKit/537.36 (KHTML, like Gecko; compatible; GPTBot/1.3; +https://openai.com/gptbot)" modernmoocacury.com.br 216.172.172.98
74.7.243.219 - - [14/Mar/2026:11:21:02 -0300] "GET /inline-edit-post.js?dir=//opt/cpanel/ea-wappspector/vendor/sebastian/diff/src HTTP/2.0" 200 9835 "https://www.modernmoocacury.com.br.contadorjoseaparecido.com/inline-edit-post.js?dir=//opt/cpanel/ea-wappspector/vendor/sebastian/diff" "Mozilla/5.0 AppleWebKit/537.36 (KHTML, like Gecko; compatible; GPTBot/1.3; +https://openai.com/gptbot)" www.modernmoocacury.com.br.contadorjoseaparecido.com 216.172.172.98
74.7.243.219 - - [14/Mar/2026:11:21:05 -0300] "GET /inline-edit-post.js?dir=//opt/cpanel/ea-wappspector/vendor/rector/rector/vendor/fidry/cpu-core-counter/src HTTP/2.0" 200 8475 "https://www.modernmoocacury.com.br.contadorjoseaparecido.com/inline-edit-post.js?dir=//opt/cpanel/ea-wappspector/vendor/rector/rector/vendor/fidry/cpu-core-counter" "Mozilla/5.0 AppleWebKit/537.36 (KHTML, like Gecko; compatible; GPTBot/1.3; +https://openai.com/gptbot)" www.modernmoocacury.com.br.contadorjoseaparecido.com 216.172.172.98
74.7.227.37 - - [14/Mar/2026:11:21:05 -0300] "GET /ultimate-post-kit.svg?dir=//usr/lib/dracut/modules.d/99microcode_ctl-fw_dir_override HTTP/2.0" 200 6656 "https://modernmoocacury.com.br/ultimate-post-kit.svg?dir=//usr/lib/dracut/modules.d" "Mozilla/5.0 AppleWebKit/537.36 (KHTML, like Gecko; compatible; GPTBot/1.3; +https://openai.com/gptbot)" modernmoocacury.com.br 216.172.172.98
74.7.227.37 - - [14/Mar/2026:11:21:08 -0300] "GET /ultimate-post-kit.svg?dir=//usr/lib/dracut/modules.d/10i18n HTTP/2.0" 200 7998 "https://modernmoocacury.com.br/ultimate-post-kit.svg?dir=//usr/lib/dracut/modules.d" "Mozilla/5.0 AppleWebKit/537.36 (KHTML, like Gecko; compatible; GPTBot/1.3; +https://openai.com/gptbot)" modernmoocacury.com.br 216.172.172.98
74.7.243.219 - - [14/Mar/2026:11:21:08 -0300] "GET /inline-edit-post.js?dir=//opt/cpanel/ea-wappspector/vendor/rector/rector/vendor/symfony/yaml HTTP/2.0" 200 10878 "https://www.modernmoocacury.com.br.contadorjoseaparecido.com/inline-edit-post.js?dir=//opt/cpanel/ea-wappspector/vendor/rector/rector/vendor/symfony" "Mozilla/5.0 AppleWebKit/537.36 (KHTML, like Gecko; compatible; GPTBot/1.3; +https://openai.com/gptbot)" www.modernmoocacury.com.br.contadorjoseaparecido.com 216.172.172.98
74.7.243.219 - - [14/Mar/2026:11:21:12 -0300] "GET /inline-edit-post.js?dir=//opt/cpanel/ea-wappspector/vendor/sebastian/code-unit/src HTTP/2.0" 200 10824 "https://www.modernmoocacury.com.br.contadorjoseaparecido.com/inline-edit-post.js?dir=//opt/cpanel/ea-wappspector/vendor/sebastian/code-unit" "Mozilla/5.0 AppleWebKit/537.36 (KHTML, like Gecko; compatible; GPTBot/1.3; +https://openai.com/gptbot)" www.modernmoocacury.com.br.contadorjoseaparecido.com 216.172.172.98
74.7.227.37 - - [14/Mar/2026:11:21:11 -0300] "GET /ultimate-post-kit.ttf?dir=//usr/lib/kbd/keymaps/legacy/i386/azerty HTTP/2.0" 200 9728 "https://modernmoocacury.com.br/ultimate-post-kit.ttf?dir=//usr/lib/kbd/keymaps/legacy/i386" "Mozilla/5.0 AppleWebKit/537.36 (KHTML, like Gecko; compatible; GPTBot/1.3; +https://openai.com/gptbot)" modernmoocacury.com.br 216.172.172.98
74.7.227.37 - - [14/Mar/2026:11:21:11 -0300] "GET /ultimate-post-kit.ttf?dir=//usr/lib/kbd/keymaps/legacy/i386/azerty HTTP/1.1" 200 9728 "https://modernmoocacury.com.br/ultimate-post-kit.ttf?dir=//usr/lib/kbd/keymaps/legacy/i386" "Mozilla/5.0 AppleWebKit/537.36 (KHTML, like Gecko; compatible; GPTBot/1.3; +https://openai.com/gptbot)" modernmoocacury.com.br 216.172.172.98
74.7.243.219 - - [14/Mar/2026:11:21:15 -0300] "GET /inline-edit-post.js?dir=//opt/cpanel/ea-wappspector/vendor/sebastian/exporter/src HTTP/2.0" 200 6654 "https://www.modernmoocacury.com.br.contadorjoseaparecido.com/inline-edit-post.js?dir=//opt/cpanel/ea-wappspector/vendor/sebastian/exporter" "Mozilla/5.0 AppleWebKit/537.36 (KHTML, like Gecko; compatible; GPTBot/1.3; +https://openai.com/gptbot)" www.modernmoocacury.com.br.contadorjoseaparecido.com 216.172.172.98
74.7.227.37 - - [14/Mar/2026:11:21:14 -0300] "GET /ultimate-post-kit.ttf?dir=//usr/lib/kbd/keymaps/legacy/i386/qwerty HTTP/1.1" 200 48174 "https://modernmoocacury.com.br/ultimate-post-kit.ttf?dir=//usr/lib/kbd/keymaps/legacy/i386" "Mozilla/5.0 AppleWebKit/537.36 (KHTML, like Gecko; compatible; GPTBot/1.3; +https://openai.com/gptbot)" modernmoocacury.com.br 216.172.172.98
74.7.227.37 - - [14/Mar/2026:11:21:14 -0300] "GET /ultimate-post-kit.ttf?dir=//usr/lib/kbd/keymaps/legacy/i386/qwerty HTTP/2.0" 200 48174 "https://modernmoocacury.com.br/ultimate-post-kit.ttf?dir=//usr/lib/kbd/keymaps/legacy/i386" "Mozilla/5.0 AppleWebKit/537.36 (KHTML, like Gecko; compatible; GPTBot/1.3; +https://openai.com/gptbot)" modernmoocacury.com.br 216.172.172.98
74.7.243.219 - - [14/Mar/2026:11:21:18 -0300] "GET /inline-edit-post.js?dir=//opt/cpanel/ea-wappspector/vendor/sebastian/cli-parser/src HTTP/2.0" 200 7017 "https://www.modernmoocacury.com.br.contadorjoseaparecido.com/inline-edit-post.js?dir=//opt/cpanel/ea-wappspector/vendor/sebastian/cli-parser" "Mozilla/5.0 AppleWebKit/537.36 (KHTML, like Gecko; compatible; GPTBot/1.3; +https://openai.com/gptbot)" www.modernmoocacury.com.br.contadorjoseaparecido.com 216.172.172.98
74.7.227.37 - - [14/Mar/2026:11:21:17 -0300] "GET /inline-edit-post.min.js?dir=//usr/lib/python2.7/site-packages/kitchen HTTP/2.0" 200 12195 "https://modernmoocacury.com.br/inline-edit-post.min.js?dir=//usr/lib/python2.7/site-packages" "Mozilla/5.0 AppleWebKit/537.36 (KHTML, like Gecko; compatible; GPTBot/1.3; +https://openai.com/gptbot)" modernmoocacury.com.br 216.172.172.98
74.7.227.37 - - [14/Mar/2026:11:21:20 -0300] "GET /ultimate-post-kit.svg?action=edit&dir=//usr/lib/dracut/modules.d/95zfcp&item=module-setup.sh HTTP/2.0" 200 7600 "https://modernmoocacury.com.br/ultimate-post-kit.svg?dir=//usr/lib/dracut/modules.d/95zfcp" "Mozilla/5.0 AppleWebKit/537.36 (KHTML, like Gecko; compatible; GPTBot/1.3; +https://openai.com/gptbot)" modernmoocacury.com.br 216.172.172.98
74.7.243.219 - - [14/Mar/2026:11:21:21 -0300] "GET /inline-edit-post.js?dir=//opt/cpanel/ea-wappspector/vendor/laravel/serializable-closure/src HTTP/2.0" 200 8796 "https://www.modernmoocacury.com.br.contadorjoseaparecido.com/inline-edit-post.js?dir=//opt/cpanel/ea-wappspector/vendor/laravel/serializable-closure" "Mozilla/5.0 AppleWebKit/537.36 (KHTML, like Gecko; compatible; GPTBot/1.3; +https://openai.com/gptbot)" www.modernmoocacury.com.br.contadorjoseaparecido.com 216.172.172.98
74.7.227.37 - - [14/Mar/2026:11:21:23 -0300] "GET /ultimate-post-kit.ttf?dir=//usr/lib/kbd/keymaps/legacy/i386/include HTTP/1.1" 200 12845 "https://modernmoocacury.com.br/ultimate-post-kit.ttf?dir=//usr/lib/kbd/keymaps/legacy/i386" "Mozilla/5.0 AppleWebKit/537.36 (KHTML, like Gecko; compatible; GPTBot/1.3; +https://openai.com/gptbot)" modernmoocacury.com.br 216.172.172.98
74.7.227.37 - - [14/Mar/2026:11:21:23 -0300] "GET /ultimate-post-kit.ttf?dir=//usr/lib/kbd/keymaps/legacy/i386/include HTTP/2.0" 200 12845 "https://modernmoocacury.com.br/ultimate-post-kit.ttf?dir=//usr/lib/kbd/keymaps/legacy/i386" "Mozilla/5.0 AppleWebKit/537.36 (KHTML, like Gecko; compatible; GPTBot/1.3; +https://openai.com/gptbot)" modernmoocacury.com.br 216.172.172.98
74.7.243.219 - - [14/Mar/2026:11:21:24 -0300] "GET /inline-edit-post.js?dir=//opt/cpanel/ea-wappspector/vendor/sebastian/object-reflector HTTP/2.0" 200 8415 "https://www.modernmoocacury.com.br.contadorjoseaparecido.com/inline-edit-post.js?dir=//opt/cpanel/ea-wappspector/vendor/sebastian" "Mozilla/5.0 AppleWebKit/537.36 (KHTML, like Gecko; compatible; GPTBot/1.3; +https://openai.com/gptbot)" www.modernmoocacury.com.br.contadorjoseaparecido.com 216.172.172.98
74.7.227.37 - - [14/Mar/2026:11:21:26 -0300] "GET /inline-edit-post.js?action=edit&dir=//usr/lib/python2.7/site-packages/firewall/core&item=fw_policies.pyo HTTP/2.0" 200 35396 "https://modernmoocacury.com.br/inline-edit-post.js?dir=//usr/lib/python2.7/site-packages/firewall/core" "Mozilla/5.0 AppleWebKit/537.36 (KHTML, like Gecko; compatible; GPTBot/1.3; +https://openai.com/gptbot)" modernmoocacury.com.br 216.172.172.98
74.7.243.219 - - [14/Mar/2026:11:21:27 -0300] "GET /inline-edit-post.js?dir=//opt/cpanel/ea-wappspector/vendor/sebastian/global-state/src/exceptions HTTP/2.0" 200 7036 "https://www.modernmoocacury.com.br.contadorjoseaparecido.com/inline-edit-post.js?dir=//opt/cpanel/ea-wappspector/vendor/sebastian/global-state/src" "Mozilla/5.0 AppleWebKit/537.36 (KHTML, like Gecko; compatible; GPTBot/1.3; +https://openai.com/gptbot)" www.modernmoocacury.com.br.contadorjoseaparecido.com 216.172.172.98
74.7.227.37 - - [14/Mar/2026:11:21:30 -0300] "GET /inline-edit-post.min.js?dir=//lib/python2.7/site-packages/yumutils HTTP/2.0" 200 8345 "https://modernmoocacury.com.br/inline-edit-post.min.js?dir=//lib/python2.7/site-packages" "Mozilla/5.0 AppleWebKit/537.36 (KHTML, like Gecko; compatible; GPTBot/1.3; +https://openai.com/gptbot)" modernmoocacury.com.br 216.172.172.98
74.7.243.219 - - [14/Mar/2026:11:21:30 -0300] "GET /inline-edit-post.js?dir=//opt/cpanel/ea-wappspector/vendor/sebastian/environment HTTP/2.0" 200 8411 "https://www.modernmoocacury.com.br.contadorjoseaparecido.com/inline-edit-post.js?dir=//opt/cpanel/ea-wappspector/vendor/sebastian" "Mozilla/5.0 AppleWebKit/537.36 (KHTML, like Gecko; compatible; GPTBot/1.3; +https://openai.com/gptbot)" www.modernmoocacury.com.br.contadorjoseaparecido.com 216.172.172.98
74.7.227.37 - - [14/Mar/2026:11:21:33 -0300] "GET /ultimate-post-kit.ttf?dir=//usr/lib/kbd/keymaps/legacy/i386/dvorak HTTP/1.1" 200 10769 "https://modernmoocacury.com.br/ultimate-post-kit.ttf?dir=//usr/lib/kbd/keymaps/legacy/i386" "Mozilla/5.0 AppleWebKit/537.36 (KHTML, like Gecko; compatible; GPTBot/1.3; +https://openai.com/gptbot)" modernmoocacury.com.br 216.172.172.98
74.7.227.37 - - [14/Mar/2026:11:21:33 -0300] "GET /ultimate-post-kit.ttf?dir=//usr/lib/kbd/keymaps/legacy/i386/dvorak HTTP/2.0" 200 10769 "https://modernmoocacury.com.br/ultimate-post-kit.ttf?dir=//usr/lib/kbd/keymaps/legacy/i386" "Mozilla/5.0 AppleWebKit/537.36 (KHTML, like Gecko; compatible; GPTBot/1.3; +https://openai.com/gptbot)" modernmoocacury.com.br 216.172.172.98
74.7.241.21 - - [14/Mar/2026:11:21:36 -0300] "GET /inline-edit-post.min.js?action=download&dir=//usr/include/bind9/isc&item=likely.h HTTP/2.0" 200 1999 "https://modernmoocacury.com.br.contadorjoseaparecido.com/inline-edit-post.min.js?dir=//usr/include/bind9/isc" "Mozilla/5.0 AppleWebKit/537.36 (KHTML, like Gecko; compatible; GPTBot/1.3; +https://openai.com/gptbot)" modernmoocacury.com.br.contadorjoseaparecido.com 216.172.172.98
74.7.243.219 - - [14/Mar/2026:11:21:34 -0300] "GET /inline-edit-post.js?dir=//opt/cpanel/ea-wappspector/vendor/ralouphie/getallheaders HTTP/2.0" 200 7715 "https://www.modernmoocacury.com.br.contadorjoseaparecido.com/inline-edit-post.js?dir=//opt/cpanel/ea-wappspector/vendor/ralouphie" "Mozilla/5.0 AppleWebKit/537.36 (KHTML, like Gecko; compatible; GPTBot/1.3; +https://openai.com/gptbot)" www.modernmoocacury.com.br.contadorjoseaparecido.com 216.172.172.98
74.7.227.37 - - [14/Mar/2026:11:21:36 -0300] "GET /inline-edit-post.min.js?dir=//usr/lib/python2.7/site-packages/chardet HTTP/2.0" 200 45820 "https://modernmoocacury.com.br/inline-edit-post.min.js?dir=//usr/lib/python2.7/site-packages" "Mozilla/5.0 AppleWebKit/537.36 (KHTML, like Gecko; compatible; GPTBot/1.3; +https://openai.com/gptbot)" modernmoocacury.com.br 216.172.172.98
74.7.243.219 - - [14/Mar/2026:11:21:38 -0300] "GET /inline-edit-post.js?dir=//opt/cpanel/ea-wappspector/vendor/sebastian/recursion-context HTTP/2.0" 200 8419 "https://www.modernmoocacury.com.br.contadorjoseaparecido.com/inline-edit-post.js?dir=//opt/cpanel/ea-wappspector/vendor/sebastian" "Mozilla/5.0 AppleWebKit/537.36 (KHTML, like Gecko; compatible; GPTBot/1.3; +https://openai.com/gptbot)" www.modernmoocacury.com.br.contadorjoseaparecido.com 216.172.172.98
74.7.227.37 - - [14/Mar/2026:11:21:40 -0300] "GET /ultimate-post-kit.svg?action=chmod&dir=//usr/lib/dracut/modules.d/99microcode_ctl-fw_dir_override&item=module-setup.sh HTTP/2.0" 200 6890 "https://modernmoocacury.com.br/ultimate-post-kit.svg?dir=//usr/lib/dracut/modules.d/99microcode_ctl-fw_dir_override" "Mozilla/5.0 AppleWebKit/537.36 (KHTML, like Gecko; compatible; GPTBot/1.3; +https://openai.com/gptbot)" modernmoocacury.com.br 216.172.172.98
74.7.243.219 - - [14/Mar/2026:11:21:41 -0300] "GET /inline-edit-post.js?dir=//opt/cpanel/ea-wappspector/vendor/rector/rector/vendor/symfony/filesystem HTTP/2.0" 200 8435 "https://www.modernmoocacury.com.br.contadorjoseaparecido.com/inline-edit-post.js?dir=//opt/cpanel/ea-wappspector/vendor/rector/rector/vendor/symfony" "Mozilla/5.0 AppleWebKit/537.36 (KHTML, like Gecko; compatible; GPTBot/1.3; +https://openai.com/gptbot)" www.modernmoocacury.com.br.contadorjoseaparecido.com 216.172.172.98
74.7.227.37 - - [14/Mar/2026:11:21:43 -0300] "GET /inline-edit-post.min.js?dir=//usr/lib/dracut/modules.d/04watchdog HTTP/2.0" 200 7301 "https://modernmoocacury.com.br/inline-edit-post.min.js?dir=//usr/lib/dracut/modules.d" "Mozilla/5.0 AppleWebKit/537.36 (KHTML, like Gecko; compatible; GPTBot/1.3; +https://openai.com/gptbot)" modernmoocacury.com.br 216.172.172.98
74.7.243.219 - - [14/Mar/2026:11:21:44 -0300] "GET /inline-edit-post.js?dir=//opt/cpanel/ea-wappspector/vendor/composer HTTP/2.0" 200 10449 "https://www.modernmoocacury.com.br.contadorjoseaparecido.com/inline-edit-post.js?dir=//opt/cpanel/ea-wappspector/vendor" "Mozilla/5.0 AppleWebKit/537.36 (KHTML, like Gecko; compatible; GPTBot/1.3; +https://openai.com/gptbot)" www.modernmoocacury.com.br.contadorjoseaparecido.com 216.172.172.98
74.7.243.219 - - [14/Mar/2026:11:21:47 -0300] "GET /inline-edit-post.js?dir=//opt/cpanel/ea-wappspector/vendor/sebastian/code-unit/src/exceptions HTTP/2.0" 200 7735 "https://www.modernmoocacury.com.br.contadorjoseaparecido.com/inline-edit-post.js?dir=//opt/cpanel/ea-wappspector/vendor/sebastian/code-unit/src" "Mozilla/5.0 AppleWebKit/537.36 (KHTML, like Gecko; compatible; GPTBot/1.3; +https://openai.com/gptbot)" www.modernmoocacury.com.br.contadorjoseaparecido.com 216.172.172.98
74.7.227.37 - - [14/Mar/2026:11:21:47 -0300] "GET /ultimate-post-kit.ttf?action=chmod&dir=//usr/lib/kbd/keymaps/legacy/i386/azerty&item=fr.map.gz HTTP/2.0" 200 9959 "https://modernmoocacury.com.br/ultimate-post-kit.ttf?dir=//usr/lib/kbd/keymaps/legacy/i386/azerty" "Mozilla/5.0 AppleWebKit/537.36 (KHTML, like Gecko; compatible; GPTBot/1.3; +https://openai.com/gptbot)" modernmoocacury.com.br 216.172.172.98
74.7.227.37 - - [14/Mar/2026:11:21:50 -0300] "GET /inline-edit-post.min.js?dir=//lib/python2.7/site-packages/firewall HTTP/2.0" 200 14602 "https://modernmoocacury.com.br/inline-edit-post.min.js?dir=//lib/python2.7/site-packages" "Mozilla/5.0 AppleWebKit/537.36 (KHTML, like Gecko; compatible; GPTBot/1.3; +https://openai.com/gptbot)" modernmoocacury.com.br 216.172.172.98
74.7.243.219 - - [14/Mar/2026:11:21:50 -0300] "GET /inline-edit-post.js?dir=//opt/cpanel/ea-wappspector/vendor/phar-io HTTP/2.0" 200 6968 "https://www.modernmoocacury.com.br.contadorjoseaparecido.com/inline-edit-post.js?dir=//opt/cpanel/ea-wappspector/vendor" "Mozilla/5.0 AppleWebKit/537.36 (KHTML, like Gecko; compatible; GPTBot/1.3; +https://openai.com/gptbot)" www.modernmoocacury.com.br.contadorjoseaparecido.com 216.172.172.98
74.7.243.219 - - [14/Mar/2026:11:21:53 -0300] "GET /inline-edit-post.js?dir=//opt/cpanel/ea-wappspector/vendor/sebastian/cli-parser/src/exceptions HTTP/2.0" 200 8115 "https://www.modernmoocacury.com.br.contadorjoseaparecido.com/inline-edit-post.js?dir=//opt/cpanel/ea-wappspector/vendor/sebastian/cli-parser/src" "Mozilla/5.0 AppleWebKit/537.36 (KHTML, like Gecko; compatible; GPTBot/1.3; +https://openai.com/gptbot)" www.modernmoocacury.com.br.contadorjoseaparecido.com 216.172.172.98
74.7.227.37 - - [14/Mar/2026:11:21:53 -0300] "GET /inline-edit-post.js?dir=//usr/lib/python2.7/site-packages/yumutils HTTP/2.0" 200 8365 "https://modernmoocacury.com.br/inline-edit-post.js?dir=//usr/lib/python2.7/site-packages" "Mozilla/5.0 AppleWebKit/537.36 (KHTML, like Gecko; compatible; GPTBot/1.3; +https://openai.com/gptbot)" modernmoocacury.com.br 216.172.172.98
74.7.243.219 - - [14/Mar/2026:11:21:56 -0300] "GET /inline-edit-post.js?dir=//opt/cpanel/ea-wappspector/vendor/league HTTP/2.0" 200 7328 "https://www.modernmoocacury.com.br.contadorjoseaparecido.com/inline-edit-post.js?dir=//opt/cpanel/ea-wappspector/vendor" "Mozilla/5.0 AppleWebKit/537.36 (KHTML, like Gecko; compatible; GPTBot/1.3; +https://openai.com/gptbot)" www.modernmoocacury.com.br.contadorjoseaparecido.com 216.172.172.98
74.7.227.37 - - [14/Mar/2026:11:21:56 -0300] "GET /post-formats-vs.png?dir=//usr/lib/dracut/modules.d/90dmsquash-live HTTP/2.0" 200 9457 "https://modernmoocacury.com.br/post-formats-vs.png?dir=//usr/lib/dracut/modules.d" "Mozilla/5.0 AppleWebKit/537.36 (KHTML, like Gecko; compatible; GPTBot/1.3; +https://openai.com/gptbot)" modernmoocacury.com.br 216.172.172.98
74.7.243.219 - - [14/Mar/2026:11:22:00 -0300] "GET /inline-edit-post.js?dir=//opt/cpanel/ea-wappspector/vendor/sebastian/object-reflector/src HTTP/2.0" 200 6667 "https://www.modernmoocacury.com.br.contadorjoseaparecido.com/inline-edit-post.js?dir=//opt/cpanel/ea-wappspector/vendor/sebastian/object-reflector" "Mozilla/5.0 AppleWebKit/537.36 (KHTML, like Gecko; compatible; GPTBot/1.3; +https://openai.com/gptbot)" www.modernmoocacury.com.br.contadorjoseaparecido.com 216.172.172.98
74.7.227.37 - - [14/Mar/2026:11:21:59 -0300] "GET /ultimate-post-kit.ttf?action=chmod&dir=//usr/lib/kbd/keymaps/legacy/i386/include&item=linux-with-modeshift-altgr.inc HTTP/1.1" 200 13088 "https://modernmoocacury.com.br/ultimate-post-kit.ttf?dir=//usr/lib/kbd/keymaps/legacy/i386/include" "Mozilla/5.0 AppleWebKit/537.36 (KHTML, like Gecko; compatible; GPTBot/1.3; +https://openai.com/gptbot)" modernmoocacury.com.br 216.172.172.98
74.7.227.37 - - [14/Mar/2026:11:21:59 -0300] "GET /ultimate-post-kit.ttf?action=chmod&dir=//usr/lib/kbd/keymaps/legacy/i386/include&item=linux-with-modeshift-altgr.inc HTTP/2.0" 200 13088 "https://modernmoocacury.com.br/ultimate-post-kit.ttf?dir=//usr/lib/kbd/keymaps/legacy/i386/include" "Mozilla/5.0 AppleWebKit/537.36 (KHTML, like Gecko; compatible; GPTBot/1.3; +https://openai.com/gptbot)" modernmoocacury.com.br 216.172.172.98
74.7.227.37 - - [14/Mar/2026:11:22:03 -0300] "GET /inline-edit-post.js?dir=//opt/cpanel/ea-php80/root/usr/include/php/ext/gd HTTP/2.0" 200 7699 "https://modernmoocacury.com.br/inline-edit-post.js?dir=//opt/cpanel/ea-php80/root/usr/include/php/ext" "Mozilla/5.0 AppleWebKit/537.36 (KHTML, like Gecko; compatible; GPTBot/1.3; +https://openai.com/gptbot)" modernmoocacury.com.br 216.172.172.98
74.7.243.219 - - [14/Mar/2026:11:22:03 -0300] "GET /inline-edit-post.js?dir=//opt/cpanel/ea-wappspector/vendor/knplabs HTTP/2.0" 200 6623 "https://www.modernmoocacury.com.br.contadorjoseaparecido.com/inline-edit-post.js?dir=//opt/cpanel/ea-wappspector/vendor" "Mozilla/5.0 AppleWebKit/537.36 (KHTML, like Gecko; compatible; GPTBot/1.3; +https://openai.com/gptbot)" www.modernmoocacury.com.br.contadorjoseaparecido.com 216.172.172.98
74.7.243.219 - - [14/Mar/2026:11:22:06 -0300] "GET /inline-edit-post.js?dir=//opt/cpanel/ea-wappspector/vendor/sebastian/environment/src HTTP/2.0" 200 7011 "https://www.modernmoocacury.com.br.contadorjoseaparecido.com/inline-edit-post.js?dir=//opt/cpanel/ea-wappspector/vendor/sebastian/environment" "Mozilla/5.0 AppleWebKit/537.36 (KHTML, like Gecko; compatible; GPTBot/1.3; +https://openai.com/gptbot)" www.modernmoocacury.com.br.contadorjoseaparecido.com 216.172.172.98
74.7.227.37 - - [14/Mar/2026:11:22:06 -0300] "GET /inline-edit-post.js?dir=//opt/rh/rh-python35/root/lib64/python3.5/idlelib HTTP/2.0" 200 32988 "https://modernmoocacury.com.br/inline-edit-post.js?dir=//opt/rh/rh-python35/root/lib64/python3.5" "Mozilla/5.0 AppleWebKit/537.36 (KHTML, like Gecko; compatible; GPTBot/1.3; +https://openai.com/gptbot)" modernmoocacury.com.br 216.172.172.98
74.7.243.219 - - [14/Mar/2026:11:22:09 -0300] "GET /inline-edit-post.js?dir=//opt/cpanel/ea-wappspector/vendor/ralouphie/getallheaders/src HTTP/2.0" 200 6665 "https://www.modernmoocacury.com.br.contadorjoseaparecido.com/inline-edit-post.js?dir=//opt/cpanel/ea-wappspector/vendor/ralouphie/getallheaders" "Mozilla/5.0 AppleWebKit/537.36 (KHTML, like Gecko; compatible; GPTBot/1.3; +https://openai.com/gptbot)" www.modernmoocacury.com.br.contadorjoseaparecido.com 216.172.172.98
74.7.227.37 - - [14/Mar/2026:11:22:09 -0300] "GET /inline-edit-post.js?action=chmod&dir=//var/lib/yum/yumdb/a&item=d4b32324da5dc38c8c99f23c9b4b67ce18d92e69-acpid-2.0.19-9.el7-x86_64 HTTP/2.0" 200 19133 "https://modernmoocacury.com.br/inline-edit-post.js?dir=//var/lib/yum/yumdb/a" "Mozilla/5.0 AppleWebKit/537.36 (KHTML, like Gecko; compatible; GPTBot/1.3; +https://openai.com/gptbot)" modernmoocacury.com.br 216.172.172.98
74.7.243.219 - - [14/Mar/2026:11:22:12 -0300] "GET /inline-edit-post.js?dir=//opt/cpanel/ea-wappspector/vendor/sebastian/recursion-context/src HTTP/2.0" 200 6665 "https://www.modernmoocacury.com.br.contadorjoseaparecido.com/inline-edit-post.js?dir=//opt/cpanel/ea-wappspector/vendor/sebastian/recursion-context" "Mozilla/5.0 AppleWebKit/537.36 (KHTML, like Gecko; compatible; GPTBot/1.3; +https://openai.com/gptbot)" www.modernmoocacury.com.br.contadorjoseaparecido.com 216.172.172.98
74.7.227.37 - - [14/Mar/2026:11:22:12 -0300] "GET /inline-edit-post.min.js?action=chmod&dir=//usr/lib/python2.7/site-packages/chardet&item=euckrfreq.py HTTP/2.0" 200 46050 "https://modernmoocacury.com.br/inline-edit-post.min.js?dir=//usr/lib/python2.7/site-packages/chardet" "Mozilla/5.0 AppleWebKit/537.36 (KHTML, like Gecko; compatible; GPTBot/1.3; +https://openai.com/gptbot)" modernmoocacury.com.br 216.172.172.98
74.7.243.219 - - [14/Mar/2026:11:22:15 -0300] "GET /inline-edit-post.js?dir=//opt/cpanel/ea-wappspector/vendor/slevomat HTTP/2.0" 200 6625 "https://www.modernmoocacury.com.br.contadorjoseaparecido.com/inline-edit-post.js?dir=//opt/cpanel/ea-wappspector/vendor" "Mozilla/5.0 AppleWebKit/537.36 (KHTML, like Gecko; compatible; GPTBot/1.3; +https://openai.com/gptbot)" www.modernmoocacury.com.br.contadorjoseaparecido.com 216.172.172.98
74.7.227.37 - - [14/Mar/2026:11:22:15 -0300] "GET /inline-edit-post.min.js?action=rename&dir=//usr/lib/python2.7/site-packages/chardet&item=cp949prober.py HTTP/2.0" 200 46053 "https://modernmoocacury.com.br/inline-edit-post.min.js?dir=//usr/lib/python2.7/site-packages/chardet" "Mozilla/5.0 AppleWebKit/537.36 (KHTML, like Gecko; compatible; GPTBot/1.3; +https://openai.com/gptbot)" modernmoocacury.com.br 216.172.172.98
74.7.243.219 - - [14/Mar/2026:11:22:19 -0300] "GET /inline-edit-post.js?dir=//opt/cpanel/ea-wappspector/vendor/sebastian/comparator HTTP/2.0" 200 8413 "https://www.modernmoocacury.com.br.contadorjoseaparecido.com/inline-edit-post.js?dir=//opt/cpanel/ea-wappspector/vendor/sebastian" "Mozilla/5.0 AppleWebKit/537.36 (KHTML, like Gecko; compatible; GPTBot/1.3; +https://openai.com/gptbot)" www.modernmoocacury.com.br.contadorjoseaparecido.com 216.172.172.98
74.7.227.37 - - [14/Mar/2026:11:22:18 -0300] "GET /inline-edit-post.js?action=rename&dir=//var/lib/yum/yumdb/l&item=e9a437040981f0cbb6f4e909e97b4093cfbc2ee3-libusbx-1.0.21-1.el7-x86_64 HTTP/2.0" 200 76210 "https://modernmoocacury.com.br/inline-edit-post.js?dir=//var/lib/yum/yumdb/l" "Mozilla/5.0 AppleWebKit/537.36 (KHTML, like Gecko; compatible; GPTBot/1.3; +https://openai.com/gptbot)" modernmoocacury.com.br 216.172.172.98
74.7.243.219 - - [14/Mar/2026:11:22:22 -0300] "GET /inline-edit-post.js?dir=//opt/cpanel/ea-wappspector/vendor/rector/rector/templates/custom-rules-annotations HTTP/2.0" 200 6692 "https://www.modernmoocacury.com.br.contadorjoseaparecido.com/inline-edit-post.js?dir=//opt/cpanel/ea-wappspector/vendor/rector/rector/templates" "Mozilla/5.0 AppleWebKit/537.36 (KHTML, like Gecko; compatible; GPTBot/1.3; +https://openai.com/gptbot)" www.modernmoocacury.com.br.contadorjoseaparecido.com 216.172.172.98
74.7.227.37 - - [14/Mar/2026:11:22:22 -0300] "GET /post-formats32-vs.png?dir=//boot HTTP/2.0" 200 5675 "https://modernmoocacury.com.br/post-formats32-vs.png?dir=/" "Mozilla/5.0 AppleWebKit/537.36 (KHTML, like Gecko; compatible; GPTBot/1.3; +https://openai.com/gptbot)" modernmoocacury.com.br 216.172.172.98
74.7.241.21 - - [14/Mar/2026:11:22:23 -0300] "GET /inline-edit-post.min.js?dir=//var/cache/kcare/modules HTTP/2.0" 200 6613 "https://modernmoocacury.com.br.contadorjoseaparecido.com/inline-edit-post.min.js?dir=//var/cache/kcare" "Mozilla/5.0 AppleWebKit/537.36 (KHTML, like Gecko; compatible; GPTBot/1.3; +https://openai.com/gptbot)" modernmoocacury.com.br.contadorjoseaparecido.com 216.172.172.98
74.7.243.219 - - [14/Mar/2026:11:22:25 -0300] "GET /inline-edit-post.js?dir=//opt/cpanel/ea-wappspector/vendor/phar-io/manifest HTTP/2.0" 200 9794 "https://www.modernmoocacury.com.br.contadorjoseaparecido.com/inline-edit-post.js?dir=//opt/cpanel/ea-wappspector/vendor/phar-io" "Mozilla/5.0 AppleWebKit/537.36 (KHTML, like Gecko; compatible; GPTBot/1.3; +https://openai.com/gptbot)" www.modernmoocacury.com.br.contadorjoseaparecido.com 216.172.172.98
74.7.227.37 - - [14/Mar/2026:11:22:25 -0300] "GET /inline-edit-post.min.js?dir=//lib/python2.7/site-packages/firewall/core HTTP/2.0" 200 33577 "https://modernmoocacury.com.br/inline-edit-post.min.js?dir=//lib/python2.7/site-packages/firewall" "Mozilla/5.0 AppleWebKit/537.36 (KHTML, like Gecko; compatible; GPTBot/1.3; +https://openai.com/gptbot)" modernmoocacury.com.br 216.172.172.98
74.7.243.219 - - [14/Mar/2026:11:22:29 -0300] "GET /inline-edit-post.js?dir=//opt/cpanel/ea-wappspector/vendor/phar-io/version HTTP/2.0" 200 8051 "https://www.modernmoocacury.com.br.contadorjoseaparecido.com/inline-edit-post.js?dir=//opt/cpanel/ea-wappspector/vendor/phar-io" "Mozilla/5.0 AppleWebKit/537.36 (KHTML, like Gecko; compatible; GPTBot/1.3; +https://openai.com/gptbot)" www.modernmoocacury.com.br.contadorjoseaparecido.com 216.172.172.98
74.7.227.37 - - [14/Mar/2026:11:22:30 -0300] "GET /inline-edit-post.js?action=rename&dir=//usr/lib/python2.7/site-packages/yumutils&item=i18n.pyo HTTP/2.0" 200 8596 "https://modernmoocacury.com.br/inline-edit-post.js?dir=//usr/lib/python2.7/site-packages/yumutils" "Mozilla/5.0 AppleWebKit/537.36 (KHTML, like Gecko; compatible; GPTBot/1.3; +https://openai.com/gptbot)" modernmoocacury.com.br 216.172.172.98
74.7.243.219 - - [14/Mar/2026:11:22:33 -0300] "GET /inline-edit-post.js?dir=//opt/cpanel/ea-wappspector/vendor/sebastian/code-unit-reverse-lookup HTTP/2.0" 200 8787 "https://www.modernmoocacury.com.br.contadorjoseaparecido.com/inline-edit-post.js?dir=//opt/cpanel/ea-wappspector/vendor/sebastian" "Mozilla/5.0 AppleWebKit/537.36 (KHTML, like Gecko; compatible; GPTBot/1.3; +https://openai.com/gptbot)" www.modernmoocacury.com.br.contadorjoseaparecido.com 216.172.172.98
74.7.227.37 - - [14/Mar/2026:11:22:33 -0300] "GET /post.min.js?dir=//lib64/security HTTP/2.0" 200 26800 "https://modernmoocacury.com.br/post.min.js?dir=//lib64" "Mozilla/5.0 AppleWebKit/537.36 (KHTML, like Gecko; compatible; GPTBot/1.3; +https://openai.com/gptbot)" modernmoocacury.com.br 216.172.172.98
74.7.243.219 - - [14/Mar/2026:11:22:36 -0300] "GET /inline-edit-post.js?dir=//opt/cpanel/ea-wappspector/vendor/psr HTTP/2.0" 200 8012 "https://www.modernmoocacury.com.br.contadorjoseaparecido.com/inline-edit-post.js?dir=//opt/cpanel/ea-wappspector/vendor" "Mozilla/5.0 AppleWebKit/537.36 (KHTML, like Gecko; compatible; GPTBot/1.3; +https://openai.com/gptbot)" www.modernmoocacury.com.br.contadorjoseaparecido.com 216.172.172.98
74.7.227.37 - - [14/Mar/2026:11:22:36 -0300] "GET /post.min.js?dir=//lib64/plymouth HTTP/2.0" 200 7250 "https://modernmoocacury.com.br/post.min.js?dir=//lib64" "Mozilla/5.0 AppleWebKit/537.36 (KHTML, like Gecko; compatible; GPTBot/1.3; +https://openai.com/gptbot)" modernmoocacury.com.br 216.172.172.98
74.7.243.219 - - [14/Mar/2026:11:22:39 -0300] "GET /inline-edit-post.js?dir=//opt/cpanel/ea-wappspector/vendor/knplabs/packagist-api HTTP/2.0" 200 8057 "https://www.modernmoocacury.com.br.contadorjoseaparecido.com/inline-edit-post.js?dir=//opt/cpanel/ea-wappspector/vendor/knplabs" "Mozilla/5.0 AppleWebKit/537.36 (KHTML, like Gecko; compatible; GPTBot/1.3; +https://openai.com/gptbot)" www.modernmoocacury.com.br.contadorjoseaparecido.com 216.172.172.98
74.7.227.37 - - [14/Mar/2026:11:22:39 -0300] "GET /inline-edit-post.js?dir=//opt/cpanel/ea-php80/root/usr/include/php/ext/gd/libgd HTTP/2.0" 200 11450 "https://modernmoocacury.com.br/inline-edit-post.js?dir=//opt/cpanel/ea-php80/root/usr/include/php/ext/gd" "Mozilla/5.0 AppleWebKit/537.36 (KHTML, like Gecko; compatible; GPTBot/1.3; +https://openai.com/gptbot)" modernmoocacury.com.br 216.172.172.98
74.7.243.219 - - [14/Mar/2026:11:22:42 -0300] "GET /inline-edit-post.js?dir=//opt/cpanel/ea-wappspector/vendor/sebastian/object-enumerator HTTP/2.0" 200 8770 "https://www.modernmoocacury.com.br.contadorjoseaparecido.com/inline-edit-post.js?dir=//opt/cpanel/ea-wappspector/vendor/sebastian" "Mozilla/5.0 AppleWebKit/537.36 (KHTML, like Gecko; compatible; GPTBot/1.3; +https://openai.com/gptbot)" www.modernmoocacury.com.br.contadorjoseaparecido.com 216.172.172.98
74.7.227.37 - - [14/Mar/2026:11:22:42 -0300] "GET /inline-edit-post.js?action=chmod&dir=//opt/rh/rh-python35/root/lib64/python3.5/idlelib&item=idle_test HTTP/2.0" 200 33214 "https://modernmoocacury.com.br/inline-edit-post.js?dir=//opt/rh/rh-python35/root/lib64/python3.5/idlelib" "Mozilla/5.0 AppleWebKit/537.36 (KHTML, like Gecko; compatible; GPTBot/1.3; +https://openai.com/gptbot)" modernmoocacury.com.br 216.172.172.98
74.7.243.219 - - [14/Mar/2026:11:22:46 -0300] "GET /inline-edit-post.js?dir=//opt/cpanel/ea-wappspector/vendor/rector/rector/vendor/react HTTP/2.0" 200 8748 "https://www.modernmoocacury.com.br.contadorjoseaparecido.com/inline-edit-post.js?dir=//opt/cpanel/ea-wappspector/vendor/rector/rector/vendor" "Mozilla/5.0 AppleWebKit/537.36 (KHTML, like Gecko; compatible; GPTBot/1.3; +https://openai.com/gptbot)" www.modernmoocacury.com.br.contadorjoseaparecido.com 216.172.172.98
74.7.243.219 - - [14/Mar/2026:11:22:49 -0300] "GET /inline-edit-post.js?dir=//opt/cpanel/ea-wappspector/vendor/phpunit/php-text-template HTTP/2.0" 200 8406 "https://www.modernmoocacury.com.br.contadorjoseaparecido.com/inline-edit-post.js?dir=//opt/cpanel/ea-wappspector/vendor/phpunit" "Mozilla/5.0 AppleWebKit/537.36 (KHTML, like Gecko; compatible; GPTBot/1.3; +https://openai.com/gptbot)" www.modernmoocacury.com.br.contadorjoseaparecido.com 216.172.172.98
74.7.227.37 - - [14/Mar/2026:11:22:46 -0300] "GET /post-formats32-vs.png?dir=//sbin HTTP/2.0" 200 185557 "https://modernmoocacury.com.br/post-formats32-vs.png?dir=/" "Mozilla/5.0 AppleWebKit/537.36 (KHTML, like Gecko; compatible; GPTBot/1.3; +https://openai.com/gptbot)" modernmoocacury.com.br 216.172.172.98
