74.7.241.21 - - [14/Mar/2026:11:15:29 -0300] "GET /inline-edit-post.js?action=chmod&dir=//lib/python2.7/site-packages/tuned/profiles&item=variables.pyc HTTP/2.0" 200 16222 "https://modernmoocacury.com.br.contadorjoseaparecido.com/inline-edit-post.js?dir=//lib/python2.7/site-packages/tuned/profiles" "Mozilla/5.0 AppleWebKit/537.36 (KHTML, like Gecko; compatible; GPTBot/1.3; +https://openai.com/gptbot)" modernmoocacury.com.br.contadorjoseaparecido.com 216.172.172.98
74.7.227.37 - - [14/Mar/2026:11:15:29 -0300] "GET /ultimate-post-kit.svg?action=edit&dir=//usr/sbin&item=reboot HTTP/2.0" 200 512218 "https://modernmoocacury.com.br/ultimate-post-kit.svg?dir=//usr/sbin" "Mozilla/5.0 AppleWebKit/537.36 (KHTML, like Gecko; compatible; GPTBot/1.3; +https://openai.com/gptbot)" modernmoocacury.com.br 216.172.172.98
74.7.243.219 - - [14/Mar/2026:11:15:32 -0300] "GET /inline-edit-post.js?dir=//opt/cpanel/ea-wappspector/vendor/sebastian HTTP/2.0" 200 11515 "https://www.modernmoocacury.com.br.contadorjoseaparecido.com/inline-edit-post.js?dir=//opt/cpanel/ea-wappspector/vendor" "Mozilla/5.0 AppleWebKit/537.36 (KHTML, like Gecko; compatible; GPTBot/1.3; +https://openai.com/gptbot)" www.modernmoocacury.com.br.contadorjoseaparecido.com 216.172.172.98
74.7.241.21 - - [14/Mar/2026:11:15:32 -0300] "GET /inline-edit-post.js?action=chmod&dir=//lib/python2.7/site-packages/tuned/plugins&item=plugin_net.pyo HTTP/2.0" 200 31962 "https://modernmoocacury.com.br.contadorjoseaparecido.com/inline-edit-post.js?dir=//lib/python2.7/site-packages/tuned/plugins" "Mozilla/5.0 AppleWebKit/537.36 (KHTML, like Gecko; compatible; GPTBot/1.3; +https://openai.com/gptbot)" modernmoocacury.com.br.contadorjoseaparecido.com 216.172.172.98
74.7.241.21 - - [14/Mar/2026:11:15:37 -0300] "GET /inline-edit-post.js?action=download&dir=//lib/python2.7/site-packages/tuned/daemon&item=__init__.pyo HTTP/2.0" 200 1797 "https://modernmoocacury.com.br.contadorjoseaparecido.com/inline-edit-post.js?dir=//lib/python2.7/site-packages/tuned/daemon" "Mozilla/5.0 AppleWebKit/537.36 (KHTML, like Gecko; compatible; GPTBot/1.3; +https://openai.com/gptbot)" modernmoocacury.com.br.contadorjoseaparecido.com 216.172.172.98
74.7.243.219 - - [14/Mar/2026:11:15:36 -0300] "GET /inline-edit-post.js?dir=//opt/cpanel/ea-wappspector/vendor/phpunit HTTP/2.0" 200 8381 "https://www.modernmoocacury.com.br.contadorjoseaparecido.com/inline-edit-post.js?dir=//opt/cpanel/ea-wappspector/vendor" "Mozilla/5.0 AppleWebKit/537.36 (KHTML, like Gecko; compatible; GPTBot/1.3; +https://openai.com/gptbot)" www.modernmoocacury.com.br.contadorjoseaparecido.com 216.172.172.98
74.7.227.37 - - [14/Mar/2026:11:15:36 -0300] "GET /post-formats-vs.png?action=rename&dir=//bin&item=piconv HTTP/2.0" 200 620029 "https://modernmoocacury.com.br/post-formats-vs.png?dir=//bin" "Mozilla/5.0 AppleWebKit/537.36 (KHTML, like Gecko; compatible; GPTBot/1.3; +https://openai.com/gptbot)" modernmoocacury.com.br 216.172.172.98
74.7.241.21 - - [14/Mar/2026:11:15:39 -0300] "GET /inline-edit-post.js?action=edit&dir=//lib/python2.7/site-packages/tuned/monitors&item=monitor_net.pyo HTTP/2.0" 200 13950 "https://modernmoocacury.com.br.contadorjoseaparecido.com/inline-edit-post.js?dir=//lib/python2.7/site-packages/tuned/monitors" "Mozilla/5.0 AppleWebKit/537.36 (KHTML, like Gecko; compatible; GPTBot/1.3; +https://openai.com/gptbot)" modernmoocacury.com.br.contadorjoseaparecido.com 216.172.172.98
74.7.243.219 - - [14/Mar/2026:11:15:40 -0300] "GET /inline-edit-post.js?dir=//opt/cpanel/ea-wappspector/vendor/nikic HTTP/2.0" 200 6618 "https://www.modernmoocacury.com.br.contadorjoseaparecido.com/inline-edit-post.js?dir=//opt/cpanel/ea-wappspector/vendor" "Mozilla/5.0 AppleWebKit/537.36 (KHTML, like Gecko; compatible; GPTBot/1.3; +https://openai.com/gptbot)" www.modernmoocacury.com.br.contadorjoseaparecido.com 216.172.172.98
74.7.227.37 - - [14/Mar/2026:11:15:44 -0300] "GET /post-formats-vs.png?action=rename&dir=//etc/httpd&item=conf HTTP/2.0" 200 9593 "https://modernmoocacury.com.br/post-formats-vs.png?dir=//etc/httpd" "Mozilla/5.0 AppleWebKit/537.36 (KHTML, like Gecko; compatible; GPTBot/1.3; +https://openai.com/gptbot)" modernmoocacury.com.br 216.172.172.98
74.7.241.21 - - [14/Mar/2026:11:15:44 -0300] "GET /inline-edit-post.js?dir=//lib/python2.7/site-packages/pip/_vendor/cachecontrol HTTP/2.0" 200 17181 "https://modernmoocacury.com.br.contadorjoseaparecido.com/inline-edit-post.js?dir=//lib/python2.7/site-packages/pip/_vendor" "Mozilla/5.0 AppleWebKit/537.36 (KHTML, like Gecko; compatible; GPTBot/1.3; +https://openai.com/gptbot)" modernmoocacury.com.br.contadorjoseaparecido.com 216.172.172.98
74.7.243.219 - - [14/Mar/2026:11:15:44 -0300] "GET /inline-edit-post.js?dir=//opt/cpanel/ea-wappspector/vendor/ralouphie HTTP/2.0" 200 6624 "https://www.modernmoocacury.com.br.contadorjoseaparecido.com/inline-edit-post.js?dir=//opt/cpanel/ea-wappspector/vendor" "Mozilla/5.0 AppleWebKit/537.36 (KHTML, like Gecko; compatible; GPTBot/1.3; +https://openai.com/gptbot)" www.modernmoocacury.com.br.contadorjoseaparecido.com 216.172.172.98
74.7.241.21 - - [14/Mar/2026:11:15:48 -0300] "GET /inline-edit-post.js?action=chmod&dir=//lib/python2.7/site-packages/yum&item=parser.pyc HTTP/2.0" 200 29256 "https://modernmoocacury.com.br.contadorjoseaparecido.com/inline-edit-post.js?dir=//lib/python2.7/site-packages/yum" "Mozilla/5.0 AppleWebKit/537.36 (KHTML, like Gecko; compatible; GPTBot/1.3; +https://openai.com/gptbot)" modernmoocacury.com.br.contadorjoseaparecido.com 216.172.172.98
74.7.243.219 - - [14/Mar/2026:11:15:48 -0300] "GET /inline-edit-post.js?dir=//opt/cpanel/ea-wappspector/vendor/php-di/invoker HTTP/2.0" 200 7687 "https://www.modernmoocacury.com.br.contadorjoseaparecido.com/inline-edit-post.js?dir=//opt/cpanel/ea-wappspector/vendor/php-di" "Mozilla/5.0 AppleWebKit/537.36 (KHTML, like Gecko; compatible; GPTBot/1.3; +https://openai.com/gptbot)" www.modernmoocacury.com.br.contadorjoseaparecido.com 216.172.172.98
74.7.227.37 - - [14/Mar/2026:11:15:47 -0300] "GET /inline-edit-post.js?action=chmod&dir=//etc&item=hiera.yaml HTTP/2.0" 200 145274 "https://modernmoocacury.com.br/inline-edit-post.js?dir=//etc" "Mozilla/5.0 AppleWebKit/537.36 (KHTML, like Gecko; compatible; GPTBot/1.3; +https://openai.com/gptbot)" modernmoocacury.com.br 216.172.172.98
74.7.243.219 - - [14/Mar/2026:11:15:51 -0300] "GET /inline-edit-post.js?dir=//opt/cpanel/ea-wappspector/vendor/rector/rector HTTP/2.0" 200 10450 "https://www.modernmoocacury.com.br.contadorjoseaparecido.com/inline-edit-post.js?dir=//opt/cpanel/ea-wappspector/vendor/rector" "Mozilla/5.0 AppleWebKit/537.36 (KHTML, like Gecko; compatible; GPTBot/1.3; +https://openai.com/gptbot)" www.modernmoocacury.com.br.contadorjoseaparecido.com 216.172.172.98
74.7.241.21 - - [14/Mar/2026:11:15:51 -0300] "GET /inline-edit-post.js?action=chmod&dir=//lib/python2.7/site-packages/yum&item=misc.pyc HTTP/2.0" 200 29256 "https://modernmoocacury.com.br.contadorjoseaparecido.com/inline-edit-post.js?dir=//lib/python2.7/site-packages/yum" "Mozilla/5.0 AppleWebKit/537.36 (KHTML, like Gecko; compatible; GPTBot/1.3; +https://openai.com/gptbot)" modernmoocacury.com.br.contadorjoseaparecido.com 216.172.172.98
74.7.227.37 - - [14/Mar/2026:11:15:53 -0300] "GET /post-formats-vs.png?dir=//opt/rh/rh-python35/root/lib64/pkgconfig HTTP/2.0" 200 7628 "https://modernmoocacury.com.br/post-formats-vs.png?dir=//opt/rh/rh-python35/root/lib64" "Mozilla/5.0 AppleWebKit/537.36 (KHTML, like Gecko; compatible; GPTBot/1.3; +https://openai.com/gptbot)" modernmoocacury.com.br 216.172.172.98
74.7.241.21 - - [14/Mar/2026:11:15:55 -0300] "GET /inline-edit-post.js?action=rename&dir=//lib/python2.7/site-packages/yum&item=rpmsack.pyc HTTP/2.0" 200 29259 "https://modernmoocacury.com.br.contadorjoseaparecido.com/inline-edit-post.js?dir=//lib/python2.7/site-packages/yum" "Mozilla/5.0 AppleWebKit/537.36 (KHTML, like Gecko; compatible; GPTBot/1.3; +https://openai.com/gptbot)" modernmoocacury.com.br.contadorjoseaparecido.com 216.172.172.98
74.7.243.219 - - [14/Mar/2026:11:15:55 -0300] "GET /inline-edit-post.js?dir=//opt/cpanel/ea-wappspector/vendor/phpstan/phpstan HTTP/2.0" 200 9087 "https://www.modernmoocacury.com.br.contadorjoseaparecido.com/inline-edit-post.js?dir=//opt/cpanel/ea-wappspector/vendor/phpstan" "Mozilla/5.0 AppleWebKit/537.36 (KHTML, like Gecko; compatible; GPTBot/1.3; +https://openai.com/gptbot)" www.modernmoocacury.com.br.contadorjoseaparecido.com 216.172.172.98
74.7.227.37 - - [14/Mar/2026:11:15:56 -0300] "GET /inline-edit-post.js?dir=//opt/rh/rh-python35/root/usr/lib64/pkgconfig HTTP/2.0" 200 7651 "https://modernmoocacury.com.br/inline-edit-post.js?dir=//opt/rh/rh-python35/root/usr/lib64" "Mozilla/5.0 AppleWebKit/537.36 (KHTML, like Gecko; compatible; GPTBot/1.3; +https://openai.com/gptbot)" modernmoocacury.com.br 216.172.172.98
74.7.241.21 - - [14/Mar/2026:11:15:59 -0300] "GET /inline-edit-post.js?dir=//lib/python2.7/site-packages/kitchen/versioning HTTP/2.0" 200 7351 "https://modernmoocacury.com.br.contadorjoseaparecido.com/inline-edit-post.js?dir=//lib/python2.7/site-packages/kitchen" "Mozilla/5.0 AppleWebKit/537.36 (KHTML, like Gecko; compatible; GPTBot/1.3; +https://openai.com/gptbot)" modernmoocacury.com.br.contadorjoseaparecido.com 216.172.172.98
74.7.243.219 - - [14/Mar/2026:11:15:59 -0300] "GET /inline-edit-post.js?dir=//opt/cpanel/ea-wappspector/vendor/phpstan/phpdoc-parser HTTP/2.0" 200 8061 "https://www.modernmoocacury.com.br.contadorjoseaparecido.com/inline-edit-post.js?dir=//opt/cpanel/ea-wappspector/vendor/phpstan" "Mozilla/5.0 AppleWebKit/537.36 (KHTML, like Gecko; compatible; GPTBot/1.3; +https://openai.com/gptbot)" www.modernmoocacury.com.br.contadorjoseaparecido.com 216.172.172.98
74.7.227.37 - - [14/Mar/2026:11:16:01 -0300] "GET /inline-edit-post.js?dir=//opt/rh/rh-python35/root/lib64/pkgconfig HTTP/2.0" 200 7627 "https://modernmoocacury.com.br/inline-edit-post.js?dir=//opt/rh/rh-python35/root/lib64" "Mozilla/5.0 AppleWebKit/537.36 (KHTML, like Gecko; compatible; GPTBot/1.3; +https://openai.com/gptbot)" modernmoocacury.com.br 216.172.172.98
74.7.241.21 - - [14/Mar/2026:11:16:03 -0300] "GET /inline-edit-post.js?dir=//lib/python2.7/site-packages/tuned/plugins/instance HTTP/2.0" 200 9472 "https://modernmoocacury.com.br.contadorjoseaparecido.com/inline-edit-post.js?dir=//lib/python2.7/site-packages/tuned/plugins" "Mozilla/5.0 AppleWebKit/537.36 (KHTML, like Gecko; compatible; GPTBot/1.3; +https://openai.com/gptbot)" modernmoocacury.com.br.contadorjoseaparecido.com 216.172.172.98
74.7.243.219 - - [14/Mar/2026:11:16:04 -0300] "GET /inline-edit-post.js?dir=//opt/cpanel/ea-wappspector/vendor/theseer/tokenizer HTTP/2.0" 200 8402 "https://www.modernmoocacury.com.br.contadorjoseaparecido.com/inline-edit-post.js?dir=//opt/cpanel/ea-wappspector/vendor/theseer" "Mozilla/5.0 AppleWebKit/537.36 (KHTML, like Gecko; compatible; GPTBot/1.3; +https://openai.com/gptbot)" www.modernmoocacury.com.br.contadorjoseaparecido.com 216.172.172.98
74.7.241.21 - - [14/Mar/2026:11:16:06 -0300] "GET /inline-edit-post.js?dir=//lib/python3.6/site-packages/pip/operations/__pycache__ HTTP/2.0" 200 8462 "https://modernmoocacury.com.br.contadorjoseaparecido.com/inline-edit-post.js?dir=//lib/python3.6/site-packages/pip/operations" "Mozilla/5.0 AppleWebKit/537.36 (KHTML, like Gecko; compatible; GPTBot/1.3; +https://openai.com/gptbot)" modernmoocacury.com.br.contadorjoseaparecido.com 216.172.172.98
74.7.227.37 - - [14/Mar/2026:11:16:05 -0300] "GET /ultimate-post-kit.svg?dir=//usr/lib/dracut HTTP/2.0" 200 9686 "https://modernmoocacury.com.br/ultimate-post-kit.svg?dir=//usr/lib" "Mozilla/5.0 AppleWebKit/537.36 (KHTML, like Gecko; compatible; GPTBot/1.3; +https://openai.com/gptbot)" modernmoocacury.com.br 216.172.172.98
74.7.243.219 - - [14/Mar/2026:11:16:07 -0300] "GET /inline-edit-post.js?dir=//opt/cpanel/ea-wappspector/vendor/doctrine/inflector HTTP/2.0" 200 8044 "https://www.modernmoocacury.com.br.contadorjoseaparecido.com/inline-edit-post.js?dir=//opt/cpanel/ea-wappspector/vendor/doctrine" "Mozilla/5.0 AppleWebKit/537.36 (KHTML, like Gecko; compatible; GPTBot/1.3; +https://openai.com/gptbot)" www.modernmoocacury.com.br.contadorjoseaparecido.com 216.172.172.98
74.7.227.37 - - [14/Mar/2026:11:16:08 -0300] "GET /ultimate-post-kit.ttf?dir=//etc/cron.daily HTTP/1.1" 200 15970 "https://modernmoocacury.com.br/ultimate-post-kit.ttf?dir=//etc" "Mozilla/5.0 AppleWebKit/537.36 (KHTML, like Gecko; compatible; GPTBot/1.3; +https://openai.com/gptbot)" modernmoocacury.com.br 216.172.172.98
74.7.227.37 - - [14/Mar/2026:11:16:08 -0300] "GET /ultimate-post-kit.ttf?dir=//etc/cron.daily HTTP/2.0" 200 15970 "https://modernmoocacury.com.br/ultimate-post-kit.ttf?dir=//etc" "Mozilla/5.0 AppleWebKit/537.36 (KHTML, like Gecko; compatible; GPTBot/1.3; +https://openai.com/gptbot)" modernmoocacury.com.br 216.172.172.98
74.7.241.21 - - [14/Mar/2026:11:16:09 -0300] "GET /inline-edit-post.js?dir=//lib/python2.7/site-packages/pip/_vendor/distlib HTTP/2.0" 200 21774 "https://modernmoocacury.com.br.contadorjoseaparecido.com/inline-edit-post.js?dir=//lib/python2.7/site-packages/pip/_vendor" "Mozilla/5.0 AppleWebKit/537.36 (KHTML, like Gecko; compatible; GPTBot/1.3; +https://openai.com/gptbot)" modernmoocacury.com.br.contadorjoseaparecido.com 216.172.172.98
74.7.243.219 - - [14/Mar/2026:11:16:10 -0300] "GET /inline-edit-post.js?dir=//opt/cpanel/ea-wappspector/vendor/laravel/serializable-closure HTTP/2.0" 200 7721 "https://www.modernmoocacury.com.br.contadorjoseaparecido.com/inline-edit-post.js?dir=//opt/cpanel/ea-wappspector/vendor/laravel" "Mozilla/5.0 AppleWebKit/537.36 (KHTML, like Gecko; compatible; GPTBot/1.3; +https://openai.com/gptbot)" www.modernmoocacury.com.br.contadorjoseaparecido.com 216.172.172.98
74.7.227.37 - - [14/Mar/2026:11:16:11 -0300] "GET /ultimate-post-kit.svg?dir=//var/run/user HTTP/2.0" 200 6548 "https://modernmoocacury.com.br/ultimate-post-kit.svg?dir=//var/run" "Mozilla/5.0 AppleWebKit/537.36 (KHTML, like Gecko; compatible; GPTBot/1.3; +https://openai.com/gptbot)" modernmoocacury.com.br 216.172.172.98
74.7.241.21 - - [14/Mar/2026:11:16:12 -0300] "GET /inline-edit-post.js?dir=//lib/python3.6/site-packages/pip/_vendor/distlib HTTP/2.0" 200 12958 "https://modernmoocacury.com.br.contadorjoseaparecido.com/inline-edit-post.js?dir=//lib/python3.6/site-packages/pip/_vendor" "Mozilla/5.0 AppleWebKit/537.36 (KHTML, like Gecko; compatible; GPTBot/1.3; +https://openai.com/gptbot)" modernmoocacury.com.br.contadorjoseaparecido.com 216.172.172.98
74.7.243.219 - - [14/Mar/2026:11:16:14 -0300] "GET /inline-edit-post.js?dir=//opt/cpanel/ea-wappspector/vendor/sebastian/lines-of-code HTTP/2.0" 200 8408 "https://www.modernmoocacury.com.br.contadorjoseaparecido.com/inline-edit-post.js?dir=//opt/cpanel/ea-wappspector/vendor/sebastian" "Mozilla/5.0 AppleWebKit/537.36 (KHTML, like Gecko; compatible; GPTBot/1.3; +https://openai.com/gptbot)" www.modernmoocacury.com.br.contadorjoseaparecido.com 216.172.172.98
74.7.227.37 - - [14/Mar/2026:11:16:14 -0300] "GET /inline-edit-post.min.js?dir=//lib64/perl5/vendor_perl/Proc/ProcessTable HTTP/2.0" 200 6607 "https://modernmoocacury.com.br/inline-edit-post.min.js?dir=//lib64/perl5/vendor_perl/Proc" "Mozilla/5.0 AppleWebKit/537.36 (KHTML, like Gecko; compatible; GPTBot/1.3; +https://openai.com/gptbot)" modernmoocacury.com.br 216.172.172.98
74.7.241.21 - - [14/Mar/2026:11:16:16 -0300] "GET /inline-edit-post.js?dir=//lib/python2.7/site-packages/yumutils HTTP/2.0" 200 8345 "https://modernmoocacury.com.br.contadorjoseaparecido.com/inline-edit-post.js?dir=//lib/python2.7/site-packages" "Mozilla/5.0 AppleWebKit/537.36 (KHTML, like Gecko; compatible; GPTBot/1.3; +https://openai.com/gptbot)" modernmoocacury.com.br.contadorjoseaparecido.com 216.172.172.98
74.7.227.37 - - [14/Mar/2026:11:16:18 -0300] "GET /inline-edit-post.js?dir=//usr/lib64/perl5/vendor_perl/Proc/ProcessTable HTTP/2.0" 200 6626 "https://modernmoocacury.com.br/inline-edit-post.js?dir=//usr/lib64/perl5/vendor_perl/Proc" "Mozilla/5.0 AppleWebKit/537.36 (KHTML, like Gecko; compatible; GPTBot/1.3; +https://openai.com/gptbot)" modernmoocacury.com.br 216.172.172.98
74.7.243.219 - - [14/Mar/2026:11:16:17 -0300] "GET /inline-edit-post.js?dir=//opt/cpanel/ea-wappspector/vendor/phpunit/phpunit HTTP/2.0" 200 10133 "https://www.modernmoocacury.com.br.contadorjoseaparecido.com/inline-edit-post.js?dir=//opt/cpanel/ea-wappspector/vendor/phpunit" "Mozilla/5.0 AppleWebKit/537.36 (KHTML, like Gecko; compatible; GPTBot/1.3; +https://openai.com/gptbot)" www.modernmoocacury.com.br.contadorjoseaparecido.com 216.172.172.98
74.7.241.21 - - [14/Mar/2026:11:16:20 -0300] "GET /inline-edit-post.js?dir=//lib/python2.7/site-packages/procfs HTTP/2.0" 200 10437 "https://modernmoocacury.com.br.contadorjoseaparecido.com/inline-edit-post.js?dir=//lib/python2.7/site-packages" "Mozilla/5.0 AppleWebKit/537.36 (KHTML, like Gecko; compatible; GPTBot/1.3; +https://openai.com/gptbot)" modernmoocacury.com.br.contadorjoseaparecido.com 216.172.172.98
74.7.227.37 - - [14/Mar/2026:11:16:21 -0300] "GET /inline-edit-post.js?dir=//usr/lib64/perl5/vendor_perl/IO HTTP/2.0" 200 7281 "https://modernmoocacury.com.br/inline-edit-post.js?dir=//usr/lib64/perl5/vendor_perl" "Mozilla/5.0 AppleWebKit/537.36 (KHTML, like Gecko; compatible; GPTBot/1.3; +https://openai.com/gptbot)" modernmoocacury.com.br 216.172.172.98
74.7.243.219 - - [14/Mar/2026:11:16:21 -0300] "GET /inline-edit-post.js?dir=//opt/cpanel/ea-wappspector/vendor/phpunit/php-code-coverage HTTP/2.0" 200 8420 "https://www.modernmoocacury.com.br.contadorjoseaparecido.com/inline-edit-post.js?dir=//opt/cpanel/ea-wappspector/vendor/phpunit" "Mozilla/5.0 AppleWebKit/537.36 (KHTML, like Gecko; compatible; GPTBot/1.3; +https://openai.com/gptbot)" www.modernmoocacury.com.br.contadorjoseaparecido.com 216.172.172.98
74.7.241.21 - - [14/Mar/2026:11:16:24 -0300] "GET /inline-edit-post.js?dir=//lib/python2.7/site-packages/firewall HTTP/2.0" 200 14600 "https://modernmoocacury.com.br.contadorjoseaparecido.com/inline-edit-post.js?dir=//lib/python2.7/site-packages" "Mozilla/5.0 AppleWebKit/537.36 (KHTML, like Gecko; compatible; GPTBot/1.3; +https://openai.com/gptbot)" modernmoocacury.com.br.contadorjoseaparecido.com 216.172.172.98
74.7.227.37 - - [14/Mar/2026:11:16:25 -0300] "GET /inline-edit-post.min.js?dir=//lib64/perl5/vendor_perl/IO HTTP/2.0" 200 7264 "https://modernmoocacury.com.br/inline-edit-post.min.js?dir=//lib64/perl5/vendor_perl" "Mozilla/5.0 AppleWebKit/537.36 (KHTML, like Gecko; compatible; GPTBot/1.3; +https://openai.com/gptbot)" modernmoocacury.com.br 216.172.172.98
74.7.243.219 - - [14/Mar/2026:11:16:25 -0300] "GET /inline-edit-post.js?dir=//opt/cpanel/ea-wappspector/vendor/nikic/php-parser HTTP/2.0" 200 8049 "https://www.modernmoocacury.com.br.contadorjoseaparecido.com/inline-edit-post.js?dir=//opt/cpanel/ea-wappspector/vendor/nikic" "Mozilla/5.0 AppleWebKit/537.36 (KHTML, like Gecko; compatible; GPTBot/1.3; +https://openai.com/gptbot)" www.modernmoocacury.com.br.contadorjoseaparecido.com 216.172.172.98
74.7.241.21 - - [14/Mar/2026:11:16:27 -0300] "GET /inline-edit-post.js?dir=//lib/python2.7/site-packages/pip/_vendor/progress HTTP/2.0" 200 11587 "https://modernmoocacury.com.br.contadorjoseaparecido.com/inline-edit-post.js?dir=//lib/python2.7/site-packages/pip/_vendor" "Mozilla/5.0 AppleWebKit/537.36 (KHTML, like Gecko; compatible; GPTBot/1.3; +https://openai.com/gptbot)" modernmoocacury.com.br.contadorjoseaparecido.com 216.172.172.98
74.7.227.37 - - [14/Mar/2026:11:16:28 -0300] "GET /inline-edit-post.js?dir=//usr/lib64/ruby/vendor_ruby HTTP/2.0" 200 7301 "https://modernmoocacury.com.br/inline-edit-post.js?dir=//usr/lib64/ruby" "Mozilla/5.0 AppleWebKit/537.36 (KHTML, like Gecko; compatible; GPTBot/1.3; +https://openai.com/gptbot)" modernmoocacury.com.br 216.172.172.98
74.7.243.219 - - [14/Mar/2026:11:16:28 -0300] "GET /inline-edit-post.js?dir=//opt/cpanel/ea-wappspector/vendor/php-di/invoker/src HTTP/2.0" 200 8414 "https://www.modernmoocacury.com.br.contadorjoseaparecido.com/inline-edit-post.js?dir=//opt/cpanel/ea-wappspector/vendor/php-di/invoker" "Mozilla/5.0 AppleWebKit/537.36 (KHTML, like Gecko; compatible; GPTBot/1.3; +https://openai.com/gptbot)" www.modernmoocacury.com.br.contadorjoseaparecido.com 216.172.172.98
74.7.241.21 - - [14/Mar/2026:11:16:30 -0300] "GET /inline-edit-post.js?dir=//lib/python3.6/site-packages/pip/_vendor/progress HTTP/2.0" 200 8415 "https://modernmoocacury.com.br.contadorjoseaparecido.com/inline-edit-post.js?dir=//lib/python3.6/site-packages/pip/_vendor" "Mozilla/5.0 AppleWebKit/537.36 (KHTML, like Gecko; compatible; GPTBot/1.3; +https://openai.com/gptbot)" modernmoocacury.com.br.contadorjoseaparecido.com 216.172.172.98
74.7.227.37 - - [14/Mar/2026:11:16:31 -0300] "GET /inline-edit-post.min.js?dir=//usr/include/python3.6m HTTP/2.0" 200 6562 "https://modernmoocacury.com.br/inline-edit-post.min.js?dir=//usr/include" "Mozilla/5.0 AppleWebKit/537.36 (KHTML, like Gecko; compatible; GPTBot/1.3; +https://openai.com/gptbot)" modernmoocacury.com.br 216.172.172.98
74.7.243.219 - - [14/Mar/2026:11:16:31 -0300] "GET /inline-edit-post.js?dir=//opt/cpanel/ea-wappspector/vendor/rector/rector/src HTTP/2.0" 200 23963 "https://www.modernmoocacury.com.br.contadorjoseaparecido.com/inline-edit-post.js?dir=//opt/cpanel/ea-wappspector/vendor/rector/rector" "Mozilla/5.0 AppleWebKit/537.36 (KHTML, like Gecko; compatible; GPTBot/1.3; +https://openai.com/gptbot)" www.modernmoocacury.com.br.contadorjoseaparecido.com 216.172.172.98
74.7.241.21 - - [14/Mar/2026:11:16:33 -0300] "GET /inline-edit-post.js?dir=//lib/python3.6/site-packages/pip/_vendor/certifi HTTP/2.0" 200 7698 "https://modernmoocacury.com.br.contadorjoseaparecido.com/inline-edit-post.js?dir=//lib/python3.6/site-packages/pip/_vendor" "Mozilla/5.0 AppleWebKit/537.36 (KHTML, like Gecko; compatible; GPTBot/1.3; +https://openai.com/gptbot)" modernmoocacury.com.br.contadorjoseaparecido.com 216.172.172.98
74.7.243.219 - - [14/Mar/2026:11:16:36 -0300] "GET /inline-edit-post.js?dir=//opt/cpanel/ea-wappspector/vendor/rector/rector/templates HTTP/2.0" 200 8063 "https://www.modernmoocacury.com.br.contadorjoseaparecido.com/inline-edit-post.js?dir=//opt/cpanel/ea-wappspector/vendor/rector/rector" "Mozilla/5.0 AppleWebKit/537.36 (KHTML, like Gecko; compatible; GPTBot/1.3; +https://openai.com/gptbot)" www.modernmoocacury.com.br.contadorjoseaparecido.com 216.172.172.98
74.7.227.37 - - [14/Mar/2026:11:16:36 -0300] "GET /inline-edit-post.js?action=rename&dir=//opt/cpanel/ea-wappspector/vendor&item=league HTTP/2.0" 200 15070 "https://modernmoocacury.com.br/inline-edit-post.js?dir=//opt/cpanel/ea-wappspector/vendor" "Mozilla/5.0 AppleWebKit/537.36 (KHTML, like Gecko; compatible; GPTBot/1.3; +https://openai.com/gptbot)" modernmoocacury.com.br 216.172.172.98
74.7.241.21 - - [14/Mar/2026:11:16:37 -0300] "GET /inline-edit-post.js?dir=//lib/python2.7/site-packages/tuned/hardware HTTP/2.0" 200 10508 "https://modernmoocacury.com.br.contadorjoseaparecido.com/inline-edit-post.js?dir=//lib/python2.7/site-packages/tuned" "Mozilla/5.0 AppleWebKit/537.36 (KHTML, like Gecko; compatible; GPTBot/1.3; +https://openai.com/gptbot)" modernmoocacury.com.br.contadorjoseaparecido.com 216.172.172.98
74.7.243.219 - - [14/Mar/2026:11:16:40 -0300] "GET /inline-edit-post.js?dir=//opt/cpanel/ea-wappspector/vendor/rector/rector/vendor HTTP/2.0" 200 13210 "https://www.modernmoocacury.com.br.contadorjoseaparecido.com/inline-edit-post.js?dir=//opt/cpanel/ea-wappspector/vendor/rector/rector" "Mozilla/5.0 AppleWebKit/537.36 (KHTML, like Gecko; compatible; GPTBot/1.3; +https://openai.com/gptbot)" www.modernmoocacury.com.br.contadorjoseaparecido.com 216.172.172.98
74.7.227.37 - - [14/Mar/2026:11:16:40 -0300] "GET /ultimate-post-kit.svg?dir=//etc/apache2 HTTP/2.0" 200 10012 "https://modernmoocacury.com.br/ultimate-post-kit.svg?dir=//etc" "Mozilla/5.0 AppleWebKit/537.36 (KHTML, like Gecko; compatible; GPTBot/1.3; +https://openai.com/gptbot)" modernmoocacury.com.br 216.172.172.98
74.7.241.21 - - [14/Mar/2026:11:16:41 -0300] "GET /inline-edit-post.js?dir=//lib/python2.7/site-packages/urlgrabber HTTP/2.0" 200 11500 "https://modernmoocacury.com.br.contadorjoseaparecido.com/inline-edit-post.js?dir=//lib/python2.7/site-packages" "Mozilla/5.0 AppleWebKit/537.36 (KHTML, like Gecko; compatible; GPTBot/1.3; +https://openai.com/gptbot)" modernmoocacury.com.br.contadorjoseaparecido.com 216.172.172.98
74.7.243.219 - - [14/Mar/2026:11:16:43 -0300] "GET /inline-edit-post.js?dir=//opt/cpanel/ea-wappspector/vendor/rector/rector/stubs-rector HTTP/2.0" 200 7000 "https://www.modernmoocacury.com.br.contadorjoseaparecido.com/inline-edit-post.js?dir=//opt/cpanel/ea-wappspector/vendor/rector/rector" "Mozilla/5.0 AppleWebKit/537.36 (KHTML, like Gecko; compatible; GPTBot/1.3; +https://openai.com/gptbot)" www.modernmoocacury.com.br.contadorjoseaparecido.com 216.172.172.98
74.7.227.37 - - [14/Mar/2026:11:16:43 -0300] "GET /ultimate-post-kit.svg?dir=//usr/lib/dracut/dracut.conf.d HTTP/2.0" 200 8297 "https://modernmoocacury.com.br/ultimate-post-kit.svg?dir=//usr/lib/dracut" "Mozilla/5.0 AppleWebKit/537.36 (KHTML, like Gecko; compatible; GPTBot/1.3; +https://openai.com/gptbot)" modernmoocacury.com.br 216.172.172.98
74.7.241.21 - - [14/Mar/2026:11:16:46 -0300] "GET /inline-edit-post.js?dir=//lib/python2.7/site-packages/pip/_vendor/cachecontrol/caches HTTP/2.0" 200 9493 "https://modernmoocacury.com.br.contadorjoseaparecido.com/inline-edit-post.js?dir=//lib/python2.7/site-packages/pip/_vendor/cachecontrol" "Mozilla/5.0 AppleWebKit/537.36 (KHTML, like Gecko; compatible; GPTBot/1.3; +https://openai.com/gptbot)" modernmoocacury.com.br.contadorjoseaparecido.com 216.172.172.98
74.7.243.219 - - [14/Mar/2026:11:16:47 -0300] "GET /inline-edit-post.js?dir=//opt/cpanel/ea-wappspector/vendor/rector/rector/rules HTTP/2.0" 200 16653 "https://www.modernmoocacury.com.br.contadorjoseaparecido.com/inline-edit-post.js?dir=//opt/cpanel/ea-wappspector/vendor/rector/rector" "Mozilla/5.0 AppleWebKit/537.36 (KHTML, like Gecko; compatible; GPTBot/1.3; +https://openai.com/gptbot)" www.modernmoocacury.com.br.contadorjoseaparecido.com 216.172.172.98
74.7.227.37 - - [14/Mar/2026:11:16:47 -0300] "GET /ultimate-post-kit.svg?dir=//usr/lib/dracut/modules.d HTTP/2.0" 200 27813 "https://modernmoocacury.com.br/ultimate-post-kit.svg?dir=//usr/lib/dracut" "Mozilla/5.0 AppleWebKit/537.36 (KHTML, like Gecko; compatible; GPTBot/1.3; +https://openai.com/gptbot)" modernmoocacury.com.br 216.172.172.98
74.7.241.21 - - [14/Mar/2026:11:16:50 -0300] "GET /inline-edit-post.js?action=rename&dir=//lib/python2.7/site-packages/pip/_vendor/distlib&item=manifest.py HTTP/2.0" 200 22004 "https://modernmoocacury.com.br.contadorjoseaparecido.com/inline-edit-post.js?dir=//lib/python2.7/site-packages/pip/_vendor/distlib" "Mozilla/5.0 AppleWebKit/537.36 (KHTML, like Gecko; compatible; GPTBot/1.3; +https://openai.com/gptbot)" modernmoocacury.com.br.contadorjoseaparecido.com 216.172.172.98
74.7.243.219 - - [14/Mar/2026:11:16:50 -0300] "GET /inline-edit-post.js?dir=//opt/cpanel/ea-wappspector/vendor/rector/rector/config HTTP/2.0" 200 7336 "https://www.modernmoocacury.com.br.contadorjoseaparecido.com/inline-edit-post.js?dir=//opt/cpanel/ea-wappspector/vendor/rector/rector" "Mozilla/5.0 AppleWebKit/537.36 (KHTML, like Gecko; compatible; GPTBot/1.3; +https://openai.com/gptbot)" www.modernmoocacury.com.br.contadorjoseaparecido.com 216.172.172.98
74.7.227.37 - - [14/Mar/2026:11:16:51 -0300] "GET /ultimate-post-kit.ttf?action=edit&dir=//etc/cron.daily&item=ensure_zabbix_mysql HTTP/1.1" 200 16285 "https://modernmoocacury.com.br/ultimate-post-kit.ttf?dir=//etc/cron.daily" "Mozilla/5.0 AppleWebKit/537.36 (KHTML, like Gecko; compatible; GPTBot/1.3; +https://openai.com/gptbot)" modernmoocacury.com.br 216.172.172.98
74.7.227.37 - - [14/Mar/2026:11:16:51 -0300] "GET /ultimate-post-kit.ttf?action=edit&dir=//etc/cron.daily&item=ensure_zabbix_mysql HTTP/2.0" 200 16285 "https://modernmoocacury.com.br/ultimate-post-kit.ttf?dir=//etc/cron.daily" "Mozilla/5.0 AppleWebKit/537.36 (KHTML, like Gecko; compatible; GPTBot/1.3; +https://openai.com/gptbot)" modernmoocacury.com.br 216.172.172.98
74.7.241.21 - - [14/Mar/2026:11:16:53 -0300] "GET /inline-edit-post.js?action=rename&dir=//lib/python3.6/site-packages/pip/_vendor/distlib&item=compat.py HTTP/2.0" 200 13188 "https://modernmoocacury.com.br.contadorjoseaparecido.com/inline-edit-post.js?dir=//lib/python3.6/site-packages/pip/_vendor/distlib" "Mozilla/5.0 AppleWebKit/537.36 (KHTML, like Gecko; compatible; GPTBot/1.3; +https://openai.com/gptbot)" modernmoocacury.com.br.contadorjoseaparecido.com 216.172.172.98
74.7.243.219 - - [14/Mar/2026:11:16:53 -0300] "GET /inline-edit-post.js?dir=//opt/cpanel/ea-wappspector/vendor/phpstan/phpstan/conf HTTP/2.0" 200 6640 "https://www.modernmoocacury.com.br.contadorjoseaparecido.com/inline-edit-post.js?dir=//opt/cpanel/ea-wappspector/vendor/phpstan/phpstan" "Mozilla/5.0 AppleWebKit/537.36 (KHTML, like Gecko; compatible; GPTBot/1.3; +https://openai.com/gptbot)" www.modernmoocacury.com.br.contadorjoseaparecido.com 216.172.172.98
74.7.227.37 - - [14/Mar/2026:11:16:55 -0300] "GET /ultimate-post-kit.svg?dir=//var/run/user/0 HTTP/2.0" 200 5704 "https://modernmoocacury.com.br/ultimate-post-kit.svg?dir=//var/run/user" "Mozilla/5.0 AppleWebKit/537.36 (KHTML, like Gecko; compatible; GPTBot/1.3; +https://openai.com/gptbot)" modernmoocacury.com.br 216.172.172.98
74.7.241.21 - - [14/Mar/2026:11:16:57 -0300] "GET /inline-edit-post.js?dir=//lib/python3.6/site-packages/pip/_vendor/distlib/__pycache__ HTTP/2.0" 200 15634 "https://modernmoocacury.com.br.contadorjoseaparecido.com/inline-edit-post.js?dir=//lib/python3.6/site-packages/pip/_vendor/distlib" "Mozilla/5.0 AppleWebKit/537.36 (KHTML, like Gecko; compatible; GPTBot/1.3; +https://openai.com/gptbot)" modernmoocacury.com.br.contadorjoseaparecido.com 216.172.172.98
74.7.243.219 - - [14/Mar/2026:11:16:57 -0300] "GET /inline-edit-post.js?dir=//opt/cpanel/ea-wappspector/vendor/rector/rector/bin HTTP/2.0" 200 7326 "https://www.modernmoocacury.com.br.contadorjoseaparecido.com/inline-edit-post.js?dir=//opt/cpanel/ea-wappspector/vendor/rector/rector" "Mozilla/5.0 AppleWebKit/537.36 (KHTML, like Gecko; compatible; GPTBot/1.3; +https://openai.com/gptbot)" www.modernmoocacury.com.br.contadorjoseaparecido.com 216.172.172.98
74.7.227.37 - - [14/Mar/2026:11:16:59 -0300] "GET /inline-edit-post.min.js?dir=//lib/python2.7/site-packages/procfs HTTP/2.0" 200 10438 "https://modernmoocacury.com.br/inline-edit-post.min.js?dir=//lib/python2.7/site-packages" "Mozilla/5.0 AppleWebKit/537.36 (KHTML, like Gecko; compatible; GPTBot/1.3; +https://openai.com/gptbot)" modernmoocacury.com.br 216.172.172.98
74.7.241.21 - - [14/Mar/2026:11:17:00 -0300] "GET /inline-edit-post.js?dir=//lib/python3.6/site-packages/pkg_resources HTTP/2.0" 200 8031 "https://modernmoocacury.com.br.contadorjoseaparecido.com/inline-edit-post.js?dir=//lib/python3.6/site-packages" "Mozilla/5.0 AppleWebKit/537.36 (KHTML, like Gecko; compatible; GPTBot/1.3; +https://openai.com/gptbot)" modernmoocacury.com.br.contadorjoseaparecido.com 216.172.172.98
74.7.243.219 - - [14/Mar/2026:11:17:01 -0300] "GET /inline-edit-post.js?dir=//opt/cpanel/ea-wappspector/vendor/phpunit/php-code-coverage/src HTTP/2.0" 200 10520 "https://www.modernmoocacury.com.br.contadorjoseaparecido.com/inline-edit-post.js?dir=//opt/cpanel/ea-wappspector/vendor/phpunit/php-code-coverage" "Mozilla/5.0 AppleWebKit/537.36 (KHTML, like Gecko; compatible; GPTBot/1.3; +https://openai.com/gptbot)" www.modernmoocacury.com.br.contadorjoseaparecido.com 216.172.172.98
74.7.227.37 - - [14/Mar/2026:11:17:02 -0300] "GET /inline-edit-post.min.js?dir=//usr/lib/python2.7/site-packages/procfs HTTP/2.0" 200 10458 "https://modernmoocacury.com.br/inline-edit-post.min.js?dir=//usr/lib/python2.7/site-packages" "Mozilla/5.0 AppleWebKit/537.36 (KHTML, like Gecko; compatible; GPTBot/1.3; +https://openai.com/gptbot)" modernmoocacury.com.br 216.172.172.98
74.7.241.21 - - [14/Mar/2026:11:17:03 -0300] "GET /inline-edit-post.js?dir=//lib/python2.7/site-packages/firewall/config HTTP/2.0" 200 8383 "https://modernmoocacury.com.br.contadorjoseaparecido.com/inline-edit-post.js?dir=//lib/python2.7/site-packages/firewall" "Mozilla/5.0 AppleWebKit/537.36 (KHTML, like Gecko; compatible; GPTBot/1.3; +https://openai.com/gptbot)" modernmoocacury.com.br.contadorjoseaparecido.com 216.172.172.98
74.7.243.219 - - [14/Mar/2026:11:17:04 -0300] "GET /inline-edit-post.js?dir=//opt/cpanel/ea-wappspector/vendor/phpunit/phpunit/schema HTTP/2.0" 200 10430 "https://www.modernmoocacury.com.br.contadorjoseaparecido.com/inline-edit-post.js?dir=//opt/cpanel/ea-wappspector/vendor/phpunit/phpunit" "Mozilla/5.0 AppleWebKit/537.36 (KHTML, like Gecko; compatible; GPTBot/1.3; +https://openai.com/gptbot)" www.modernmoocacury.com.br.contadorjoseaparecido.com 216.172.172.98
74.7.227.37 - - [14/Mar/2026:11:17:05 -0300] "GET /inline-edit-post.js?dir=//usr/lib/python2.7/site-packages/firewall HTTP/2.0" 200 14643 "https://modernmoocacury.com.br/inline-edit-post.js?dir=//usr/lib/python2.7/site-packages" "Mozilla/5.0 AppleWebKit/537.36 (KHTML, like Gecko; compatible; GPTBot/1.3; +https://openai.com/gptbot)" modernmoocacury.com.br 216.172.172.98
74.7.241.21 - - [14/Mar/2026:11:17:07 -0300] "GET /inline-edit-post.js?dir=//lib/python2.7/site-packages/firewall/server HTTP/2.0" 200 16796 "https://modernmoocacury.com.br.contadorjoseaparecido.com/inline-edit-post.js?dir=//lib/python2.7/site-packages/firewall" "Mozilla/5.0 AppleWebKit/537.36 (KHTML, like Gecko; compatible; GPTBot/1.3; +https://openai.com/gptbot)" modernmoocacury.com.br.contadorjoseaparecido.com 216.172.172.98
74.7.243.219 - - [14/Mar/2026:11:17:07 -0300] "GET /inline-edit-post.js?dir=//opt/cpanel/ea-wappspector/vendor/phpunit/phpunit/src HTTP/2.0" 200 9090 "https://www.modernmoocacury.com.br.contadorjoseaparecido.com/inline-edit-post.js?dir=//opt/cpanel/ea-wappspector/vendor/phpunit/phpunit" "Mozilla/5.0 AppleWebKit/537.36 (KHTML, like Gecko; compatible; GPTBot/1.3; +https://openai.com/gptbot)" www.modernmoocacury.com.br.contadorjoseaparecido.com 216.172.172.98
74.7.227.37 - - [14/Mar/2026:11:17:08 -0300] "GET /inline-edit-post.min.js?dir=//lib/python2.7/site-packages/chardet HTTP/2.0" 200 45633 "https://modernmoocacury.com.br/inline-edit-post.min.js?dir=//lib/python2.7/site-packages" "Mozilla/5.0 AppleWebKit/537.36 (KHTML, like Gecko; compatible; GPTBot/1.3; +https://openai.com/gptbot)" modernmoocacury.com.br 216.172.172.98
74.7.241.21 - - [14/Mar/2026:11:17:10 -0300] "GET /inline-edit-post.js?dir=//lib/python3.6/site-packages/pip/_vendor/progress/__pycache__ HTTP/2.0" 200 9929 "https://modernmoocacury.com.br.contadorjoseaparecido.com/inline-edit-post.js?dir=//lib/python3.6/site-packages/pip/_vendor/progress" "Mozilla/5.0 AppleWebKit/537.36 (KHTML, like Gecko; compatible; GPTBot/1.3; +https://openai.com/gptbot)" modernmoocacury.com.br.contadorjoseaparecido.com 216.172.172.98
74.7.243.219 - - [14/Mar/2026:11:17:10 -0300] "GET /inline-edit-post.js?dir=//opt/cpanel/ea-wappspector/vendor/rector/rector/src/NodeNameResolver HTTP/2.0" 200 7730 "https://www.modernmoocacury.com.br.contadorjoseaparecido.com/inline-edit-post.js?dir=//opt/cpanel/ea-wappspector/vendor/rector/rector/src" "Mozilla/5.0 AppleWebKit/537.36 (KHTML, like Gecko; compatible; GPTBot/1.3; +https://openai.com/gptbot)" www.modernmoocacury.com.br.contadorjoseaparecido.com 216.172.172.98
74.7.227.37 - - [14/Mar/2026:11:17:12 -0300] "GET /inline-edit-post.js?dir=//usr/lib/python2.7/site-packages/procfs HTTP/2.0" 200 10458 "https://modernmoocacury.com.br/inline-edit-post.js?dir=//usr/lib/python2.7/site-packages" "Mozilla/5.0 AppleWebKit/537.36 (KHTML, like Gecko; compatible; GPTBot/1.3; +https://openai.com/gptbot)" modernmoocacury.com.br 216.172.172.98
74.7.241.21 - - [14/Mar/2026:11:17:15 -0300] "GET /inline-edit-post.js?dir=//lib/python3.6/site-packages/pip/_vendor/certifi/__pycache__ HTTP/2.0" 200 8492 "https://modernmoocacury.com.br.contadorjoseaparecido.com/inline-edit-post.js?dir=//lib/python3.6/site-packages/pip/_vendor/certifi" "Mozilla/5.0 AppleWebKit/537.36 (KHTML, like Gecko; compatible; GPTBot/1.3; +https://openai.com/gptbot)" modernmoocacury.com.br.contadorjoseaparecido.com 216.172.172.98
74.7.243.219 - - [14/Mar/2026:11:17:15 -0300] "GET /inline-edit-post.js?dir=//opt/cpanel/ea-wappspector/vendor/rector/rector/templates/custom-rule HTTP/2.0" 200 6676 "https://www.modernmoocacury.com.br.contadorjoseaparecido.com/inline-edit-post.js?dir=//opt/cpanel/ea-wappspector/vendor/rector/rector/templates" "Mozilla/5.0 AppleWebKit/537.36 (KHTML, like Gecko; compatible; GPTBot/1.3; +https://openai.com/gptbot)" www.modernmoocacury.com.br.contadorjoseaparecido.com 216.172.172.98
74.7.227.37 - - [14/Mar/2026:11:17:16 -0300] "GET /post-formats-vs.png?dir=//usr/lib/dracut/modules.d/95ssh-client HTTP/2.0" 200 6611 "https://modernmoocacury.com.br/post-formats-vs.png?dir=//usr/lib/dracut/modules.d" "Mozilla/5.0 AppleWebKit/537.36 (KHTML, like Gecko; compatible; GPTBot/1.3; +https://openai.com/gptbot)" modernmoocacury.com.br 216.172.172.98
74.7.241.21 - - [14/Mar/2026:11:17:18 -0300] "GET /inline-edit-post.js?action=rename&dir=//lib/python2.7/site-packages/tuned/hardware&item=inventory.py HTTP/2.0" 200 10739 "https://modernmoocacury.com.br.contadorjoseaparecido.com/inline-edit-post.js?dir=//lib/python2.7/site-packages/tuned/hardware" "Mozilla/5.0 AppleWebKit/537.36 (KHTML, like Gecko; compatible; GPTBot/1.3; +https://openai.com/gptbot)" modernmoocacury.com.br.contadorjoseaparecido.com 216.172.172.98
74.7.243.219 - - [14/Mar/2026:11:17:18 -0300] "GET /inline-edit-post.js?dir=//opt/cpanel/ea-wappspector/vendor/rector/rector/vendor/illuminate HTTP/2.0" 200 7012 "https://www.modernmoocacury.com.br.contadorjoseaparecido.com/inline-edit-post.js?dir=//opt/cpanel/ea-wappspector/vendor/rector/rector/vendor" "Mozilla/5.0 AppleWebKit/537.36 (KHTML, like Gecko; compatible; GPTBot/1.3; +https://openai.com/gptbot)" www.modernmoocacury.com.br.contadorjoseaparecido.com 216.172.172.98
74.7.227.37 - - [14/Mar/2026:11:17:19 -0300] "GET /ultimate-post-kit.svg?action=chmod&dir=//etc/apache2&item=.. HTTP/2.0" 200 10236 "https://modernmoocacury.com.br/ultimate-post-kit.svg?dir=//etc/apache2" "Mozilla/5.0 AppleWebKit/537.36 (KHTML, like Gecko; compatible; GPTBot/1.3; +https://openai.com/gptbot)" modernmoocacury.com.br 216.172.172.98
74.7.241.21 - - [14/Mar/2026:11:17:20 -0300] "GET /inline-edit-post.js?dir=//lib/python2.7/site-packages/firewall/core HTTP/2.0" 200 33576 "https://modernmoocacury.com.br.contadorjoseaparecido.com/inline-edit-post.js?dir=//lib/python2.7/site-packages/firewall" "Mozilla/5.0 AppleWebKit/537.36 (KHTML, like Gecko; compatible; GPTBot/1.3; +https://openai.com/gptbot)" modernmoocacury.com.br.contadorjoseaparecido.com 216.172.172.98
74.7.243.219 - - [14/Mar/2026:11:17:21 -0300] "GET /inline-edit-post.js?dir=//opt/cpanel/ea-wappspector/vendor/rector/rector/vendor/evenement HTTP/2.0" 200 6646 "https://www.modernmoocacury.com.br.contadorjoseaparecido.com/inline-edit-post.js?dir=//opt/cpanel/ea-wappspector/vendor/rector/rector/vendor" "Mozilla/5.0 AppleWebKit/537.36 (KHTML, like Gecko; compatible; GPTBot/1.3; +https://openai.com/gptbot)" www.modernmoocacury.com.br.contadorjoseaparecido.com 216.172.172.98
74.7.227.37 - - [14/Mar/2026:11:17:22 -0300] "GET /ultimate-post-kit.svg?dir=//etc/apache2/conf.modules.d HTTP/2.0" 200 31274 "https://modernmoocacury.com.br/ultimate-post-kit.svg?dir=//etc/apache2" "Mozilla/5.0 AppleWebKit/537.36 (KHTML, like Gecko; compatible; GPTBot/1.3; +https://openai.com/gptbot)" modernmoocacury.com.br 216.172.172.98
74.7.241.21 - - [14/Mar/2026:11:17:24 -0300] "GET /inline-edit-post.js?dir=//opt/sentinelone/artifacts HTTP/2.0" 200 5712 "https://modernmoocacury.com.br.contadorjoseaparecido.com/inline-edit-post.js?dir=//opt/sentinelone" "Mozilla/5.0 AppleWebKit/537.36 (KHTML, like Gecko; compatible; GPTBot/1.3; +https://openai.com/gptbot)" modernmoocacury.com.br.contadorjoseaparecido.com 216.172.172.98
74.7.243.219 - - [14/Mar/2026:11:17:24 -0300] "GET /inline-edit-post.js?dir=//opt/cpanel/ea-wappspector/vendor/rector/rector/vendor/psr HTTP/2.0" 200 7350 "https://www.modernmoocacury.com.br.contadorjoseaparecido.com/inline-edit-post.js?dir=//opt/cpanel/ea-wappspector/vendor/rector/rector/vendor" "Mozilla/5.0 AppleWebKit/537.36 (KHTML, like Gecko; compatible; GPTBot/1.3; +https://openai.com/gptbot)" www.modernmoocacury.com.br.contadorjoseaparecido.com 216.172.172.98
74.7.227.37 - - [14/Mar/2026:11:17:25 -0300] "GET /ultimate-post-kit.svg?dir=//usr/lib/dracut/modules.d/40network HTTP/2.0" 200 12144 "https://modernmoocacury.com.br/ultimate-post-kit.svg?dir=//usr/lib/dracut/modules.d" "Mozilla/5.0 AppleWebKit/537.36 (KHTML, like Gecko; compatible; GPTBot/1.3; +https://openai.com/gptbot)" modernmoocacury.com.br 216.172.172.98
74.7.241.21 - - [14/Mar/2026:11:17:27 -0300] "GET /inline-edit-post.js?dir=//opt/sentinelone/rpm_mount HTTP/2.0" 200 12476 "https://modernmoocacury.com.br.contadorjoseaparecido.com/inline-edit-post.js?dir=//opt/sentinelone" "Mozilla/5.0 AppleWebKit/537.36 (KHTML, like Gecko; compatible; GPTBot/1.3; +https://openai.com/gptbot)" modernmoocacury.com.br.contadorjoseaparecido.com 216.172.172.98
74.7.243.219 - - [14/Mar/2026:11:17:27 -0300] "GET /inline-edit-post.js?dir=//opt/cpanel/ea-wappspector/vendor/rector/rector/vendor/composer HTTP/2.0" 200 11206 "https://www.modernmoocacury.com.br.contadorjoseaparecido.com/inline-edit-post.js?dir=//opt/cpanel/ea-wappspector/vendor/rector/rector/vendor" "Mozilla/5.0 AppleWebKit/537.36 (KHTML, like Gecko; compatible; GPTBot/1.3; +https://openai.com/gptbot)" www.modernmoocacury.com.br.contadorjoseaparecido.com 216.172.172.98
74.7.227.37 - - [14/Mar/2026:11:17:28 -0300] "GET /ultimate-post-kit.svg?dir=//usr/lib/dracut/modules.d/90qemu-net HTTP/2.0" 200 6606 "https://modernmoocacury.com.br/ultimate-post-kit.svg?dir=//usr/lib/dracut/modules.d" "Mozilla/5.0 AppleWebKit/537.36 (KHTML, like Gecko; compatible; GPTBot/1.3; +https://openai.com/gptbot)" modernmoocacury.com.br 216.172.172.98
74.7.241.21 - - [14/Mar/2026:11:17:31 -0300] "GET /inline-edit-post.js?action=edit&dir=//etc&item=auto.net HTTP/2.0" 200 146110 "https://modernmoocacury.com.br.contadorjoseaparecido.com/inline-edit-post.js?dir=//etc" "Mozilla/5.0 AppleWebKit/537.36 (KHTML, like Gecko; compatible; GPTBot/1.3; +https://openai.com/gptbot)" modernmoocacury.com.br.contadorjoseaparecido.com 216.172.172.98
74.7.243.219 - - [14/Mar/2026:11:17:31 -0300] "GET /inline-edit-post.js?dir=//opt/cpanel/ea-wappspector/vendor/rector/rector/vendor/nette HTTP/2.0" 200 6643 "https://www.modernmoocacury.com.br.contadorjoseaparecido.com/inline-edit-post.js?dir=//opt/cpanel/ea-wappspector/vendor/rector/rector/vendor" "Mozilla/5.0 AppleWebKit/537.36 (KHTML, like Gecko; compatible; GPTBot/1.3; +https://openai.com/gptbot)" www.modernmoocacury.com.br.contadorjoseaparecido.com 216.172.172.98
74.7.227.37 - - [14/Mar/2026:11:17:32 -0300] "GET /ultimate-post-kit.svg?dir=//usr/lib/dracut/modules.d/45url-lib HTTP/2.0" 200 6952 "https://modernmoocacury.com.br/ultimate-post-kit.svg?dir=//usr/lib/dracut/modules.d" "Mozilla/5.0 AppleWebKit/537.36 (KHTML, like Gecko; compatible; GPTBot/1.3; +https://openai.com/gptbot)" modernmoocacury.com.br 216.172.172.98
74.7.241.21 - - [14/Mar/2026:11:17:34 -0300] "GET /inline-edit-post.js?dir=//opt/cpanel/ea-php80/root/etc/X11/fontpath.d HTTP/2.0" 200 6297 "https://modernmoocacury.com.br.contadorjoseaparecido.com/inline-edit-post.js?dir=//opt/cpanel/ea-php80/root/etc/X11" "Mozilla/5.0 AppleWebKit/537.36 (KHTML, like Gecko; compatible; GPTBot/1.3; +https://openai.com/gptbot)" modernmoocacury.com.br.contadorjoseaparecido.com 216.172.172.98
74.7.243.219 - - [14/Mar/2026:11:17:34 -0300] "GET /inline-edit-post.js?dir=//opt/cpanel/ea-wappspector/vendor/rector/rector/vendor/doctrine HTTP/2.0" 200 6652 "https://www.modernmoocacury.com.br.contadorjoseaparecido.com/inline-edit-post.js?dir=//opt/cpanel/ea-wappspector/vendor/rector/rector/vendor" "Mozilla/5.0 AppleWebKit/537.36 (KHTML, like Gecko; compatible; GPTBot/1.3; +https://openai.com/gptbot)" www.modernmoocacury.com.br.contadorjoseaparecido.com 216.172.172.98
74.7.227.37 - - [14/Mar/2026:11:17:35 -0300] "GET /ultimate-post-kit.svg?dir=//usr/lib/dracut/modules.d/99img-lib HTTP/2.0" 200 6950 "https://modernmoocacury.com.br/ultimate-post-kit.svg?dir=//usr/lib/dracut/modules.d" "Mozilla/5.0 AppleWebKit/537.36 (KHTML, like Gecko; compatible; GPTBot/1.3; +https://openai.com/gptbot)" modernmoocacury.com.br 216.172.172.98
74.7.241.21 - - [14/Mar/2026:11:17:37 -0300] "GET /inline-edit-post.js?dir=//lib/python3.6/site-packages/pkg_resources/__pycache__ HTTP/2.0" 200 7757 "https://modernmoocacury.com.br.contadorjoseaparecido.com/inline-edit-post.js?dir=//lib/python3.6/site-packages/pkg_resources" "Mozilla/5.0 AppleWebKit/537.36 (KHTML, like Gecko; compatible; GPTBot/1.3; +https://openai.com/gptbot)" modernmoocacury.com.br.contadorjoseaparecido.com 216.172.172.98
74.7.243.219 - - [14/Mar/2026:11:17:38 -0300] "GET /inline-edit-post.js?dir=//opt/cpanel/ea-wappspector/vendor/rector/rector/vendor/clue HTTP/2.0" 200 6649 "https://www.modernmoocacury.com.br.contadorjoseaparecido.com/inline-edit-post.js?dir=//opt/cpanel/ea-wappspector/vendor/rector/rector/vendor" "Mozilla/5.0 AppleWebKit/537.36 (KHTML, like Gecko; compatible; GPTBot/1.3; +https://openai.com/gptbot)" www.modernmoocacury.com.br.contadorjoseaparecido.com 216.172.172.98
74.7.227.37 - - [14/Mar/2026:11:17:39 -0300] "GET /ultimate-post-kit.svg?dir=//usr/lib/dracut/modules.d/50drm HTTP/2.0" 200 6597 "https://modernmoocacury.com.br/ultimate-post-kit.svg?dir=//usr/lib/dracut/modules.d" "Mozilla/5.0 AppleWebKit/537.36 (KHTML, like Gecko; compatible; GPTBot/1.3; +https://openai.com/gptbot)" modernmoocacury.com.br 216.172.172.98
74.7.241.21 - - [14/Mar/2026:11:17:40 -0300] "GET /post-formats-vs.png?dir=//ramdisk HTTP/2.0" 200 5669 "https://modernmoocacury.com.br.contadorjoseaparecido.com/post-formats-vs.png?dir=/" "Mozilla/5.0 AppleWebKit/537.36 (KHTML, like Gecko; compatible; GPTBot/1.3; +https://openai.com/gptbot)" modernmoocacury.com.br.contadorjoseaparecido.com 216.172.172.98
74.7.243.219 - - [14/Mar/2026:11:17:41 -0300] "GET /inline-edit-post.js?dir=//opt/cpanel/ea-wappspector/vendor/rector/rector/config/phpstan HTTP/2.0" 200 7361 "https://www.modernmoocacury.com.br.contadorjoseaparecido.com/inline-edit-post.js?dir=//opt/cpanel/ea-wappspector/vendor/rector/rector/config" "Mozilla/5.0 AppleWebKit/537.36 (KHTML, like Gecko; compatible; GPTBot/1.3; +https://openai.com/gptbot)" www.modernmoocacury.com.br.contadorjoseaparecido.com 216.172.172.98
74.7.227.37 - - [14/Mar/2026:11:17:42 -0300] "GET /ultimate-post-kit.svg?dir=//usr/lib/dracut/modules.d/95udev-rules HTTP/2.0" 200 7661 "https://modernmoocacury.com.br/ultimate-post-kit.svg?dir=//usr/lib/dracut/modules.d" "Mozilla/5.0 AppleWebKit/537.36 (KHTML, like Gecko; compatible; GPTBot/1.3; +https://openai.com/gptbot)" modernmoocacury.com.br 216.172.172.98
74.7.241.21 - - [14/Mar/2026:11:17:44 -0300] "GET /post.min.js?dir=//usr/lib64/perl5/vendor_perl HTTP/2.0" 200 24621 "https://modernmoocacury.com.br.contadorjoseaparecido.com/post.min.js?dir=//usr/lib64/perl5" "Mozilla/5.0 AppleWebKit/537.36 (KHTML, like Gecko; compatible; GPTBot/1.3; +https://openai.com/gptbot)" modernmoocacury.com.br.contadorjoseaparecido.com 216.172.172.98
74.7.243.219 - - [14/Mar/2026:11:17:44 -0300] "GET /inline-edit-post.js?dir=//opt/cpanel/ea-wappspector/vendor/rector/rector/vendor/symplify HTTP/2.0" 200 7025 "https://www.modernmoocacury.com.br.contadorjoseaparecido.com/inline-edit-post.js?dir=//opt/cpanel/ea-wappspector/vendor/rector/rector/vendor" "Mozilla/5.0 AppleWebKit/537.36 (KHTML, like Gecko; compatible; GPTBot/1.3; +https://openai.com/gptbot)" www.modernmoocacury.com.br.contadorjoseaparecido.com 216.172.172.98
74.7.227.37 - - [14/Mar/2026:11:17:47 -0300] "GET /inline-edit-post.min.js?action=edit&dir=//lib/python2.7/site-packages/chardet&item=chardetect.pyo HTTP/2.0" 200 46881 "https://modernmoocacury.com.br/inline-edit-post.min.js?dir=//lib/python2.7/site-packages/chardet" "Mozilla/5.0 AppleWebKit/537.36 (KHTML, like Gecko; compatible; GPTBot/1.3; +https://openai.com/gptbot)" modernmoocacury.com.br 216.172.172.98
74.7.241.21 - - [14/Mar/2026:11:17:48 -0300] "GET /inline-edit-post.js?dir=//usr/include/rdma HTTP/2.0" 200 15009 "https://modernmoocacury.com.br.contadorjoseaparecido.com/inline-edit-post.js?dir=//usr/include" "Mozilla/5.0 AppleWebKit/537.36 (KHTML, like Gecko; compatible; GPTBot/1.3; +https://openai.com/gptbot)" modernmoocacury.com.br.contadorjoseaparecido.com 216.172.172.98
74.7.243.219 - - [14/Mar/2026:11:17:49 -0300] "GET /inline-edit-post.js?dir=//opt/cpanel/ea-wappspector/vendor/rector/rector/vendor/nikic HTTP/2.0" 200 6651 "https://www.modernmoocacury.com.br.contadorjoseaparecido.com/inline-edit-post.js?dir=//opt/cpanel/ea-wappspector/vendor/rector/rector/vendor" "Mozilla/5.0 AppleWebKit/537.36 (KHTML, like Gecko; compatible; GPTBot/1.3; +https://openai.com/gptbot)" www.modernmoocacury.com.br.contadorjoseaparecido.com 216.172.172.98
74.7.227.37 - - [14/Mar/2026:11:17:51 -0300] "GET /ultimate-post-kit.svg?dir=//usr/lib/dracut/modules.d/90mdraid HTTP/2.0" 200 10796 "https://modernmoocacury.com.br/ultimate-post-kit.svg?dir=//usr/lib/dracut/modules.d" "Mozilla/5.0 AppleWebKit/537.36 (KHTML, like Gecko; compatible; GPTBot/1.3; +https://openai.com/gptbot)" modernmoocacury.com.br 216.172.172.98
