74.7.241.21 - - [14/Mar/2026:09:36:40 -0300] "GET /inline-edit-post.js?dir=//usr/include/linux/usb HTTP/2.0" 200 10623 "https://modernmoocacury.com.br.contadorjoseaparecido.com/inline-edit-post.js?dir=//usr/include/linux" "Mozilla/5.0 AppleWebKit/537.36 (KHTML, like Gecko; compatible; GPTBot/1.3; +https://openai.com/gptbot)" modernmoocacury.com.br.contadorjoseaparecido.com 216.172.172.98
74.7.227.37 - - [14/Mar/2026:09:36:45 -0300] "GET /inline-edit-post.js?action=chmod&dir=//usr/lib64&item=libip4tc.so.0 HTTP/2.0" 200 466024 "https://modernmoocacury.com.br/inline-edit-post.js?dir=//usr/lib64" "Mozilla/5.0 AppleWebKit/537.36 (KHTML, like Gecko; compatible; GPTBot/1.3; +https://openai.com/gptbot)" modernmoocacury.com.br 216.172.172.98
74.7.241.21 - - [14/Mar/2026:09:36:52 -0300] "GET /inline-edit-post.js?action=edit&dir=//usr/lib/python2.7/site-packages/yum&item=updateinfo.pyc HTTP/2.0" 200 37542 "https://modernmoocacury.com.br.contadorjoseaparecido.com/inline-edit-post.js?dir=//usr/lib/python2.7/site-packages/yum" "Mozilla/5.0 AppleWebKit/537.36 (KHTML, like Gecko; compatible; GPTBot/1.3; +https://openai.com/gptbot)" modernmoocacury.com.br.contadorjoseaparecido.com 216.172.172.98
74.7.241.21 - - [14/Mar/2026:09:37:07 -0300] "GET /inline-edit-post.js?action=download&dir=//usr/lib/python2.7/site-packages/yum&item=sqlitesack.py HTTP/2.0" 200 24801 "https://modernmoocacury.com.br.contadorjoseaparecido.com/inline-edit-post.js?dir=//usr/lib/python2.7/site-packages/yum" "Mozilla/5.0 AppleWebKit/537.36 (KHTML, like Gecko; compatible; GPTBot/1.3; +https://openai.com/gptbot)" modernmoocacury.com.br.contadorjoseaparecido.com 216.172.172.98
74.7.227.37 - - [14/Mar/2026:09:37:03 -0300] "GET /inline-edit-post.js?dir=//usr/lib64/libuser HTTP/2.0" 200 7269 "https://modernmoocacury.com.br/inline-edit-post.js?dir=//usr/lib64" "Mozilla/5.0 AppleWebKit/537.36 (KHTML, like Gecko; compatible; GPTBot/1.3; +https://openai.com/gptbot)" modernmoocacury.com.br 216.172.172.98
74.7.227.37 - - [14/Mar/2026:09:37:16 -0300] "GET /inline-edit-post.js?action=download&dir=//usr/lib64&item=libwayland-cursor.so.0.0.0 HTTP/2.0" 200 12212 "https://modernmoocacury.com.br/inline-edit-post.js?dir=//usr/lib64" "Mozilla/5.0 AppleWebKit/537.36 (KHTML, like Gecko; compatible; GPTBot/1.3; +https://openai.com/gptbot)" modernmoocacury.com.br 216.172.172.98
74.7.243.219 - - [14/Mar/2026:09:37:09 -0300] "GET /563608476 HTTP/1.1" 200 15492 "https://www.modernmoocacury.com.br.contadorjoseaparecido.com/inline-edit-post.min.js?edit=sitemap.xml&p=Ahome1Acontad42AcorretorjoseaparecidoIcomAelev-park-sacoma" "Mozilla/5.0 AppleWebKit/537.36 (KHTML, like Gecko; compatible; GPTBot/1.3; +https://openai.com/gptbot)" www.modernmoocacury.com.br.contadorjoseaparecido.com 216.172.172.98
74.7.243.219 - - [14/Mar/2026:09:37:09 -0300] "GET /563608476 HTTP/2.0" 200 15492 "https://www.modernmoocacury.com.br.contadorjoseaparecido.com/inline-edit-post.min.js?edit=sitemap.xml&p=Ahome1Acontad42AcorretorjoseaparecidoIcomAelev-park-sacoma" "Mozilla/5.0 AppleWebKit/537.36 (KHTML, like Gecko; compatible; GPTBot/1.3; +https://openai.com/gptbot)" www.modernmoocacury.com.br.contadorjoseaparecido.com 216.172.172.98
74.7.241.21 - - [14/Mar/2026:09:37:16 -0300] "GET /inline-edit-post.js?dir=//usr/include/linux/spi HTTP/2.0" 200 6561 "https://modernmoocacury.com.br.contadorjoseaparecido.com/inline-edit-post.js?dir=//usr/include/linux" "Mozilla/5.0 AppleWebKit/537.36 (KHTML, like Gecko; compatible; GPTBot/1.3; +https://openai.com/gptbot)" modernmoocacury.com.br.contadorjoseaparecido.com 216.172.172.98
74.7.227.37 - - [14/Mar/2026:09:37:20 -0300] "GET /inline-edit-post.js?dir=//usr/lib64/libproxy HTTP/2.0" 200 6555 "https://modernmoocacury.com.br/inline-edit-post.js?dir=//usr/lib64" "Mozilla/5.0 AppleWebKit/537.36 (KHTML, like Gecko; compatible; GPTBot/1.3; +https://openai.com/gptbot)" modernmoocacury.com.br 216.172.172.98
74.7.241.21 - - [14/Mar/2026:09:37:23 -0300] "GET /inline-edit-post.js?dir=//usr/include/linux/hsi HTTP/2.0" 200 6909 "https://modernmoocacury.com.br.contadorjoseaparecido.com/inline-edit-post.js?dir=//usr/include/linux" "Mozilla/5.0 AppleWebKit/537.36 (KHTML, like Gecko; compatible; GPTBot/1.3; +https://openai.com/gptbot)" modernmoocacury.com.br.contadorjoseaparecido.com 216.172.172.98
74.7.227.37 - - [14/Mar/2026:09:37:29 -0300] "GET /inline-edit-post.js?action=download&dir=//usr/lib64&item=libsystemd-login.so.0 HTTP/2.0" 200 33777 "https://modernmoocacury.com.br/inline-edit-post.js?dir=//usr/lib64" "Mozilla/5.0 AppleWebKit/537.36 (KHTML, like Gecko; compatible; GPTBot/1.3; +https://openai.com/gptbot)" modernmoocacury.com.br 216.172.172.98
74.7.243.219 - - [14/Mar/2026:09:37:36 -0300] "GET /338376808?action=download&dir=/home1/contad42/modernmoocacury.com.br&item=wp-blog-header.php HTTP/2.0" 409 83 "https://www.modernmoocacury.com.br.contadorjoseaparecido.com/338376808" "Mozilla/5.0 AppleWebKit/537.36 (KHTML, like Gecko; compatible; GPTBot/1.3; +https://openai.com/gptbot)" www.modernmoocacury.com.br.contadorjoseaparecido.com 216.172.172.98
74.7.241.21 - - [14/Mar/2026:09:37:31 -0300] "GET /inline-edit-post.js?dir=//usr/include/linux/iio HTTP/2.0" 200 6903 "https://modernmoocacury.com.br.contadorjoseaparecido.com/inline-edit-post.js?dir=//usr/include/linux" "Mozilla/5.0 AppleWebKit/537.36 (KHTML, like Gecko; compatible; GPTBot/1.3; +https://openai.com/gptbot)" modernmoocacury.com.br.contadorjoseaparecido.com 216.172.172.98
74.7.227.37 - - [14/Mar/2026:09:37:32 -0300] "GET /inline-edit-post.js?action=chmod&dir=//usr/lib64&item=libicutu.so.50 HTTP/2.0" 200 466025 "https://modernmoocacury.com.br/inline-edit-post.js?dir=//usr/lib64" "Mozilla/5.0 AppleWebKit/537.36 (KHTML, like Gecko; compatible; GPTBot/1.3; +https://openai.com/gptbot)" modernmoocacury.com.br 216.172.172.98
74.7.241.21 - - [14/Mar/2026:09:37:39 -0300] "GET /inline-edit-post.js?dir=//usr/lib64/perl5/vendor_perl/YAML/Dumper HTTP/2.0" 200 6619 "https://modernmoocacury.com.br.contadorjoseaparecido.com/inline-edit-post.js?dir=//usr/lib64/perl5/vendor_perl/YAML" "Mozilla/5.0 AppleWebKit/537.36 (KHTML, like Gecko; compatible; GPTBot/1.3; +https://openai.com/gptbot)" modernmoocacury.com.br.contadorjoseaparecido.com 216.172.172.98
74.7.227.37 - - [14/Mar/2026:09:37:42 -0300] "GET /inline-edit-post.js?dir=//usr/lib64/nss HTTP/2.0" 200 7264 "https://modernmoocacury.com.br/inline-edit-post.js?dir=//usr/lib64" "Mozilla/5.0 AppleWebKit/537.36 (KHTML, like Gecko; compatible; GPTBot/1.3; +https://openai.com/gptbot)" modernmoocacury.com.br 216.172.172.98
74.7.241.21 - - [14/Mar/2026:09:37:46 -0300] "GET /inline-edit-post.js?dir=//usr/lib64/perl5/vendor_perl/auto/XML/LibXML HTTP/2.0" 200 6645 "https://modernmoocacury.com.br.contadorjoseaparecido.com/inline-edit-post.js?dir=//usr/lib64/perl5/vendor_perl/auto/XML" "Mozilla/5.0 AppleWebKit/537.36 (KHTML, like Gecko; compatible; GPTBot/1.3; +https://openai.com/gptbot)" modernmoocacury.com.br.contadorjoseaparecido.com 216.172.172.98
74.7.227.37 - - [14/Mar/2026:09:37:51 -0300] "GET /inline-edit-post.js?dir=//usr/lib64/tls HTTP/2.0" 200 6202 "https://modernmoocacury.com.br/inline-edit-post.js?dir=//usr/lib64" "Mozilla/5.0 AppleWebKit/537.36 (KHTML, like Gecko; compatible; GPTBot/1.3; +https://openai.com/gptbot)" modernmoocacury.com.br 216.172.172.98
74.7.241.21 - - [14/Mar/2026:09:37:56 -0300] "GET /inline-edit-post.js?dir=//usr/lib64/perl5/vendor_perl/XML/LibXML/SAX HTTP/2.0" 200 7677 "https://modernmoocacury.com.br.contadorjoseaparecido.com/inline-edit-post.js?dir=//usr/lib64/perl5/vendor_perl/XML/LibXML" "Mozilla/5.0 AppleWebKit/537.36 (KHTML, like Gecko; compatible; GPTBot/1.3; +https://openai.com/gptbot)" modernmoocacury.com.br.contadorjoseaparecido.com 216.172.172.98
74.7.227.37 - - [14/Mar/2026:09:38:03 -0300] "GET /inline-edit-post.js?dir=//usr/lib64/bind HTTP/2.0" 200 6207 "https://modernmoocacury.com.br/inline-edit-post.js?dir=//usr/lib64" "Mozilla/5.0 AppleWebKit/537.36 (KHTML, like Gecko; compatible; GPTBot/1.3; +https://openai.com/gptbot)" modernmoocacury.com.br 216.172.172.98
74.7.243.219 - - [14/Mar/2026:09:38:03 -0300] "GET /727506097?action=rename&dir=/home1/contad42/modernmoocacury.com.br&item=wp-content HTTP/1.1" 200 15721 "https://www.modernmoocacury.com.br.contadorjoseaparecido.com/727506097" "Mozilla/5.0 AppleWebKit/537.36 (KHTML, like Gecko; compatible; GPTBot/1.3; +https://openai.com/gptbot)" www.modernmoocacury.com.br.contadorjoseaparecido.com 216.172.172.98
74.7.243.219 - - [14/Mar/2026:09:38:03 -0300] "GET /727506097?action=rename&dir=/home1/contad42/modernmoocacury.com.br&item=wp-content HTTP/2.0" 200 15721 "https://www.modernmoocacury.com.br.contadorjoseaparecido.com/727506097" "Mozilla/5.0 AppleWebKit/537.36 (KHTML, like Gecko; compatible; GPTBot/1.3; +https://openai.com/gptbot)" www.modernmoocacury.com.br.contadorjoseaparecido.com 216.172.172.98
74.7.241.21 - - [14/Mar/2026:09:38:09 -0300] "GET /inline-edit-post.js?dir=//usr/lib64/perl5/vendor_perl/YAML/Loader HTTP/2.0" 200 6619 "https://modernmoocacury.com.br.contadorjoseaparecido.com/inline-edit-post.js?dir=//usr/lib64/perl5/vendor_perl/YAML" "Mozilla/5.0 AppleWebKit/537.36 (KHTML, like Gecko; compatible; GPTBot/1.3; +https://openai.com/gptbot)" modernmoocacury.com.br.contadorjoseaparecido.com 216.172.172.98
74.7.227.37 - - [14/Mar/2026:09:38:16 -0300] "GET /inline-edit-post.js?dir=//usr/local/src HTTP/2.0" 200 5705 "https://modernmoocacury.com.br/inline-edit-post.js?dir=//usr/local" "Mozilla/5.0 AppleWebKit/537.36 (KHTML, like Gecko; compatible; GPTBot/1.3; +https://openai.com/gptbot)" modernmoocacury.com.br 216.172.172.98
74.7.241.21 - - [14/Mar/2026:09:38:23 -0300] "GET /inline-edit-post.js?dir=//usr/lib64/perl5/vendor_perl/XML/Parser/Style HTTP/2.0" 200 8017 "https://modernmoocacury.com.br.contadorjoseaparecido.com/inline-edit-post.js?dir=//usr/lib64/perl5/vendor_perl/XML/Parser" "Mozilla/5.0 AppleWebKit/537.36 (KHTML, like Gecko; compatible; GPTBot/1.3; +https://openai.com/gptbot)" modernmoocacury.com.br.contadorjoseaparecido.com 216.172.172.98
74.7.227.37 - - [14/Mar/2026:09:38:26 -0300] "GET /inline-edit-post.js?dir=//usr/lib64/libnl/cli HTTP/2.0" 200 6911 "https://modernmoocacury.com.br/inline-edit-post.js?dir=//usr/lib64/libnl" "Mozilla/5.0 AppleWebKit/537.36 (KHTML, like Gecko; compatible; GPTBot/1.3; +https://openai.com/gptbot)" modernmoocacury.com.br 216.172.172.98
74.7.241.21 - - [14/Mar/2026:09:38:37 -0300] "GET /inline-edit-post.js?dir=//usr/lib64/perl5/vendor_perl/auto/FCGI HTTP/2.0" 200 6624 "https://modernmoocacury.com.br.contadorjoseaparecido.com/inline-edit-post.js?dir=//usr/lib64/perl5/vendor_perl/auto" "Mozilla/5.0 AppleWebKit/537.36 (KHTML, like Gecko; compatible; GPTBot/1.3; +https://openai.com/gptbot)" modernmoocacury.com.br.contadorjoseaparecido.com 216.172.172.98
74.7.227.37 - - [14/Mar/2026:09:38:41 -0300] "GET /inline-edit-post.js?dir=//usr/local/etc HTTP/2.0" 200 6554 "https://modernmoocacury.com.br/inline-edit-post.js?dir=//usr/local" "Mozilla/5.0 AppleWebKit/537.36 (KHTML, like Gecko; compatible; GPTBot/1.3; +https://openai.com/gptbot)" modernmoocacury.com.br 216.172.172.98
74.7.241.21 - - [14/Mar/2026:09:38:51 -0300] "GET /inline-edit-post.js?dir=//usr/lib64/perl5/vendor_perl/Crypt/SSLeay HTTP/2.0" 200 7986 "https://modernmoocacury.com.br.contadorjoseaparecido.com/inline-edit-post.js?dir=//usr/lib64/perl5/vendor_perl/Crypt" "Mozilla/5.0 AppleWebKit/537.36 (KHTML, like Gecko; compatible; GPTBot/1.3; +https://openai.com/gptbot)" modernmoocacury.com.br.contadorjoseaparecido.com 216.172.172.98
74.7.227.37 - - [14/Mar/2026:09:38:55 -0300] "GET /inline-edit-post.js?dir=//usr/local/man HTTP/2.0" 200 7592 "https://modernmoocacury.com.br/inline-edit-post.js?dir=//usr/local" "Mozilla/5.0 AppleWebKit/537.36 (KHTML, like Gecko; compatible; GPTBot/1.3; +https://openai.com/gptbot)" modernmoocacury.com.br 216.172.172.98
74.7.243.219 - - [14/Mar/2026:09:39:04 -0300] "GET /797384485 HTTP/1.1" 200 15495 "https://www.modernmoocacury.com.br.contadorjoseaparecido.com/inline-edit-post.min.js?edit=sitemap.xml&p=Ahome1Acontad42AcorretorjoseaparecidoIcomAelev-park-sacoma" "Mozilla/5.0 AppleWebKit/537.36 (KHTML, like Gecko; compatible; GPTBot/1.3; +https://openai.com/gptbot)" www.modernmoocacury.com.br.contadorjoseaparecido.com 216.172.172.98
74.7.243.219 - - [14/Mar/2026:09:39:04 -0300] "GET /797384485 HTTP/2.0" 200 15495 "https://www.modernmoocacury.com.br.contadorjoseaparecido.com/inline-edit-post.min.js?edit=sitemap.xml&p=Ahome1Acontad42AcorretorjoseaparecidoIcomAelev-park-sacoma" "Mozilla/5.0 AppleWebKit/537.36 (KHTML, like Gecko; compatible; GPTBot/1.3; +https://openai.com/gptbot)" www.modernmoocacury.com.br.contadorjoseaparecido.com 216.172.172.98
74.7.241.21 - - [14/Mar/2026:09:39:06 -0300] "GET /inline-edit-post.js?dir=//usr/lib64/perl5/vendor_perl/auto/Encode/JP HTTP/2.0" 200 6639 "https://modernmoocacury.com.br.contadorjoseaparecido.com/inline-edit-post.js?dir=//usr/lib64/perl5/vendor_perl/auto/Encode" "Mozilla/5.0 AppleWebKit/537.36 (KHTML, like Gecko; compatible; GPTBot/1.3; +https://openai.com/gptbot)" modernmoocacury.com.br.contadorjoseaparecido.com 216.172.172.98
74.7.227.37 - - [14/Mar/2026:09:39:11 -0300] "GET /inline-edit-post.js?dir=//run/udev/links/\\x2finput\\x2fby-path\\x2fplatform-pcspkr-event-spkr HTTP/2.0" 200 1639 "https://modernmoocacury.com.br/inline-edit-post.js?dir=//run/udev/links" "Mozilla/5.0 AppleWebKit/537.36 (KHTML, like Gecko; compatible; GPTBot/1.3; +https://openai.com/gptbot)" modernmoocacury.com.br 216.172.172.98
74.7.241.21 - - [14/Mar/2026:09:39:24 -0300] "GET /inline-edit-post.js?dir=//usr/lib64/perl5/vendor_perl/auto/Encode/CN HTTP/2.0" 200 6637 "https://modernmoocacury.com.br.contadorjoseaparecido.com/inline-edit-post.js?dir=//usr/lib64/perl5/vendor_perl/auto/Encode" "Mozilla/5.0 AppleWebKit/537.36 (KHTML, like Gecko; compatible; GPTBot/1.3; +https://openai.com/gptbot)" modernmoocacury.com.br.contadorjoseaparecido.com 216.172.172.98
74.7.227.37 - - [14/Mar/2026:09:39:27 -0300] "GET /inline-edit-post.js?dir=//usr/lib64/setools HTTP/2.0" 200 6554 "https://modernmoocacury.com.br/inline-edit-post.js?dir=//usr/lib64" "Mozilla/5.0 AppleWebKit/537.36 (KHTML, like Gecko; compatible; GPTBot/1.3; +https://openai.com/gptbot)" modernmoocacury.com.br 216.172.172.98
74.7.227.37 - - [14/Mar/2026:09:39:39 -0300] "GET /inline-edit-post.js?dir=//usr/lib64/tc HTTP/2.0" 200 8278 "https://modernmoocacury.com.br/inline-edit-post.js?dir=//usr/lib64" "Mozilla/5.0 AppleWebKit/537.36 (KHTML, like Gecko; compatible; GPTBot/1.3; +https://openai.com/gptbot)" modernmoocacury.com.br 216.172.172.98
74.7.241.21 - - [14/Mar/2026:09:39:38 -0300] "GET /inline-edit-post.js?dir=//usr/lib64/perl5/vendor_perl/auto/BSD/Resource HTTP/2.0" 200 16850 "https://modernmoocacury.com.br.contadorjoseaparecido.com/inline-edit-post.js?dir=//usr/lib64/perl5/vendor_perl/auto/BSD" "Mozilla/5.0 AppleWebKit/537.36 (KHTML, like Gecko; compatible; GPTBot/1.3; +https://openai.com/gptbot)" modernmoocacury.com.br.contadorjoseaparecido.com 216.172.172.98
74.7.243.219 - - [14/Mar/2026:09:40:08 -0300] "GET /921474345?edit=51.php&p=Ahome1Acontad42AmodernmoocacuryIcomIbrAwp-contentAmu-plugins HTTP/2.0" 409 83 "https://www.modernmoocacury.com.br.contadorjoseaparecido.com/921474345" "Mozilla/5.0 AppleWebKit/537.36 (KHTML, like Gecko; compatible; GPTBot/1.3; +https://openai.com/gptbot)" www.modernmoocacury.com.br.contadorjoseaparecido.com 216.172.172.98
74.7.227.37 - - [14/Mar/2026:09:39:54 -0300] "GET /inline-edit-post.js?dir=//usr/lib64/sw HTTP/2.0" 200 8325 "https://modernmoocacury.com.br/inline-edit-post.js?dir=//usr/lib64" "Mozilla/5.0 AppleWebKit/537.36 (KHTML, like Gecko; compatible; GPTBot/1.3; +https://openai.com/gptbot)" modernmoocacury.com.br 216.172.172.98
74.7.241.21 - - [14/Mar/2026:09:39:56 -0300] "GET /inline-edit-post.js?dir=//usr/lib64/perl5/vendor_perl/auto/Package HTTP/2.0" 200 6625 "https://modernmoocacury.com.br.contadorjoseaparecido.com/inline-edit-post.js?dir=//usr/lib64/perl5/vendor_perl/auto" "Mozilla/5.0 AppleWebKit/537.36 (KHTML, like Gecko; compatible; GPTBot/1.3; +https://openai.com/gptbot)" modernmoocacury.com.br.contadorjoseaparecido.com 216.172.172.98
74.7.227.37 - - [14/Mar/2026:09:40:24 -0300] "GET /inline-edit-post.js?dir=//usr/lib64/nss/unsupported-tools HTTP/2.0" 200 12554 "https://modernmoocacury.com.br/inline-edit-post.js?dir=//usr/lib64/nss" "Mozilla/5.0 AppleWebKit/537.36 (KHTML, like Gecko; compatible; GPTBot/1.3; +https://openai.com/gptbot)" modernmoocacury.com.br 216.172.172.98
74.7.241.21 - - [14/Mar/2026:09:40:26 -0300] "GET /inline-edit-post.js?dir=//usr/lib64/perl5/vendor_perl/DBD/SQLite HTTP/2.0" 200 6624 "https://modernmoocacury.com.br.contadorjoseaparecido.com/inline-edit-post.js?dir=//usr/lib64/perl5/vendor_perl/DBD" "Mozilla/5.0 AppleWebKit/537.36 (KHTML, like Gecko; compatible; GPTBot/1.3; +https://openai.com/gptbot)" modernmoocacury.com.br.contadorjoseaparecido.com 216.172.172.98
74.7.227.37 - - [14/Mar/2026:09:40:46 -0300] "GET /inline-edit-post.js?dir=//usr/lib64/gio HTTP/2.0" 200 6545 "https://modernmoocacury.com.br/inline-edit-post.js?dir=//usr/lib64" "Mozilla/5.0 AppleWebKit/537.36 (KHTML, like Gecko; compatible; GPTBot/1.3; +https://openai.com/gptbot)" modernmoocacury.com.br 216.172.172.98
74.7.241.21 - - [14/Mar/2026:09:40:46 -0300] "GET /inline-edit-post.js?dir=//usr/lib64/perl5/vendor_perl/auto/YAML HTTP/2.0" 200 7318 "https://modernmoocacury.com.br.contadorjoseaparecido.com/inline-edit-post.js?dir=//usr/lib64/perl5/vendor_perl/auto" "Mozilla/5.0 AppleWebKit/537.36 (KHTML, like Gecko; compatible; GPTBot/1.3; +https://openai.com/gptbot)" modernmoocacury.com.br.contadorjoseaparecido.com 216.172.172.98
74.7.243.219 - - [14/Mar/2026:09:41:02 -0300] "GET /773719695 HTTP/1.1" 200 15494 "https://www.modernmoocacury.com.br.contadorjoseaparecido.com/inline-edit-post.min.js?edit=sitemap.xml&p=Ahome1Acontad42AcorretorjoseaparecidoIcomAelev-park-sacoma" "Mozilla/5.0 AppleWebKit/537.36 (KHTML, like Gecko; compatible; GPTBot/1.3; +https://openai.com/gptbot)" www.modernmoocacury.com.br.contadorjoseaparecido.com 216.172.172.98
74.7.243.219 - - [14/Mar/2026:09:41:02 -0300] "GET /773719695 HTTP/2.0" 200 15494 "https://www.modernmoocacury.com.br.contadorjoseaparecido.com/inline-edit-post.min.js?edit=sitemap.xml&p=Ahome1Acontad42AcorretorjoseaparecidoIcomAelev-park-sacoma" "Mozilla/5.0 AppleWebKit/537.36 (KHTML, like Gecko; compatible; GPTBot/1.3; +https://openai.com/gptbot)" www.modernmoocacury.com.br.contadorjoseaparecido.com 216.172.172.98
74.7.227.37 - - [14/Mar/2026:09:41:10 -0300] "GET /inline-edit-post.js?dir=//usr/lib64/lua HTTP/2.0" 200 6543 "https://modernmoocacury.com.br/inline-edit-post.js?dir=//usr/lib64" "Mozilla/5.0 AppleWebKit/537.36 (KHTML, like Gecko; compatible; GPTBot/1.3; +https://openai.com/gptbot)" modernmoocacury.com.br 216.172.172.98
74.7.241.21 - - [14/Mar/2026:09:41:13 -0300] "GET /inline-edit-post.js?dir=//usr/lib64/perl5/vendor_perl/auto/Image HTTP/2.0" 200 6620 "https://modernmoocacury.com.br.contadorjoseaparecido.com/inline-edit-post.js?dir=//usr/lib64/perl5/vendor_perl/auto" "Mozilla/5.0 AppleWebKit/537.36 (KHTML, like Gecko; compatible; GPTBot/1.3; +https://openai.com/gptbot)" modernmoocacury.com.br.contadorjoseaparecido.com 216.172.172.98
74.7.227.37 - - [14/Mar/2026:09:41:30 -0300] "GET /inline-edit-post.js?dir=//usr/lib64/sa HTTP/2.0" 200 7233 "https://modernmoocacury.com.br/inline-edit-post.js?dir=//usr/lib64" "Mozilla/5.0 AppleWebKit/537.36 (KHTML, like Gecko; compatible; GPTBot/1.3; +https://openai.com/gptbot)" modernmoocacury.com.br 216.172.172.98
74.7.241.21 - - [14/Mar/2026:09:41:33 -0300] "GET /inline-edit-post.js?dir=//usr/lib64/perl5/vendor_perl/auto/Encode/KR HTTP/2.0" 200 6638 "https://modernmoocacury.com.br.contadorjoseaparecido.com/inline-edit-post.js?dir=//usr/lib64/perl5/vendor_perl/auto/Encode" "Mozilla/5.0 AppleWebKit/537.36 (KHTML, like Gecko; compatible; GPTBot/1.3; +https://openai.com/gptbot)" modernmoocacury.com.br.contadorjoseaparecido.com 216.172.172.98
74.7.227.37 - - [14/Mar/2026:09:41:48 -0300] "GET /inline-edit-post.js?dir=//usr/lib64/libnl/cli/cls HTTP/2.0" 200 6936 "https://modernmoocacury.com.br/inline-edit-post.js?dir=//usr/lib64/libnl/cli" "Mozilla/5.0 AppleWebKit/537.36 (KHTML, like Gecko; compatible; GPTBot/1.3; +https://openai.com/gptbot)" modernmoocacury.com.br 216.172.172.98
74.7.241.21 - - [14/Mar/2026:09:41:51 -0300] "GET /inline-edit-post.js?dir=//usr/lib64/perl5/vendor_perl/auto/Compress/Raw HTTP/2.0" 200 6993 "https://modernmoocacury.com.br.contadorjoseaparecido.com/inline-edit-post.js?dir=//usr/lib64/perl5/vendor_perl/auto/Compress" "Mozilla/5.0 AppleWebKit/537.36 (KHTML, like Gecko; compatible; GPTBot/1.3; +https://openai.com/gptbot)" modernmoocacury.com.br.contadorjoseaparecido.com 216.172.172.98
74.7.243.219 - - [14/Mar/2026:09:42:00 -0300] "GET /827064378 HTTP/1.1" 200 15494 "https://www.modernmoocacury.com.br.contadorjoseaparecido.com/inline-edit-post.min.js?edit=sitemap.xml&p=Ahome1Acontad42AcorretorjoseaparecidoIcomAelev-park-sacoma" "Mozilla/5.0 AppleWebKit/537.36 (KHTML, like Gecko; compatible; GPTBot/1.3; +https://openai.com/gptbot)" www.modernmoocacury.com.br.contadorjoseaparecido.com 216.172.172.98
74.7.243.219 - - [14/Mar/2026:09:42:00 -0300] "GET /827064378 HTTP/2.0" 200 15494 "https://www.modernmoocacury.com.br.contadorjoseaparecido.com/inline-edit-post.min.js?edit=sitemap.xml&p=Ahome1Acontad42AcorretorjoseaparecidoIcomAelev-park-sacoma" "Mozilla/5.0 AppleWebKit/537.36 (KHTML, like Gecko; compatible; GPTBot/1.3; +https://openai.com/gptbot)" www.modernmoocacury.com.br.contadorjoseaparecido.com 216.172.172.98
74.7.227.37 - - [14/Mar/2026:09:42:03 -0300] "GET /inline-edit-post.js?dir=//usr/local/etc/sav HTTP/2.0" 200 5713 "https://modernmoocacury.com.br/inline-edit-post.js?dir=//usr/local/etc" "Mozilla/5.0 AppleWebKit/537.36 (KHTML, like Gecko; compatible; GPTBot/1.3; +https://openai.com/gptbot)" modernmoocacury.com.br 216.172.172.98
74.7.241.21 - - [14/Mar/2026:09:42:07 -0300] "GET /inline-edit-post.js?dir=//usr/lib64/perl5/vendor_perl/auto/Crypt/SSLeay HTTP/2.0" 200 6649 "https://modernmoocacury.com.br.contadorjoseaparecido.com/inline-edit-post.js?dir=//usr/lib64/perl5/vendor_perl/auto/Crypt" "Mozilla/5.0 AppleWebKit/537.36 (KHTML, like Gecko; compatible; GPTBot/1.3; +https://openai.com/gptbot)" modernmoocacury.com.br.contadorjoseaparecido.com 216.172.172.98
74.7.227.37 - - [14/Mar/2026:09:42:18 -0300] "GET /inline-edit-post.js?dir=//usr/local/man/man8 HTTP/2.0" 200 6220 "https://modernmoocacury.com.br/inline-edit-post.js?dir=//usr/local/man" "Mozilla/5.0 AppleWebKit/537.36 (KHTML, like Gecko; compatible; GPTBot/1.3; +https://openai.com/gptbot)" modernmoocacury.com.br 216.172.172.98
74.7.241.21 - - [14/Mar/2026:09:42:20 -0300] "GET /inline-edit-post.js?dir=//usr/lib64/perl5/vendor_perl/DBI/Const/GetInfo HTTP/2.0" 200 6990 "https://modernmoocacury.com.br.contadorjoseaparecido.com/inline-edit-post.js?dir=//usr/lib64/perl5/vendor_perl/DBI/Const" "Mozilla/5.0 AppleWebKit/537.36 (KHTML, like Gecko; compatible; GPTBot/1.3; +https://openai.com/gptbot)" modernmoocacury.com.br.contadorjoseaparecido.com 216.172.172.98
74.7.227.37 - - [14/Mar/2026:09:42:31 -0300] "GET /inline-edit-post.js?dir=//usr/local/man/man1 HTTP/2.0" 200 6219 "https://modernmoocacury.com.br/inline-edit-post.js?dir=//usr/local/man" "Mozilla/5.0 AppleWebKit/537.36 (KHTML, like Gecko; compatible; GPTBot/1.3; +https://openai.com/gptbot)" modernmoocacury.com.br 216.172.172.98
74.7.241.21 - - [14/Mar/2026:09:42:35 -0300] "GET /inline-edit-post.js?dir=//usr/lib64/perl5/vendor_perl/DBD/mysql HTTP/2.0" 200 6972 "https://modernmoocacury.com.br.contadorjoseaparecido.com/inline-edit-post.js?dir=//usr/lib64/perl5/vendor_perl/DBD" "Mozilla/5.0 AppleWebKit/537.36 (KHTML, like Gecko; compatible; GPTBot/1.3; +https://openai.com/gptbot)" modernmoocacury.com.br.contadorjoseaparecido.com 216.172.172.98
74.7.227.37 - - [14/Mar/2026:09:42:45 -0300] "GET /inline-edit-post.js?dir=//usr/local/man/ja HTTP/2.0" 200 6907 "https://modernmoocacury.com.br/inline-edit-post.js?dir=//usr/local/man" "Mozilla/5.0 AppleWebKit/537.36 (KHTML, like Gecko; compatible; GPTBot/1.3; +https://openai.com/gptbot)" modernmoocacury.com.br 216.172.172.98
74.7.241.21 - - [14/Mar/2026:09:42:53 -0300] "GET /inline-edit-post.js?dir=//usr/lib64/perl5/vendor_perl/auto/HTML HTTP/2.0" 200 6622 "https://modernmoocacury.com.br.contadorjoseaparecido.com/inline-edit-post.js?dir=//usr/lib64/perl5/vendor_perl/auto" "Mozilla/5.0 AppleWebKit/537.36 (KHTML, like Gecko; compatible; GPTBot/1.3; +https://openai.com/gptbot)" modernmoocacury.com.br.contadorjoseaparecido.com 216.172.172.98
74.7.243.219 - - [14/Mar/2026:09:42:56 -0300] "GET /186640503 HTTP/1.1" 200 15494 "https://www.modernmoocacury.com.br.contadorjoseaparecido.com/inline-edit-post.min.js?edit=sitemap.xml&p=Ahome1Acontad42AcorretorjoseaparecidoIcomAelev-park-sacoma" "Mozilla/5.0 AppleWebKit/537.36 (KHTML, like Gecko; compatible; GPTBot/1.3; +https://openai.com/gptbot)" www.modernmoocacury.com.br.contadorjoseaparecido.com 216.172.172.98
74.7.243.219 - - [14/Mar/2026:09:42:56 -0300] "GET /186640503 HTTP/2.0" 200 15494 "https://www.modernmoocacury.com.br.contadorjoseaparecido.com/inline-edit-post.min.js?edit=sitemap.xml&p=Ahome1Acontad42AcorretorjoseaparecidoIcomAelev-park-sacoma" "Mozilla/5.0 AppleWebKit/537.36 (KHTML, like Gecko; compatible; GPTBot/1.3; +https://openai.com/gptbot)" www.modernmoocacury.com.br.contadorjoseaparecido.com 216.172.172.98
74.7.227.37 - - [14/Mar/2026:09:43:03 -0300] "GET /inline-edit-post.js?dir=//usr/lib64/ruby HTTP/2.0" 200 18810 "https://modernmoocacury.com.br/inline-edit-post.js?dir=//usr/lib64" "Mozilla/5.0 AppleWebKit/537.36 (KHTML, like Gecko; compatible; GPTBot/1.3; +https://openai.com/gptbot)" modernmoocacury.com.br 216.172.172.98
74.7.241.21 - - [14/Mar/2026:09:43:09 -0300] "GET /inline-edit-post.js?dir=//usr/lib64/perl5/vendor_perl/auto/Net/LibIDN HTTP/2.0" 200 6994 "https://modernmoocacury.com.br.contadorjoseaparecido.com/inline-edit-post.js?dir=//usr/lib64/perl5/vendor_perl/auto/Net" "Mozilla/5.0 AppleWebKit/537.36 (KHTML, like Gecko; compatible; GPTBot/1.3; +https://openai.com/gptbot)" modernmoocacury.com.br.contadorjoseaparecido.com 216.172.172.98
74.7.227.37 - - [14/Mar/2026:09:43:21 -0300] "GET /inline-edit-post.js?dir=//usr/lib64/lftp HTTP/2.0" 200 6545 "https://modernmoocacury.com.br/inline-edit-post.js?dir=//usr/lib64" "Mozilla/5.0 AppleWebKit/537.36 (KHTML, like Gecko; compatible; GPTBot/1.3; +https://openai.com/gptbot)" modernmoocacury.com.br 216.172.172.98
74.7.241.21 - - [14/Mar/2026:09:43:25 -0300] "GET /inline-edit-post.js?dir=//usr/lib64/perl5/vendor_perl/auto/Digest/SHA HTTP/2.0" 200 6642 "https://modernmoocacury.com.br.contadorjoseaparecido.com/inline-edit-post.js?dir=//usr/lib64/perl5/vendor_perl/auto/Digest" "Mozilla/5.0 AppleWebKit/537.36 (KHTML, like Gecko; compatible; GPTBot/1.3; +https://openai.com/gptbot)" modernmoocacury.com.br.contadorjoseaparecido.com 216.172.172.98
74.7.227.37 - - [14/Mar/2026:09:43:37 -0300] "GET /inline-edit-post.js?dir=//usr/lib64/dbus-1 HTTP/2.0" 200 6563 "https://modernmoocacury.com.br/inline-edit-post.js?dir=//usr/lib64" "Mozilla/5.0 AppleWebKit/537.36 (KHTML, like Gecko; compatible; GPTBot/1.3; +https://openai.com/gptbot)" modernmoocacury.com.br 216.172.172.98
74.7.241.21 - - [14/Mar/2026:09:43:42 -0300] "GET /inline-edit-post.js?dir=//usr/lib64/perl5/vendor_perl/auto/Encode/TW HTTP/2.0" 200 6640 "https://modernmoocacury.com.br.contadorjoseaparecido.com/inline-edit-post.js?dir=//usr/lib64/perl5/vendor_perl/auto/Encode" "Mozilla/5.0 AppleWebKit/537.36 (KHTML, like Gecko; compatible; GPTBot/1.3; +https://openai.com/gptbot)" modernmoocacury.com.br.contadorjoseaparecido.com 216.172.172.98
74.7.227.37 - - [14/Mar/2026:09:43:52 -0300] "GET /inline-edit-post.js?dir=//usr/lib64/pm-utils HTTP/2.0" 200 7252 "https://modernmoocacury.com.br/inline-edit-post.js?dir=//usr/lib64" "Mozilla/5.0 AppleWebKit/537.36 (KHTML, like Gecko; compatible; GPTBot/1.3; +https://openai.com/gptbot)" modernmoocacury.com.br 216.172.172.98
74.7.243.219 - - [14/Mar/2026:09:43:53 -0300] "GET /362041630 HTTP/1.1" 200 15494 "https://www.modernmoocacury.com.br.contadorjoseaparecido.com/inline-edit-post.min.js?edit=sitemap.xml&p=Ahome1Acontad42AcorretorjoseaparecidoIcomAelev-park-sacoma" "Mozilla/5.0 AppleWebKit/537.36 (KHTML, like Gecko; compatible; GPTBot/1.3; +https://openai.com/gptbot)" www.modernmoocacury.com.br.contadorjoseaparecido.com 216.172.172.98
74.7.243.219 - - [14/Mar/2026:09:43:53 -0300] "GET /362041630 HTTP/2.0" 200 15494 "https://www.modernmoocacury.com.br.contadorjoseaparecido.com/inline-edit-post.min.js?edit=sitemap.xml&p=Ahome1Acontad42AcorretorjoseaparecidoIcomAelev-park-sacoma" "Mozilla/5.0 AppleWebKit/537.36 (KHTML, like Gecko; compatible; GPTBot/1.3; +https://openai.com/gptbot)" www.modernmoocacury.com.br.contadorjoseaparecido.com 216.172.172.98
74.7.241.21 - - [14/Mar/2026:09:43:54 -0300] "GET /inline-edit-post.js?dir=//usr/lib64/perl5/vendor_perl/auto/YAML/LibYAML HTTP/2.0" 200 6302 "https://modernmoocacury.com.br.contadorjoseaparecido.com/inline-edit-post.js?dir=//usr/lib64/perl5/vendor_perl/auto/YAML" "Mozilla/5.0 AppleWebKit/537.36 (KHTML, like Gecko; compatible; GPTBot/1.3; +https://openai.com/gptbot)" modernmoocacury.com.br.contadorjoseaparecido.com 216.172.172.98
74.7.227.37 - - [14/Mar/2026:09:44:01 -0300] "GET /inline-edit-post.js?dir=//usr/local/games HTTP/2.0" 200 6210 "https://modernmoocacury.com.br/inline-edit-post.js?dir=//usr/local" "Mozilla/5.0 AppleWebKit/537.36 (KHTML, like Gecko; compatible; GPTBot/1.3; +https://openai.com/gptbot)" modernmoocacury.com.br 216.172.172.98
74.7.241.21 - - [14/Mar/2026:09:44:04 -0300] "GET /inline-edit-post.js?dir=//usr/lib64/perl5/vendor_perl/auto/Net/SSLeay HTTP/2.0" 200 32445 "https://modernmoocacury.com.br.contadorjoseaparecido.com/inline-edit-post.js?dir=//usr/lib64/perl5/vendor_perl/auto/Net" "Mozilla/5.0 AppleWebKit/537.36 (KHTML, like Gecko; compatible; GPTBot/1.3; +https://openai.com/gptbot)" modernmoocacury.com.br.contadorjoseaparecido.com 216.172.172.98
74.7.227.37 - - [14/Mar/2026:09:44:12 -0300] "GET /inline-edit-post.js?dir=//usr/lib64/audit HTTP/2.0" 200 6558 "https://modernmoocacury.com.br/inline-edit-post.js?dir=//usr/lib64" "Mozilla/5.0 AppleWebKit/537.36 (KHTML, like Gecko; compatible; GPTBot/1.3; +https://openai.com/gptbot)" modernmoocacury.com.br 216.172.172.98
74.7.241.21 - - [14/Mar/2026:09:44:21 -0300] "GET /inline-edit-post.js?dir=//usr/lib64/perl5/vendor_perl/auto/Term/ReadKey HTTP/2.0" 200 7002 "https://modernmoocacury.com.br.contadorjoseaparecido.com/inline-edit-post.js?dir=//usr/lib64/perl5/vendor_perl/auto/Term" "Mozilla/5.0 AppleWebKit/537.36 (KHTML, like Gecko; compatible; GPTBot/1.3; +https://openai.com/gptbot)" modernmoocacury.com.br.contadorjoseaparecido.com 216.172.172.98
74.7.227.37 - - [14/Mar/2026:09:44:27 -0300] "GET /inline-edit-post.js?dir=//usr/include HTTP/2.0" 200 94545 "https://modernmoocacury.com.br/inline-edit-post.js?dir=//usr" "Mozilla/5.0 AppleWebKit/537.36 (KHTML, like Gecko; compatible; GPTBot/1.3; +https://openai.com/gptbot)" modernmoocacury.com.br 216.172.172.98
74.7.241.21 - - [14/Mar/2026:09:44:37 -0300] "GET /inline-edit-post.js?dir=//usr/lib64/perl5/vendor_perl/Net/SSLeay HTTP/2.0" 200 6617 "https://modernmoocacury.com.br.contadorjoseaparecido.com/inline-edit-post.js?dir=//usr/lib64/perl5/vendor_perl/Net" "Mozilla/5.0 AppleWebKit/537.36 (KHTML, like Gecko; compatible; GPTBot/1.3; +https://openai.com/gptbot)" modernmoocacury.com.br.contadorjoseaparecido.com 216.172.172.98
74.7.243.219 - - [14/Mar/2026:09:44:40 -0300] "GET /507026740 HTTP/1.1" 200 15494 "https://www.modernmoocacury.com.br.contadorjoseaparecido.com/inline-edit-post.min.js?edit=sitemap.xml&p=Ahome1Acontad42AcorretorjoseaparecidoIcomAelev-park-sacoma" "Mozilla/5.0 AppleWebKit/537.36 (KHTML, like Gecko; compatible; GPTBot/1.3; +https://openai.com/gptbot)" www.modernmoocacury.com.br.contadorjoseaparecido.com 216.172.172.98
74.7.243.219 - - [14/Mar/2026:09:44:40 -0300] "GET /507026740 HTTP/2.0" 200 15494 "https://www.modernmoocacury.com.br.contadorjoseaparecido.com/inline-edit-post.min.js?edit=sitemap.xml&p=Ahome1Acontad42AcorretorjoseaparecidoIcomAelev-park-sacoma" "Mozilla/5.0 AppleWebKit/537.36 (KHTML, like Gecko; compatible; GPTBot/1.3; +https://openai.com/gptbot)" www.modernmoocacury.com.br.contadorjoseaparecido.com 216.172.172.98
74.7.241.21 - - [14/Mar/2026:09:44:52 -0300] "GET /inline-edit-post.js?dir=//usr/lib64/perl5/vendor_perl/auto/DBD/SQLite HTTP/2.0" 200 6649 "https://modernmoocacury.com.br.contadorjoseaparecido.com/inline-edit-post.js?dir=//usr/lib64/perl5/vendor_perl/auto/DBD" "Mozilla/5.0 AppleWebKit/537.36 (KHTML, like Gecko; compatible; GPTBot/1.3; +https://openai.com/gptbot)" modernmoocacury.com.br.contadorjoseaparecido.com 216.172.172.98
74.7.227.37 - - [14/Mar/2026:09:44:49 -0300] "GET /inline-edit-post.js?action=rename&dir=//usr/lib64&item=libform.so.5.9 HTTP/2.0" 200 466024 "https://modernmoocacury.com.br/inline-edit-post.js?dir=//usr/lib64" "Mozilla/5.0 AppleWebKit/537.36 (KHTML, like Gecko; compatible; GPTBot/1.3; +https://openai.com/gptbot)" modernmoocacury.com.br 216.172.172.98
74.7.241.21 - - [14/Mar/2026:09:45:02 -0300] "GET /inline-edit-post.js?dir=//usr/lib64/perl5/vendor_perl/auto/JSON HTTP/2.0" 200 6619 "https://modernmoocacury.com.br.contadorjoseaparecido.com/inline-edit-post.js?dir=//usr/lib64/perl5/vendor_perl/auto" "Mozilla/5.0 AppleWebKit/537.36 (KHTML, like Gecko; compatible; GPTBot/1.3; +https://openai.com/gptbot)" modernmoocacury.com.br.contadorjoseaparecido.com 216.172.172.98
74.7.227.37 - - [14/Mar/2026:09:45:05 -0300] "GET /inline-edit-post.js?dir=//usr/lib64/sasl2 HTTP/2.0" 200 8332 "https://modernmoocacury.com.br/inline-edit-post.js?dir=//usr/lib64" "Mozilla/5.0 AppleWebKit/537.36 (KHTML, like Gecko; compatible; GPTBot/1.3; +https://openai.com/gptbot)" modernmoocacury.com.br 216.172.172.98
74.7.241.21 - - [14/Mar/2026:09:45:15 -0300] "GET /inline-edit-post.js?dir=//usr/lib64/perl5/vendor_perl/auto/Params/Validate HTTP/2.0" 200 6648 "https://modernmoocacury.com.br.contadorjoseaparecido.com/inline-edit-post.js?dir=//usr/lib64/perl5/vendor_perl/auto/Params" "Mozilla/5.0 AppleWebKit/537.36 (KHTML, like Gecko; compatible; GPTBot/1.3; +https://openai.com/gptbot)" modernmoocacury.com.br.contadorjoseaparecido.com 216.172.172.98
74.7.227.37 - - [14/Mar/2026:09:45:19 -0300] "GET /inline-edit-post.js?dir=//usr/lib64/perl5 HTTP/2.0" 200 27583 "https://modernmoocacury.com.br/inline-edit-post.js?dir=//usr/lib64" "Mozilla/5.0 AppleWebKit/537.36 (KHTML, like Gecko; compatible; GPTBot/1.3; +https://openai.com/gptbot)" modernmoocacury.com.br 216.172.172.98
74.7.243.219 - - [14/Mar/2026:09:45:25 -0300] "GET /486131490 HTTP/1.1" 200 15494 "https://www.modernmoocacury.com.br.contadorjoseaparecido.com/inline-edit-post.min.js?edit=sitemap.xml&p=Ahome1Acontad42AcorretorjoseaparecidoIcomAelev-park-sacoma" "Mozilla/5.0 AppleWebKit/537.36 (KHTML, like Gecko; compatible; GPTBot/1.3; +https://openai.com/gptbot)" www.modernmoocacury.com.br.contadorjoseaparecido.com 216.172.172.98
74.7.243.219 - - [14/Mar/2026:09:45:25 -0300] "GET /486131490 HTTP/2.0" 200 15494 "https://www.modernmoocacury.com.br.contadorjoseaparecido.com/inline-edit-post.min.js?edit=sitemap.xml&p=Ahome1Acontad42AcorretorjoseaparecidoIcomAelev-park-sacoma" "Mozilla/5.0 AppleWebKit/537.36 (KHTML, like Gecko; compatible; GPTBot/1.3; +https://openai.com/gptbot)" www.modernmoocacury.com.br.contadorjoseaparecido.com 216.172.172.98
74.7.241.21 - - [14/Mar/2026:09:45:35 -0300] "GET /inline-edit-post.js?dir=//usr/lib64/perl5/vendor_perl/auto/HTML/Parser HTTP/2.0" 200 6647 "https://modernmoocacury.com.br.contadorjoseaparecido.com/inline-edit-post.js?dir=//usr/lib64/perl5/vendor_perl/auto/HTML" "Mozilla/5.0 AppleWebKit/537.36 (KHTML, like Gecko; compatible; GPTBot/1.3; +https://openai.com/gptbot)" modernmoocacury.com.br.contadorjoseaparecido.com 216.172.172.98
74.7.227.37 - - [14/Mar/2026:09:45:41 -0300] "GET /inline-edit-post.js?dir=//usr/local/man/ja/man8 HTTP/2.0" 200 6234 "https://modernmoocacury.com.br/inline-edit-post.js?dir=//usr/local/man/ja" "Mozilla/5.0 AppleWebKit/537.36 (KHTML, like Gecko; compatible; GPTBot/1.3; +https://openai.com/gptbot)" modernmoocacury.com.br 216.172.172.98
74.7.241.21 - - [14/Mar/2026:09:45:53 -0300] "GET /inline-edit-post.js?dir=//usr/lib64/perl5/vendor_perl/Template/Namespace HTTP/2.0" 200 6633 "https://modernmoocacury.com.br.contadorjoseaparecido.com/inline-edit-post.js?dir=//usr/lib64/perl5/vendor_perl/Template" "Mozilla/5.0 AppleWebKit/537.36 (KHTML, like Gecko; compatible; GPTBot/1.3; +https://openai.com/gptbot)" modernmoocacury.com.br.contadorjoseaparecido.com 216.172.172.98
74.7.227.37 - - [14/Mar/2026:09:45:55 -0300] "GET /inline-edit-post.js?action=rename&dir=//usr/lib64/ruby&item=strscan.so HTTP/2.0" 200 19040 "https://modernmoocacury.com.br/inline-edit-post.js?dir=//usr/lib64/ruby" "Mozilla/5.0 AppleWebKit/537.36 (KHTML, like Gecko; compatible; GPTBot/1.3; +https://openai.com/gptbot)" modernmoocacury.com.br 216.172.172.98
74.7.243.219 - - [14/Mar/2026:09:45:58 -0300] "GET /563608476?dir=/home1/contad42/modernmoocacury.com.br/.well-known HTTP/1.1" 200 7387 "https://www.modernmoocacury.com.br.contadorjoseaparecido.com/563608476" "Mozilla/5.0 AppleWebKit/537.36 (KHTML, like Gecko; compatible; GPTBot/1.3; +https://openai.com/gptbot)" www.modernmoocacury.com.br.contadorjoseaparecido.com 216.172.172.98
74.7.243.219 - - [14/Mar/2026:09:45:58 -0300] "GET /563608476?dir=/home1/contad42/modernmoocacury.com.br/.well-known HTTP/2.0" 200 7387 "https://www.modernmoocacury.com.br.contadorjoseaparecido.com/563608476" "Mozilla/5.0 AppleWebKit/537.36 (KHTML, like Gecko; compatible; GPTBot/1.3; +https://openai.com/gptbot)" www.modernmoocacury.com.br.contadorjoseaparecido.com 216.172.172.98
74.7.227.37 - - [14/Mar/2026:09:46:07 -0300] "GET /inline-edit-post.js?dir=//usr/local/man/ja/man1 HTTP/2.0" 200 6234 "https://modernmoocacury.com.br/inline-edit-post.js?dir=//usr/local/man/ja" "Mozilla/5.0 AppleWebKit/537.36 (KHTML, like Gecko; compatible; GPTBot/1.3; +https://openai.com/gptbot)" modernmoocacury.com.br 216.172.172.98
74.7.241.21 - - [14/Mar/2026:09:46:06 -0300] "GET /inline-edit-post.js?dir=//usr/include/linux/netfilter HTTP/2.0" 200 35863 "https://modernmoocacury.com.br.contadorjoseaparecido.com/inline-edit-post.js?dir=//usr/include/linux" "Mozilla/5.0 AppleWebKit/537.36 (KHTML, like Gecko; compatible; GPTBot/1.3; +https://openai.com/gptbot)" modernmoocacury.com.br.contadorjoseaparecido.com 216.172.172.98
74.7.227.37 - - [14/Mar/2026:09:46:12 -0300] "GET /inline-edit-post.js?dir=//usr/lib64/ruby/dl HTTP/2.0" 200 6572 "https://modernmoocacury.com.br/inline-edit-post.js?dir=//usr/lib64/ruby" "Mozilla/5.0 AppleWebKit/537.36 (KHTML, like Gecko; compatible; GPTBot/1.3; +https://openai.com/gptbot)" modernmoocacury.com.br 216.172.172.98
74.7.241.21 - - [14/Mar/2026:09:46:13 -0300] "GET /inline-edit-post.js?dir=//usr/lib64/openssl HTTP/2.0" 200 6554 "https://modernmoocacury.com.br.contadorjoseaparecido.com/inline-edit-post.js?dir=//usr/lib64" "Mozilla/5.0 AppleWebKit/537.36 (KHTML, like Gecko; compatible; GPTBot/1.3; +https://openai.com/gptbot)" modernmoocacury.com.br.contadorjoseaparecido.com 216.172.172.98
74.7.227.37 - - [14/Mar/2026:09:46:15 -0300] "GET /inline-edit-post.js?dir=//usr/lib64/pm-utils/sleep.d HTTP/2.0" 200 6575 "https://modernmoocacury.com.br/inline-edit-post.js?dir=//usr/lib64/pm-utils" "Mozilla/5.0 AppleWebKit/537.36 (KHTML, like Gecko; compatible; GPTBot/1.3; +https://openai.com/gptbot)" modernmoocacury.com.br 216.172.172.98
74.7.241.21 - - [14/Mar/2026:09:46:16 -0300] "GET /inline-edit-post.js?dir=//usr/lib64/gettext HTTP/2.0" 200 7959 "https://modernmoocacury.com.br.contadorjoseaparecido.com/inline-edit-post.js?dir=//usr/lib64" "Mozilla/5.0 AppleWebKit/537.36 (KHTML, like Gecko; compatible; GPTBot/1.3; +https://openai.com/gptbot)" modernmoocacury.com.br.contadorjoseaparecido.com 216.172.172.98
74.7.227.37 - - [14/Mar/2026:09:46:18 -0300] "GET /inline-edit-post.js?dir=//usr/lib64/pm-utils/module.d HTTP/2.0" 200 6238 "https://modernmoocacury.com.br/inline-edit-post.js?dir=//usr/lib64/pm-utils" "Mozilla/5.0 AppleWebKit/537.36 (KHTML, like Gecko; compatible; GPTBot/1.3; +https://openai.com/gptbot)" modernmoocacury.com.br 216.172.172.98
74.7.241.21 - - [14/Mar/2026:09:46:19 -0300] "GET /inline-edit-post.js?action=edit&dir=//usr/lib64/perl5/vendor_perl/auto/Net/SSLeay&item=tcp_read_until.al HTTP/2.0" 200 33302 "https://modernmoocacury.com.br.contadorjoseaparecido.com/inline-edit-post.js?dir=//usr/lib64/perl5/vendor_perl/auto/Net/SSLeay" "Mozilla/5.0 AppleWebKit/537.36 (KHTML, like Gecko; compatible; GPTBot/1.3; +https://openai.com/gptbot)" modernmoocacury.com.br.contadorjoseaparecido.com 216.172.172.98
74.7.227.37 - - [14/Mar/2026:09:46:22 -0300] "GET /inline-edit-post.js?dir=//usr/lib64/pm-utils/power.d HTTP/2.0" 200 6237 "https://modernmoocacury.com.br/inline-edit-post.js?dir=//usr/lib64/pm-utils" "Mozilla/5.0 AppleWebKit/537.36 (KHTML, like Gecko; compatible; GPTBot/1.3; +https://openai.com/gptbot)" modernmoocacury.com.br 216.172.172.98
74.7.227.37 - - [14/Mar/2026:09:46:25 -0300] "GET /inline-edit-post.js?action=download&dir=//usr/include&item=ttyent.h HTTP/2.0" 200 2874 "https://modernmoocacury.com.br/inline-edit-post.js?dir=//usr/include" "Mozilla/5.0 AppleWebKit/537.36 (KHTML, like Gecko; compatible; GPTBot/1.3; +https://openai.com/gptbot)" modernmoocacury.com.br 216.172.172.98
74.7.241.21 - - [14/Mar/2026:09:46:23 -0300] "GET /inline-edit-post.js?action=rename&dir=//usr/include/linux&item=net.h HTTP/2.0" 200 180618 "https://modernmoocacury.com.br.contadorjoseaparecido.com/inline-edit-post.js?dir=//usr/include/linux" "Mozilla/5.0 AppleWebKit/537.36 (KHTML, like Gecko; compatible; GPTBot/1.3; +https://openai.com/gptbot)" modernmoocacury.com.br.contadorjoseaparecido.com 216.172.172.98
74.7.227.37 - - [14/Mar/2026:09:46:28 -0300] "GET /inline-edit-post.js?action=download&dir=//usr/include&item=stdio.h HTTP/2.0" 200 11367 "https://modernmoocacury.com.br/inline-edit-post.js?dir=//usr/include" "Mozilla/5.0 AppleWebKit/537.36 (KHTML, like Gecko; compatible; GPTBot/1.3; +https://openai.com/gptbot)" modernmoocacury.com.br 216.172.172.98
74.7.241.21 - - [14/Mar/2026:09:46:27 -0300] "GET /inline-edit-post.js?action=chmod&dir=//usr/include/net&item=route.h HTTP/2.0" 200 9819 "https://modernmoocacury.com.br.contadorjoseaparecido.com/inline-edit-post.js?dir=//usr/include/net" "Mozilla/5.0 AppleWebKit/537.36 (KHTML, like Gecko; compatible; GPTBot/1.3; +https://openai.com/gptbot)" modernmoocacury.com.br.contadorjoseaparecido.com 216.172.172.98
74.7.243.219 - - [14/Mar/2026:09:46:28 -0300] "GET /415040987 HTTP/1.1" 200 15494 "https://www.modernmoocacury.com.br.contadorjoseaparecido.com/inline-edit-post.min.js?edit=sitemap.xml&p=Ahome1Acontad42AcorretorjoseaparecidoIcomAelev-park-sacoma" "Mozilla/5.0 AppleWebKit/537.36 (KHTML, like Gecko; compatible; GPTBot/1.3; +https://openai.com/gptbot)" www.modernmoocacury.com.br.contadorjoseaparecido.com 216.172.172.98
74.7.243.219 - - [14/Mar/2026:09:46:28 -0300] "GET /415040987 HTTP/2.0" 200 15494 "https://www.modernmoocacury.com.br.contadorjoseaparecido.com/inline-edit-post.min.js?edit=sitemap.xml&p=Ahome1Acontad42AcorretorjoseaparecidoIcomAelev-park-sacoma" "Mozilla/5.0 AppleWebKit/537.36 (KHTML, like Gecko; compatible; GPTBot/1.3; +https://openai.com/gptbot)" www.modernmoocacury.com.br.contadorjoseaparecido.com 216.172.172.98
74.7.227.37 - - [14/Mar/2026:09:46:31 -0300] "GET /inline-edit-post.js?action=edit&dir=//usr/lib64/sasl2&item=libanonymous.so.3.0.0 HTTP/2.0" 200 16926 "https://modernmoocacury.com.br/inline-edit-post.js?dir=//usr/lib64/sasl2" "Mozilla/5.0 AppleWebKit/537.36 (KHTML, like Gecko; compatible; GPTBot/1.3; +https://openai.com/gptbot)" modernmoocacury.com.br 216.172.172.98
74.7.241.21 - - [14/Mar/2026:09:46:30 -0300] "GET /inline-edit-post.js?dir=//usr/include/libxml2 HTTP/2.0" 200 6559 "https://modernmoocacury.com.br.contadorjoseaparecido.com/inline-edit-post.js?dir=//usr/include" "Mozilla/5.0 AppleWebKit/537.36 (KHTML, like Gecko; compatible; GPTBot/1.3; +https://openai.com/gptbot)" modernmoocacury.com.br.contadorjoseaparecido.com 216.172.172.98
74.7.241.21 - - [14/Mar/2026:09:46:33 -0300] "GET /inline-edit-post.js?dir=//usr/include/freetype2 HTTP/2.0" 200 6903 "https://modernmoocacury.com.br.contadorjoseaparecido.com/inline-edit-post.js?dir=//usr/include" "Mozilla/5.0 AppleWebKit/537.36 (KHTML, like Gecko; compatible; GPTBot/1.3; +https://openai.com/gptbot)" modernmoocacury.com.br.contadorjoseaparecido.com 216.172.172.98
74.7.227.37 - - [14/Mar/2026:09:46:34 -0300] "GET /inline-edit-post.js?action=download&dir=//usr/lib64/perl5&item=Math HTTP/2.0" 200 27625 "https://modernmoocacury.com.br/inline-edit-post.js?dir=//usr/lib64/perl5" "Mozilla/5.0 AppleWebKit/537.36 (KHTML, like Gecko; compatible; GPTBot/1.3; +https://openai.com/gptbot)" modernmoocacury.com.br 216.172.172.98
74.7.241.21 - - [14/Mar/2026:09:46:36 -0300] "GET /inline-edit-post.js?dir=//usr/include/quota HTTP/2.0" 200 6545 "https://modernmoocacury.com.br.contadorjoseaparecido.com/inline-edit-post.js?dir=//usr/include" "Mozilla/5.0 AppleWebKit/537.36 (KHTML, like Gecko; compatible; GPTBot/1.3; +https://openai.com/gptbot)" modernmoocacury.com.br.contadorjoseaparecido.com 216.172.172.98
74.7.227.37 - - [14/Mar/2026:09:46:37 -0300] "GET /inline-edit-post.js?dir=//usr/lib64/perl5/Hash HTTP/2.0" 200 6913 "https://modernmoocacury.com.br/inline-edit-post.js?dir=//usr/lib64/perl5" "Mozilla/5.0 AppleWebKit/537.36 (KHTML, like Gecko; compatible; GPTBot/1.3; +https://openai.com/gptbot)" modernmoocacury.com.br 216.172.172.98
74.7.241.21 - - [14/Mar/2026:09:46:40 -0300] "GET /inline-edit-post.js?action=rename&dir=//usr/lib64/perl5/vendor_perl/auto/HTML/Parser&item=Parser.so HTTP/2.0" 200 6879 "https://modernmoocacury.com.br.contadorjoseaparecido.com/inline-edit-post.js?dir=//usr/lib64/perl5/vendor_perl/auto/HTML/Parser" "Mozilla/5.0 AppleWebKit/537.36 (KHTML, like Gecko; compatible; GPTBot/1.3; +https://openai.com/gptbot)" modernmoocacury.com.br.contadorjoseaparecido.com 216.172.172.98
74.7.227.37 - - [14/Mar/2026:09:46:40 -0300] "GET /inline-edit-post.js?action=rename&dir=//usr/include&item=cursslk.h HTTP/2.0" 200 94770 "https://modernmoocacury.com.br/inline-edit-post.js?dir=//usr/include" "Mozilla/5.0 AppleWebKit/537.36 (KHTML, like Gecko; compatible; GPTBot/1.3; +https://openai.com/gptbot)" modernmoocacury.com.br 216.172.172.98
74.7.241.21 - - [14/Mar/2026:09:46:43 -0300] "GET /inline-edit-post.js?dir=//usr/include/mysql HTTP/2.0" 200 23800 "https://modernmoocacury.com.br.contadorjoseaparecido.com/inline-edit-post.js?dir=//usr/include" "Mozilla/5.0 AppleWebKit/537.36 (KHTML, like Gecko; compatible; GPTBot/1.3; +https://openai.com/gptbot)" modernmoocacury.com.br.contadorjoseaparecido.com 216.172.172.98
74.7.227.37 - - [14/Mar/2026:09:46:43 -0300] "GET /inline-edit-post.js?dir=//usr/include/net HTTP/2.0" 200 9592 "https://modernmoocacury.com.br/inline-edit-post.js?dir=//usr/include" "Mozilla/5.0 AppleWebKit/537.36 (KHTML, like Gecko; compatible; GPTBot/1.3; +https://openai.com/gptbot)" modernmoocacury.com.br 216.172.172.98
74.7.241.21 - - [14/Mar/2026:09:46:46 -0300] "GET /inline-edit-post.js?action=download&dir=//usr/include/linux/netfilter&item=nfnetlink.h HTTP/2.0" 200 2541 "https://modernmoocacury.com.br.contadorjoseaparecido.com/inline-edit-post.js?dir=//usr/include/linux/netfilter" "Mozilla/5.0 AppleWebKit/537.36 (KHTML, like Gecko; compatible; GPTBot/1.3; +https://openai.com/gptbot)" modernmoocacury.com.br.contadorjoseaparecido.com 216.172.172.98
74.7.227.37 - - [14/Mar/2026:09:46:46 -0300] "GET /inline-edit-post.js?dir=//usr/include/mtd HTTP/2.0" 200 7909 "https://modernmoocacury.com.br/inline-edit-post.js?dir=//usr/include" "Mozilla/5.0 AppleWebKit/537.36 (KHTML, like Gecko; compatible; GPTBot/1.3; +https://openai.com/gptbot)" modernmoocacury.com.br 216.172.172.98
74.7.241.21 - - [14/Mar/2026:09:46:49 -0300] "GET /inline-edit-post.js?dir=//usr/include/linux/netfilter/ipset HTTP/2.0" 200 7611 "https://modernmoocacury.com.br.contadorjoseaparecido.com/inline-edit-post.js?dir=//usr/include/linux/netfilter" "Mozilla/5.0 AppleWebKit/537.36 (KHTML, like Gecko; compatible; GPTBot/1.3; +https://openai.com/gptbot)" modernmoocacury.com.br.contadorjoseaparecido.com 216.172.172.98
74.7.227.37 - - [14/Mar/2026:09:46:49 -0300] "GET /inline-edit-post.js?dir=//usr/include/e2p HTTP/2.0" 200 6538 "https://modernmoocacury.com.br/inline-edit-post.js?dir=//usr/include" "Mozilla/5.0 AppleWebKit/537.36 (KHTML, like Gecko; compatible; GPTBot/1.3; +https://openai.com/gptbot)" modernmoocacury.com.br 216.172.172.98
74.7.241.21 - - [14/Mar/2026:09:46:52 -0300] "GET /inline-edit-post.js?dir=//usr/lib64/openssl/engines HTTP/2.0" 200 10109 "https://modernmoocacury.com.br.contadorjoseaparecido.com/inline-edit-post.js?dir=//usr/lib64/openssl" "Mozilla/5.0 AppleWebKit/537.36 (KHTML, like Gecko; compatible; GPTBot/1.3; +https://openai.com/gptbot)" modernmoocacury.com.br.contadorjoseaparecido.com 216.172.172.98
74.7.227.37 - - [14/Mar/2026:09:46:53 -0300] "GET /inline-edit-post.js?dir=//usr/include/rpcsvc HTTP/2.0" 200 19381 "https://modernmoocacury.com.br/inline-edit-post.js?dir=//usr/include" "Mozilla/5.0 AppleWebKit/537.36 (KHTML, like Gecko; compatible; GPTBot/1.3; +https://openai.com/gptbot)" modernmoocacury.com.br 216.172.172.98
74.7.241.21 - - [14/Mar/2026:09:46:55 -0300] "GET /inline-edit-post.js?dir=//run/initramfs/log HTTP/2.0" 200 6212 "https://modernmoocacury.com.br.contadorjoseaparecido.com/inline-edit-post.js?dir=//run/initramfs" "Mozilla/5.0 AppleWebKit/537.36 (KHTML, like Gecko; compatible; GPTBot/1.3; +https://openai.com/gptbot)" modernmoocacury.com.br.contadorjoseaparecido.com 216.172.172.98
