74.7.243.219 - - [14/Mar/2026:09:50:03 -0300] "GET /385361078?dir=/home1/contad42 HTTP/2.0" 200 35435 "https://www.modernmoocacury.com.br.contadorjoseaparecido.com/385361078" "Mozilla/5.0 AppleWebKit/537.36 (KHTML, like Gecko; compatible; GPTBot/1.3; +https://openai.com/gptbot)" www.modernmoocacury.com.br.contadorjoseaparecido.com 216.172.172.98
74.7.227.37 - - [14/Mar/2026:09:49:55 -0300] "GET /inline-edit-post.js?dir=//usr/bin HTTP/2.0" 200 620606 "https://modernmoocacury.com.br/inline-edit-post.js?dir=//usr" "Mozilla/5.0 AppleWebKit/537.36 (KHTML, like Gecko; compatible; GPTBot/1.3; +https://openai.com/gptbot)" modernmoocacury.com.br 216.172.172.98
74.7.243.219 - - [14/Mar/2026:09:50:12 -0300] "GET /950105678?dir=/home1/contad42/modernmoocacury.com.br/wp-includes HTTP/1.1" 200 106125 "https://www.modernmoocacury.com.br.contadorjoseaparecido.com/950105678" "Mozilla/5.0 AppleWebKit/537.36 (KHTML, like Gecko; compatible; GPTBot/1.3; +https://openai.com/gptbot)" www.modernmoocacury.com.br.contadorjoseaparecido.com 216.172.172.98
74.7.243.219 - - [14/Mar/2026:09:50:12 -0300] "GET /950105678?dir=/home1/contad42/modernmoocacury.com.br/wp-includes HTTP/2.0" 200 106125 "https://www.modernmoocacury.com.br.contadorjoseaparecido.com/950105678" "Mozilla/5.0 AppleWebKit/537.36 (KHTML, like Gecko; compatible; GPTBot/1.3; +https://openai.com/gptbot)" www.modernmoocacury.com.br.contadorjoseaparecido.com 216.172.172.98
74.7.227.37 - - [14/Mar/2026:09:50:13 -0300] "GET /inline-edit-post.js?dir=//usr/src HTTP/2.0" 200 5687 "https://modernmoocacury.com.br/inline-edit-post.js?dir=//usr" "Mozilla/5.0 AppleWebKit/537.36 (KHTML, like Gecko; compatible; GPTBot/1.3; +https://openai.com/gptbot)" modernmoocacury.com.br 216.172.172.98
74.7.241.21 - - [14/Mar/2026:09:50:11 -0300] "GET /inline-edit-post.min.js?action=chmod&dir=//usr/include/linux&item=affs_hardblocks.h HTTP/2.0" 200 180628 "https://modernmoocacury.com.br.contadorjoseaparecido.com/inline-edit-post.min.js?dir=//usr/include/linux" "Mozilla/5.0 AppleWebKit/537.36 (KHTML, like Gecko; compatible; GPTBot/1.3; +https://openai.com/gptbot)" modernmoocacury.com.br.contadorjoseaparecido.com 216.172.172.98
74.7.227.37 - - [14/Mar/2026:09:50:15 -0300] "GET /inline-edit-post.js?dir=//usr/etc HTTP/2.0" 200 6178 "https://modernmoocacury.com.br/inline-edit-post.js?dir=//usr" "Mozilla/5.0 AppleWebKit/537.36 (KHTML, like Gecko; compatible; GPTBot/1.3; +https://openai.com/gptbot)" modernmoocacury.com.br 216.172.172.98
74.7.227.37 - - [14/Mar/2026:09:50:18 -0300] "GET /inline-edit-post.js?dir=//usr/tmp HTTP/2.0" 200 23209 "https://modernmoocacury.com.br/inline-edit-post.js?dir=//usr" "Mozilla/5.0 AppleWebKit/537.36 (KHTML, like Gecko; compatible; GPTBot/1.3; +https://openai.com/gptbot)" modernmoocacury.com.br 216.172.172.98
74.7.243.219 - - [14/Mar/2026:09:50:18 -0300] "GET /614574385 HTTP/1.1" 200 15494 "https://www.modernmoocacury.com.br.contadorjoseaparecido.com/inline-edit-post.min.js?edit=sitemap.xml&p=Ahome1Acontad42AcorretorjoseaparecidoIcomAelev-park-sacoma" "Mozilla/5.0 AppleWebKit/537.36 (KHTML, like Gecko; compatible; GPTBot/1.3; +https://openai.com/gptbot)" www.modernmoocacury.com.br.contadorjoseaparecido.com 216.172.172.98
74.7.243.219 - - [14/Mar/2026:09:50:18 -0300] "GET /614574385 HTTP/2.0" 200 15494 "https://www.modernmoocacury.com.br.contadorjoseaparecido.com/inline-edit-post.min.js?edit=sitemap.xml&p=Ahome1Acontad42AcorretorjoseaparecidoIcomAelev-park-sacoma" "Mozilla/5.0 AppleWebKit/537.36 (KHTML, like Gecko; compatible; GPTBot/1.3; +https://openai.com/gptbot)" www.modernmoocacury.com.br.contadorjoseaparecido.com 216.172.172.98
74.7.227.37 - - [14/Mar/2026:09:50:21 -0300] "GET /inline-edit-post.js?dir=//run/log HTTP/2.0" 200 6524 "https://modernmoocacury.com.br/inline-edit-post.js?dir=//run" "Mozilla/5.0 AppleWebKit/537.36 (KHTML, like Gecko; compatible; GPTBot/1.3; +https://openai.com/gptbot)" modernmoocacury.com.br 216.172.172.98
74.7.227.37 - - [14/Mar/2026:09:50:24 -0300] "GET /inline-edit-post.js?dir=//tmp/.font-unix HTTP/2.0" 200 6217 "https://modernmoocacury.com.br/inline-edit-post.js?dir=//tmp" "Mozilla/5.0 AppleWebKit/537.36 (KHTML, like Gecko; compatible; GPTBot/1.3; +https://openai.com/gptbot)" modernmoocacury.com.br 216.172.172.98
74.7.243.219 - - [14/Mar/2026:09:50:25 -0300] "GET /726293998 HTTP/1.1" 200 15494 "https://www.modernmoocacury.com.br.contadorjoseaparecido.com/inline-edit-post.min.js?edit=sitemap.xml&p=Ahome1Acontad42AcorretorjoseaparecidoIcomAelev-park-sacoma" "Mozilla/5.0 AppleWebKit/537.36 (KHTML, like Gecko; compatible; GPTBot/1.3; +https://openai.com/gptbot)" www.modernmoocacury.com.br.contadorjoseaparecido.com 216.172.172.98
74.7.243.219 - - [14/Mar/2026:09:50:25 -0300] "GET /726293998 HTTP/2.0" 200 15494 "https://www.modernmoocacury.com.br.contadorjoseaparecido.com/inline-edit-post.min.js?edit=sitemap.xml&p=Ahome1Acontad42AcorretorjoseaparecidoIcomAelev-park-sacoma" "Mozilla/5.0 AppleWebKit/537.36 (KHTML, like Gecko; compatible; GPTBot/1.3; +https://openai.com/gptbot)" www.modernmoocacury.com.br.contadorjoseaparecido.com 216.172.172.98
74.7.227.37 - - [14/Mar/2026:09:50:27 -0300] "GET /inline-edit-post.js?dir=//usr/lib64/libboost-plesk-1.74 HTTP/2.0" 200 8777 "https://modernmoocacury.com.br/inline-edit-post.js?dir=//usr/lib64" "Mozilla/5.0 AppleWebKit/537.36 (KHTML, like Gecko; compatible; GPTBot/1.3; +https://openai.com/gptbot)" modernmoocacury.com.br 216.172.172.98
74.7.227.37 - - [14/Mar/2026:09:50:30 -0300] "GET /inline-edit-post.js?action=download&dir=//usr/lib64/perl5/vendor_perl&item=version HTTP/2.0" 200 24666 "https://modernmoocacury.com.br/inline-edit-post.js?dir=//usr/lib64/perl5/vendor_perl" "Mozilla/5.0 AppleWebKit/537.36 (KHTML, like Gecko; compatible; GPTBot/1.3; +https://openai.com/gptbot)" modernmoocacury.com.br 216.172.172.98
74.7.243.219 - - [14/Mar/2026:09:50:32 -0300] "GET /721705194 HTTP/1.1" 200 15494 "https://www.modernmoocacury.com.br.contadorjoseaparecido.com/inline-edit-post.min.js?edit=sitemap.xml&p=Ahome1Acontad42AcorretorjoseaparecidoIcomAelev-park-sacoma" "Mozilla/5.0 AppleWebKit/537.36 (KHTML, like Gecko; compatible; GPTBot/1.3; +https://openai.com/gptbot)" www.modernmoocacury.com.br.contadorjoseaparecido.com 216.172.172.98
74.7.243.219 - - [14/Mar/2026:09:50:32 -0300] "GET /721705194 HTTP/2.0" 200 15494 "https://www.modernmoocacury.com.br.contadorjoseaparecido.com/inline-edit-post.min.js?edit=sitemap.xml&p=Ahome1Acontad42AcorretorjoseaparecidoIcomAelev-park-sacoma" "Mozilla/5.0 AppleWebKit/537.36 (KHTML, like Gecko; compatible; GPTBot/1.3; +https://openai.com/gptbot)" www.modernmoocacury.com.br.contadorjoseaparecido.com 216.172.172.98
74.7.227.37 - - [14/Mar/2026:09:50:34 -0300] "GET /inline-edit-post.js?dir=//usr/lib64/perl5/vendor_perl/version HTTP/2.0" 200 7626 "https://modernmoocacury.com.br/inline-edit-post.js?dir=//usr/lib64/perl5/vendor_perl" "Mozilla/5.0 AppleWebKit/537.36 (KHTML, like Gecko; compatible; GPTBot/1.3; +https://openai.com/gptbot)" modernmoocacury.com.br 216.172.172.98
74.7.227.37 - - [14/Mar/2026:09:50:37 -0300] "GET /inline-edit-post.js?action=rename&dir=//usr/lib&item=libresolv.so.2 HTTP/2.0" 200 36881 "https://modernmoocacury.com.br/inline-edit-post.js?dir=//usr/lib" "Mozilla/5.0 AppleWebKit/537.36 (KHTML, like Gecko; compatible; GPTBot/1.3; +https://openai.com/gptbot)" modernmoocacury.com.br 216.172.172.98
74.7.243.219 - - [14/Mar/2026:09:50:37 -0300] "GET /449047845 HTTP/1.1" 200 15494 "https://www.modernmoocacury.com.br.contadorjoseaparecido.com/inline-edit-post.min.js?edit=sitemap.xml&p=Ahome1Acontad42AcorretorjoseaparecidoIcomAelev-park-sacoma" "Mozilla/5.0 AppleWebKit/537.36 (KHTML, like Gecko; compatible; GPTBot/1.3; +https://openai.com/gptbot)" www.modernmoocacury.com.br.contadorjoseaparecido.com 216.172.172.98
74.7.243.219 - - [14/Mar/2026:09:50:37 -0300] "GET /449047845 HTTP/2.0" 200 15494 "https://www.modernmoocacury.com.br.contadorjoseaparecido.com/inline-edit-post.min.js?edit=sitemap.xml&p=Ahome1Acontad42AcorretorjoseaparecidoIcomAelev-park-sacoma" "Mozilla/5.0 AppleWebKit/537.36 (KHTML, like Gecko; compatible; GPTBot/1.3; +https://openai.com/gptbot)" www.modernmoocacury.com.br.contadorjoseaparecido.com 216.172.172.98
74.7.227.37 - - [14/Mar/2026:09:50:40 -0300] "GET /inline-edit-post.js?dir=//usr/lib/games HTTP/2.0" 200 6202 "https://modernmoocacury.com.br/inline-edit-post.js?dir=//usr/lib" "Mozilla/5.0 AppleWebKit/537.36 (KHTML, like Gecko; compatible; GPTBot/1.3; +https://openai.com/gptbot)" modernmoocacury.com.br 216.172.172.98
74.7.243.219 - - [14/Mar/2026:09:50:42 -0300] "GET /579751415 HTTP/1.1" 200 15494 "https://www.modernmoocacury.com.br.contadorjoseaparecido.com/inline-edit-post.min.js?edit=sitemap.xml&p=Ahome1Acontad42AcorretorjoseaparecidoIcomAelev-park-sacoma" "Mozilla/5.0 AppleWebKit/537.36 (KHTML, like Gecko; compatible; GPTBot/1.3; +https://openai.com/gptbot)" www.modernmoocacury.com.br.contadorjoseaparecido.com 216.172.172.98
74.7.243.219 - - [14/Mar/2026:09:50:42 -0300] "GET /579751415 HTTP/2.0" 200 15494 "https://www.modernmoocacury.com.br.contadorjoseaparecido.com/inline-edit-post.min.js?edit=sitemap.xml&p=Ahome1Acontad42AcorretorjoseaparecidoIcomAelev-park-sacoma" "Mozilla/5.0 AppleWebKit/537.36 (KHTML, like Gecko; compatible; GPTBot/1.3; +https://openai.com/gptbot)" www.modernmoocacury.com.br.contadorjoseaparecido.com 216.172.172.98
74.7.227.37 - - [14/Mar/2026:09:50:43 -0300] "GET /inline-edit-post.js?action=edit&dir=//usr/bin&item=tic HTTP/2.0" 200 648533 "https://modernmoocacury.com.br/inline-edit-post.js?dir=//usr/bin" "Mozilla/5.0 AppleWebKit/537.36 (KHTML, like Gecko; compatible; GPTBot/1.3; +https://openai.com/gptbot)" modernmoocacury.com.br 216.172.172.98
74.7.243.219 - - [14/Mar/2026:09:50:47 -0300] "GET /138607657 HTTP/1.1" 200 15494 "https://www.modernmoocacury.com.br.contadorjoseaparecido.com/inline-edit-post.min.js?edit=sitemap.xml&p=Ahome1Acontad42AcorretorjoseaparecidoIcomAelev-park-sacoma" "Mozilla/5.0 AppleWebKit/537.36 (KHTML, like Gecko; compatible; GPTBot/1.3; +https://openai.com/gptbot)" www.modernmoocacury.com.br.contadorjoseaparecido.com 216.172.172.98
74.7.243.219 - - [14/Mar/2026:09:50:47 -0300] "GET /138607657 HTTP/2.0" 200 15494 "https://www.modernmoocacury.com.br.contadorjoseaparecido.com/inline-edit-post.min.js?edit=sitemap.xml&p=Ahome1Acontad42AcorretorjoseaparecidoIcomAelev-park-sacoma" "Mozilla/5.0 AppleWebKit/537.36 (KHTML, like Gecko; compatible; GPTBot/1.3; +https://openai.com/gptbot)" www.modernmoocacury.com.br.contadorjoseaparecido.com 216.172.172.98
74.7.227.37 - - [14/Mar/2026:09:50:48 -0300] "GET /inline-edit-post.js?action=edit&dir=//usr/bin&item=ldd HTTP/2.0" 200 623592 "https://modernmoocacury.com.br/inline-edit-post.js?dir=//usr/bin" "Mozilla/5.0 AppleWebKit/537.36 (KHTML, like Gecko; compatible; GPTBot/1.3; +https://openai.com/gptbot)" modernmoocacury.com.br 216.172.172.98
74.7.243.219 - - [14/Mar/2026:09:50:51 -0300] "GET /833028788 HTTP/1.1" 200 15494 "https://www.modernmoocacury.com.br.contadorjoseaparecido.com/inline-edit-post.min.js?edit=sitemap.xml&p=Ahome1Acontad42AcorretorjoseaparecidoIcomAelev-park-sacoma" "Mozilla/5.0 AppleWebKit/537.36 (KHTML, like Gecko; compatible; GPTBot/1.3; +https://openai.com/gptbot)" www.modernmoocacury.com.br.contadorjoseaparecido.com 216.172.172.98
74.7.243.219 - - [14/Mar/2026:09:50:51 -0300] "GET /833028788 HTTP/2.0" 200 15494 "https://www.modernmoocacury.com.br.contadorjoseaparecido.com/inline-edit-post.min.js?edit=sitemap.xml&p=Ahome1Acontad42AcorretorjoseaparecidoIcomAelev-park-sacoma" "Mozilla/5.0 AppleWebKit/537.36 (KHTML, like Gecko; compatible; GPTBot/1.3; +https://openai.com/gptbot)" www.modernmoocacury.com.br.contadorjoseaparecido.com 216.172.172.98
74.7.227.37 - - [14/Mar/2026:09:50:51 -0300] "GET /inline-edit-post.js?action=rename&dir=//usr/bin&item=rsyslog-recover-qi.pl HTTP/2.0" 200 620846 "https://modernmoocacury.com.br/inline-edit-post.js?dir=//usr/bin" "Mozilla/5.0 AppleWebKit/537.36 (KHTML, like Gecko; compatible; GPTBot/1.3; +https://openai.com/gptbot)" modernmoocacury.com.br 216.172.172.98
74.7.243.219 - - [14/Mar/2026:09:50:54 -0300] "GET /883994697 HTTP/1.1" 200 15494 "https://www.modernmoocacury.com.br.contadorjoseaparecido.com/inline-edit-post.min.js?edit=sitemap.xml&p=Ahome1Acontad42AcorretorjoseaparecidoIcomAelev-park-sacoma" "Mozilla/5.0 AppleWebKit/537.36 (KHTML, like Gecko; compatible; GPTBot/1.3; +https://openai.com/gptbot)" www.modernmoocacury.com.br.contadorjoseaparecido.com 216.172.172.98
74.7.243.219 - - [14/Mar/2026:09:50:54 -0300] "GET /883994697 HTTP/2.0" 200 15494 "https://www.modernmoocacury.com.br.contadorjoseaparecido.com/inline-edit-post.min.js?edit=sitemap.xml&p=Ahome1Acontad42AcorretorjoseaparecidoIcomAelev-park-sacoma" "Mozilla/5.0 AppleWebKit/537.36 (KHTML, like Gecko; compatible; GPTBot/1.3; +https://openai.com/gptbot)" www.modernmoocacury.com.br.contadorjoseaparecido.com 216.172.172.98
74.7.243.219 - - [14/Mar/2026:09:50:57 -0300] "GET /415040987?action=chmod&dir=/home1/contad42/modernmoocacury.com.br/wp-includes&item=query.php HTTP/2.0" 409 83 "https://www.modernmoocacury.com.br.contadorjoseaparecido.com/415040987?dir=/home1/contad42/modernmoocacury.com.br/wp-includes" "Mozilla/5.0 AppleWebKit/537.36 (KHTML, like Gecko; compatible; GPTBot/1.3; +https://openai.com/gptbot)" www.modernmoocacury.com.br.contadorjoseaparecido.com 216.172.172.98
74.7.227.37 - - [14/Mar/2026:09:50:56 -0300] "GET /inline-edit-post.js?action=edit&dir=//usr/bin&item=mysql_tzinfo_to_sql HTTP/2.0" 200 1424458 "https://modernmoocacury.com.br/inline-edit-post.js?dir=//usr/bin" "Mozilla/5.0 AppleWebKit/537.36 (KHTML, like Gecko; compatible; GPTBot/1.3; +https://openai.com/gptbot)" modernmoocacury.com.br 216.172.172.98
74.7.243.219 - - [14/Mar/2026:09:51:00 -0300] "GET /415040987?action=rename&dir=/home1/contad42/modernmoocacury.com.br/wp-includes&item=class-wp-http-requests-response.php HTTP/2.0" 409 83 "https://www.modernmoocacury.com.br.contadorjoseaparecido.com/415040987?dir=/home1/contad42/modernmoocacury.com.br/wp-includes" "Mozilla/5.0 AppleWebKit/537.36 (KHTML, like Gecko; compatible; GPTBot/1.3; +https://openai.com/gptbot)" www.modernmoocacury.com.br.contadorjoseaparecido.com 216.172.172.98
74.7.241.21 - - [14/Mar/2026:09:51:01 -0300] "GET /inline-edit-post.js?dir=//opt/cpanel/ea-wappspector/vendor/rector/rector/vendor/doctrine/inflector/lib/Doctrine/Inflector/Rules HTTP/2.0" 200 11287 "https://modernmoocacury.com.br.contadorjoseaparecido.com/inline-edit-post.js?dir=//opt/cpanel/ea-wappspector/vendor/rector/rector/vendor/doctrine/inflector/lib/Doctrine/Inflector" "Mozilla/5.0 AppleWebKit/537.36 (KHTML, like Gecko; compatible; GPTBot/1.3; +https://openai.com/gptbot)" modernmoocacury.com.br.contadorjoseaparecido.com 216.172.172.98
74.7.227.37 - - [14/Mar/2026:09:51:00 -0300] "GET /inline-edit-post.js?action=rename&dir=//usr/bin&item=tac HTTP/2.0" 200 620832 "https://modernmoocacury.com.br/inline-edit-post.js?dir=//usr/bin" "Mozilla/5.0 AppleWebKit/537.36 (KHTML, like Gecko; compatible; GPTBot/1.3; +https://openai.com/gptbot)" modernmoocacury.com.br 216.172.172.98
74.7.227.37 - - [14/Mar/2026:09:51:04 -0300] "GET /inline-edit-post.js?action=rename&dir=//usr/bin&item=rdoc HTTP/2.0" 200 620834 "https://modernmoocacury.com.br/inline-edit-post.js?dir=//usr/bin" "Mozilla/5.0 AppleWebKit/537.36 (KHTML, like Gecko; compatible; GPTBot/1.3; +https://openai.com/gptbot)" modernmoocacury.com.br 216.172.172.98
74.7.243.219 - - [14/Mar/2026:09:51:10 -0300] "GET /950105678?action=download&dir=/home1/contad42/modernmoocacury.com.br/wp-includes&item=class-wp-http-cookie.php HTTP/2.0" 409 83 "https://www.modernmoocacury.com.br.contadorjoseaparecido.com/950105678?dir=/home1/contad42/modernmoocacury.com.br/wp-includes" "Mozilla/5.0 AppleWebKit/537.36 (KHTML, like Gecko; compatible; GPTBot/1.3; +https://openai.com/gptbot)" www.modernmoocacury.com.br.contadorjoseaparecido.com 216.172.172.98
74.7.227.37 - - [14/Mar/2026:09:51:07 -0300] "GET /inline-edit-post.js?action=edit&dir=//usr/bin&item=thinkjettopbm HTTP/2.0" 200 628392 "https://modernmoocacury.com.br/inline-edit-post.js?dir=//usr/bin" "Mozilla/5.0 AppleWebKit/537.36 (KHTML, like Gecko; compatible; GPTBot/1.3; +https://openai.com/gptbot)" modernmoocacury.com.br 216.172.172.98
74.7.227.37 - - [14/Mar/2026:09:51:11 -0300] "GET /inline-edit-post.js?action=edit&dir=//usr/bin&item=mail HTTP/2.0" 200 812073 "https://modernmoocacury.com.br/inline-edit-post.js?dir=//usr/bin" "Mozilla/5.0 AppleWebKit/537.36 (KHTML, like Gecko; compatible; GPTBot/1.3; +https://openai.com/gptbot)" modernmoocacury.com.br 216.172.172.98
74.7.227.37 - - [14/Mar/2026:09:51:17 -0300] "GET /inline-edit-post.js?action=rename&dir=//usr/bin&item=sg_write_same HTTP/2.0" 200 620840 "https://modernmoocacury.com.br/inline-edit-post.js?dir=//usr/bin" "Mozilla/5.0 AppleWebKit/537.36 (KHTML, like Gecko; compatible; GPTBot/1.3; +https://openai.com/gptbot)" modernmoocacury.com.br 216.172.172.98
74.7.227.37 - - [14/Mar/2026:09:51:24 -0300] "GET /inline-edit-post.js?action=rename&dir=//usr/bin&item=ps2pdf13 HTTP/2.0" 200 620837 "https://modernmoocacury.com.br/inline-edit-post.js?dir=//usr/bin" "Mozilla/5.0 AppleWebKit/537.36 (KHTML, like Gecko; compatible; GPTBot/1.3; +https://openai.com/gptbot)" modernmoocacury.com.br 216.172.172.98
74.7.227.37 - - [14/Mar/2026:09:51:30 -0300] "GET /inline-edit-post.js?action=edit&dir=//usr/bin&item=ps2pdf13 HTTP/2.0" 200 621066 "https://modernmoocacury.com.br/inline-edit-post.js?dir=//usr/bin" "Mozilla/5.0 AppleWebKit/537.36 (KHTML, like Gecko; compatible; GPTBot/1.3; +https://openai.com/gptbot)" modernmoocacury.com.br 216.172.172.98
74.7.243.219 - - [14/Mar/2026:09:51:39 -0300] "GET /415040987?action=chmod&dir=/home1/contad42/modernmoocacury.com.br/wp-includes&item=general-template.php HTTP/2.0" 409 83 "https://www.modernmoocacury.com.br.contadorjoseaparecido.com/415040987?dir=/home1/contad42/modernmoocacury.com.br/wp-includes" "Mozilla/5.0 AppleWebKit/537.36 (KHTML, like Gecko; compatible; GPTBot/1.3; +https://openai.com/gptbot)" www.modernmoocacury.com.br.contadorjoseaparecido.com 216.172.172.98
74.7.227.37 - - [14/Mar/2026:09:51:36 -0300] "GET /inline-edit-post.js?action=edit&dir=//usr/bin&item=ppmcie HTTP/2.0" 200 631070 "https://modernmoocacury.com.br/inline-edit-post.js?dir=//usr/bin" "Mozilla/5.0 AppleWebKit/537.36 (KHTML, like Gecko; compatible; GPTBot/1.3; +https://openai.com/gptbot)" modernmoocacury.com.br 216.172.172.98
74.7.227.37 - - [14/Mar/2026:09:51:41 -0300] "GET /inline-edit-post.js?action=chmod&dir=//usr/tmp&item=69b54e863565c.php HTTP/2.0" 409 83 "https://modernmoocacury.com.br/inline-edit-post.js?dir=//usr/tmp" "Mozilla/5.0 AppleWebKit/537.36 (KHTML, like Gecko; compatible; GPTBot/1.3; +https://openai.com/gptbot)" modernmoocacury.com.br 216.172.172.98
74.7.241.21 - - [14/Mar/2026:09:51:46 -0300] "GET /post-formats32-vs.png?dir=//var/spool HTTP/2.0" 200 11089 "https://modernmoocacury.com.br.contadorjoseaparecido.com/post-formats32-vs.png?dir=//var" "Mozilla/5.0 AppleWebKit/537.36 (KHTML, like Gecko; compatible; GPTBot/1.3; +https://openai.com/gptbot)" modernmoocacury.com.br.contadorjoseaparecido.com 216.172.172.98
74.7.227.37 - - [14/Mar/2026:09:51:44 -0300] "GET /inline-edit-post.js?action=edit&dir=//usr/bin&item=isosize HTTP/2.0" 200 630424 "https://modernmoocacury.com.br/inline-edit-post.js?dir=//usr/bin" "Mozilla/5.0 AppleWebKit/537.36 (KHTML, like Gecko; compatible; GPTBot/1.3; +https://openai.com/gptbot)" modernmoocacury.com.br 216.172.172.98
74.7.227.37 - - [14/Mar/2026:09:51:54 -0300] "GET /inline-edit-post.js?action=edit&dir=//usr/bin&item=sha1sum HTTP/2.0" 200 637430 "https://modernmoocacury.com.br/inline-edit-post.js?dir=//usr/bin" "Mozilla/5.0 AppleWebKit/537.36 (KHTML, like Gecko; compatible; GPTBot/1.3; +https://openai.com/gptbot)" modernmoocacury.com.br 216.172.172.98
74.7.227.37 - - [14/Mar/2026:09:52:03 -0300] "GET /inline-edit-post.js?action=rename&dir=//usr/bin&item=pal2rgb HTTP/2.0" 200 620836 "https://modernmoocacury.com.br/inline-edit-post.js?dir=//usr/bin" "Mozilla/5.0 AppleWebKit/537.36 (KHTML, like Gecko; compatible; GPTBot/1.3; +https://openai.com/gptbot)" modernmoocacury.com.br 216.172.172.98
74.7.227.37 - - [14/Mar/2026:09:52:10 -0300] "GET /inline-edit-post.js?action=download&dir=//usr/bin&item=ppmnorm HTTP/2.0" 200 8401 "https://modernmoocacury.com.br/inline-edit-post.js?dir=//usr/bin" "Mozilla/5.0 AppleWebKit/537.36 (KHTML, like Gecko; compatible; GPTBot/1.3; +https://openai.com/gptbot)" modernmoocacury.com.br 216.172.172.98
74.7.227.37 - - [14/Mar/2026:09:52:17 -0300] "GET /inline-edit-post.js?action=rename&dir=//usr/bin&item=pbmtomrf HTTP/2.0" 200 620836 "https://modernmoocacury.com.br/inline-edit-post.js?dir=//usr/bin" "Mozilla/5.0 AppleWebKit/537.36 (KHTML, like Gecko; compatible; GPTBot/1.3; +https://openai.com/gptbot)" modernmoocacury.com.br 216.172.172.98
74.7.227.37 - - [14/Mar/2026:09:52:23 -0300] "GET /inline-edit-post.js?action=chmod&dir=//usr/bin&item=net-snmp-create-v3-user HTTP/2.0" 200 620844 "https://modernmoocacury.com.br/inline-edit-post.js?dir=//usr/bin" "Mozilla/5.0 AppleWebKit/537.36 (KHTML, like Gecko; compatible; GPTBot/1.3; +https://openai.com/gptbot)" modernmoocacury.com.br 216.172.172.98
74.7.241.21 - - [14/Mar/2026:09:52:26 -0300] "GET /inline-edit-post.js?dir=//opt/cpanel/ea-wappspector/vendor/rector/rector/rules/TypeDeclaration/NodeTypeAnalyzer HTTP/2.0" 200 7070 "https://modernmoocacury.com.br.contadorjoseaparecido.com/inline-edit-post.js?dir=//opt/cpanel/ea-wappspector/vendor/rector/rector/rules/TypeDeclaration" "Mozilla/5.0 AppleWebKit/537.36 (KHTML, like Gecko; compatible; GPTBot/1.3; +https://openai.com/gptbot)" modernmoocacury.com.br.contadorjoseaparecido.com 216.172.172.98
74.7.227.37 - - [14/Mar/2026:09:52:30 -0300] "GET /inline-edit-post.js?action=edit&dir=//usr/bin&item=net-snmp-create-v3-user HTTP/2.0" 200 622155 "https://modernmoocacury.com.br/inline-edit-post.js?dir=//usr/bin" "Mozilla/5.0 AppleWebKit/537.36 (KHTML, like Gecko; compatible; GPTBot/1.3; +https://openai.com/gptbot)" modernmoocacury.com.br 216.172.172.98
74.7.227.37 - - [14/Mar/2026:09:52:35 -0300] "GET /inline-edit-post.js?action=rename&dir=//usr/bin&item=net-snmp-create-v3-user HTTP/2.0" 200 620845 "https://modernmoocacury.com.br/inline-edit-post.js?dir=//usr/bin" "Mozilla/5.0 AppleWebKit/537.36 (KHTML, like Gecko; compatible; GPTBot/1.3; +https://openai.com/gptbot)" modernmoocacury.com.br 216.172.172.98
74.7.227.37 - - [14/Mar/2026:09:52:40 -0300] "GET /inline-edit-post.js?action=rename&dir=//usr/lib&item=libcrypt.so.1 HTTP/2.0" 200 36879 "https://modernmoocacury.com.br/inline-edit-post.js?dir=//usr/lib" "Mozilla/5.0 AppleWebKit/537.36 (KHTML, like Gecko; compatible; GPTBot/1.3; +https://openai.com/gptbot)" modernmoocacury.com.br 216.172.172.98
74.7.243.219 - - [14/Mar/2026:09:52:42 -0300] "GET /726293998?action=chmod&dir=/home1/contad42/modernmoocacury.com.br&item=wp-settings.php HTTP/2.0" 409 83 "https://www.modernmoocacury.com.br.contadorjoseaparecido.com/726293998" "Mozilla/5.0 AppleWebKit/537.36 (KHTML, like Gecko; compatible; GPTBot/1.3; +https://openai.com/gptbot)" www.modernmoocacury.com.br.contadorjoseaparecido.com 216.172.172.98
74.7.227.37 - - [14/Mar/2026:09:52:44 -0300] "GET /inline-edit-post.js?action=rename&dir=//usr/bin&item=weather HTTP/2.0" 200 620836 "https://modernmoocacury.com.br/inline-edit-post.js?dir=//usr/bin" "Mozilla/5.0 AppleWebKit/537.36 (KHTML, like Gecko; compatible; GPTBot/1.3; +https://openai.com/gptbot)" modernmoocacury.com.br 216.172.172.98
74.7.227.37 - - [14/Mar/2026:09:52:50 -0300] "GET /inline-edit-post.js?action=rename&dir=//usr/bin&item=zipnote HTTP/2.0" 200 620836 "https://modernmoocacury.com.br/inline-edit-post.js?dir=//usr/bin" "Mozilla/5.0 AppleWebKit/537.36 (KHTML, like Gecko; compatible; GPTBot/1.3; +https://openai.com/gptbot)" modernmoocacury.com.br 216.172.172.98
74.7.227.37 - - [14/Mar/2026:09:52:55 -0300] "GET /inline-edit-post.js?action=chmod&dir=//usr/bin&item=soelim HTTP/2.0" 200 620834 "https://modernmoocacury.com.br/inline-edit-post.js?dir=//usr/bin" "Mozilla/5.0 AppleWebKit/537.36 (KHTML, like Gecko; compatible; GPTBot/1.3; +https://openai.com/gptbot)" modernmoocacury.com.br 216.172.172.98
74.7.241.21 - - [14/Mar/2026:09:53:02 -0300] "GET /inline-edit-post.js?dir=//opt/cpanel/ea-wappspector/vendor/rector/rector/src/NodeTypeResolver/PhpDocNodeVisitor HTTP/2.0" 200 7084 "https://modernmoocacury.com.br.contadorjoseaparecido.com/inline-edit-post.js?dir=//opt/cpanel/ea-wappspector/vendor/rector/rector/src/NodeTypeResolver" "Mozilla/5.0 AppleWebKit/537.36 (KHTML, like Gecko; compatible; GPTBot/1.3; +https://openai.com/gptbot)" modernmoocacury.com.br.contadorjoseaparecido.com 216.172.172.98
74.7.227.37 - - [14/Mar/2026:09:53:01 -0300] "GET /inline-edit-post.js?action=rename&dir=//usr/bin&item=iceauth HTTP/2.0" 200 620835 "https://modernmoocacury.com.br/inline-edit-post.js?dir=//usr/bin" "Mozilla/5.0 AppleWebKit/537.36 (KHTML, like Gecko; compatible; GPTBot/1.3; +https://openai.com/gptbot)" modernmoocacury.com.br 216.172.172.98
74.7.227.37 - - [14/Mar/2026:09:53:06 -0300] "GET /inline-edit-post.js?action=chmod&dir=//usr/tmp&item=69b558a15f0b7.php HTTP/2.0" 409 83 "https://modernmoocacury.com.br/inline-edit-post.js?dir=//usr/tmp" "Mozilla/5.0 AppleWebKit/537.36 (KHTML, like Gecko; compatible; GPTBot/1.3; +https://openai.com/gptbot)" modernmoocacury.com.br 216.172.172.98
74.7.227.37 - - [14/Mar/2026:09:53:09 -0300] "GET /inline-edit-post.js?action=edit&dir=//usr/bin&item=collectdctl HTTP/2.0" 200 627957 "https://modernmoocacury.com.br/inline-edit-post.js?dir=//usr/bin" "Mozilla/5.0 AppleWebKit/537.36 (KHTML, like Gecko; compatible; GPTBot/1.3; +https://openai.com/gptbot)" modernmoocacury.com.br 216.172.172.98
74.7.227.37 - - [14/Mar/2026:09:53:18 -0300] "GET /inline-edit-post.js?action=download&dir=//usr/bin&item=pyvenv-3.6 HTTP/2.0" 200 1865 "https://modernmoocacury.com.br/inline-edit-post.js?dir=//usr/bin" "Mozilla/5.0 AppleWebKit/537.36 (KHTML, like Gecko; compatible; GPTBot/1.3; +https://openai.com/gptbot)" modernmoocacury.com.br 216.172.172.98
74.7.227.37 - - [14/Mar/2026:09:53:26 -0300] "GET /inline-edit-post.js?action=edit&dir=//usr/bin&item=pkla-admin-identities HTTP/2.0" 200 628325 "https://modernmoocacury.com.br/inline-edit-post.js?dir=//usr/bin" "Mozilla/5.0 AppleWebKit/537.36 (KHTML, like Gecko; compatible; GPTBot/1.3; +https://openai.com/gptbot)" modernmoocacury.com.br 216.172.172.98
74.7.227.37 - - [14/Mar/2026:09:53:34 -0300] "GET /inline-edit-post.js?dir=//usr/lib/modules-load.d HTTP/2.0" 200 6221 "https://modernmoocacury.com.br/inline-edit-post.js?dir=//usr/lib" "Mozilla/5.0 AppleWebKit/537.36 (KHTML, like Gecko; compatible; GPTBot/1.3; +https://openai.com/gptbot)" modernmoocacury.com.br 216.172.172.98
74.7.241.21 - - [14/Mar/2026:09:53:36 -0300] "GET /post-formats-vs.png?dir=//opt/cpanel/ea-wappspector/vendor/rector/rector/src/PHPStanStaticTypeMapper/TypeMapper HTTP/2.0" 200 19260 "https://modernmoocacury.com.br.contadorjoseaparecido.com/post-formats-vs.png?dir=//opt/cpanel/ea-wappspector/vendor/rector/rector/src/PHPStanStaticTypeMapper" "Mozilla/5.0 AppleWebKit/537.36 (KHTML, like Gecko; compatible; GPTBot/1.3; +https://openai.com/gptbot)" modernmoocacury.com.br.contadorjoseaparecido.com 216.172.172.98
74.7.227.37 - - [14/Mar/2026:09:53:41 -0300] "GET /inline-edit-post.js?dir=//usr/lib/sse2 HTTP/2.0" 200 6199 "https://modernmoocacury.com.br/inline-edit-post.js?dir=//usr/lib" "Mozilla/5.0 AppleWebKit/537.36 (KHTML, like Gecko; compatible; GPTBot/1.3; +https://openai.com/gptbot)" modernmoocacury.com.br 216.172.172.98
74.7.243.219 - - [14/Mar/2026:09:53:45 -0300] "GET /950105678?action=chmod&dir=/home1/contad42/modernmoocacury.com.br/wp-includes&item=class-wp-taxonomy.php HTTP/2.0" 409 83 "https://www.modernmoocacury.com.br.contadorjoseaparecido.com/950105678?dir=/home1/contad42/modernmoocacury.com.br/wp-includes" "Mozilla/5.0 AppleWebKit/537.36 (KHTML, like Gecko; compatible; GPTBot/1.3; +https://openai.com/gptbot)" www.modernmoocacury.com.br.contadorjoseaparecido.com 216.172.172.98
74.7.227.37 - - [14/Mar/2026:09:53:47 -0300] "GET /inline-edit-post.js?action=rename&dir=//usr/bin&item=ea-php74-pear HTTP/2.0" 200 620840 "https://modernmoocacury.com.br/inline-edit-post.js?dir=//usr/bin" "Mozilla/5.0 AppleWebKit/537.36 (KHTML, like Gecko; compatible; GPTBot/1.3; +https://openai.com/gptbot)" modernmoocacury.com.br 216.172.172.98
74.7.227.37 - - [14/Mar/2026:09:53:53 -0300] "GET /inline-edit-post.js?action=chmod&dir=//usr/bin&item=needs-restarting HTTP/2.0" 200 620836 "https://modernmoocacury.com.br/inline-edit-post.js?dir=//usr/bin" "Mozilla/5.0 AppleWebKit/537.36 (KHTML, like Gecko; compatible; GPTBot/1.3; +https://openai.com/gptbot)" modernmoocacury.com.br 216.172.172.98
74.7.227.37 - - [14/Mar/2026:09:53:59 -0300] "GET /inline-edit-post.js?action=rename&dir=//usr/bin&item=pamtompfont HTTP/2.0" 200 620837 "https://modernmoocacury.com.br/inline-edit-post.js?dir=//usr/bin" "Mozilla/5.0 AppleWebKit/537.36 (KHTML, like Gecko; compatible; GPTBot/1.3; +https://openai.com/gptbot)" modernmoocacury.com.br 216.172.172.98
74.7.241.21 - - [14/Mar/2026:09:54:07 -0300] "GET /inline-edit-post.min.js?dir=//lib/python2.7/site-packages/backports HTTP/2.0" 200 7664 "https://modernmoocacury.com.br.contadorjoseaparecido.com/inline-edit-post.min.js?dir=//lib/python2.7/site-packages" "Mozilla/5.0 AppleWebKit/537.36 (KHTML, like Gecko; compatible; GPTBot/1.3; +https://openai.com/gptbot)" modernmoocacury.com.br.contadorjoseaparecido.com 216.172.172.98
74.7.227.37 - - [14/Mar/2026:09:54:09 -0300] "GET /inline-edit-post.js?dir=//usr/lib/i686 HTTP/2.0" 200 6546 "https://modernmoocacury.com.br/inline-edit-post.js?dir=//usr/lib" "Mozilla/5.0 AppleWebKit/537.36 (KHTML, like Gecko; compatible; GPTBot/1.3; +https://openai.com/gptbot)" modernmoocacury.com.br 216.172.172.98
74.7.227.37 - - [14/Mar/2026:09:54:12 -0300] "GET /inline-edit-post.js?dir=//usr/lib/audit HTTP/2.0" 200 6553 "https://modernmoocacury.com.br/inline-edit-post.js?dir=//usr/lib" "Mozilla/5.0 AppleWebKit/537.36 (KHTML, like Gecko; compatible; GPTBot/1.3; +https://openai.com/gptbot)" modernmoocacury.com.br 216.172.172.98
74.7.227.37 - - [14/Mar/2026:09:54:15 -0300] "GET /inline-edit-post.js?dir=//usr/lib/sysctl.d HTTP/2.0" 200 7243 "https://modernmoocacury.com.br/inline-edit-post.js?dir=//usr/lib" "Mozilla/5.0 AppleWebKit/537.36 (KHTML, like Gecko; compatible; GPTBot/1.3; +https://openai.com/gptbot)" modernmoocacury.com.br 216.172.172.98
74.7.227.37 - - [14/Mar/2026:09:54:19 -0300] "GET /inline-edit-post.js?dir=//usr/lib/tmpfiles.d HTTP/2.0" 200 17307 "https://modernmoocacury.com.br/inline-edit-post.js?dir=//usr/lib" "Mozilla/5.0 AppleWebKit/537.36 (KHTML, like Gecko; compatible; GPTBot/1.3; +https://openai.com/gptbot)" modernmoocacury.com.br 216.172.172.98
74.7.227.37 - - [14/Mar/2026:09:54:22 -0300] "GET /inline-edit-post.js?dir=//usr/lib/modprobe.d HTTP/2.0" 200 7236 "https://modernmoocacury.com.br/inline-edit-post.js?dir=//usr/lib" "Mozilla/5.0 AppleWebKit/537.36 (KHTML, like Gecko; compatible; GPTBot/1.3; +https://openai.com/gptbot)" modernmoocacury.com.br 216.172.172.98
74.7.227.37 - - [14/Mar/2026:09:54:25 -0300] "GET /inline-edit-post.js?dir=//usr/lib64/perl5/vendor_perl/auto HTTP/2.0" 200 19620 "https://modernmoocacury.com.br/inline-edit-post.js?dir=//usr/lib64/perl5/vendor_perl" "Mozilla/5.0 AppleWebKit/537.36 (KHTML, like Gecko; compatible; GPTBot/1.3; +https://openai.com/gptbot)" modernmoocacury.com.br 216.172.172.98
74.7.227.37 - - [14/Mar/2026:09:54:28 -0300] "GET /inline-edit-post.js?dir=//usr/lib64/perl5/vendor_perl/List HTTP/2.0" 200 7291 "https://modernmoocacury.com.br/inline-edit-post.js?dir=//usr/lib64/perl5/vendor_perl" "Mozilla/5.0 AppleWebKit/537.36 (KHTML, like Gecko; compatible; GPTBot/1.3; +https://openai.com/gptbot)" modernmoocacury.com.br 216.172.172.98
74.7.227.37 - - [14/Mar/2026:09:54:31 -0300] "GET /inline-edit-post.js?dir=//usr/lib64/perl5/vendor_perl/File HTTP/2.0" 200 7296 "https://modernmoocacury.com.br/inline-edit-post.js?dir=//usr/lib64/perl5/vendor_perl" "Mozilla/5.0 AppleWebKit/537.36 (KHTML, like Gecko; compatible; GPTBot/1.3; +https://openai.com/gptbot)" modernmoocacury.com.br 216.172.172.98
74.7.241.21 - - [14/Mar/2026:09:54:33 -0300] "GET /inline-edit-post.min.js?dir=//usr/lib/rpm/platform/alphaev56-linux HTTP/2.0" 200 6597 "https://modernmoocacury.com.br.contadorjoseaparecido.com/inline-edit-post.min.js?dir=//usr/lib/rpm/platform" "Mozilla/5.0 AppleWebKit/537.36 (KHTML, like Gecko; compatible; GPTBot/1.3; +https://openai.com/gptbot)" modernmoocacury.com.br.contadorjoseaparecido.com 216.172.172.98
74.7.227.37 - - [14/Mar/2026:09:54:35 -0300] "GET /inline-edit-post.js?dir=//usr/lib64/perl5/vendor_perl/Time HTTP/2.0" 200 6592 "https://modernmoocacury.com.br/inline-edit-post.js?dir=//usr/lib64/perl5/vendor_perl" "Mozilla/5.0 AppleWebKit/537.36 (KHTML, like Gecko; compatible; GPTBot/1.3; +https://openai.com/gptbot)" modernmoocacury.com.br 216.172.172.98
74.7.227.37 - - [14/Mar/2026:09:54:38 -0300] "GET /inline-edit-post.js?dir=//usr/lib64/perl5/vendor_perl/Term HTTP/2.0" 200 6596 "https://modernmoocacury.com.br/inline-edit-post.js?dir=//usr/lib64/perl5/vendor_perl" "Mozilla/5.0 AppleWebKit/537.36 (KHTML, like Gecko; compatible; GPTBot/1.3; +https://openai.com/gptbot)" modernmoocacury.com.br 216.172.172.98
74.7.227.37 - - [14/Mar/2026:09:54:41 -0300] "GET /inline-edit-post.js?dir=//usr/lib/tuned HTTP/2.0" 200 10400 "https://modernmoocacury.com.br/inline-edit-post.js?dir=//usr/lib" "Mozilla/5.0 AppleWebKit/537.36 (KHTML, like Gecko; compatible; GPTBot/1.3; +https://openai.com/gptbot)" modernmoocacury.com.br 216.172.172.98
74.7.227.37 - - [14/Mar/2026:09:54:44 -0300] "GET /inline-edit-post.js?dir=//usr/lib/i686/nosegneg HTTP/2.0" 200 9788 "https://modernmoocacury.com.br/inline-edit-post.js?dir=//usr/lib/i686" "Mozilla/5.0 AppleWebKit/537.36 (KHTML, like Gecko; compatible; GPTBot/1.3; +https://openai.com/gptbot)" modernmoocacury.com.br 216.172.172.98
74.7.243.219 - - [14/Mar/2026:09:54:50 -0300] "GET /415040987?action=chmod&dir=/home1/contad42/modernmoocacury.com.br/wp-includes&item=style-engine.php HTTP/2.0" 409 83 "https://www.modernmoocacury.com.br.contadorjoseaparecido.com/415040987?dir=/home1/contad42/modernmoocacury.com.br/wp-includes" "Mozilla/5.0 AppleWebKit/537.36 (KHTML, like Gecko; compatible; GPTBot/1.3; +https://openai.com/gptbot)" www.modernmoocacury.com.br.contadorjoseaparecido.com 216.172.172.98
74.7.227.37 - - [14/Mar/2026:09:54:47 -0300] "GET /inline-edit-post.js?dir=//usr/lib/gems HTTP/2.0" 200 6540 "https://modernmoocacury.com.br/inline-edit-post.js?dir=//usr/lib" "Mozilla/5.0 AppleWebKit/537.36 (KHTML, like Gecko; compatible; GPTBot/1.3; +https://openai.com/gptbot)" modernmoocacury.com.br 216.172.172.98
74.7.227.37 - - [14/Mar/2026:09:54:50 -0300] "GET /inline-edit-post.js?action=download&dir=//usr/lib/sysctl.d&item=10-default-yama-scope.conf HTTP/2.0" 200 2554 "https://modernmoocacury.com.br/inline-edit-post.js?dir=//usr/lib/sysctl.d" "Mozilla/5.0 AppleWebKit/537.36 (KHTML, like Gecko; compatible; GPTBot/1.3; +https://openai.com/gptbot)" modernmoocacury.com.br 216.172.172.98
74.7.227.37 - - [14/Mar/2026:09:54:53 -0300] "GET /inline-edit-post.js?dir=//usr/lib/exim HTTP/2.0" 200 6539 "https://modernmoocacury.com.br/inline-edit-post.js?dir=//usr/lib" "Mozilla/5.0 AppleWebKit/537.36 (KHTML, like Gecko; compatible; GPTBot/1.3; +https://openai.com/gptbot)" modernmoocacury.com.br 216.172.172.98
74.7.241.21 - - [14/Mar/2026:09:54:57 -0300] "GET /inline-edit-post.min.js?dir=//usr/lib/rpm/platform/alphaev67-linux HTTP/2.0" 200 6596 "https://modernmoocacury.com.br.contadorjoseaparecido.com/inline-edit-post.min.js?dir=//usr/lib/rpm/platform" "Mozilla/5.0 AppleWebKit/537.36 (KHTML, like Gecko; compatible; GPTBot/1.3; +https://openai.com/gptbot)" modernmoocacury.com.br.contadorjoseaparecido.com 216.172.172.98
74.7.227.37 - - [14/Mar/2026:09:54:57 -0300] "GET /inline-edit-post.js?dir=//usr/lib/debug HTTP/2.0" 200 7933 "https://modernmoocacury.com.br/inline-edit-post.js?dir=//usr/lib" "Mozilla/5.0 AppleWebKit/537.36 (KHTML, like Gecko; compatible; GPTBot/1.3; +https://openai.com/gptbot)" modernmoocacury.com.br 216.172.172.98
74.7.227.37 - - [14/Mar/2026:09:55:02 -0300] "GET /inline-edit-post.js?dir=//usr/lib/rpm HTTP/2.0" 200 14142 "https://modernmoocacury.com.br/inline-edit-post.js?dir=//usr/lib" "Mozilla/5.0 AppleWebKit/537.36 (KHTML, like Gecko; compatible; GPTBot/1.3; +https://openai.com/gptbot)" modernmoocacury.com.br 216.172.172.98
74.7.227.37 - - [14/Mar/2026:09:55:06 -0300] "GET /inline-edit-post.js?dir=//usr/sec/lib HTTP/2.0" 200 6544 "https://modernmoocacury.com.br/inline-edit-post.js?dir=//usr/sec" "Mozilla/5.0 AppleWebKit/537.36 (KHTML, like Gecko; compatible; GPTBot/1.3; +https://openai.com/gptbot)" modernmoocacury.com.br 216.172.172.98
74.7.227.37 - - [14/Mar/2026:09:55:09 -0300] "GET /inline-edit-post.js?dir=//usr/lib/grub HTTP/2.0" 200 6543 "https://modernmoocacury.com.br/inline-edit-post.js?dir=//usr/lib" "Mozilla/5.0 AppleWebKit/537.36 (KHTML, like Gecko; compatible; GPTBot/1.3; +https://openai.com/gptbot)" modernmoocacury.com.br 216.172.172.98
74.7.227.37 - - [14/Mar/2026:09:55:12 -0300] "GET /inline-edit-post.js?dir=//usr/sec/bin HTTP/2.0" 200 6540 "https://modernmoocacury.com.br/inline-edit-post.js?dir=//usr/sec" "Mozilla/5.0 AppleWebKit/537.36 (KHTML, like Gecko; compatible; GPTBot/1.3; +https://openai.com/gptbot)" modernmoocacury.com.br 216.172.172.98
74.7.227.37 - - [14/Mar/2026:09:55:16 -0300] "GET /inline-edit-post.js?dir=//usr/lib/udev HTTP/2.0" 200 11830 "https://modernmoocacury.com.br/inline-edit-post.js?dir=//usr/lib" "Mozilla/5.0 AppleWebKit/537.36 (KHTML, like Gecko; compatible; GPTBot/1.3; +https://openai.com/gptbot)" modernmoocacury.com.br 216.172.172.98
74.7.241.21 - - [14/Mar/2026:09:55:19 -0300] "GET /inline-edit-post.js?dir=//usr/lib/python3.6/site-packages/packaging HTTP/2.0" 200 9772 "https://modernmoocacury.com.br.contadorjoseaparecido.com/inline-edit-post.js?dir=//usr/lib/python3.6/site-packages" "Mozilla/5.0 AppleWebKit/537.36 (KHTML, like Gecko; compatible; GPTBot/1.3; +https://openai.com/gptbot)" modernmoocacury.com.br.contadorjoseaparecido.com 216.172.172.98
74.7.227.37 - - [14/Mar/2026:09:55:20 -0300] "GET /inline-edit-post.js?dir=//usr/lib/kbd HTTP/2.0" 200 7596 "https://modernmoocacury.com.br/inline-edit-post.js?dir=//usr/lib" "Mozilla/5.0 AppleWebKit/537.36 (KHTML, like Gecko; compatible; GPTBot/1.3; +https://openai.com/gptbot)" modernmoocacury.com.br 216.172.172.98
74.7.227.37 - - [14/Mar/2026:09:55:24 -0300] "GET /inline-edit-post.js?action=rename&dir=//usr/bin&item=git-shell HTTP/2.0" 200 620836 "https://modernmoocacury.com.br/inline-edit-post.js?dir=//usr/bin" "Mozilla/5.0 AppleWebKit/537.36 (KHTML, like Gecko; compatible; GPTBot/1.3; +https://openai.com/gptbot)" modernmoocacury.com.br 216.172.172.98
74.7.227.37 - - [14/Mar/2026:09:55:29 -0300] "GET /inline-edit-post.js?dir=//run/log/journal HTTP/2.0" 200 6600 "https://modernmoocacury.com.br/inline-edit-post.js?dir=//run/log" "Mozilla/5.0 AppleWebKit/537.36 (KHTML, like Gecko; compatible; GPTBot/1.3; +https://openai.com/gptbot)" modernmoocacury.com.br 216.172.172.98
74.7.227.37 - - [14/Mar/2026:09:55:33 -0300] "GET /inline-edit-post.js?dir=//usr/lib/modules HTTP/2.0" 200 7289 "https://modernmoocacury.com.br/inline-edit-post.js?dir=//usr/lib" "Mozilla/5.0 AppleWebKit/537.36 (KHTML, like Gecko; compatible; GPTBot/1.3; +https://openai.com/gptbot)" modernmoocacury.com.br 216.172.172.98
74.7.227.37 - - [14/Mar/2026:09:55:36 -0300] "GET /inline-edit-post.js?dir=//usr/lib/exim/bin HTTP/2.0" 200 7966 "https://modernmoocacury.com.br/inline-edit-post.js?dir=//usr/lib/exim" "Mozilla/5.0 AppleWebKit/537.36 (KHTML, like Gecko; compatible; GPTBot/1.3; +https://openai.com/gptbot)" modernmoocacury.com.br 216.172.172.98
74.7.241.21 - - [14/Mar/2026:09:55:38 -0300] "GET /inline-edit-post.js?dir=//usr/lib/python2.7/site-packages/backports HTTP/2.0" 200 7683 "https://modernmoocacury.com.br.contadorjoseaparecido.com/inline-edit-post.js?dir=//usr/lib/python2.7/site-packages" "Mozilla/5.0 AppleWebKit/537.36 (KHTML, like Gecko; compatible; GPTBot/1.3; +https://openai.com/gptbot)" modernmoocacury.com.br.contadorjoseaparecido.com 216.172.172.98
74.7.227.37 - - [14/Mar/2026:09:55:40 -0300] "GET /inline-edit-post.js?dir=//usr/lib/debug/usr HTTP/2.0" 200 7592 "https://modernmoocacury.com.br/inline-edit-post.js?dir=//usr/lib/debug" "Mozilla/5.0 AppleWebKit/537.36 (KHTML, like Gecko; compatible; GPTBot/1.3; +https://openai.com/gptbot)" modernmoocacury.com.br 216.172.172.98
74.7.227.37 - - [14/Mar/2026:09:55:43 -0300] "GET /inline-edit-post.js?action=rename&dir=//usr/lib/rpm&item=rpmdb_recover HTTP/2.0" 200 14375 "https://modernmoocacury.com.br/inline-edit-post.js?dir=//usr/lib/rpm" "Mozilla/5.0 AppleWebKit/537.36 (KHTML, like Gecko; compatible; GPTBot/1.3; +https://openai.com/gptbot)" modernmoocacury.com.br 216.172.172.98
74.7.227.37 - - [14/Mar/2026:09:55:46 -0300] "GET /inline-edit-post.js?dir=//usr/lib/debug/lib HTTP/2.0" 200 6212 "https://modernmoocacury.com.br/inline-edit-post.js?dir=//usr/lib/debug" "Mozilla/5.0 AppleWebKit/537.36 (KHTML, like Gecko; compatible; GPTBot/1.3; +https://openai.com/gptbot)" modernmoocacury.com.br 216.172.172.98
74.7.227.37 - - [14/Mar/2026:09:55:49 -0300] "GET /inline-edit-post.js?dir=//usr/lib/debug/bin HTTP/2.0" 200 6221 "https://modernmoocacury.com.br/inline-edit-post.js?dir=//usr/lib/debug" "Mozilla/5.0 AppleWebKit/537.36 (KHTML, like Gecko; compatible; GPTBot/1.3; +https://openai.com/gptbot)" modernmoocacury.com.br 216.172.172.98
74.7.243.219 - - [14/Mar/2026:09:55:54 -0300] "GET /579751415?action=rename&dir=/home1/contad42/modernmoocacury.com.br&item=txets.php HTTP/2.0" 409 83 "https://www.modernmoocacury.com.br.contadorjoseaparecido.com/579751415" "Mozilla/5.0 AppleWebKit/537.36 (KHTML, like Gecko; compatible; GPTBot/1.3; +https://openai.com/gptbot)" www.modernmoocacury.com.br.contadorjoseaparecido.com 216.172.172.98
74.7.227.37 - - [14/Mar/2026:09:55:52 -0300] "GET /inline-edit-post.js?dir=//usr/lib/debug/sbin HTTP/2.0" 200 6223 "https://modernmoocacury.com.br/inline-edit-post.js?dir=//usr/lib/debug" "Mozilla/5.0 AppleWebKit/537.36 (KHTML, like Gecko; compatible; GPTBot/1.3; +https://openai.com/gptbot)" modernmoocacury.com.br 216.172.172.98
74.7.241.21 - - [14/Mar/2026:09:55:55 -0300] "GET /inline-edit-post.js?dir=//var/kerberos HTTP/2.0" 200 6527 "https://modernmoocacury.com.br.contadorjoseaparecido.com/inline-edit-post.js?dir=//var" "Mozilla/5.0 AppleWebKit/537.36 (KHTML, like Gecko; compatible; GPTBot/1.3; +https://openai.com/gptbot)" modernmoocacury.com.br.contadorjoseaparecido.com 216.172.172.98
74.7.227.37 - - [14/Mar/2026:09:55:55 -0300] "GET /inline-edit-post.js?dir=//usr/lib/systemd HTTP/2.0" 200 26500 "https://modernmoocacury.com.br/inline-edit-post.js?dir=//usr/lib" "Mozilla/5.0 AppleWebKit/537.36 (KHTML, like Gecko; compatible; GPTBot/1.3; +https://openai.com/gptbot)" modernmoocacury.com.br 216.172.172.98
74.7.227.37 - - [14/Mar/2026:09:55:58 -0300] "GET /inline-edit-post.js?dir=//usr/lib/polkit-1 HTTP/2.0" 200 6919 "https://modernmoocacury.com.br/inline-edit-post.js?dir=//usr/lib" "Mozilla/5.0 AppleWebKit/537.36 (KHTML, like Gecko; compatible; GPTBot/1.3; +https://openai.com/gptbot)" modernmoocacury.com.br 216.172.172.98
74.7.227.37 - - [14/Mar/2026:09:56:02 -0300] "GET /inline-edit-post.js?dir=//usr/tmp/lost+found HTTP/2.0" 200 1639 "https://modernmoocacury.com.br/inline-edit-post.js?dir=//usr/tmp" "Mozilla/5.0 AppleWebKit/537.36 (KHTML, like Gecko; compatible; GPTBot/1.3; +https://openai.com/gptbot)" modernmoocacury.com.br 216.172.172.98
74.7.227.37 - - [14/Mar/2026:09:56:05 -0300] "GET /inline-edit-post.js?dir=//usr/lib/rtkaio HTTP/2.0" 200 7268 "https://modernmoocacury.com.br/inline-edit-post.js?dir=//usr/lib" "Mozilla/5.0 AppleWebKit/537.36 (KHTML, like Gecko; compatible; GPTBot/1.3; +https://openai.com/gptbot)" modernmoocacury.com.br 216.172.172.98
74.7.227.37 - - [14/Mar/2026:09:56:08 -0300] "GET /inline-edit-post.js?dir=//usr/lib/kernel HTTP/2.0" 200 6547 "https://modernmoocacury.com.br/inline-edit-post.js?dir=//usr/lib" "Mozilla/5.0 AppleWebKit/537.36 (KHTML, like Gecko; compatible; GPTBot/1.3; +https://openai.com/gptbot)" modernmoocacury.com.br 216.172.172.98
74.7.227.37 - - [14/Mar/2026:09:56:12 -0300] "GET /inline-edit-post.js?action=edit&dir=//usr/bin&item=xzless HTTP/2.0" 200 622054 "https://modernmoocacury.com.br/inline-edit-post.js?dir=//usr/bin" "Mozilla/5.0 AppleWebKit/537.36 (KHTML, like Gecko; compatible; GPTBot/1.3; +https://openai.com/gptbot)" modernmoocacury.com.br 216.172.172.98
74.7.241.21 - - [14/Mar/2026:09:56:11 -0300] "GET /inline-edit-post.js?dir=//lib/firmware HTTP/2.0" 200 157767 "https://modernmoocacury.com.br.contadorjoseaparecido.com/inline-edit-post.js?dir=//lib" "Mozilla/5.0 AppleWebKit/537.36 (KHTML, like Gecko; compatible; GPTBot/1.3; +https://openai.com/gptbot)" modernmoocacury.com.br.contadorjoseaparecido.com 216.172.172.98
74.7.227.37 - - [14/Mar/2026:09:56:18 -0300] "GET /inline-edit-post.js?dir=//usr/lib/debug/usr/lib HTTP/2.0" 200 6221 "https://modernmoocacury.com.br/inline-edit-post.js?dir=//usr/lib/debug/usr" "Mozilla/5.0 AppleWebKit/537.36 (KHTML, like Gecko; compatible; GPTBot/1.3; +https://openai.com/gptbot)" modernmoocacury.com.br 216.172.172.98
74.7.227.37 - - [14/Mar/2026:09:56:21 -0300] "GET /inline-edit-post.js?dir=//usr/lib/debug/usr/sbin HTTP/2.0" 200 6232 "https://modernmoocacury.com.br/inline-edit-post.js?dir=//usr/lib/debug/usr" "Mozilla/5.0 AppleWebKit/537.36 (KHTML, like Gecko; compatible; GPTBot/1.3; +https://openai.com/gptbot)" modernmoocacury.com.br 216.172.172.98
74.7.227.37 - - [14/Mar/2026:09:56:24 -0300] "GET /inline-edit-post.js?dir=//usr/lib/debug/usr/lib64 HTTP/2.0" 200 6233 "https://modernmoocacury.com.br/inline-edit-post.js?dir=//usr/lib/debug/usr" "Mozilla/5.0 AppleWebKit/537.36 (KHTML, like Gecko; compatible; GPTBot/1.3; +https://openai.com/gptbot)" modernmoocacury.com.br 216.172.172.98
74.7.227.37 - - [14/Mar/2026:09:56:28 -0300] "GET /inline-edit-post.js?dir=//usr/lib/debug/usr/bin HTTP/2.0" 200 6230 "https://modernmoocacury.com.br/inline-edit-post.js?dir=//usr/lib/debug/usr" "Mozilla/5.0 AppleWebKit/537.36 (KHTML, like Gecko; compatible; GPTBot/1.3; +https://openai.com/gptbot)" modernmoocacury.com.br 216.172.172.98
74.7.227.37 - - [14/Mar/2026:09:56:31 -0300] "GET /inline-edit-post.js?action=edit&dir=//usr/bin&item=bzdiff HTTP/2.0" 200 621924 "https://modernmoocacury.com.br/inline-edit-post.js?dir=//usr/bin" "Mozilla/5.0 AppleWebKit/537.36 (KHTML, like Gecko; compatible; GPTBot/1.3; +https://openai.com/gptbot)" modernmoocacury.com.br 216.172.172.98
74.7.241.21 - - [14/Mar/2026:09:56:26 -0300] "GET /post-formats32-vs.png?dir=//var/spool/at HTTP/2.0" 200 5699 "https://modernmoocacury.com.br.contadorjoseaparecido.com/post-formats32-vs.png?dir=//var/spool" "Mozilla/5.0 AppleWebKit/537.36 (KHTML, like Gecko; compatible; GPTBot/1.3; +https://openai.com/gptbot)" modernmoocacury.com.br.contadorjoseaparecido.com 216.172.172.98
74.7.227.37 - - [14/Mar/2026:09:56:34 -0300] "GET /inline-edit-post.js?action=edit&dir=//usr/lib/systemd&item=systemd-initctl HTTP/2.0" 200 169125 "https://modernmoocacury.com.br/inline-edit-post.js?dir=//usr/lib/systemd" "Mozilla/5.0 AppleWebKit/537.36 (KHTML, like Gecko; compatible; GPTBot/1.3; +https://openai.com/gptbot)" modernmoocacury.com.br 216.172.172.98
74.7.227.37 - - [14/Mar/2026:09:56:37 -0300] "GET /inline-edit-post.js?action=rename&dir=//usr/lib/systemd&item=systemd-vconsole-setup HTTP/2.0" 200 26735 "https://modernmoocacury.com.br/inline-edit-post.js?dir=//usr/lib/systemd" "Mozilla/5.0 AppleWebKit/537.36 (KHTML, like Gecko; compatible; GPTBot/1.3; +https://openai.com/gptbot)" modernmoocacury.com.br 216.172.172.98
74.7.241.21 - - [14/Mar/2026:09:56:38 -0300] "GET /post-formats32-vs.png?dir=//var/spool/lpd HTTP/2.0" 200 6203 "https://modernmoocacury.com.br.contadorjoseaparecido.com/post-formats32-vs.png?dir=//var/spool" "Mozilla/5.0 AppleWebKit/537.36 (KHTML, like Gecko; compatible; GPTBot/1.3; +https://openai.com/gptbot)" modernmoocacury.com.br.contadorjoseaparecido.com 216.172.172.98
74.7.227.37 - - [14/Mar/2026:09:56:41 -0300] "GET /inline-edit-post.js?dir=//usr/lib/systemd/ntp-units.d HTTP/2.0" 200 6570 "https://modernmoocacury.com.br/inline-edit-post.js?dir=//usr/lib/systemd" "Mozilla/5.0 AppleWebKit/537.36 (KHTML, like Gecko; compatible; GPTBot/1.3; +https://openai.com/gptbot)" modernmoocacury.com.br 216.172.172.98
74.7.227.37 - - [14/Mar/2026:09:56:44 -0300] "GET /inline-edit-post.js?dir=//usr/lib/systemd/system-sleep HTTP/2.0" 200 6232 "https://modernmoocacury.com.br/inline-edit-post.js?dir=//usr/lib/systemd" "Mozilla/5.0 AppleWebKit/537.36 (KHTML, like Gecko; compatible; GPTBot/1.3; +https://openai.com/gptbot)" modernmoocacury.com.br 216.172.172.98
74.7.227.37 - - [14/Mar/2026:09:56:48 -0300] "GET /inline-edit-post.js?dir=//usr/lib/kernel/install.d HTTP/2.0" 200 7633 "https://modernmoocacury.com.br/inline-edit-post.js?dir=//usr/lib/kernel" "Mozilla/5.0 AppleWebKit/537.36 (KHTML, like Gecko; compatible; GPTBot/1.3; +https://openai.com/gptbot)" modernmoocacury.com.br 216.172.172.98
74.7.241.21 - - [14/Mar/2026:09:56:51 -0300] "GET /post-formats32-vs.png?dir=//var/spool/incron HTTP/2.0" 200 6209 "https://modernmoocacury.com.br.contadorjoseaparecido.com/post-formats32-vs.png?dir=//var/spool" "Mozilla/5.0 AppleWebKit/537.36 (KHTML, like Gecko; compatible; GPTBot/1.3; +https://openai.com/gptbot)" modernmoocacury.com.br.contadorjoseaparecido.com 216.172.172.98
