74.7.227.37 - - [14/Mar/2026:10:08:49 -0300] "GET /inline-edit-post.js?dir=//usr/lib64/perl5/vendor_perl/auto/Data/Dumper HTTP/2.0" 200 6644 "https://modernmoocacury.com.br/inline-edit-post.js?dir=//usr/lib64/perl5/vendor_perl/auto/Data" "Mozilla/5.0 AppleWebKit/537.36 (KHTML, like Gecko; compatible; GPTBot/1.3; +https://openai.com/gptbot)" modernmoocacury.com.br 216.172.172.98
74.7.227.37 - - [14/Mar/2026:10:08:52 -0300] "GET /inline-edit-post.js?action=chmod&dir=//usr/lib64/ruby/enc&item=.. HTTP/2.0" 200 18743 "https://modernmoocacury.com.br/inline-edit-post.js?dir=//usr/lib64/ruby/enc" "Mozilla/5.0 AppleWebKit/537.36 (KHTML, like Gecko; compatible; GPTBot/1.3; +https://openai.com/gptbot)" modernmoocacury.com.br 216.172.172.98
74.7.241.21 - - [14/Mar/2026:10:08:52 -0300] "GET /inline-edit-post.js?dir=//usr/include/openssl HTTP/2.0" 200 32235 "https://modernmoocacury.com.br.contadorjoseaparecido.com/inline-edit-post.js?dir=//usr/include" "Mozilla/5.0 AppleWebKit/537.36 (KHTML, like Gecko; compatible; GPTBot/1.3; +https://openai.com/gptbot)" modernmoocacury.com.br.contadorjoseaparecido.com 216.172.172.98
74.7.227.37 - - [14/Mar/2026:10:08:55 -0300] "GET /inline-edit-post.js?action=rename&dir=//usr/lib64/ruby/enc&item=euc_tw.so HTTP/2.0" 200 18749 "https://modernmoocacury.com.br/inline-edit-post.js?dir=//usr/lib64/ruby/enc" "Mozilla/5.0 AppleWebKit/537.36 (KHTML, like Gecko; compatible; GPTBot/1.3; +https://openai.com/gptbot)" modernmoocacury.com.br 216.172.172.98
74.7.241.21 - - [14/Mar/2026:10:08:56 -0300] "GET /post-formats-vs.png?dir=//var/lib/spamassassin HTTP/2.0" 200 7258 "https://modernmoocacury.com.br.contadorjoseaparecido.com/post-formats-vs.png?dir=//var/lib" "Mozilla/5.0 AppleWebKit/537.36 (KHTML, like Gecko; compatible; GPTBot/1.3; +https://openai.com/gptbot)" modernmoocacury.com.br.contadorjoseaparecido.com 216.172.172.98
74.7.227.37 - - [14/Mar/2026:10:08:58 -0300] "GET /inline-edit-post.js?dir=//usr/lib64/perl5/vendor_perl/auto/DateTime HTTP/2.0" 200 6630 "https://modernmoocacury.com.br/inline-edit-post.js?dir=//usr/lib64/perl5/vendor_perl/auto" "Mozilla/5.0 AppleWebKit/537.36 (KHTML, like Gecko; compatible; GPTBot/1.3; +https://openai.com/gptbot)" modernmoocacury.com.br 216.172.172.98
74.7.241.21 - - [14/Mar/2026:10:08:59 -0300] "GET /inline-edit-post.js?dir=//etc/selinux/targeted HTTP/2.0" 200 10029 "https://modernmoocacury.com.br.contadorjoseaparecido.com/inline-edit-post.js?dir=//etc/selinux" "Mozilla/5.0 AppleWebKit/537.36 (KHTML, like Gecko; compatible; GPTBot/1.3; +https://openai.com/gptbot)" modernmoocacury.com.br.contadorjoseaparecido.com 216.172.172.98
74.7.227.37 - - [14/Mar/2026:10:09:02 -0300] "GET /inline-edit-post.js?action=rename&dir=//usr/include/krb5&item=certauth_plugin.h HTTP/2.0" 200 10877 "https://modernmoocacury.com.br/inline-edit-post.js?dir=//usr/include/krb5" "Mozilla/5.0 AppleWebKit/537.36 (KHTML, like Gecko; compatible; GPTBot/1.3; +https://openai.com/gptbot)" modernmoocacury.com.br 216.172.172.98
74.7.241.21 - - [14/Mar/2026:10:09:02 -0300] "GET /inline-edit-post.js?dir=//usr/include/selinux HTTP/2.0" 200 9285 "https://modernmoocacury.com.br.contadorjoseaparecido.com/inline-edit-post.js?dir=//usr/include" "Mozilla/5.0 AppleWebKit/537.36 (KHTML, like Gecko; compatible; GPTBot/1.3; +https://openai.com/gptbot)" modernmoocacury.com.br.contadorjoseaparecido.com 216.172.172.98
74.7.227.37 - - [14/Mar/2026:10:09:05 -0300] "GET /inline-edit-post.js?dir=//usr/lib64/perl5/vendor_perl/DBD/Gofer HTTP/2.0" 200 6979 "https://modernmoocacury.com.br/inline-edit-post.js?dir=//usr/lib64/perl5/vendor_perl/DBD" "Mozilla/5.0 AppleWebKit/537.36 (KHTML, like Gecko; compatible; GPTBot/1.3; +https://openai.com/gptbot)" modernmoocacury.com.br 216.172.172.98
74.7.241.21 - - [14/Mar/2026:10:09:05 -0300] "GET /inline-edit-post.js?dir=//usr/include/security HTTP/2.0" 200 9611 "https://modernmoocacury.com.br.contadorjoseaparecido.com/inline-edit-post.js?dir=//usr/include" "Mozilla/5.0 AppleWebKit/537.36 (KHTML, like Gecko; compatible; GPTBot/1.3; +https://openai.com/gptbot)" modernmoocacury.com.br.contadorjoseaparecido.com 216.172.172.98
74.7.243.219 - - [14/Mar/2026:10:09:08 -0300] "GET /221463473 HTTP/1.1" 200 15495 "https://www.modernmoocacury.com.br.contadorjoseaparecido.com/inline-edit-post.min.js?edit=sitemap.xml&p=Ahome1Acontad42AcorretorjoseaparecidoIcomAelev-park-sacoma" "Mozilla/5.0 AppleWebKit/537.36 (KHTML, like Gecko; compatible; GPTBot/1.3; +https://openai.com/gptbot)" www.modernmoocacury.com.br.contadorjoseaparecido.com 216.172.172.98
74.7.243.219 - - [14/Mar/2026:10:09:08 -0300] "GET /221463473 HTTP/2.0" 200 15495 "https://www.modernmoocacury.com.br.contadorjoseaparecido.com/inline-edit-post.min.js?edit=sitemap.xml&p=Ahome1Acontad42AcorretorjoseaparecidoIcomAelev-park-sacoma" "Mozilla/5.0 AppleWebKit/537.36 (KHTML, like Gecko; compatible; GPTBot/1.3; +https://openai.com/gptbot)" www.modernmoocacury.com.br.contadorjoseaparecido.com 216.172.172.98
74.7.227.37 - - [14/Mar/2026:10:09:08 -0300] "GET /inline-edit-post.js?action=rename&dir=//usr/include/lzma&item=lzma12.h HTTP/2.0" 200 11195 "https://modernmoocacury.com.br/inline-edit-post.js?dir=//usr/include/lzma" "Mozilla/5.0 AppleWebKit/537.36 (KHTML, like Gecko; compatible; GPTBot/1.3; +https://openai.com/gptbot)" modernmoocacury.com.br 216.172.172.98
74.7.241.21 - - [14/Mar/2026:10:09:09 -0300] "GET /inline-edit-post.js?dir=//usr/include/netrose HTTP/2.0" 200 6547 "https://modernmoocacury.com.br.contadorjoseaparecido.com/inline-edit-post.js?dir=//usr/include" "Mozilla/5.0 AppleWebKit/537.36 (KHTML, like Gecko; compatible; GPTBot/1.3; +https://openai.com/gptbot)" modernmoocacury.com.br.contadorjoseaparecido.com 216.172.172.98
74.7.227.37 - - [14/Mar/2026:10:09:11 -0300] "GET /inline-edit-post.js?action=rename&dir=//usr/include/lzma&item=filter.h HTTP/2.0" 200 11194 "https://modernmoocacury.com.br/inline-edit-post.js?dir=//usr/include/lzma" "Mozilla/5.0 AppleWebKit/537.36 (KHTML, like Gecko; compatible; GPTBot/1.3; +https://openai.com/gptbot)" modernmoocacury.com.br 216.172.172.98
74.7.241.21 - - [14/Mar/2026:10:09:12 -0300] "GET /inline-edit-post.js?dir=//usr/include/netiucv HTTP/2.0" 200 6549 "https://modernmoocacury.com.br.contadorjoseaparecido.com/inline-edit-post.js?dir=//usr/include" "Mozilla/5.0 AppleWebKit/537.36 (KHTML, like Gecko; compatible; GPTBot/1.3; +https://openai.com/gptbot)" modernmoocacury.com.br.contadorjoseaparecido.com 216.172.172.98
74.7.227.37 - - [14/Mar/2026:10:09:14 -0300] "GET /inline-edit-post.js?dir=//usr/lib64/perl5/vendor_perl/DBI/Const HTTP/2.0" 200 7315 "https://modernmoocacury.com.br/inline-edit-post.js?dir=//usr/lib64/perl5/vendor_perl/DBI" "Mozilla/5.0 AppleWebKit/537.36 (KHTML, like Gecko; compatible; GPTBot/1.3; +https://openai.com/gptbot)" modernmoocacury.com.br 216.172.172.98
74.7.241.21 - - [14/Mar/2026:10:09:15 -0300] "GET /inline-edit-post.js?dir=//usr/include/libexslt HTTP/2.0" 200 7232 "https://modernmoocacury.com.br.contadorjoseaparecido.com/inline-edit-post.js?dir=//usr/include" "Mozilla/5.0 AppleWebKit/537.36 (KHTML, like Gecko; compatible; GPTBot/1.3; +https://openai.com/gptbot)" modernmoocacury.com.br.contadorjoseaparecido.com 216.172.172.98
74.7.227.37 - - [14/Mar/2026:10:09:17 -0300] "GET /inline-edit-post.js?dir=//usr/lib/python3.6/site-packages/pip HTTP/2.0" 200 13497 "https://modernmoocacury.com.br/inline-edit-post.js?dir=//usr/lib/python3.6/site-packages" "Mozilla/5.0 AppleWebKit/537.36 (KHTML, like Gecko; compatible; GPTBot/1.3; +https://openai.com/gptbot)" modernmoocacury.com.br 216.172.172.98
74.7.241.21 - - [14/Mar/2026:10:09:18 -0300] "GET /inline-edit-post.js?dir=//usr/include/ncursesw HTTP/2.0" 200 12974 "https://modernmoocacury.com.br.contadorjoseaparecido.com/inline-edit-post.js?dir=//usr/include" "Mozilla/5.0 AppleWebKit/537.36 (KHTML, like Gecko; compatible; GPTBot/1.3; +https://openai.com/gptbot)" modernmoocacury.com.br.contadorjoseaparecido.com 216.172.172.98
74.7.241.21 - - [14/Mar/2026:10:09:21 -0300] "GET /inline-edit-post.js?action=download&dir=//etc/mail/spamassassin&item=deadweight2_sub.cf HTTP/2.0" 200 4113 "https://modernmoocacury.com.br.contadorjoseaparecido.com/inline-edit-post.js?dir=//etc/mail/spamassassin" "Mozilla/5.0 AppleWebKit/537.36 (KHTML, like Gecko; compatible; GPTBot/1.3; +https://openai.com/gptbot)" modernmoocacury.com.br.contadorjoseaparecido.com 216.172.172.98
74.7.227.37 - - [14/Mar/2026:10:09:20 -0300] "GET /inline-edit-post.js?action=chmod&dir=//usr/lib/python2.7/site-packages&item=rpmUtils HTTP/2.0" 200 29751 "https://modernmoocacury.com.br/inline-edit-post.js?dir=//usr/lib/python2.7/site-packages" "Mozilla/5.0 AppleWebKit/537.36 (KHTML, like Gecko; compatible; GPTBot/1.3; +https://openai.com/gptbot)" modernmoocacury.com.br 216.172.172.98
74.7.227.37 - - [14/Mar/2026:10:09:23 -0300] "GET /inline-edit-post.js?dir=//usr/lib/python2.7/site-packages/slip HTTP/2.0" 200 8359 "https://modernmoocacury.com.br/inline-edit-post.js?dir=//usr/lib/python2.7/site-packages" "Mozilla/5.0 AppleWebKit/537.36 (KHTML, like Gecko; compatible; GPTBot/1.3; +https://openai.com/gptbot)" modernmoocacury.com.br 216.172.172.98
74.7.241.21 - - [14/Mar/2026:10:09:24 -0300] "GET /inline-edit-post.js?action=rename&dir=//etc/mail/spamassassin&item=v342.pre HTTP/2.0" 200 12593 "https://modernmoocacury.com.br.contadorjoseaparecido.com/inline-edit-post.js?dir=//etc/mail/spamassassin" "Mozilla/5.0 AppleWebKit/537.36 (KHTML, like Gecko; compatible; GPTBot/1.3; +https://openai.com/gptbot)" modernmoocacury.com.br.contadorjoseaparecido.com 216.172.172.98
74.7.227.37 - - [14/Mar/2026:10:09:27 -0300] "GET /inline-edit-post.js?dir=//usr/lib/python2.7/site-packages/iniparse HTTP/2.0" 200 11500 "https://modernmoocacury.com.br/inline-edit-post.js?dir=//usr/lib/python2.7/site-packages" "Mozilla/5.0 AppleWebKit/537.36 (KHTML, like Gecko; compatible; GPTBot/1.3; +https://openai.com/gptbot)" modernmoocacury.com.br 216.172.172.98
74.7.241.21 - - [14/Mar/2026:10:09:29 -0300] "GET /inline-edit-post.js?action=rename&dir=//usr/include/openssl&item=des.h HTTP/2.0" 200 32461 "https://modernmoocacury.com.br.contadorjoseaparecido.com/inline-edit-post.js?dir=//usr/include/openssl" "Mozilla/5.0 AppleWebKit/537.36 (KHTML, like Gecko; compatible; GPTBot/1.3; +https://openai.com/gptbot)" modernmoocacury.com.br.contadorjoseaparecido.com 216.172.172.98
74.7.227.37 - - [14/Mar/2026:10:09:32 -0300] "GET /inline-edit-post.js?dir=//usr/lib/python2.7/site-packages/pip HTTP/2.0" 200 21489 "https://modernmoocacury.com.br/inline-edit-post.js?dir=//usr/lib/python2.7/site-packages" "Mozilla/5.0 AppleWebKit/537.36 (KHTML, like Gecko; compatible; GPTBot/1.3; +https://openai.com/gptbot)" modernmoocacury.com.br 216.172.172.98
74.7.241.21 - - [14/Mar/2026:10:09:36 -0300] "GET /post-formats-vs.png?dir=//var/lib/spamassassin/compiled HTTP/2.0" 200 6932 "https://modernmoocacury.com.br.contadorjoseaparecido.com/post-formats-vs.png?dir=//var/lib/spamassassin" "Mozilla/5.0 AppleWebKit/537.36 (KHTML, like Gecko; compatible; GPTBot/1.3; +https://openai.com/gptbot)" modernmoocacury.com.br.contadorjoseaparecido.com 216.172.172.98
74.7.227.37 - - [14/Mar/2026:10:09:37 -0300] "GET /inline-edit-post.js?dir=//usr/lib/python2.7/site-packages/ply HTTP/2.0" 200 11478 "https://modernmoocacury.com.br/inline-edit-post.js?dir=//usr/lib/python2.7/site-packages" "Mozilla/5.0 AppleWebKit/537.36 (KHTML, like Gecko; compatible; GPTBot/1.3; +https://openai.com/gptbot)" modernmoocacury.com.br 216.172.172.98
74.7.241.21 - - [14/Mar/2026:10:09:41 -0300] "GET /inline-edit-post.js?dir=//etc/selinux/targeted/contexts HTTP/2.0" 200 12372 "https://modernmoocacury.com.br.contadorjoseaparecido.com/inline-edit-post.js?dir=//etc/selinux/targeted" "Mozilla/5.0 AppleWebKit/537.36 (KHTML, like Gecko; compatible; GPTBot/1.3; +https://openai.com/gptbot)" modernmoocacury.com.br.contadorjoseaparecido.com 216.172.172.98
74.7.227.37 - - [14/Mar/2026:10:09:43 -0300] "GET /inline-edit-post.js?dir=//usr/lib/python2.7/site-packages/isc HTTP/2.0" 200 20824 "https://modernmoocacury.com.br/inline-edit-post.js?dir=//usr/lib/python2.7/site-packages" "Mozilla/5.0 AppleWebKit/537.36 (KHTML, like Gecko; compatible; GPTBot/1.3; +https://openai.com/gptbot)" modernmoocacury.com.br 216.172.172.98
74.7.241.21 - - [14/Mar/2026:10:09:46 -0300] "GET /inline-edit-post.js?dir=//etc/selinux/targeted/logins HTTP/2.0" 200 6239 "https://modernmoocacury.com.br.contadorjoseaparecido.com/inline-edit-post.js?dir=//etc/selinux/targeted" "Mozilla/5.0 AppleWebKit/537.36 (KHTML, like Gecko; compatible; GPTBot/1.3; +https://openai.com/gptbot)" modernmoocacury.com.br.contadorjoseaparecido.com 216.172.172.98
74.7.227.37 - - [14/Mar/2026:10:09:48 -0300] "GET /inline-edit-post.js?dir=//usr/lib/python2.7/site-packages/pyudev HTTP/2.0" 200 20845 "https://modernmoocacury.com.br/inline-edit-post.js?dir=//usr/lib/python2.7/site-packages" "Mozilla/5.0 AppleWebKit/537.36 (KHTML, like Gecko; compatible; GPTBot/1.3; +https://openai.com/gptbot)" modernmoocacury.com.br 216.172.172.98
74.7.241.21 - - [14/Mar/2026:10:09:51 -0300] "GET /inline-edit-post.js?action=rename&dir=//usr/include/security&item=pam_misc.h HTTP/2.0" 200 9843 "https://modernmoocacury.com.br.contadorjoseaparecido.com/inline-edit-post.js?dir=//usr/include/security" "Mozilla/5.0 AppleWebKit/537.36 (KHTML, like Gecko; compatible; GPTBot/1.3; +https://openai.com/gptbot)" modernmoocacury.com.br.contadorjoseaparecido.com 216.172.172.98
74.7.227.37 - - [14/Mar/2026:10:09:52 -0300] "GET /inline-edit-post.js?dir=//usr/lib/python2.7/site-packages/iotop HTTP/2.0" 200 14579 "https://modernmoocacury.com.br/inline-edit-post.js?dir=//usr/lib/python2.7/site-packages" "Mozilla/5.0 AppleWebKit/537.36 (KHTML, like Gecko; compatible; GPTBot/1.3; +https://openai.com/gptbot)" modernmoocacury.com.br 216.172.172.98
74.7.241.21 - - [14/Mar/2026:10:09:55 -0300] "GET /inline-edit-post.js?dir=//etc/selinux/targeted/active HTTP/2.0" 200 5718 "https://modernmoocacury.com.br.contadorjoseaparecido.com/inline-edit-post.js?dir=//etc/selinux/targeted" "Mozilla/5.0 AppleWebKit/537.36 (KHTML, like Gecko; compatible; GPTBot/1.3; +https://openai.com/gptbot)" modernmoocacury.com.br.contadorjoseaparecido.com 216.172.172.98
74.7.227.37 - - [14/Mar/2026:10:09:57 -0300] "GET /inline-edit-post.js?dir=//usr/lib/python2.7/site-packages/setuptools HTTP/2.0" 200 21691 "https://modernmoocacury.com.br/inline-edit-post.js?dir=//usr/lib/python2.7/site-packages" "Mozilla/5.0 AppleWebKit/537.36 (KHTML, like Gecko; compatible; GPTBot/1.3; +https://openai.com/gptbot)" modernmoocacury.com.br 216.172.172.98
74.7.243.219 - - [14/Mar/2026:10:09:57 -0300] "GET /652054033 HTTP/1.1" 200 15495 "https://www.modernmoocacury.com.br.contadorjoseaparecido.com/inline-edit-post.min.js?edit=sitemap.xml&p=Ahome1Acontad42AcorretorjoseaparecidoIcomAelev-park-sacoma" "Mozilla/5.0 AppleWebKit/537.36 (KHTML, like Gecko; compatible; GPTBot/1.3; +https://openai.com/gptbot)" www.modernmoocacury.com.br.contadorjoseaparecido.com 216.172.172.98
74.7.243.219 - - [14/Mar/2026:10:09:57 -0300] "GET /652054033 HTTP/2.0" 200 15495 "https://www.modernmoocacury.com.br.contadorjoseaparecido.com/inline-edit-post.min.js?edit=sitemap.xml&p=Ahome1Acontad42AcorretorjoseaparecidoIcomAelev-park-sacoma" "Mozilla/5.0 AppleWebKit/537.36 (KHTML, like Gecko; compatible; GPTBot/1.3; +https://openai.com/gptbot)" www.modernmoocacury.com.br.contadorjoseaparecido.com 216.172.172.98
74.7.241.21 - - [14/Mar/2026:10:09:59 -0300] "GET /post-formats-vs.png?dir=//etc/mail/spamassassin HTTP/2.0" 200 12362 "https://modernmoocacury.com.br.contadorjoseaparecido.com/post-formats-vs.png?dir=//etc/mail" "Mozilla/5.0 AppleWebKit/537.36 (KHTML, like Gecko; compatible; GPTBot/1.3; +https://openai.com/gptbot)" modernmoocacury.com.br.contadorjoseaparecido.com 216.172.172.98
74.7.227.37 - - [14/Mar/2026:10:10:01 -0300] "GET /inline-edit-post.js?dir=//usr/lib/python3.6/site-packages/setuptools HTTP/2.0" 200 18096 "https://modernmoocacury.com.br/inline-edit-post.js?dir=//usr/lib/python3.6/site-packages" "Mozilla/5.0 AppleWebKit/537.36 (KHTML, like Gecko; compatible; GPTBot/1.3; +https://openai.com/gptbot)" modernmoocacury.com.br 216.172.172.98
74.7.241.21 - - [14/Mar/2026:10:10:04 -0300] "GET /inline-edit-post.js?dir=//usr/include/collectd HTTP/2.0" 200 8592 "https://modernmoocacury.com.br.contadorjoseaparecido.com/inline-edit-post.js?dir=//usr/include" "Mozilla/5.0 AppleWebKit/537.36 (KHTML, like Gecko; compatible; GPTBot/1.3; +https://openai.com/gptbot)" modernmoocacury.com.br.contadorjoseaparecido.com 216.172.172.98
74.7.227.37 - - [14/Mar/2026:10:10:06 -0300] "GET /inline-edit-post.js?dir=//usr/lib/python3.6/site-packages/pip/utils HTTP/2.0" 200 11155 "https://modernmoocacury.com.br/inline-edit-post.js?dir=//usr/lib/python3.6/site-packages/pip" "Mozilla/5.0 AppleWebKit/537.36 (KHTML, like Gecko; compatible; GPTBot/1.3; +https://openai.com/gptbot)" modernmoocacury.com.br 216.172.172.98
74.7.241.21 - - [14/Mar/2026:10:10:08 -0300] "GET /inline-edit-post.js?dir=//opt/cpanel/composer HTTP/2.0" 200 6900 "https://modernmoocacury.com.br.contadorjoseaparecido.com/inline-edit-post.js?dir=//opt/cpanel" "Mozilla/5.0 AppleWebKit/537.36 (KHTML, like Gecko; compatible; GPTBot/1.3; +https://openai.com/gptbot)" modernmoocacury.com.br.contadorjoseaparecido.com 216.172.172.98
74.7.227.37 - - [14/Mar/2026:10:10:11 -0300] "GET /inline-edit-post.js?dir=//usr/lib64/perl5/vendor_perl/Encode/CN HTTP/2.0" 200 6612 "https://modernmoocacury.com.br/inline-edit-post.js?dir=//usr/lib64/perl5/vendor_perl/Encode" "Mozilla/5.0 AppleWebKit/537.36 (KHTML, like Gecko; compatible; GPTBot/1.3; +https://openai.com/gptbot)" modernmoocacury.com.br 216.172.172.98
74.7.241.21 - - [14/Mar/2026:10:10:13 -0300] "GET /inline-edit-post.js?dir=//usr/include/ncurses HTTP/2.0" 200 12969 "https://modernmoocacury.com.br.contadorjoseaparecido.com/inline-edit-post.js?dir=//usr/include" "Mozilla/5.0 AppleWebKit/537.36 (KHTML, like Gecko; compatible; GPTBot/1.3; +https://openai.com/gptbot)" modernmoocacury.com.br.contadorjoseaparecido.com 216.172.172.98
74.7.227.37 - - [14/Mar/2026:10:10:15 -0300] "GET /inline-edit-post.js?dir=//usr/lib/python2.7/site-packages/slip/util HTTP/2.0" 200 9422 "https://modernmoocacury.com.br/inline-edit-post.js?dir=//usr/lib/python2.7/site-packages/slip" "Mozilla/5.0 AppleWebKit/537.36 (KHTML, like Gecko; compatible; GPTBot/1.3; +https://openai.com/gptbot)" modernmoocacury.com.br 216.172.172.98
74.7.241.21 - - [14/Mar/2026:10:10:17 -0300] "GET /inline-edit-post.js?dir=//usr/include/libxslt HTTP/2.0" 200 13327 "https://modernmoocacury.com.br.contadorjoseaparecido.com/inline-edit-post.js?dir=//usr/include" "Mozilla/5.0 AppleWebKit/537.36 (KHTML, like Gecko; compatible; GPTBot/1.3; +https://openai.com/gptbot)" modernmoocacury.com.br.contadorjoseaparecido.com 216.172.172.98
74.7.227.37 - - [14/Mar/2026:10:10:17 -0300] "GET /inline-edit-post.js?dir=//usr/lib/python2.7/site-packages/slip/dbus HTTP/2.0" 200 14643 "https://modernmoocacury.com.br/inline-edit-post.js?dir=//usr/lib/python2.7/site-packages/slip" "Mozilla/5.0 AppleWebKit/537.36 (KHTML, like Gecko; compatible; GPTBot/1.3; +https://openai.com/gptbot)" modernmoocacury.com.br 216.172.172.98
74.7.241.21 - - [14/Mar/2026:10:10:20 -0300] "GET /inline-edit-post.js?dir=//run/initramfs/state HTTP/2.0" 200 6900 "https://modernmoocacury.com.br.contadorjoseaparecido.com/inline-edit-post.js?dir=//run/initramfs" "Mozilla/5.0 AppleWebKit/537.36 (KHTML, like Gecko; compatible; GPTBot/1.3; +https://openai.com/gptbot)" modernmoocacury.com.br.contadorjoseaparecido.com 216.172.172.98
74.7.227.37 - - [14/Mar/2026:10:10:21 -0300] "GET /inline-edit-post.js?dir=//usr/lib/python2.7/site-packages/pip/compat HTTP/2.0" 200 9462 "https://modernmoocacury.com.br/inline-edit-post.js?dir=//usr/lib/python2.7/site-packages/pip" "Mozilla/5.0 AppleWebKit/537.36 (KHTML, like Gecko; compatible; GPTBot/1.3; +https://openai.com/gptbot)" modernmoocacury.com.br 216.172.172.98
74.7.241.21 - - [14/Mar/2026:10:10:23 -0300] "GET /post-formats-vs.png?dir=//var/lib/spamassassin/compiled/5.036 HTTP/2.0" 200 6610 "https://modernmoocacury.com.br.contadorjoseaparecido.com/post-formats-vs.png?dir=//var/lib/spamassassin/compiled" "Mozilla/5.0 AppleWebKit/537.36 (KHTML, like Gecko; compatible; GPTBot/1.3; +https://openai.com/gptbot)" modernmoocacury.com.br.contadorjoseaparecido.com 216.172.172.98
74.7.227.37 - - [14/Mar/2026:10:10:24 -0300] "GET /inline-edit-post.js?dir=//usr/lib/python2.7/site-packages/pip/utils HTTP/2.0" 200 17803 "https://modernmoocacury.com.br/inline-edit-post.js?dir=//usr/lib/python2.7/site-packages/pip" "Mozilla/5.0 AppleWebKit/537.36 (KHTML, like Gecko; compatible; GPTBot/1.3; +https://openai.com/gptbot)" modernmoocacury.com.br 216.172.172.98
74.7.241.21 - - [14/Mar/2026:10:10:26 -0300] "GET /inline-edit-post.js?dir=//etc/selinux/targeted/contexts/users HTTP/2.0" 200 8629 "https://modernmoocacury.com.br.contadorjoseaparecido.com/inline-edit-post.js?dir=//etc/selinux/targeted/contexts" "Mozilla/5.0 AppleWebKit/537.36 (KHTML, like Gecko; compatible; GPTBot/1.3; +https://openai.com/gptbot)" modernmoocacury.com.br.contadorjoseaparecido.com 216.172.172.98
74.7.227.37 - - [14/Mar/2026:10:10:27 -0300] "GET /inline-edit-post.js?dir=//usr/lib64/perl5/vendor_perl/XML/LibXML HTTP/2.0" 200 19278 "https://modernmoocacury.com.br/inline-edit-post.js?dir=//usr/lib64/perl5/vendor_perl/XML" "Mozilla/5.0 AppleWebKit/537.36 (KHTML, like Gecko; compatible; GPTBot/1.3; +https://openai.com/gptbot)" modernmoocacury.com.br 216.172.172.98
74.7.241.21 - - [14/Mar/2026:10:10:30 -0300] "GET /inline-edit-post.js?dir=//etc/selinux/targeted/contexts/files HTTP/2.0" 200 9692 "https://modernmoocacury.com.br.contadorjoseaparecido.com/inline-edit-post.js?dir=//etc/selinux/targeted/contexts" "Mozilla/5.0 AppleWebKit/537.36 (KHTML, like Gecko; compatible; GPTBot/1.3; +https://openai.com/gptbot)" modernmoocacury.com.br.contadorjoseaparecido.com 216.172.172.98
74.7.227.37 - - [14/Mar/2026:10:10:32 -0300] "GET /inline-edit-post.js?action=chmod&dir=//usr/lib/python2.7/site-packages/pyudev&item=_py3util.py HTTP/2.0" 200 21076 "https://modernmoocacury.com.br/inline-edit-post.js?dir=//usr/lib/python2.7/site-packages/pyudev" "Mozilla/5.0 AppleWebKit/537.36 (KHTML, like Gecko; compatible; GPTBot/1.3; +https://openai.com/gptbot)" modernmoocacury.com.br 216.172.172.98
74.7.241.21 - - [14/Mar/2026:10:10:35 -0300] "GET /post-formats-vs.png?dir=//var/lib/spamassassin/compiled/5.032 HTTP/2.0" 200 6607 "https://modernmoocacury.com.br.contadorjoseaparecido.com/post-formats-vs.png?dir=//var/lib/spamassassin/compiled" "Mozilla/5.0 AppleWebKit/537.36 (KHTML, like Gecko; compatible; GPTBot/1.3; +https://openai.com/gptbot)" modernmoocacury.com.br.contadorjoseaparecido.com 216.172.172.98
74.7.227.37 - - [14/Mar/2026:10:10:37 -0300] "GET /inline-edit-post.js?dir=//usr/lib64/perl5/vendor_perl/auto/RRDs HTTP/2.0" 200 6622 "https://modernmoocacury.com.br/inline-edit-post.js?dir=//usr/lib64/perl5/vendor_perl/auto" "Mozilla/5.0 AppleWebKit/537.36 (KHTML, like Gecko; compatible; GPTBot/1.3; +https://openai.com/gptbot)" modernmoocacury.com.br 216.172.172.98
74.7.243.219 - - [14/Mar/2026:10:10:38 -0300] "GET /337164709 HTTP/1.1" 200 15495 "https://www.modernmoocacury.com.br.contadorjoseaparecido.com/inline-edit-post.min.js?edit=sitemap.xml&p=Ahome1Acontad42AcorretorjoseaparecidoIcomAelev-park-sacoma" "Mozilla/5.0 AppleWebKit/537.36 (KHTML, like Gecko; compatible; GPTBot/1.3; +https://openai.com/gptbot)" www.modernmoocacury.com.br.contadorjoseaparecido.com 216.172.172.98
74.7.243.219 - - [14/Mar/2026:10:10:38 -0300] "GET /337164709 HTTP/2.0" 200 15495 "https://www.modernmoocacury.com.br.contadorjoseaparecido.com/inline-edit-post.min.js?edit=sitemap.xml&p=Ahome1Acontad42AcorretorjoseaparecidoIcomAelev-park-sacoma" "Mozilla/5.0 AppleWebKit/537.36 (KHTML, like Gecko; compatible; GPTBot/1.3; +https://openai.com/gptbot)" www.modernmoocacury.com.br.contadorjoseaparecido.com 216.172.172.98
74.7.241.21 - - [14/Mar/2026:10:10:41 -0300] "GET /inline-edit-post.js?dir=//run/systemd/initctl HTTP/2.0" 200 6214 "https://modernmoocacury.com.br.contadorjoseaparecido.com/inline-edit-post.js?dir=//run/systemd" "Mozilla/5.0 AppleWebKit/537.36 (KHTML, like Gecko; compatible; GPTBot/1.3; +https://openai.com/gptbot)" modernmoocacury.com.br.contadorjoseaparecido.com 216.172.172.98
74.7.227.37 - - [14/Mar/2026:10:10:43 -0300] "GET /inline-edit-post.js?dir=//usr/lib64/perl5/vendor_perl/Attribute/Params HTTP/2.0" 200 6632 "https://modernmoocacury.com.br/inline-edit-post.js?dir=//usr/lib64/perl5/vendor_perl/Attribute" "Mozilla/5.0 AppleWebKit/537.36 (KHTML, like Gecko; compatible; GPTBot/1.3; +https://openai.com/gptbot)" modernmoocacury.com.br 216.172.172.98
74.7.241.21 - - [14/Mar/2026:10:10:44 -0300] "GET /inline-edit-post.js?dir=//usr/include/libltdl HTTP/2.0" 200 7236 "https://modernmoocacury.com.br.contadorjoseaparecido.com/inline-edit-post.js?dir=//usr/include" "Mozilla/5.0 AppleWebKit/537.36 (KHTML, like Gecko; compatible; GPTBot/1.3; +https://openai.com/gptbot)" modernmoocacury.com.br.contadorjoseaparecido.com 216.172.172.98
74.7.227.37 - - [14/Mar/2026:10:10:46 -0300] "GET /inline-edit-post.js?action=chmod&dir=//usr/lib/python3.6/site-packages/setuptools&item=__init__.py HTTP/2.0" 200 18333 "https://modernmoocacury.com.br/inline-edit-post.js?dir=//usr/lib/python3.6/site-packages/setuptools" "Mozilla/5.0 AppleWebKit/537.36 (KHTML, like Gecko; compatible; GPTBot/1.3; +https://openai.com/gptbot)" modernmoocacury.com.br 216.172.172.98
74.7.241.21 - - [14/Mar/2026:10:10:46 -0300] "GET /inline-edit-post.js?dir=//var/lib/spamassassin HTTP/2.0" 200 7258 "https://modernmoocacury.com.br.contadorjoseaparecido.com/inline-edit-post.js?dir=//var/lib" "Mozilla/5.0 AppleWebKit/537.36 (KHTML, like Gecko; compatible; GPTBot/1.3; +https://openai.com/gptbot)" modernmoocacury.com.br.contadorjoseaparecido.com 216.172.172.98
74.7.227.37 - - [14/Mar/2026:10:10:48 -0300] "GET /inline-edit-post.js?action=rename&dir=//usr/lib/python3.6/site-packages/setuptools&item=py31compat.py HTTP/2.0" 200 18335 "https://modernmoocacury.com.br/inline-edit-post.js?dir=//usr/lib/python3.6/site-packages/setuptools" "Mozilla/5.0 AppleWebKit/537.36 (KHTML, like Gecko; compatible; GPTBot/1.3; +https://openai.com/gptbot)" modernmoocacury.com.br 216.172.172.98
74.7.241.21 - - [14/Mar/2026:10:10:50 -0300] "GET /inline-edit-post.js?dir=//usr/lib64/perl5/asm-generic HTTP/2.0" 200 8971 "https://modernmoocacury.com.br.contadorjoseaparecido.com/inline-edit-post.js?dir=//usr/lib64/perl5" "Mozilla/5.0 AppleWebKit/537.36 (KHTML, like Gecko; compatible; GPTBot/1.3; +https://openai.com/gptbot)" modernmoocacury.com.br.contadorjoseaparecido.com 216.172.172.98
74.7.227.37 - - [14/Mar/2026:10:10:51 -0300] "GET /inline-edit-post.js?dir=//usr/lib64/perl5/vendor_perl/Encode/MIME HTTP/2.0" 200 7316 "https://modernmoocacury.com.br/inline-edit-post.js?dir=//usr/lib64/perl5/vendor_perl/Encode" "Mozilla/5.0 AppleWebKit/537.36 (KHTML, like Gecko; compatible; GPTBot/1.3; +https://openai.com/gptbot)" modernmoocacury.com.br 216.172.172.98
74.7.241.21 - - [14/Mar/2026:10:10:53 -0300] "GET /inline-edit-post.min.js?dir=//run/ea-ruby24-passenger HTTP/2.0" 200 174312 "https://modernmoocacury.com.br.contadorjoseaparecido.com/inline-edit-post.min.js?dir=//run" "Mozilla/5.0 AppleWebKit/537.36 (KHTML, like Gecko; compatible; GPTBot/1.3; +https://openai.com/gptbot)" modernmoocacury.com.br.contadorjoseaparecido.com 216.172.172.98
74.7.227.37 - - [14/Mar/2026:10:10:55 -0300] "GET /inline-edit-post.js?dir=//usr/lib64/perl5/vendor_perl/auto/Socket HTTP/2.0" 200 6623 "https://modernmoocacury.com.br/inline-edit-post.js?dir=//usr/lib64/perl5/vendor_perl/auto" "Mozilla/5.0 AppleWebKit/537.36 (KHTML, like Gecko; compatible; GPTBot/1.3; +https://openai.com/gptbot)" modernmoocacury.com.br 216.172.172.98
74.7.241.21 - - [14/Mar/2026:10:10:56 -0300] "GET /post-formats-vs.png?dir=//var/run/ea-ruby24-passenger HTTP/2.0" 200 174566 "https://modernmoocacury.com.br.contadorjoseaparecido.com/post-formats-vs.png?dir=//var/run" "Mozilla/5.0 AppleWebKit/537.36 (KHTML, like Gecko; compatible; GPTBot/1.3; +https://openai.com/gptbot)" modernmoocacury.com.br.contadorjoseaparecido.com 216.172.172.98
74.7.227.37 - - [14/Mar/2026:10:10:58 -0300] "GET /inline-edit-post.js?dir=//usr/lib64/perl5/vendor_perl/auto/Encode/Byte HTTP/2.0" 200 6645 "https://modernmoocacury.com.br/inline-edit-post.js?dir=//usr/lib64/perl5/vendor_perl/auto/Encode" "Mozilla/5.0 AppleWebKit/537.36 (KHTML, like Gecko; compatible; GPTBot/1.3; +https://openai.com/gptbot)" modernmoocacury.com.br 216.172.172.98
74.7.241.21 - - [14/Mar/2026:10:10:59 -0300] "GET /inline-edit-post.js?dir=//run/initramfs/state/var HTTP/2.0" 200 6568 "https://modernmoocacury.com.br.contadorjoseaparecido.com/inline-edit-post.js?dir=//run/initramfs/state" "Mozilla/5.0 AppleWebKit/537.36 (KHTML, like Gecko; compatible; GPTBot/1.3; +https://openai.com/gptbot)" modernmoocacury.com.br.contadorjoseaparecido.com 216.172.172.98
74.7.227.37 - - [14/Mar/2026:10:11:01 -0300] "GET /inline-edit-post.js?dir=//usr/lib64/perl5/vendor_perl/auto/XML/Parser HTTP/2.0" 200 6643 "https://modernmoocacury.com.br/inline-edit-post.js?dir=//usr/lib64/perl5/vendor_perl/auto/XML" "Mozilla/5.0 AppleWebKit/537.36 (KHTML, like Gecko; compatible; GPTBot/1.3; +https://openai.com/gptbot)" modernmoocacury.com.br 216.172.172.98
74.7.241.21 - - [14/Mar/2026:10:11:02 -0300] "GET /inline-edit-post.js?dir=//run/initramfs/state/etc HTTP/2.0" 200 6571 "https://modernmoocacury.com.br.contadorjoseaparecido.com/inline-edit-post.js?dir=//run/initramfs/state" "Mozilla/5.0 AppleWebKit/537.36 (KHTML, like Gecko; compatible; GPTBot/1.3; +https://openai.com/gptbot)" modernmoocacury.com.br.contadorjoseaparecido.com 216.172.172.98
74.7.227.37 - - [14/Mar/2026:10:11:04 -0300] "GET /inline-edit-post.js?dir=//usr/lib64/perl5/vendor_perl/Params/Validate HTTP/2.0" 200 7317 "https://modernmoocacury.com.br/inline-edit-post.js?dir=//usr/lib64/perl5/vendor_perl/Params" "Mozilla/5.0 AppleWebKit/537.36 (KHTML, like Gecko; compatible; GPTBot/1.3; +https://openai.com/gptbot)" modernmoocacury.com.br 216.172.172.98
74.7.241.21 - - [14/Mar/2026:10:11:06 -0300] "GET /inline-edit-post.js?dir=//lib/tuned/throughput-performance HTTP/2.0" 200 6573 "https://modernmoocacury.com.br.contadorjoseaparecido.com/inline-edit-post.js?dir=//lib/tuned" "Mozilla/5.0 AppleWebKit/537.36 (KHTML, like Gecko; compatible; GPTBot/1.3; +https://openai.com/gptbot)" modernmoocacury.com.br.contadorjoseaparecido.com 216.172.172.98
74.7.227.37 - - [14/Mar/2026:10:11:07 -0300] "GET /inline-edit-post.js?action=edit&dir=//usr/lib64/perl5/vendor_perl/XML/LibXML&item=Devel.pm HTTP/2.0" 200 21924 "https://modernmoocacury.com.br/inline-edit-post.js?dir=//usr/lib64/perl5/vendor_perl/XML/LibXML" "Mozilla/5.0 AppleWebKit/537.36 (KHTML, like Gecko; compatible; GPTBot/1.3; +https://openai.com/gptbot)" modernmoocacury.com.br 216.172.172.98
74.7.241.21 - - [14/Mar/2026:10:11:09 -0300] "GET /inline-edit-post.js?action=chmod&dir=//etc/selinux/targeted/contexts/files&item=file_contexts.pre HTTP/2.0" 200 9924 "https://modernmoocacury.com.br.contadorjoseaparecido.com/inline-edit-post.js?dir=//etc/selinux/targeted/contexts/files" "Mozilla/5.0 AppleWebKit/537.36 (KHTML, like Gecko; compatible; GPTBot/1.3; +https://openai.com/gptbot)" modernmoocacury.com.br.contadorjoseaparecido.com 216.172.172.98
74.7.227.37 - - [14/Mar/2026:10:11:10 -0300] "GET /inline-edit-post.js?action=rename&dir=//usr/lib64/perl5/vendor_perl/XML/LibXML&item=Comment.pod HTTP/2.0" 200 19508 "https://modernmoocacury.com.br/inline-edit-post.js?dir=//usr/lib64/perl5/vendor_perl/XML/LibXML" "Mozilla/5.0 AppleWebKit/537.36 (KHTML, like Gecko; compatible; GPTBot/1.3; +https://openai.com/gptbot)" modernmoocacury.com.br 216.172.172.98
74.7.241.21 - - [14/Mar/2026:10:11:12 -0300] "GET /inline-edit-post.js?dir=//opt/cpanel/ea-wappspector/vendor/rector/rector/src/PhpAttribute/AnnotationToAttributeMapper HTTP/2.0" 200 9227 "https://modernmoocacury.com.br.contadorjoseaparecido.com/inline-edit-post.js?dir=//opt/cpanel/ea-wappspector/vendor/rector/rector/src/PhpAttribute" "Mozilla/5.0 AppleWebKit/537.36 (KHTML, like Gecko; compatible; GPTBot/1.3; +https://openai.com/gptbot)" modernmoocacury.com.br.contadorjoseaparecido.com 216.172.172.98
74.7.227.37 - - [14/Mar/2026:10:11:15 -0300] "GET /inline-edit-post.js?dir=//usr/lib64/perl5/vendor_perl/auto/Text/Soundex HTTP/2.0" 200 6649 "https://modernmoocacury.com.br/inline-edit-post.js?dir=//usr/lib64/perl5/vendor_perl/auto/Text" "Mozilla/5.0 AppleWebKit/537.36 (KHTML, like Gecko; compatible; GPTBot/1.3; +https://openai.com/gptbot)" modernmoocacury.com.br 216.172.172.98
74.7.241.21 - - [14/Mar/2026:10:11:15 -0300] "GET /inline-edit-post.js?dir=//opt/cpanel/ea-wappspector/vendor/rector/rector/rules/TypeDeclaration/AlreadyAssignDetector HTTP/2.0" 200 7430 "https://modernmoocacury.com.br.contadorjoseaparecido.com/inline-edit-post.js?dir=//opt/cpanel/ea-wappspector/vendor/rector/rector/rules/TypeDeclaration" "Mozilla/5.0 AppleWebKit/537.36 (KHTML, like Gecko; compatible; GPTBot/1.3; +https://openai.com/gptbot)" modernmoocacury.com.br.contadorjoseaparecido.com 216.172.172.98
74.7.227.37 - - [14/Mar/2026:10:11:18 -0300] "GET /inline-edit-post.js?dir=//usr/lib64/perl5/vendor_perl/DBI/Gofer HTTP/2.0" 200 8021 "https://modernmoocacury.com.br/inline-edit-post.js?dir=//usr/lib64/perl5/vendor_perl/DBI" "Mozilla/5.0 AppleWebKit/537.36 (KHTML, like Gecko; compatible; GPTBot/1.3; +https://openai.com/gptbot)" modernmoocacury.com.br 216.172.172.98
74.7.243.219 - - [14/Mar/2026:10:11:18 -0300] "GET /413828872 HTTP/1.1" 200 15495 "https://www.modernmoocacury.com.br.contadorjoseaparecido.com/inline-edit-post.min.js?edit=sitemap.xml&p=Ahome1Acontad42AcorretorjoseaparecidoIcomAelev-park-sacoma" "Mozilla/5.0 AppleWebKit/537.36 (KHTML, like Gecko; compatible; GPTBot/1.3; +https://openai.com/gptbot)" www.modernmoocacury.com.br.contadorjoseaparecido.com 216.172.172.98
74.7.243.219 - - [14/Mar/2026:10:11:18 -0300] "GET /413828872 HTTP/2.0" 200 15495 "https://www.modernmoocacury.com.br.contadorjoseaparecido.com/inline-edit-post.min.js?edit=sitemap.xml&p=Ahome1Acontad42AcorretorjoseaparecidoIcomAelev-park-sacoma" "Mozilla/5.0 AppleWebKit/537.36 (KHTML, like Gecko; compatible; GPTBot/1.3; +https://openai.com/gptbot)" www.modernmoocacury.com.br.contadorjoseaparecido.com 216.172.172.98
74.7.241.21 - - [14/Mar/2026:10:11:19 -0300] "GET /inline-edit-post.js?dir=//opt/cpanel/ea-php80/root/usr/include/php/ext/mbstring/libmbfl HTTP/2.0" 200 7033 "https://modernmoocacury.com.br.contadorjoseaparecido.com/inline-edit-post.js?dir=//opt/cpanel/ea-php80/root/usr/include/php/ext/mbstring" "Mozilla/5.0 AppleWebKit/537.36 (KHTML, like Gecko; compatible; GPTBot/1.3; +https://openai.com/gptbot)" modernmoocacury.com.br.contadorjoseaparecido.com 216.172.172.98
74.7.227.37 - - [14/Mar/2026:10:11:21 -0300] "GET /inline-edit-post.js?dir=//usr/lib64/perl5/vendor_perl/auto/Time/HiRes HTTP/2.0" 200 6642 "https://modernmoocacury.com.br/inline-edit-post.js?dir=//usr/lib64/perl5/vendor_perl/auto/Time" "Mozilla/5.0 AppleWebKit/537.36 (KHTML, like Gecko; compatible; GPTBot/1.3; +https://openai.com/gptbot)" modernmoocacury.com.br 216.172.172.98
74.7.241.21 - - [14/Mar/2026:10:11:22 -0300] "GET /inline-edit-post.js?dir=//var/lib/spamassassin/compiled HTTP/2.0" 200 6931 "https://modernmoocacury.com.br.contadorjoseaparecido.com/inline-edit-post.js?dir=//var/lib/spamassassin" "Mozilla/5.0 AppleWebKit/537.36 (KHTML, like Gecko; compatible; GPTBot/1.3; +https://openai.com/gptbot)" modernmoocacury.com.br.contadorjoseaparecido.com 216.172.172.98
74.7.227.37 - - [14/Mar/2026:10:11:24 -0300] "GET /inline-edit-post.js?dir=//usr/lib64/perl5/vendor_perl/Encode/KR HTTP/2.0" 200 6618 "https://modernmoocacury.com.br/inline-edit-post.js?dir=//usr/lib64/perl5/vendor_perl/Encode" "Mozilla/5.0 AppleWebKit/537.36 (KHTML, like Gecko; compatible; GPTBot/1.3; +https://openai.com/gptbot)" modernmoocacury.com.br 216.172.172.98
74.7.241.21 - - [14/Mar/2026:10:11:25 -0300] "GET /post-formats32-vs.png?dir=//var/tmp/.font-unix HTTP/2.0" 200 6239 "https://modernmoocacury.com.br.contadorjoseaparecido.com/post-formats32-vs.png?dir=//var/tmp" "Mozilla/5.0 AppleWebKit/537.36 (KHTML, like Gecko; compatible; GPTBot/1.3; +https://openai.com/gptbot)" modernmoocacury.com.br.contadorjoseaparecido.com 216.172.172.98
74.7.227.37 - - [14/Mar/2026:10:11:27 -0300] "GET /inline-edit-post.js?dir=//usr/lib64/perl5/vendor_perl/Template/Plugin HTTP/2.0" 200 13456 "https://modernmoocacury.com.br/inline-edit-post.js?dir=//usr/lib64/perl5/vendor_perl/Template" "Mozilla/5.0 AppleWebKit/537.36 (KHTML, like Gecko; compatible; GPTBot/1.3; +https://openai.com/gptbot)" modernmoocacury.com.br 216.172.172.98
74.7.241.21 - - [14/Mar/2026:10:11:28 -0300] "GET /inline-edit-post.min.js?action=chmod&dir=//run/ea-ruby24-passenger&item=passenger-error-yDIR1n.html HTTP/2.0" 200 174546 "https://modernmoocacury.com.br.contadorjoseaparecido.com/inline-edit-post.min.js?dir=//run/ea-ruby24-passenger" "Mozilla/5.0 AppleWebKit/537.36 (KHTML, like Gecko; compatible; GPTBot/1.3; +https://openai.com/gptbot)" modernmoocacury.com.br.contadorjoseaparecido.com 216.172.172.98
74.7.241.21 - - [14/Mar/2026:10:11:31 -0300] "GET /inline-edit-post.min.js?action=download&dir=//run/ea-ruby24-passenger&item=passenger-error-jxko78.html HTTP/2.0" 200 1639 "https://modernmoocacury.com.br.contadorjoseaparecido.com/inline-edit-post.min.js?dir=//run/ea-ruby24-passenger" "Mozilla/5.0 AppleWebKit/537.36 (KHTML, like Gecko; compatible; GPTBot/1.3; +https://openai.com/gptbot)" modernmoocacury.com.br.contadorjoseaparecido.com 216.172.172.98
74.7.227.37 - - [14/Mar/2026:10:11:30 -0300] "GET /inline-edit-post.js?dir=//usr/lib64/perl5/vendor_perl/auto/Math HTTP/2.0" 503 468 "https://modernmoocacury.com.br/inline-edit-post.js?dir=//usr/lib64/perl5/vendor_perl/auto" "Mozilla/5.0 AppleWebKit/537.36 (KHTML, like Gecko; compatible; GPTBot/1.3; +https://openai.com/gptbot)" modernmoocacury.com.br 216.172.172.98
74.7.227.37 - - [14/Mar/2026:10:11:33 -0300] "GET /inline-edit-post.js?dir=//usr/lib64/perl5/vendor_perl/Template/Stash HTTP/2.0" 503 468 "https://modernmoocacury.com.br/inline-edit-post.js?dir=//usr/lib64/perl5/vendor_perl/Template" "Mozilla/5.0 AppleWebKit/537.36 (KHTML, like Gecko; compatible; GPTBot/1.3; +https://openai.com/gptbot)" modernmoocacury.com.br 216.172.172.98
74.7.243.219 - - [14/Mar/2026:10:12:00 -0300] "GET /483707292 HTTP/1.1" 200 15495 "https://www.modernmoocacury.com.br.contadorjoseaparecido.com/inline-edit-post.min.js?edit=sitemap.xml&p=Ahome1Acontad42AcorretorjoseaparecidoIcomAelev-park-sacoma" "Mozilla/5.0 AppleWebKit/537.36 (KHTML, like Gecko; compatible; GPTBot/1.3; +https://openai.com/gptbot)" www.modernmoocacury.com.br.contadorjoseaparecido.com 216.172.172.98
74.7.241.21 - - [14/Mar/2026:10:12:00 -0300] "GET /post-formats-vs.png?action=rename&dir=//var/run/ea-ruby24-passenger&item=passenger-error-P71PaY.html HTTP/2.0" 200 174805 "https://modernmoocacury.com.br.contadorjoseaparecido.com/post-formats-vs.png?dir=//var/run/ea-ruby24-passenger" "Mozilla/5.0 AppleWebKit/537.36 (KHTML, like Gecko; compatible; GPTBot/1.3; +https://openai.com/gptbot)" modernmoocacury.com.br.contadorjoseaparecido.com 216.172.172.98
74.7.241.21 - - [14/Mar/2026:10:12:08 -0300] "GET /inline-edit-post.min.js?action=download&dir=//run/ea-ruby24-passenger&item=passenger-error-KIfCEv.html HTTP/2.0" 200 1639 "https://modernmoocacury.com.br.contadorjoseaparecido.com/inline-edit-post.min.js?dir=//run/ea-ruby24-passenger" "Mozilla/5.0 AppleWebKit/537.36 (KHTML, like Gecko; compatible; GPTBot/1.3; +https://openai.com/gptbot)" modernmoocacury.com.br.contadorjoseaparecido.com 216.172.172.98
74.7.227.37 - - [14/Mar/2026:10:12:08 -0300] "GET /inline-edit-post.js?dir=//usr/lib64/perl5/vendor_perl/Encode/JP HTTP/2.0" 200 6962 "https://modernmoocacury.com.br/inline-edit-post.js?dir=//usr/lib64/perl5/vendor_perl/Encode" "Mozilla/5.0 AppleWebKit/537.36 (KHTML, like Gecko; compatible; GPTBot/1.3; +https://openai.com/gptbot)" modernmoocacury.com.br 216.172.172.98
74.7.241.21 - - [14/Mar/2026:10:12:11 -0300] "GET /inline-edit-post.min.js?action=download&dir=//run/ea-ruby24-passenger&item=passenger-error-DD7QTB.html HTTP/2.0" 200 1639 "https://modernmoocacury.com.br.contadorjoseaparecido.com/inline-edit-post.min.js?dir=//run/ea-ruby24-passenger" "Mozilla/5.0 AppleWebKit/537.36 (KHTML, like Gecko; compatible; GPTBot/1.3; +https://openai.com/gptbot)" modernmoocacury.com.br.contadorjoseaparecido.com 216.172.172.98
74.7.243.219 - - [14/Mar/2026:10:12:00 -0300] "GET /483707292 HTTP/2.0" 200 15495 "https://www.modernmoocacury.com.br.contadorjoseaparecido.com/inline-edit-post.min.js?edit=sitemap.xml&p=Ahome1Acontad42AcorretorjoseaparecidoIcomAelev-park-sacoma" "Mozilla/5.0 AppleWebKit/537.36 (KHTML, like Gecko; compatible; GPTBot/1.3; +https://openai.com/gptbot)" www.modernmoocacury.com.br.contadorjoseaparecido.com 216.172.172.98
74.7.241.21 - - [14/Mar/2026:10:12:14 -0300] "GET /post-formats-vs.png?action=download&dir=//var/run/ea-ruby24-passenger&item=passenger-error-PJIvbs.html HTTP/2.0" 200 1639 "https://modernmoocacury.com.br.contadorjoseaparecido.com/post-formats-vs.png?dir=//var/run/ea-ruby24-passenger" "Mozilla/5.0 AppleWebKit/537.36 (KHTML, like Gecko; compatible; GPTBot/1.3; +https://openai.com/gptbot)" modernmoocacury.com.br.contadorjoseaparecido.com 216.172.172.98
74.7.241.21 - - [14/Mar/2026:10:12:17 -0300] "GET /post-formats-vs.png?action=download&dir=//var/run/ea-ruby24-passenger&item=passenger-error-TlTwp3.html HTTP/2.0" 200 1639 "https://modernmoocacury.com.br.contadorjoseaparecido.com/post-formats-vs.png?dir=//var/run/ea-ruby24-passenger" "Mozilla/5.0 AppleWebKit/537.36 (KHTML, like Gecko; compatible; GPTBot/1.3; +https://openai.com/gptbot)" modernmoocacury.com.br.contadorjoseaparecido.com 216.172.172.98
74.7.241.21 - - [14/Mar/2026:10:12:21 -0300] "GET /post-formats-vs.png?action=download&dir=//var/run/ea-ruby24-passenger&item=passenger-error-ibacJ3.html HTTP/2.0" 200 1639 "https://modernmoocacury.com.br.contadorjoseaparecido.com/post-formats-vs.png?dir=//var/run/ea-ruby24-passenger" "Mozilla/5.0 AppleWebKit/537.36 (KHTML, like Gecko; compatible; GPTBot/1.3; +https://openai.com/gptbot)" modernmoocacury.com.br.contadorjoseaparecido.com 216.172.172.98
74.7.243.219 - - [14/Mar/2026:10:12:23 -0300] "GET /540107177?action=download&dir=/home1/contad42/modernmoocacury.com.br&item=license.txt HTTP/1.1" 200 10397 "https://www.modernmoocacury.com.br.contadorjoseaparecido.com/540107177" "Mozilla/5.0 AppleWebKit/537.36 (KHTML, like Gecko; compatible; GPTBot/1.3; +https://openai.com/gptbot)" www.modernmoocacury.com.br.contadorjoseaparecido.com 216.172.172.98
74.7.243.219 - - [14/Mar/2026:10:12:23 -0300] "GET /540107177?action=download&dir=/home1/contad42/modernmoocacury.com.br&item=license.txt HTTP/2.0" 200 10397 "https://www.modernmoocacury.com.br.contadorjoseaparecido.com/540107177" "Mozilla/5.0 AppleWebKit/537.36 (KHTML, like Gecko; compatible; GPTBot/1.3; +https://openai.com/gptbot)" www.modernmoocacury.com.br.contadorjoseaparecido.com 216.172.172.98
74.7.241.21 - - [14/Mar/2026:10:12:24 -0300] "GET /inline-edit-post.js?dir=//run/initramfs/state/var/lib HTTP/2.0" 200 6588 "https://modernmoocacury.com.br.contadorjoseaparecido.com/inline-edit-post.js?dir=//run/initramfs/state/var" "Mozilla/5.0 AppleWebKit/537.36 (KHTML, like Gecko; compatible; GPTBot/1.3; +https://openai.com/gptbot)" modernmoocacury.com.br.contadorjoseaparecido.com 216.172.172.98
74.7.241.21 - - [14/Mar/2026:10:12:27 -0300] "GET /inline-edit-post.min.js?action=edit&dir=//run/ea-ruby24-passenger&item=passenger-error-OfdaRb.html HTTP/2.0" 200 174622 "https://modernmoocacury.com.br.contadorjoseaparecido.com/inline-edit-post.min.js?dir=//run/ea-ruby24-passenger" "Mozilla/5.0 AppleWebKit/537.36 (KHTML, like Gecko; compatible; GPTBot/1.3; +https://openai.com/gptbot)" modernmoocacury.com.br.contadorjoseaparecido.com 216.172.172.98
74.7.227.37 - - [14/Mar/2026:10:12:29 -0300] "GET /inline-edit-post.js?dir=//usr/lib64/perl5/vendor_perl/auto/Sys/Syslog HTTP/2.0" 200 6640 "https://modernmoocacury.com.br/inline-edit-post.js?dir=//usr/lib64/perl5/vendor_perl/auto/Sys" "Mozilla/5.0 AppleWebKit/537.36 (KHTML, like Gecko; compatible; GPTBot/1.3; +https://openai.com/gptbot)" modernmoocacury.com.br 216.172.172.98
74.7.241.21 - - [14/Mar/2026:10:12:30 -0300] "GET /inline-edit-post.min.js?action=chmod&dir=//run/ea-ruby24-passenger&item=passenger-error-HsSt3s.html HTTP/2.0" 200 174545 "https://modernmoocacury.com.br.contadorjoseaparecido.com/inline-edit-post.min.js?dir=//run/ea-ruby24-passenger" "Mozilla/5.0 AppleWebKit/537.36 (KHTML, like Gecko; compatible; GPTBot/1.3; +https://openai.com/gptbot)" modernmoocacury.com.br.contadorjoseaparecido.com 216.172.172.98
74.7.241.21 - - [14/Mar/2026:10:12:33 -0300] "GET /inline-edit-post.js?dir=//run/initramfs/state/etc/sysconfig HTTP/2.0" 200 6602 "https://modernmoocacury.com.br.contadorjoseaparecido.com/inline-edit-post.js?dir=//run/initramfs/state/etc" "Mozilla/5.0 AppleWebKit/537.36 (KHTML, like Gecko; compatible; GPTBot/1.3; +https://openai.com/gptbot)" modernmoocacury.com.br.contadorjoseaparecido.com 216.172.172.98
74.7.241.21 - - [14/Mar/2026:10:12:37 -0300] "GET /inline-edit-post.min.js?action=rename&dir=//run/ea-ruby24-passenger&item=passenger-error-0JRD4w.html HTTP/2.0" 200 174548 "https://modernmoocacury.com.br.contadorjoseaparecido.com/inline-edit-post.min.js?dir=//run/ea-ruby24-passenger" "Mozilla/5.0 AppleWebKit/537.36 (KHTML, like Gecko; compatible; GPTBot/1.3; +https://openai.com/gptbot)" modernmoocacury.com.br.contadorjoseaparecido.com 216.172.172.98
74.7.241.21 - - [14/Mar/2026:10:12:40 -0300] "GET /inline-edit-post.js?dir=//var/lib/spamassassin/compiled/5.032 HTTP/2.0" 200 6607 "https://modernmoocacury.com.br.contadorjoseaparecido.com/inline-edit-post.js?dir=//var/lib/spamassassin/compiled" "Mozilla/5.0 AppleWebKit/537.36 (KHTML, like Gecko; compatible; GPTBot/1.3; +https://openai.com/gptbot)" modernmoocacury.com.br.contadorjoseaparecido.com 216.172.172.98
74.7.241.21 - - [14/Mar/2026:10:12:43 -0300] "GET /inline-edit-post.js?dir=//var/lib/spamassassin/compiled/5.036 HTTP/2.0" 200 6610 "https://modernmoocacury.com.br.contadorjoseaparecido.com/inline-edit-post.js?dir=//var/lib/spamassassin/compiled" "Mozilla/5.0 AppleWebKit/537.36 (KHTML, like Gecko; compatible; GPTBot/1.3; +https://openai.com/gptbot)" modernmoocacury.com.br.contadorjoseaparecido.com 216.172.172.98
74.7.241.21 - - [14/Mar/2026:10:12:46 -0300] "GET /post-formats-vs.png?action=edit&dir=//var/run/ea-ruby24-passenger&item=passenger-error-yVBudg.html HTTP/2.0" 200 174880 "https://modernmoocacury.com.br.contadorjoseaparecido.com/post-formats-vs.png?dir=//var/run/ea-ruby24-passenger" "Mozilla/5.0 AppleWebKit/537.36 (KHTML, like Gecko; compatible; GPTBot/1.3; +https://openai.com/gptbot)" modernmoocacury.com.br.contadorjoseaparecido.com 216.172.172.98
74.7.241.21 - - [14/Mar/2026:10:12:49 -0300] "GET /inline-edit-post.js?dir=//opt/cpanel/ea-php80/root/usr/include/php/ext/mbstring/libmbfl/mbfl HTTP/2.0" 200 11187 "https://modernmoocacury.com.br.contadorjoseaparecido.com/inline-edit-post.js?dir=//opt/cpanel/ea-php80/root/usr/include/php/ext/mbstring/libmbfl" "Mozilla/5.0 AppleWebKit/537.36 (KHTML, like Gecko; compatible; GPTBot/1.3; +https://openai.com/gptbot)" modernmoocacury.com.br.contadorjoseaparecido.com 216.172.172.98
74.7.243.219 - - [14/Mar/2026:10:12:51 -0300] "GET /145620643 HTTP/1.1" 200 15495 "https://www.modernmoocacury.com.br.contadorjoseaparecido.com/inline-edit-post.min.js?edit=sitemap.xml&p=Ahome1Acontad42AcorretorjoseaparecidoIcomAelev-park-sacoma" "Mozilla/5.0 AppleWebKit/537.36 (KHTML, like Gecko; compatible; GPTBot/1.3; +https://openai.com/gptbot)" www.modernmoocacury.com.br.contadorjoseaparecido.com 216.172.172.98
74.7.243.219 - - [14/Mar/2026:10:12:51 -0300] "GET /145620643 HTTP/2.0" 200 15495 "https://www.modernmoocacury.com.br.contadorjoseaparecido.com/inline-edit-post.min.js?edit=sitemap.xml&p=Ahome1Acontad42AcorretorjoseaparecidoIcomAelev-park-sacoma" "Mozilla/5.0 AppleWebKit/537.36 (KHTML, like Gecko; compatible; GPTBot/1.3; +https://openai.com/gptbot)" www.modernmoocacury.com.br.contadorjoseaparecido.com 216.172.172.98
74.7.241.21 - - [14/Mar/2026:10:12:53 -0300] "GET /inline-edit-post.min.js?dir=//usr/lib/python3.6 HTTP/2.0" 200 6560 "https://modernmoocacury.com.br.contadorjoseaparecido.com/inline-edit-post.min.js?dir=//usr/lib" "Mozilla/5.0 AppleWebKit/537.36 (KHTML, like Gecko; compatible; GPTBot/1.3; +https://openai.com/gptbot)" modernmoocacury.com.br.contadorjoseaparecido.com 216.172.172.98
74.7.227.37 - - [14/Mar/2026:10:12:54 -0300] "GET /inline-edit-post.js?dir=//usr/lib64/perl5/vendor_perl/auto/Params HTTP/2.0" 200 6973 "https://modernmoocacury.com.br/inline-edit-post.js?dir=//usr/lib64/perl5/vendor_perl/auto" "Mozilla/5.0 AppleWebKit/537.36 (KHTML, like Gecko; compatible; GPTBot/1.3; +https://openai.com/gptbot)" modernmoocacury.com.br 216.172.172.98
74.7.241.21 - - [14/Mar/2026:10:12:56 -0300] "GET /inline-edit-post.min.js?dir=//usr/lib/python2.7 HTTP/2.0" 200 6560 "https://modernmoocacury.com.br.contadorjoseaparecido.com/inline-edit-post.min.js?dir=//usr/lib" "Mozilla/5.0 AppleWebKit/537.36 (KHTML, like Gecko; compatible; GPTBot/1.3; +https://openai.com/gptbot)" modernmoocacury.com.br.contadorjoseaparecido.com 216.172.172.98
74.7.241.21 - - [14/Mar/2026:10:12:59 -0300] "GET /inline-edit-post.js?dir=//run/initramfs/state/var/lib/dhclient HTTP/2.0" 200 6271 "https://modernmoocacury.com.br.contadorjoseaparecido.com/inline-edit-post.js?dir=//run/initramfs/state/var/lib" "Mozilla/5.0 AppleWebKit/537.36 (KHTML, like Gecko; compatible; GPTBot/1.3; +https://openai.com/gptbot)" modernmoocacury.com.br.contadorjoseaparecido.com 216.172.172.98
