74.7.227.37 - - [14/Mar/2026:10:39:05 -0300] "GET /post-formats-vs.png?dir=//opt/cpanel/ea-wappspector/vendor/rector/rector/templates/custom-rule/utils/rector/tests/Rector HTTP/2.0" 200 6745 "https://modernmoocacury.com.br/post-formats-vs.png?dir=//opt/cpanel/ea-wappspector/vendor/rector/rector/templates/custom-rule/utils/rector/tests" "Mozilla/5.0 AppleWebKit/537.36 (KHTML, like Gecko; compatible; GPTBot/1.3; +https://openai.com/gptbot)" modernmoocacury.com.br 216.172.172.98
74.7.241.21 - - [14/Mar/2026:10:39:08 -0300] "GET /post-formats32.png?dir=//usr/lib/binfmt.d HTTP/2.0" 200 6210 "https://modernmoocacury.com.br.contadorjoseaparecido.com/post-formats32.png?dir=//usr/lib" "Mozilla/5.0 AppleWebKit/537.36 (KHTML, like Gecko; compatible; GPTBot/1.3; +https://openai.com/gptbot)" modernmoocacury.com.br.contadorjoseaparecido.com 216.172.172.98
74.7.241.21 - - [14/Mar/2026:10:39:12 -0300] "GET /post-formats-vs.png?dir=//lib/debug/lib HTTP/2.0" 200 6196 "https://modernmoocacury.com.br.contadorjoseaparecido.com/post-formats-vs.png?dir=//lib/debug" "Mozilla/5.0 AppleWebKit/537.36 (KHTML, like Gecko; compatible; GPTBot/1.3; +https://openai.com/gptbot)" modernmoocacury.com.br.contadorjoseaparecido.com 216.172.172.98
74.7.241.21 - - [14/Mar/2026:10:39:15 -0300] "GET /post-formats-vs.png?dir=//lib/debug/usr HTTP/2.0" 200 7583 "https://modernmoocacury.com.br.contadorjoseaparecido.com/post-formats-vs.png?dir=//lib/debug" "Mozilla/5.0 AppleWebKit/537.36 (KHTML, like Gecko; compatible; GPTBot/1.3; +https://openai.com/gptbot)" modernmoocacury.com.br.contadorjoseaparecido.com 216.172.172.98
74.7.227.37 - - [14/Mar/2026:10:39:15 -0300] "GET /inline-edit-post.min.js?dir=//opt/cpanel/ea-wappspector/vendor/rector/rector/templates/custom-rules-annotations/utils/rector/tests/Rector HTTP/2.0" 200 6763 "https://modernmoocacury.com.br/inline-edit-post.min.js?dir=//opt/cpanel/ea-wappspector/vendor/rector/rector/templates/custom-rules-annotations/utils/rector/tests" "Mozilla/5.0 AppleWebKit/537.36 (KHTML, like Gecko; compatible; GPTBot/1.3; +https://openai.com/gptbot)" modernmoocacury.com.br 216.172.172.98
74.7.241.21 - - [14/Mar/2026:10:39:18 -0300] "GET /post-formats-vs.png?dir=//lib/debug/bin HTTP/2.0" 200 6205 "https://modernmoocacury.com.br.contadorjoseaparecido.com/post-formats-vs.png?dir=//lib/debug" "Mozilla/5.0 AppleWebKit/537.36 (KHTML, like Gecko; compatible; GPTBot/1.3; +https://openai.com/gptbot)" modernmoocacury.com.br.contadorjoseaparecido.com 216.172.172.98
74.7.241.21 - - [14/Mar/2026:10:39:21 -0300] "GET /post-formats-vs.png?dir=//lib/exim/bin HTTP/2.0" 200 7949 "https://modernmoocacury.com.br.contadorjoseaparecido.com/post-formats-vs.png?dir=//lib/exim" "Mozilla/5.0 AppleWebKit/537.36 (KHTML, like Gecko; compatible; GPTBot/1.3; +https://openai.com/gptbot)" modernmoocacury.com.br.contadorjoseaparecido.com 216.172.172.98
74.7.241.21 - - [14/Mar/2026:10:39:24 -0300] "GET /post-formats-vs.png?action=rename&dir=//lib/udev&item=accelerometer HTTP/2.0" 200 12034 "https://modernmoocacury.com.br.contadorjoseaparecido.com/post-formats-vs.png?dir=//lib/udev" "Mozilla/5.0 AppleWebKit/537.36 (KHTML, like Gecko; compatible; GPTBot/1.3; +https://openai.com/gptbot)" modernmoocacury.com.br.contadorjoseaparecido.com 216.172.172.98
74.7.227.37 - - [14/Mar/2026:10:39:24 -0300] "GET /post-formats-vs.png?dir=//opt/cpanel/ea-wappspector/vendor/rector/rector/vendor/phpstan/phpdoc-parser/src/Ast/PhpDoc/Doctrine HTTP/2.0" 200 8163 "https://modernmoocacury.com.br/post-formats-vs.png?dir=//opt/cpanel/ea-wappspector/vendor/rector/rector/vendor/phpstan/phpdoc-parser/src/Ast/PhpDoc" "Mozilla/5.0 AppleWebKit/537.36 (KHTML, like Gecko; compatible; GPTBot/1.3; +https://openai.com/gptbot)" modernmoocacury.com.br 216.172.172.98
74.7.241.21 - - [14/Mar/2026:10:39:27 -0300] "GET /post-formats-vs.png?dir=//lib/rpm/macros.d HTTP/2.0" 200 7230 "https://modernmoocacury.com.br.contadorjoseaparecido.com/post-formats-vs.png?dir=//lib/rpm" "Mozilla/5.0 AppleWebKit/537.36 (KHTML, like Gecko; compatible; GPTBot/1.3; +https://openai.com/gptbot)" modernmoocacury.com.br.contadorjoseaparecido.com 216.172.172.98
74.7.241.21 - - [14/Mar/2026:10:39:30 -0300] "GET /post-formats-vs.png?dir=//lib/rpm/redhat HTTP/2.0" 200 16564 "https://modernmoocacury.com.br.contadorjoseaparecido.com/post-formats-vs.png?dir=//lib/rpm" "Mozilla/5.0 AppleWebKit/537.36 (KHTML, like Gecko; compatible; GPTBot/1.3; +https://openai.com/gptbot)" modernmoocacury.com.br.contadorjoseaparecido.com 216.172.172.98
74.7.227.37 - - [14/Mar/2026:10:39:32 -0300] "GET /inline-edit-post.js?dir=//opt/cpanel/ea-wappspector/vendor/rector/rector/templates/custom-rule/utils/rector/tests/Rector/__Name__ HTTP/2.0" 200 7478 "https://modernmoocacury.com.br/inline-edit-post.js?dir=//opt/cpanel/ea-wappspector/vendor/rector/rector/templates/custom-rule/utils/rector/tests/Rector" "Mozilla/5.0 AppleWebKit/537.36 (KHTML, like Gecko; compatible; GPTBot/1.3; +https://openai.com/gptbot)" modernmoocacury.com.br 216.172.172.98
74.7.241.21 - - [14/Mar/2026:10:39:33 -0300] "GET /post-formats-vs.png?dir=//lib/debug/sbin HTTP/2.0" 200 6207 "https://modernmoocacury.com.br.contadorjoseaparecido.com/post-formats-vs.png?dir=//lib/debug" "Mozilla/5.0 AppleWebKit/537.36 (KHTML, like Gecko; compatible; GPTBot/1.3; +https://openai.com/gptbot)" modernmoocacury.com.br.contadorjoseaparecido.com 216.172.172.98
74.7.241.21 - - [14/Mar/2026:10:39:37 -0300] "GET /post-formats-vs.png?dir=//lib/udev/rules.d HTTP/2.0" 200 23203 "https://modernmoocacury.com.br.contadorjoseaparecido.com/post-formats-vs.png?dir=//lib/udev" "Mozilla/5.0 AppleWebKit/537.36 (KHTML, like Gecko; compatible; GPTBot/1.3; +https://openai.com/gptbot)" modernmoocacury.com.br.contadorjoseaparecido.com 216.172.172.98
74.7.227.37 - - [14/Mar/2026:10:39:39 -0300] "GET /inline-edit-post.min.js?dir=//opt/cpanel/ea-wappspector/vendor/rector/rector/vendor/composer/semver/src/Constraint HTTP/2.0" 200 8460 "https://modernmoocacury.com.br/inline-edit-post.min.js?dir=//opt/cpanel/ea-wappspector/vendor/rector/rector/vendor/composer/semver/src" "Mozilla/5.0 AppleWebKit/537.36 (KHTML, like Gecko; compatible; GPTBot/1.3; +https://openai.com/gptbot)" modernmoocacury.com.br 216.172.172.98
74.7.241.21 - - [14/Mar/2026:10:39:40 -0300] "GET /post-formats-vs.png?dir=//lib/kbd/unimaps HTTP/2.0" 200 27543 "https://modernmoocacury.com.br.contadorjoseaparecido.com/post-formats-vs.png?dir=//lib/kbd" "Mozilla/5.0 AppleWebKit/537.36 (KHTML, like Gecko; compatible; GPTBot/1.3; +https://openai.com/gptbot)" modernmoocacury.com.br.contadorjoseaparecido.com 216.172.172.98
74.7.241.21 - - [14/Mar/2026:10:39:43 -0300] "GET /post-formats-vs.png?dir=//lib/rpm/platform HTTP/2.0" 200 24393 "https://modernmoocacury.com.br.contadorjoseaparecido.com/post-formats-vs.png?dir=//lib/rpm" "Mozilla/5.0 AppleWebKit/537.36 (KHTML, like Gecko; compatible; GPTBot/1.3; +https://openai.com/gptbot)" modernmoocacury.com.br.contadorjoseaparecido.com 216.172.172.98
74.7.243.219 - - [14/Mar/2026:10:39:44 -0300] "GET /post-formats-vs.png?dir=//backup1/cpbackup/seed/icombr HTTP/2.0" 200 5721 "https://www.modernmoocacury.com.br.contadorjoseaparecido.com/post-formats-vs.png?action=chmod&dir=//backup1/cpbackup/seed&item=jfvev679" "Mozilla/5.0 AppleWebKit/537.36 (KHTML, like Gecko; compatible; GPTBot/1.3; +https://openai.com/gptbot)" www.modernmoocacury.com.br.contadorjoseaparecido.com 216.172.172.98
74.7.241.21 - - [14/Mar/2026:10:39:46 -0300] "GET /post-formats32.png?dir=//usr/lib/kbd HTTP/2.0" 200 7595 "https://modernmoocacury.com.br.contadorjoseaparecido.com/post-formats32.png?dir=//usr/lib" "Mozilla/5.0 AppleWebKit/537.36 (KHTML, like Gecko; compatible; GPTBot/1.3; +https://openai.com/gptbot)" modernmoocacury.com.br.contadorjoseaparecido.com 216.172.172.98
74.7.227.37 - - [14/Mar/2026:10:39:46 -0300] "GET /post-formats-vs.png?dir=//opt/cpanel/ea-wappspector/vendor/rector/rector/vendor/phpstan/phpdoc-parser/src/Ast/NodeVisitor HTTP/2.0" 200 6745 "https://modernmoocacury.com.br/post-formats-vs.png?dir=//opt/cpanel/ea-wappspector/vendor/rector/rector/vendor/phpstan/phpdoc-parser/src/Ast" "Mozilla/5.0 AppleWebKit/537.36 (KHTML, like Gecko; compatible; GPTBot/1.3; +https://openai.com/gptbot)" modernmoocacury.com.br 216.172.172.98
74.7.241.21 - - [14/Mar/2026:10:39:49 -0300] "GET /post-formats-vs.png?dir=//lib/debug/usr/lib HTTP/2.0" 200 6212 "https://modernmoocacury.com.br.contadorjoseaparecido.com/post-formats-vs.png?dir=//lib/debug/usr" "Mozilla/5.0 AppleWebKit/537.36 (KHTML, like Gecko; compatible; GPTBot/1.3; +https://openai.com/gptbot)" modernmoocacury.com.br.contadorjoseaparecido.com 216.172.172.98
74.7.227.37 - - [14/Mar/2026:10:39:52 -0300] "GET /inline-edit-post.min.js?dir=//opt/cpanel/ea-wappspector/vendor/rector/rector/vendor/doctrine/inflector/lib/Doctrine/Inflector HTTP/2.0" 200 9883 "https://modernmoocacury.com.br/inline-edit-post.min.js?dir=//opt/cpanel/ea-wappspector/vendor/rector/rector/vendor/doctrine/inflector/lib/Doctrine" "Mozilla/5.0 AppleWebKit/537.36 (KHTML, like Gecko; compatible; GPTBot/1.3; +https://openai.com/gptbot)" modernmoocacury.com.br 216.172.172.98
74.7.241.21 - - [14/Mar/2026:10:39:52 -0300] "GET /post-formats-vs.png?dir=//lib/debug/usr/sbin HTTP/2.0" 200 6223 "https://modernmoocacury.com.br.contadorjoseaparecido.com/post-formats-vs.png?dir=//lib/debug/usr" "Mozilla/5.0 AppleWebKit/537.36 (KHTML, like Gecko; compatible; GPTBot/1.3; +https://openai.com/gptbot)" modernmoocacury.com.br.contadorjoseaparecido.com 216.172.172.98
74.7.241.21 - - [14/Mar/2026:10:39:55 -0300] "GET /post-formats-vs.png?dir=//lib/debug/usr/bin HTTP/2.0" 200 6221 "https://modernmoocacury.com.br.contadorjoseaparecido.com/post-formats-vs.png?dir=//lib/debug/usr" "Mozilla/5.0 AppleWebKit/537.36 (KHTML, like Gecko; compatible; GPTBot/1.3; +https://openai.com/gptbot)" modernmoocacury.com.br.contadorjoseaparecido.com 216.172.172.98
74.7.227.37 - - [14/Mar/2026:10:39:57 -0300] "GET /inline-edit-post.min.js?dir=//opt/cpanel/ea-wappspector/vendor/rector/rector/vendor/illuminate/contracts/Process HTTP/2.0" 200 7060 "https://modernmoocacury.com.br/inline-edit-post.min.js?dir=//opt/cpanel/ea-wappspector/vendor/rector/rector/vendor/illuminate/contracts" "Mozilla/5.0 AppleWebKit/537.36 (KHTML, like Gecko; compatible; GPTBot/1.3; +https://openai.com/gptbot)" modernmoocacury.com.br 216.172.172.98
74.7.241.21 - - [14/Mar/2026:10:39:58 -0300] "GET /post-formats32.png?dir=//usr/lib/gcc HTTP/2.0" 200 6551 "https://modernmoocacury.com.br.contadorjoseaparecido.com/post-formats32.png?dir=//usr/lib" "Mozilla/5.0 AppleWebKit/537.36 (KHTML, like Gecko; compatible; GPTBot/1.3; +https://openai.com/gptbot)" modernmoocacury.com.br.contadorjoseaparecido.com 216.172.172.98
74.7.241.21 - - [14/Mar/2026:10:40:02 -0300] "GET /post-formats-vs.png?dir=//lib/gems/ruby HTTP/2.0" 200 6206 "https://modernmoocacury.com.br.contadorjoseaparecido.com/post-formats-vs.png?dir=//lib/gems" "Mozilla/5.0 AppleWebKit/537.36 (KHTML, like Gecko; compatible; GPTBot/1.3; +https://openai.com/gptbot)" modernmoocacury.com.br.contadorjoseaparecido.com 216.172.172.98
74.7.227.37 - - [14/Mar/2026:10:40:02 -0300] "GET /post-formats-vs.png?dir=//opt/cpanel/ea-wappspector/vendor/rector/rector/vendor/composer/semver/src/Constraint HTTP/2.0" 200 8460 "https://modernmoocacury.com.br/post-formats-vs.png?dir=//opt/cpanel/ea-wappspector/vendor/rector/rector/vendor/composer/semver/src" "Mozilla/5.0 AppleWebKit/537.36 (KHTML, like Gecko; compatible; GPTBot/1.3; +https://openai.com/gptbot)" modernmoocacury.com.br 216.172.172.98
74.7.241.21 - - [14/Mar/2026:10:40:05 -0300] "GET /post-formats-vs.png?dir=//lib/rpm/redhat/find-provides.d HTTP/2.0" 200 6934 "https://modernmoocacury.com.br.contadorjoseaparecido.com/post-formats-vs.png?dir=//lib/rpm/redhat" "Mozilla/5.0 AppleWebKit/537.36 (KHTML, like Gecko; compatible; GPTBot/1.3; +https://openai.com/gptbot)" modernmoocacury.com.br.contadorjoseaparecido.com 216.172.172.98
74.7.227.37 - - [14/Mar/2026:10:40:07 -0300] "GET /post-formats-vs.png?dir=//opt/cpanel/ea-wappspector/vendor/rector/rector/vendor/phpstan/phpdoc-parser/src/Printer HTTP/2.0" 200 7414 "https://modernmoocacury.com.br/post-formats-vs.png?dir=//opt/cpanel/ea-wappspector/vendor/rector/rector/vendor/phpstan/phpdoc-parser/src" "Mozilla/5.0 AppleWebKit/537.36 (KHTML, like Gecko; compatible; GPTBot/1.3; +https://openai.com/gptbot)" modernmoocacury.com.br 216.172.172.98
74.7.241.21 - - [14/Mar/2026:10:40:08 -0300] "GET /post-formats32.png?dir=//lib/rpm/platform/sparc64-linux HTTP/2.0" 200 6576 "https://modernmoocacury.com.br.contadorjoseaparecido.com/post-formats32.png?dir=//lib/rpm/platform" "Mozilla/5.0 AppleWebKit/537.36 (KHTML, like Gecko; compatible; GPTBot/1.3; +https://openai.com/gptbot)" modernmoocacury.com.br.contadorjoseaparecido.com 216.172.172.98
74.7.227.37 - - [14/Mar/2026:10:40:10 -0300] "GET /inline-edit-post.js?dir=//opt/cpanel/ea-wappspector/vendor/rector/rector/vendor/illuminate/contracts/Console HTTP/2.0" 200 7765 "https://modernmoocacury.com.br/inline-edit-post.js?dir=//opt/cpanel/ea-wappspector/vendor/rector/rector/vendor/illuminate/contracts" "Mozilla/5.0 AppleWebKit/537.36 (KHTML, like Gecko; compatible; GPTBot/1.3; +https://openai.com/gptbot)" modernmoocacury.com.br 216.172.172.98
74.7.241.21 - - [14/Mar/2026:10:40:11 -0300] "GET /post-formats32.png?dir=//lib/rpm/platform/aarch64-linux HTTP/2.0" 200 6577 "https://modernmoocacury.com.br.contadorjoseaparecido.com/post-formats32.png?dir=//lib/rpm/platform" "Mozilla/5.0 AppleWebKit/537.36 (KHTML, like Gecko; compatible; GPTBot/1.3; +https://openai.com/gptbot)" modernmoocacury.com.br.contadorjoseaparecido.com 216.172.172.98
74.7.227.37 - - [14/Mar/2026:10:40:14 -0300] "GET /post-formats-vs.png?dir=//opt/cpanel/ea-wappspector/vendor/rector/rector/templates/custom-rule/utils/rector/tests/Rector/__Name__ HTTP/2.0" 200 7480 "https://modernmoocacury.com.br/post-formats-vs.png?dir=//opt/cpanel/ea-wappspector/vendor/rector/rector/templates/custom-rule/utils/rector/tests/Rector" "Mozilla/5.0 AppleWebKit/537.36 (KHTML, like Gecko; compatible; GPTBot/1.3; +https://openai.com/gptbot)" modernmoocacury.com.br 216.172.172.98
74.7.241.21 - - [14/Mar/2026:10:40:14 -0300] "GET /post-formats32.png?dir=//lib/rpm/platform/ppc64le-linux HTTP/2.0" 200 6576 "https://modernmoocacury.com.br.contadorjoseaparecido.com/post-formats32.png?dir=//lib/rpm/platform" "Mozilla/5.0 AppleWebKit/537.36 (KHTML, like Gecko; compatible; GPTBot/1.3; +https://openai.com/gptbot)" modernmoocacury.com.br.contadorjoseaparecido.com 216.172.172.98
74.7.227.37 - - [14/Mar/2026:10:40:17 -0300] "GET /inline-edit-post.min.js?dir=//opt/cpanel/ea-wappspector/vendor/rector/rector/templates/custom-rules-annotations/utils/rector/tests/Rector/__Name__ HTTP/2.0" 200 6789 "https://modernmoocacury.com.br/inline-edit-post.min.js?dir=//opt/cpanel/ea-wappspector/vendor/rector/rector/templates/custom-rules-annotations/utils/rector/tests/Rector" "Mozilla/5.0 AppleWebKit/537.36 (KHTML, like Gecko; compatible; GPTBot/1.3; +https://openai.com/gptbot)" modernmoocacury.com.br 216.172.172.98
74.7.241.21 - - [14/Mar/2026:10:40:17 -0300] "GET /post-formats-vs.png?dir=//lib/rpm/platform/armv7l-linux HTTP/2.0" 200 6574 "https://modernmoocacury.com.br.contadorjoseaparecido.com/post-formats-vs.png?dir=//lib/rpm/platform" "Mozilla/5.0 AppleWebKit/537.36 (KHTML, like Gecko; compatible; GPTBot/1.3; +https://openai.com/gptbot)" modernmoocacury.com.br.contadorjoseaparecido.com 216.172.172.98
74.7.243.219 - - [14/Mar/2026:10:40:20 -0300] "GET /inline-edit-post.js?dir=//etc/rwtab.d HTTP/2.0" 200 7197 "https://www.modernmoocacury.com.br.contadorjoseaparecido.com/inline-edit-post.js?dir=//etc" "Mozilla/5.0 AppleWebKit/537.36 (KHTML, like Gecko; compatible; GPTBot/1.3; +https://openai.com/gptbot)" www.modernmoocacury.com.br.contadorjoseaparecido.com 216.172.172.98
74.7.227.37 - - [14/Mar/2026:10:40:20 -0300] "GET /inline-edit-post.js?dir=//opt/cpanel/ea-wappspector/vendor/rector/rector/vendor/illuminate/contracts/Cookie HTTP/2.0" 200 7050 "https://modernmoocacury.com.br/inline-edit-post.js?dir=//opt/cpanel/ea-wappspector/vendor/rector/rector/vendor/illuminate/contracts" "Mozilla/5.0 AppleWebKit/537.36 (KHTML, like Gecko; compatible; GPTBot/1.3; +https://openai.com/gptbot)" modernmoocacury.com.br 216.172.172.98
74.7.241.21 - - [14/Mar/2026:10:40:21 -0300] "GET /post-formats-vs.png?dir=//lib/rpm/platform/armv3l-linux HTTP/2.0" 200 6575 "https://modernmoocacury.com.br.contadorjoseaparecido.com/post-formats-vs.png?dir=//lib/rpm/platform" "Mozilla/5.0 AppleWebKit/537.36 (KHTML, like Gecko; compatible; GPTBot/1.3; +https://openai.com/gptbot)" modernmoocacury.com.br.contadorjoseaparecido.com 216.172.172.98
74.7.241.21 - - [14/Mar/2026:10:40:24 -0300] "GET /post-formats-vs.png?dir=//lib/rpm/platform/armv6l-linux HTTP/2.0" 200 6575 "https://modernmoocacury.com.br.contadorjoseaparecido.com/post-formats-vs.png?dir=//lib/rpm/platform" "Mozilla/5.0 AppleWebKit/537.36 (KHTML, like Gecko; compatible; GPTBot/1.3; +https://openai.com/gptbot)" modernmoocacury.com.br.contadorjoseaparecido.com 216.172.172.98
74.7.227.37 - - [14/Mar/2026:10:40:23 -0300] "GET /inline-edit-post.min.js?dir=//opt/cpanel/ea-wappspector/vendor/rector/rector/vendor/phpstan/phpdoc-parser/src/Ast/NodeVisitor HTTP/2.0" 200 6745 "https://modernmoocacury.com.br/inline-edit-post.min.js?dir=//opt/cpanel/ea-wappspector/vendor/rector/rector/vendor/phpstan/phpdoc-parser/src/Ast" "Mozilla/5.0 AppleWebKit/537.36 (KHTML, like Gecko; compatible; GPTBot/1.3; +https://openai.com/gptbot)" modernmoocacury.com.br 216.172.172.98
74.7.227.37 - - [14/Mar/2026:10:40:26 -0300] "GET /post-formats-vs.png?dir=//opt/cpanel/ea-wappspector/vendor/rector/rector/vendor/symplify/rule-doc-generator-contracts/src/Contract HTTP/2.0" 200 8170 "https://modernmoocacury.com.br/post-formats-vs.png?dir=//opt/cpanel/ea-wappspector/vendor/rector/rector/vendor/symplify/rule-doc-generator-contracts/src" "Mozilla/5.0 AppleWebKit/537.36 (KHTML, like Gecko; compatible; GPTBot/1.3; +https://openai.com/gptbot)" modernmoocacury.com.br 216.172.172.98
74.7.241.21 - - [14/Mar/2026:10:40:27 -0300] "GET /post-formats-vs.png?dir=//lib/rpm/platform/armv4l-linux HTTP/2.0" 200 6575 "https://modernmoocacury.com.br.contadorjoseaparecido.com/post-formats-vs.png?dir=//lib/rpm/platform" "Mozilla/5.0 AppleWebKit/537.36 (KHTML, like Gecko; compatible; GPTBot/1.3; +https://openai.com/gptbot)" modernmoocacury.com.br.contadorjoseaparecido.com 216.172.172.98
74.7.227.37 - - [14/Mar/2026:10:40:29 -0300] "GET /inline-edit-post.js?dir=//opt/cpanel/ea-wappspector/vendor/rector/rector/vendor/doctrine/inflector/lib/Doctrine HTTP/2.0" 200 6705 "https://modernmoocacury.com.br/inline-edit-post.js?dir=//opt/cpanel/ea-wappspector/vendor/rector/rector/vendor/doctrine/inflector/lib" "Mozilla/5.0 AppleWebKit/537.36 (KHTML, like Gecko; compatible; GPTBot/1.3; +https://openai.com/gptbot)" modernmoocacury.com.br 216.172.172.98
74.7.241.21 - - [14/Mar/2026:10:40:30 -0300] "GET /post-formats-vs.png?dir=//lib/rpm/platform/armv5tejl-linux HTTP/2.0" 200 6582 "https://modernmoocacury.com.br.contadorjoseaparecido.com/post-formats-vs.png?dir=//lib/rpm/platform" "Mozilla/5.0 AppleWebKit/537.36 (KHTML, like Gecko; compatible; GPTBot/1.3; +https://openai.com/gptbot)" modernmoocacury.com.br.contadorjoseaparecido.com 216.172.172.98
74.7.227.37 - - [14/Mar/2026:10:40:32 -0300] "GET /inline-edit-post.min.js?dir=//opt/cpanel/ea-wappspector/vendor/rector/rector/vendor/doctrine/inflector/lib/Doctrine/Inflector/Rules HTTP/2.0" 200 11289 "https://modernmoocacury.com.br/inline-edit-post.min.js?dir=//opt/cpanel/ea-wappspector/vendor/rector/rector/vendor/doctrine/inflector/lib/Doctrine/Inflector" "Mozilla/5.0 AppleWebKit/537.36 (KHTML, like Gecko; compatible; GPTBot/1.3; +https://openai.com/gptbot)" modernmoocacury.com.br 216.172.172.98
74.7.241.21 - - [14/Mar/2026:10:40:33 -0300] "GET /post-formats-vs.png?dir=//lib/rpm/platform/sparcv8-linux HTTP/2.0" 200 6575 "https://modernmoocacury.com.br.contadorjoseaparecido.com/post-formats-vs.png?dir=//lib/rpm/platform" "Mozilla/5.0 AppleWebKit/537.36 (KHTML, like Gecko; compatible; GPTBot/1.3; +https://openai.com/gptbot)" modernmoocacury.com.br.contadorjoseaparecido.com 216.172.172.98
74.7.227.37 - - [14/Mar/2026:10:40:36 -0300] "GET /inline-edit-post.min.js?dir=//opt/cpanel/ea-wappspector/vendor/rector/rector/src/PhpDocParser/PhpDocParser HTTP/2.0" 200 8108 "https://modernmoocacury.com.br/inline-edit-post.min.js?dir=//opt/cpanel/ea-wappspector/vendor/rector/rector/src/PhpDocParser" "Mozilla/5.0 AppleWebKit/537.36 (KHTML, like Gecko; compatible; GPTBot/1.3; +https://openai.com/gptbot)" modernmoocacury.com.br 216.172.172.98
74.7.241.21 - - [14/Mar/2026:10:40:36 -0300] "GET /post-formats-vs.png?dir=//lib/rpm/platform/armv7hnl-linux HTTP/2.0" 200 6578 "https://modernmoocacury.com.br.contadorjoseaparecido.com/post-formats-vs.png?dir=//lib/rpm/platform" "Mozilla/5.0 AppleWebKit/537.36 (KHTML, like Gecko; compatible; GPTBot/1.3; +https://openai.com/gptbot)" modernmoocacury.com.br.contadorjoseaparecido.com 216.172.172.98
74.7.227.37 - - [14/Mar/2026:10:40:39 -0300] "GET /post-formats-vs.png?dir=//opt/cpanel/ea-wappspector/vendor/rector/rector/vendor/doctrine/inflector/lib/Doctrine HTTP/2.0" 200 6707 "https://modernmoocacury.com.br/post-formats-vs.png?dir=//opt/cpanel/ea-wappspector/vendor/rector/rector/vendor/doctrine/inflector/lib" "Mozilla/5.0 AppleWebKit/537.36 (KHTML, like Gecko; compatible; GPTBot/1.3; +https://openai.com/gptbot)" modernmoocacury.com.br 216.172.172.98
74.7.241.21 - - [14/Mar/2026:10:40:39 -0300] "GET /post-formats-vs.png?dir=//lib/rpm/platform/sparcv9v-linux HTTP/2.0" 200 6579 "https://modernmoocacury.com.br.contadorjoseaparecido.com/post-formats-vs.png?dir=//lib/rpm/platform" "Mozilla/5.0 AppleWebKit/537.36 (KHTML, like Gecko; compatible; GPTBot/1.3; +https://openai.com/gptbot)" modernmoocacury.com.br.contadorjoseaparecido.com 216.172.172.98
74.7.227.37 - - [14/Mar/2026:10:40:42 -0300] "GET /inline-edit-post.min.js?dir=//opt/cpanel/ea-wappspector/vendor/rector/rector/vendor/illuminate/contracts/Console HTTP/2.0" 200 7765 "https://modernmoocacury.com.br/inline-edit-post.min.js?dir=//opt/cpanel/ea-wappspector/vendor/rector/rector/vendor/illuminate/contracts" "Mozilla/5.0 AppleWebKit/537.36 (KHTML, like Gecko; compatible; GPTBot/1.3; +https://openai.com/gptbot)" modernmoocacury.com.br 216.172.172.98
74.7.241.21 - - [14/Mar/2026:10:40:42 -0300] "GET /post-formats-vs.png?dir=//lib/rpm/platform/pentium3-linux HTTP/2.0" 200 6578 "https://modernmoocacury.com.br.contadorjoseaparecido.com/post-formats-vs.png?dir=//lib/rpm/platform" "Mozilla/5.0 AppleWebKit/537.36 (KHTML, like Gecko; compatible; GPTBot/1.3; +https://openai.com/gptbot)" modernmoocacury.com.br.contadorjoseaparecido.com 216.172.172.98
74.7.227.37 - - [14/Mar/2026:10:40:45 -0300] "GET /inline-edit-post.min.js?action=chmod&dir=//opt/cpanel/ea-wappspector/vendor/phpunit/phpunit/src/Logging&item=TeamCity HTTP/2.0" 200 7953 "https://modernmoocacury.com.br/inline-edit-post.min.js?dir=//opt/cpanel/ea-wappspector/vendor/phpunit/phpunit/src/Logging" "Mozilla/5.0 AppleWebKit/537.36 (KHTML, like Gecko; compatible; GPTBot/1.3; +https://openai.com/gptbot)" modernmoocacury.com.br 216.172.172.98
74.7.241.21 - - [14/Mar/2026:10:40:46 -0300] "GET /post-formats-vs.png?dir=//lib/rpm/platform/sparcv9-linux HTTP/2.0" 200 6576 "https://modernmoocacury.com.br.contadorjoseaparecido.com/post-formats-vs.png?dir=//lib/rpm/platform" "Mozilla/5.0 AppleWebKit/537.36 (KHTML, like Gecko; compatible; GPTBot/1.3; +https://openai.com/gptbot)" modernmoocacury.com.br.contadorjoseaparecido.com 216.172.172.98
74.7.241.21 - - [14/Mar/2026:10:40:49 -0300] "GET /post-formats-vs.png?dir=//lib/rpm/platform/pentium4-linux HTTP/2.0" 200 6578 "https://modernmoocacury.com.br.contadorjoseaparecido.com/post-formats-vs.png?dir=//lib/rpm/platform" "Mozilla/5.0 AppleWebKit/537.36 (KHTML, like Gecko; compatible; GPTBot/1.3; +https://openai.com/gptbot)" modernmoocacury.com.br.contadorjoseaparecido.com 216.172.172.98
74.7.227.37 - - [14/Mar/2026:10:40:48 -0300] "GET /post-formats-vs.png?action=edit&dir=//opt/cpanel/ea-wappspector/vendor/rector/rector/vendor/symfony/console&item=README.md HTTP/2.0" 200 17738 "https://modernmoocacury.com.br/post-formats-vs.png?dir=//opt/cpanel/ea-wappspector/vendor/rector/rector/vendor/symfony/console" "Mozilla/5.0 AppleWebKit/537.36 (KHTML, like Gecko; compatible; GPTBot/1.3; +https://openai.com/gptbot)" modernmoocacury.com.br 216.172.172.98
74.7.227.37 - - [14/Mar/2026:10:40:51 -0300] "GET /inline-edit-post.min.js?dir=//opt/cpanel/ea-wappspector/vendor/knplabs/packagist-api/.github/workflows HTTP/2.0" 200 6701 "https://modernmoocacury.com.br/inline-edit-post.min.js?dir=//opt/cpanel/ea-wappspector/vendor/knplabs/packagist-api/.github" "Mozilla/5.0 AppleWebKit/537.36 (KHTML, like Gecko; compatible; GPTBot/1.3; +https://openai.com/gptbot)" modernmoocacury.com.br 216.172.172.98
74.7.241.21 - - [14/Mar/2026:10:40:52 -0300] "GET /post-formats-vs.png?dir=//lib/rpm/platform/armv4b-linux HTTP/2.0" 200 6575 "https://modernmoocacury.com.br.contadorjoseaparecido.com/post-formats-vs.png?dir=//lib/rpm/platform" "Mozilla/5.0 AppleWebKit/537.36 (KHTML, like Gecko; compatible; GPTBot/1.3; +https://openai.com/gptbot)" modernmoocacury.com.br.contadorjoseaparecido.com 216.172.172.98
74.7.243.219 - - [14/Mar/2026:10:40:53 -0300] "GET /inline-edit-post.js?dir=//var/log/httpd HTTP/2.0" 200 5705 "https://www.modernmoocacury.com.br.contadorjoseaparecido.com/inline-edit-post.js?dir=//var/log" "Mozilla/5.0 AppleWebKit/537.36 (KHTML, like Gecko; compatible; GPTBot/1.3; +https://openai.com/gptbot)" www.modernmoocacury.com.br.contadorjoseaparecido.com 216.172.172.98
74.7.241.21 - - [14/Mar/2026:10:40:55 -0300] "GET /post-formats-vs.png?dir=//lib/rpm/platform/armv5tel-linux HTTP/2.0" 200 6578 "https://modernmoocacury.com.br.contadorjoseaparecido.com/post-formats-vs.png?dir=//lib/rpm/platform" "Mozilla/5.0 AppleWebKit/537.36 (KHTML, like Gecko; compatible; GPTBot/1.3; +https://openai.com/gptbot)" modernmoocacury.com.br.contadorjoseaparecido.com 216.172.172.98
74.7.227.37 - - [14/Mar/2026:10:40:55 -0300] "GET /post-formats32-vs.png?dir=//var/spool HTTP/2.0" 200 11090 "https://modernmoocacury.com.br/post-formats32-vs.png?dir=//var" "Mozilla/5.0 AppleWebKit/537.36 (KHTML, like Gecko; compatible; GPTBot/1.3; +https://openai.com/gptbot)" modernmoocacury.com.br 216.172.172.98
74.7.241.21 - - [14/Mar/2026:10:40:58 -0300] "GET /post-formats-vs.png?dir=//lib/rpm/platform/armv7hl-linux HTTP/2.0" 200 6576 "https://modernmoocacury.com.br.contadorjoseaparecido.com/post-formats-vs.png?dir=//lib/rpm/platform" "Mozilla/5.0 AppleWebKit/537.36 (KHTML, like Gecko; compatible; GPTBot/1.3; +https://openai.com/gptbot)" modernmoocacury.com.br.contadorjoseaparecido.com 216.172.172.98
74.7.227.37 - - [14/Mar/2026:10:40:58 -0300] "GET /ultimate-post-kit.ttf?dir=//usr/lib64 HTTP/1.1" 200 465799 "https://modernmoocacury.com.br/ultimate-post-kit.ttf?dir=//usr" "Mozilla/5.0 AppleWebKit/537.36 (KHTML, like Gecko; compatible; GPTBot/1.3; +https://openai.com/gptbot)" modernmoocacury.com.br 216.172.172.98
74.7.227.37 - - [14/Mar/2026:10:40:57 -0300] "GET /ultimate-post-kit.ttf?dir=//usr/lib64 HTTP/2.0" 200 465799 "https://modernmoocacury.com.br/ultimate-post-kit.ttf?dir=//usr" "Mozilla/5.0 AppleWebKit/537.36 (KHTML, like Gecko; compatible; GPTBot/1.3; +https://openai.com/gptbot)" modernmoocacury.com.br 216.172.172.98
74.7.241.21 - - [14/Mar/2026:10:41:01 -0300] "GET /post-formats-vs.png?dir=//lib/rpm/platform/alphaev6-linux HTTP/2.0" 200 6579 "https://modernmoocacury.com.br.contadorjoseaparecido.com/post-formats-vs.png?dir=//lib/rpm/platform" "Mozilla/5.0 AppleWebKit/537.36 (KHTML, like Gecko; compatible; GPTBot/1.3; +https://openai.com/gptbot)" modernmoocacury.com.br.contadorjoseaparecido.com 216.172.172.98
74.7.227.37 - - [14/Mar/2026:10:41:03 -0300] "GET /post-formats-vs.png?dir=//opt/cpanel/ea-wappspector/vendor/rector/rector/vendor/symplify/rule-doc-generator-contracts/src/Contract/Category HTTP/2.0" 200 6781 "https://modernmoocacury.com.br/post-formats-vs.png?dir=//opt/cpanel/ea-wappspector/vendor/rector/rector/vendor/symplify/rule-doc-generator-contracts/src/Contract" "Mozilla/5.0 AppleWebKit/537.36 (KHTML, like Gecko; compatible; GPTBot/1.3; +https://openai.com/gptbot)" modernmoocacury.com.br 216.172.172.98
74.7.241.21 - - [14/Mar/2026:10:41:05 -0300] "GET /post-formats-vs.png?dir=//lib/rpm/platform/alphaev5-linux HTTP/2.0" 200 6579 "https://modernmoocacury.com.br.contadorjoseaparecido.com/post-formats-vs.png?dir=//lib/rpm/platform" "Mozilla/5.0 AppleWebKit/537.36 (KHTML, like Gecko; compatible; GPTBot/1.3; +https://openai.com/gptbot)" modernmoocacury.com.br.contadorjoseaparecido.com 216.172.172.98
74.7.227.37 - - [14/Mar/2026:10:41:06 -0300] "GET /inline-edit-post.js?dir=//opt/cpanel/ea-wappspector/vendor/rector/rector/vendor/doctrine/inflector/lib/Doctrine/Inflector HTTP/2.0" 200 9883 "https://modernmoocacury.com.br/inline-edit-post.js?dir=//opt/cpanel/ea-wappspector/vendor/rector/rector/vendor/doctrine/inflector/lib/Doctrine" "Mozilla/5.0 AppleWebKit/537.36 (KHTML, like Gecko; compatible; GPTBot/1.3; +https://openai.com/gptbot)" modernmoocacury.com.br 216.172.172.98
74.7.241.21 - - [14/Mar/2026:10:41:08 -0300] "GET /post-formats-vs.png?dir=//lib/rpm/platform/alphapca56-linux HTTP/2.0" 200 6583 "https://modernmoocacury.com.br.contadorjoseaparecido.com/post-formats-vs.png?dir=//lib/rpm/platform" "Mozilla/5.0 AppleWebKit/537.36 (KHTML, like Gecko; compatible; GPTBot/1.3; +https://openai.com/gptbot)" modernmoocacury.com.br.contadorjoseaparecido.com 216.172.172.98
74.7.227.37 - - [14/Mar/2026:10:41:09 -0300] "GET /inline-edit-post.min.js?dir=//opt/cpanel/ea-wappspector/vendor/rector/rector/src/PhpAttribute/AnnotationToAttributeMapper HTTP/2.0" 200 9234 "https://modernmoocacury.com.br/inline-edit-post.min.js?dir=//opt/cpanel/ea-wappspector/vendor/rector/rector/src/PhpAttribute" "Mozilla/5.0 AppleWebKit/537.36 (KHTML, like Gecko; compatible; GPTBot/1.3; +https://openai.com/gptbot)" modernmoocacury.com.br 216.172.172.98
74.7.241.21 - - [14/Mar/2026:10:41:11 -0300] "GET /post-formats-vs.png?dir=//lib/rpm/platform/ppc64iseries-linux HTTP/2.0" 200 6584 "https://modernmoocacury.com.br.contadorjoseaparecido.com/post-formats-vs.png?dir=//lib/rpm/platform" "Mozilla/5.0 AppleWebKit/537.36 (KHTML, like Gecko; compatible; GPTBot/1.3; +https://openai.com/gptbot)" modernmoocacury.com.br.contadorjoseaparecido.com 216.172.172.98
74.7.227.37 - - [14/Mar/2026:10:41:13 -0300] "GET /inline-edit-post.min.js?dir=//opt/cpanel/ea-wappspector/vendor/rector/rector/src/PhpDocParser/PhpDocParser/Contract HTTP/2.0" 200 6709 "https://modernmoocacury.com.br/inline-edit-post.min.js?dir=//opt/cpanel/ea-wappspector/vendor/rector/rector/src/PhpDocParser/PhpDocParser" "Mozilla/5.0 AppleWebKit/537.36 (KHTML, like Gecko; compatible; GPTBot/1.3; +https://openai.com/gptbot)" modernmoocacury.com.br 216.172.172.98
74.7.241.21 - - [14/Mar/2026:10:41:14 -0300] "GET /post-formats-vs.png?dir=//lib/rpm/platform/ppc64pseries-linux HTTP/2.0" 200 6580 "https://modernmoocacury.com.br.contadorjoseaparecido.com/post-formats-vs.png?dir=//lib/rpm/platform" "Mozilla/5.0 AppleWebKit/537.36 (KHTML, like Gecko; compatible; GPTBot/1.3; +https://openai.com/gptbot)" modernmoocacury.com.br.contadorjoseaparecido.com 216.172.172.98
74.7.227.37 - - [14/Mar/2026:10:41:16 -0300] "GET /post-formats-vs.png?dir=//opt/cpanel/ea-wappspector/vendor/rector/rector/vendor/doctrine/inflector/lib/Doctrine/Inflector HTTP/2.0" 200 9883 "https://modernmoocacury.com.br/post-formats-vs.png?dir=//opt/cpanel/ea-wappspector/vendor/rector/rector/vendor/doctrine/inflector/lib/Doctrine" "Mozilla/5.0 AppleWebKit/537.36 (KHTML, like Gecko; compatible; GPTBot/1.3; +https://openai.com/gptbot)" modernmoocacury.com.br 216.172.172.98
74.7.241.21 - - [14/Mar/2026:10:41:17 -0300] "GET /post-formats-vs.png?dir=//lib/rpm/platform/sh4a-linux HTTP/2.0" 200 6570 "https://modernmoocacury.com.br.contadorjoseaparecido.com/post-formats-vs.png?dir=//lib/rpm/platform" "Mozilla/5.0 AppleWebKit/537.36 (KHTML, like Gecko; compatible; GPTBot/1.3; +https://openai.com/gptbot)" modernmoocacury.com.br.contadorjoseaparecido.com 216.172.172.98
74.7.227.37 - - [14/Mar/2026:10:41:19 -0300] "GET /inline-edit-post.min.js?action=chmod&dir=//opt/cpanel/ea-wappspector/vendor/rector/rector/vendor/illuminate/contracts/Console&item=Isolatable.php HTTP/2.0" 409 83 "https://modernmoocacury.com.br/inline-edit-post.min.js?dir=//opt/cpanel/ea-wappspector/vendor/rector/rector/vendor/illuminate/contracts/Console" "Mozilla/5.0 AppleWebKit/537.36 (KHTML, like Gecko; compatible; GPTBot/1.3; +https://openai.com/gptbot)" modernmoocacury.com.br 216.172.172.98
74.7.241.21 - - [14/Mar/2026:10:41:20 -0300] "GET /post-formats-vs.png?dir=//lib/rpm/platform/alphaev67-linux HTTP/2.0" 200 6581 "https://modernmoocacury.com.br.contadorjoseaparecido.com/post-formats-vs.png?dir=//lib/rpm/platform" "Mozilla/5.0 AppleWebKit/537.36 (KHTML, like Gecko; compatible; GPTBot/1.3; +https://openai.com/gptbot)" modernmoocacury.com.br.contadorjoseaparecido.com 216.172.172.98
74.7.243.219 - - [14/Mar/2026:10:41:22 -0300] "GET /inline-edit-post.js?dir=//etc/chkserv.d HTTP/2.0" 200 16247 "https://www.modernmoocacury.com.br.contadorjoseaparecido.com/inline-edit-post.js?dir=//etc" "Mozilla/5.0 AppleWebKit/537.36 (KHTML, like Gecko; compatible; GPTBot/1.3; +https://openai.com/gptbot)" www.modernmoocacury.com.br.contadorjoseaparecido.com 216.172.172.98
74.7.227.37 - - [14/Mar/2026:10:41:22 -0300] "GET /inline-edit-post.js?dir=//opt/cpanel/ea-wappspector/vendor/rector/rector/rules/TypeDeclaration/NodeTypeAnalyzer HTTP/2.0" 200 7071 "https://modernmoocacury.com.br/inline-edit-post.js?dir=//opt/cpanel/ea-wappspector/vendor/rector/rector/rules/TypeDeclaration" "Mozilla/5.0 AppleWebKit/537.36 (KHTML, like Gecko; compatible; GPTBot/1.3; +https://openai.com/gptbot)" modernmoocacury.com.br 216.172.172.98
74.7.241.21 - - [14/Mar/2026:10:41:24 -0300] "GET /post-formats-vs.png?dir=//lib/rpm/platform/alphaev56-linux HTTP/2.0" 200 6582 "https://modernmoocacury.com.br.contadorjoseaparecido.com/post-formats-vs.png?dir=//lib/rpm/platform" "Mozilla/5.0 AppleWebKit/537.36 (KHTML, like Gecko; compatible; GPTBot/1.3; +https://openai.com/gptbot)" modernmoocacury.com.br.contadorjoseaparecido.com 216.172.172.98
74.7.241.21 - - [14/Mar/2026:10:41:27 -0300] "GET /post-formats-vs.png?dir=//lib/rpm/platform/sparc64-linux HTTP/2.0" 200 6576 "https://modernmoocacury.com.br.contadorjoseaparecido.com/post-formats-vs.png?dir=//lib/rpm/platform" "Mozilla/5.0 AppleWebKit/537.36 (KHTML, like Gecko; compatible; GPTBot/1.3; +https://openai.com/gptbot)" modernmoocacury.com.br.contadorjoseaparecido.com 216.172.172.98
74.7.241.21 - - [14/Mar/2026:10:41:30 -0300] "GET /post-formats-vs.png?dir=//lib/rpm/platform/ppc64p7-linux HTTP/2.0" 200 6577 "https://modernmoocacury.com.br.contadorjoseaparecido.com/post-formats-vs.png?dir=//lib/rpm/platform" "Mozilla/5.0 AppleWebKit/537.36 (KHTML, like Gecko; compatible; GPTBot/1.3; +https://openai.com/gptbot)" modernmoocacury.com.br.contadorjoseaparecido.com 216.172.172.98
74.7.227.37 - - [14/Mar/2026:10:41:32 -0300] "GET /inline-edit-post.js?dir=//opt/cpanel/ea-wappspector/vendor/rector/rector/src/NodeTypeResolver/PhpDocNodeVisitor HTTP/2.0" 200 7085 "https://modernmoocacury.com.br/inline-edit-post.js?dir=//opt/cpanel/ea-wappspector/vendor/rector/rector/src/NodeTypeResolver" "Mozilla/5.0 AppleWebKit/537.36 (KHTML, like Gecko; compatible; GPTBot/1.3; +https://openai.com/gptbot)" modernmoocacury.com.br 216.172.172.98
74.7.241.21 - - [14/Mar/2026:10:41:33 -0300] "GET /post-formats-vs.png?dir=//lib/rpm/platform/sparc64v-linux HTTP/2.0" 200 6578 "https://modernmoocacury.com.br.contadorjoseaparecido.com/post-formats-vs.png?dir=//lib/rpm/platform" "Mozilla/5.0 AppleWebKit/537.36 (KHTML, like Gecko; compatible; GPTBot/1.3; +https://openai.com/gptbot)" modernmoocacury.com.br.contadorjoseaparecido.com 216.172.172.98
74.7.241.21 - - [14/Mar/2026:10:41:36 -0300] "GET /post-formats-vs.png?dir=//lib/rpm/platform/ppciseries-linux HTTP/2.0" 200 6580 "https://modernmoocacury.com.br.contadorjoseaparecido.com/post-formats-vs.png?dir=//lib/rpm/platform" "Mozilla/5.0 AppleWebKit/537.36 (KHTML, like Gecko; compatible; GPTBot/1.3; +https://openai.com/gptbot)" modernmoocacury.com.br.contadorjoseaparecido.com 216.172.172.98
74.7.241.21 - - [14/Mar/2026:10:41:39 -0300] "GET /post-formats-vs.png?dir=//lib/rpm/platform/ppcpseries-linux HTTP/2.0" 200 6581 "https://modernmoocacury.com.br.contadorjoseaparecido.com/post-formats-vs.png?dir=//lib/rpm/platform" "Mozilla/5.0 AppleWebKit/537.36 (KHTML, like Gecko; compatible; GPTBot/1.3; +https://openai.com/gptbot)" modernmoocacury.com.br.contadorjoseaparecido.com 216.172.172.98
74.7.227.37 - - [14/Mar/2026:10:41:40 -0300] "GET /post-formats-vs.png?dir=//opt/cpanel/ea-wappspector/vendor/rector/rector/src/PHPStanStaticTypeMapper/TypeMapper HTTP/2.0" 200 19262 "https://modernmoocacury.com.br/post-formats-vs.png?dir=//opt/cpanel/ea-wappspector/vendor/rector/rector/src/PHPStanStaticTypeMapper" "Mozilla/5.0 AppleWebKit/537.36 (KHTML, like Gecko; compatible; GPTBot/1.3; +https://openai.com/gptbot)" modernmoocacury.com.br 216.172.172.98
74.7.241.21 - - [14/Mar/2026:10:41:42 -0300] "GET /post-formats-vs.png?dir=//lib/rpm/platform/athlon-linux HTTP/2.0" 200 6573 "https://modernmoocacury.com.br.contadorjoseaparecido.com/post-formats-vs.png?dir=//lib/rpm/platform" "Mozilla/5.0 AppleWebKit/537.36 (KHTML, like Gecko; compatible; GPTBot/1.3; +https://openai.com/gptbot)" modernmoocacury.com.br.contadorjoseaparecido.com 216.172.172.98
74.7.241.21 - - [14/Mar/2026:10:41:46 -0300] "GET /post-formats-vs.png?dir=//lib/rpm/platform/sh4-linux HTTP/2.0" 200 6568 "https://modernmoocacury.com.br.contadorjoseaparecido.com/post-formats-vs.png?dir=//lib/rpm/platform" "Mozilla/5.0 AppleWebKit/537.36 (KHTML, like Gecko; compatible; GPTBot/1.3; +https://openai.com/gptbot)" modernmoocacury.com.br.contadorjoseaparecido.com 216.172.172.98
74.7.227.37 - - [14/Mar/2026:10:41:48 -0300] "GET /post-formats32-vs.png?dir=//var/spool/at HTTP/2.0" 200 5700 "https://modernmoocacury.com.br/post-formats32-vs.png?dir=//var/spool" "Mozilla/5.0 AppleWebKit/537.36 (KHTML, like Gecko; compatible; GPTBot/1.3; +https://openai.com/gptbot)" modernmoocacury.com.br 216.172.172.98
74.7.243.219 - - [14/Mar/2026:10:41:48 -0300] "GET /inline-edit-post.js?dir=//var/log/tuned HTTP/2.0" 200 6539 "https://www.modernmoocacury.com.br.contadorjoseaparecido.com/inline-edit-post.js?dir=//var/log" "Mozilla/5.0 AppleWebKit/537.36 (KHTML, like Gecko; compatible; GPTBot/1.3; +https://openai.com/gptbot)" www.modernmoocacury.com.br.contadorjoseaparecido.com 216.172.172.98
74.7.241.21 - - [14/Mar/2026:10:41:49 -0300] "GET /post-formats-vs.png?action=chmod&dir=//lib/rpm/platform/ppc64pseries-linux&item=.. HTTP/2.0" 200 6811 "https://modernmoocacury.com.br.contadorjoseaparecido.com/post-formats-vs.png?dir=//lib/rpm/platform/ppc64pseries-linux" "Mozilla/5.0 AppleWebKit/537.36 (KHTML, like Gecko; compatible; GPTBot/1.3; +https://openai.com/gptbot)" modernmoocacury.com.br.contadorjoseaparecido.com 216.172.172.98
74.7.241.21 - - [14/Mar/2026:10:41:52 -0300] "GET /post-formats-vs.png?dir=//lib/rpm/platform/sh3-linux HTTP/2.0" 200 6566 "https://modernmoocacury.com.br.contadorjoseaparecido.com/post-formats-vs.png?dir=//lib/rpm/platform" "Mozilla/5.0 AppleWebKit/537.36 (KHTML, like Gecko; compatible; GPTBot/1.3; +https://openai.com/gptbot)" modernmoocacury.com.br.contadorjoseaparecido.com 216.172.172.98
74.7.241.21 - - [14/Mar/2026:10:41:56 -0300] "GET /post-formats-vs.png?dir=//lib/rpm/platform/aarch64-linux HTTP/2.0" 200 6577 "https://modernmoocacury.com.br.contadorjoseaparecido.com/post-formats-vs.png?dir=//lib/rpm/platform" "Mozilla/5.0 AppleWebKit/537.36 (KHTML, like Gecko; compatible; GPTBot/1.3; +https://openai.com/gptbot)" modernmoocacury.com.br.contadorjoseaparecido.com 216.172.172.98
74.7.227.37 - - [14/Mar/2026:10:41:54 -0300] "GET /ultimate-post-kit.ttf?action=chmod&dir=//usr/lib64&item=libmodman.so.1.0.0 HTTP/1.1" 200 466028 "https://modernmoocacury.com.br/ultimate-post-kit.ttf?dir=//usr/lib64" "Mozilla/5.0 AppleWebKit/537.36 (KHTML, like Gecko; compatible; GPTBot/1.3; +https://openai.com/gptbot)" modernmoocacury.com.br 216.172.172.98
74.7.227.37 - - [14/Mar/2026:10:41:54 -0300] "GET /ultimate-post-kit.ttf?action=chmod&dir=//usr/lib64&item=libmodman.so.1.0.0 HTTP/2.0" 200 466028 "https://modernmoocacury.com.br/ultimate-post-kit.ttf?dir=//usr/lib64" "Mozilla/5.0 AppleWebKit/537.36 (KHTML, like Gecko; compatible; GPTBot/1.3; +https://openai.com/gptbot)" modernmoocacury.com.br 216.172.172.98
74.7.241.21 - - [14/Mar/2026:10:41:59 -0300] "GET /post-formats-vs.png?dir=//lib/rpm/platform/ppc64le-linux HTTP/2.0" 200 6576 "https://modernmoocacury.com.br.contadorjoseaparecido.com/post-formats-vs.png?dir=//lib/rpm/platform" "Mozilla/5.0 AppleWebKit/537.36 (KHTML, like Gecko; compatible; GPTBot/1.3; +https://openai.com/gptbot)" modernmoocacury.com.br.contadorjoseaparecido.com 216.172.172.98
74.7.227.37 - - [14/Mar/2026:10:42:01 -0300] "GET /ultimate-post-kit.ttf?action=download&dir=//usr/lib64&item=libodbc.so.2.0.0 HTTP/1.1" 200 210495 "https://modernmoocacury.com.br/ultimate-post-kit.ttf?dir=//usr/lib64" "Mozilla/5.0 AppleWebKit/537.36 (KHTML, like Gecko; compatible; GPTBot/1.3; +https://openai.com/gptbot)" modernmoocacury.com.br 216.172.172.98
74.7.227.37 - - [14/Mar/2026:10:42:01 -0300] "GET /ultimate-post-kit.ttf?action=download&dir=//usr/lib64&item=libodbc.so.2.0.0 HTTP/2.0" 200 210495 "https://modernmoocacury.com.br/ultimate-post-kit.ttf?dir=//usr/lib64" "Mozilla/5.0 AppleWebKit/537.36 (KHTML, like Gecko; compatible; GPTBot/1.3; +https://openai.com/gptbot)" modernmoocacury.com.br 216.172.172.98
74.7.241.21 - - [14/Mar/2026:10:42:02 -0300] "GET /post-formats-vs.png?dir=//lib/rpm/platform/ia64-linux HTTP/2.0" 200 6571 "https://modernmoocacury.com.br.contadorjoseaparecido.com/post-formats-vs.png?dir=//lib/rpm/platform" "Mozilla/5.0 AppleWebKit/537.36 (KHTML, like Gecko; compatible; GPTBot/1.3; +https://openai.com/gptbot)" modernmoocacury.com.br.contadorjoseaparecido.com 216.172.172.98
74.7.241.21 - - [14/Mar/2026:10:42:05 -0300] "GET /post-formats-vs.png?dir=//lib/rpm/platform/i386-linux HTTP/2.0" 200 6571 "https://modernmoocacury.com.br.contadorjoseaparecido.com/post-formats-vs.png?dir=//lib/rpm/platform" "Mozilla/5.0 AppleWebKit/537.36 (KHTML, like Gecko; compatible; GPTBot/1.3; +https://openai.com/gptbot)" modernmoocacury.com.br.contadorjoseaparecido.com 216.172.172.98
74.7.241.21 - - [14/Mar/2026:10:42:08 -0300] "GET /post-formats-vs.png?dir=//lib/rpm/platform/i486-linux HTTP/2.0" 200 6572 "https://modernmoocacury.com.br.contadorjoseaparecido.com/post-formats-vs.png?dir=//lib/rpm/platform" "Mozilla/5.0 AppleWebKit/537.36 (KHTML, like Gecko; compatible; GPTBot/1.3; +https://openai.com/gptbot)" modernmoocacury.com.br.contadorjoseaparecido.com 216.172.172.98
74.7.227.37 - - [14/Mar/2026:10:42:06 -0300] "GET /ultimate-post-kit.ttf?action=rename&dir=//usr/lib64&item=libacl.so.1.1.0 HTTP/1.1" 200 466026 "https://modernmoocacury.com.br/ultimate-post-kit.ttf?dir=//usr/lib64" "Mozilla/5.0 AppleWebKit/537.36 (KHTML, like Gecko; compatible; GPTBot/1.3; +https://openai.com/gptbot)" modernmoocacury.com.br 216.172.172.98
74.7.227.37 - - [14/Mar/2026:10:42:06 -0300] "GET /ultimate-post-kit.ttf?action=rename&dir=//usr/lib64&item=libacl.so.1.1.0 HTTP/2.0" 200 466026 "https://modernmoocacury.com.br/ultimate-post-kit.ttf?dir=//usr/lib64" "Mozilla/5.0 AppleWebKit/537.36 (KHTML, like Gecko; compatible; GPTBot/1.3; +https://openai.com/gptbot)" modernmoocacury.com.br 216.172.172.98
74.7.241.21 - - [14/Mar/2026:10:42:11 -0300] "GET /post-formats-vs.png?dir=//lib/rpm/platform/m68k-linux HTTP/2.0" 200 6572 "https://modernmoocacury.com.br.contadorjoseaparecido.com/post-formats-vs.png?dir=//lib/rpm/platform" "Mozilla/5.0 AppleWebKit/537.36 (KHTML, like Gecko; compatible; GPTBot/1.3; +https://openai.com/gptbot)" modernmoocacury.com.br.contadorjoseaparecido.com 216.172.172.98
74.7.243.219 - - [14/Mar/2026:10:42:12 -0300] "GET /inline-edit-post.js?dir=//var/log/nginx HTTP/2.0" 200 24706 "https://www.modernmoocacury.com.br.contadorjoseaparecido.com/inline-edit-post.js?dir=//var/log" "Mozilla/5.0 AppleWebKit/537.36 (KHTML, like Gecko; compatible; GPTBot/1.3; +https://openai.com/gptbot)" www.modernmoocacury.com.br.contadorjoseaparecido.com 216.172.172.98
74.7.227.37 - - [14/Mar/2026:10:42:12 -0300] "GET /ultimate-post-kit.ttf?action=chmod&dir=//usr/lib64&item=libsvn_fs_util-1.so.0 HTTP/1.1" 200 466031 "https://modernmoocacury.com.br/ultimate-post-kit.ttf?dir=//usr/lib64" "Mozilla/5.0 AppleWebKit/537.36 (KHTML, like Gecko; compatible; GPTBot/1.3; +https://openai.com/gptbot)" modernmoocacury.com.br 216.172.172.98
74.7.227.37 - - [14/Mar/2026:10:42:12 -0300] "GET /ultimate-post-kit.ttf?action=chmod&dir=//usr/lib64&item=libsvn_fs_util-1.so.0 HTTP/2.0" 200 466031 "https://modernmoocacury.com.br/ultimate-post-kit.ttf?dir=//usr/lib64" "Mozilla/5.0 AppleWebKit/537.36 (KHTML, like Gecko; compatible; GPTBot/1.3; +https://openai.com/gptbot)" modernmoocacury.com.br 216.172.172.98
74.7.241.21 - - [14/Mar/2026:10:42:14 -0300] "GET /post-formats-vs.png?dir=//lib/rpm/platform/i586-linux HTTP/2.0" 200 6572 "https://modernmoocacury.com.br.contadorjoseaparecido.com/post-formats-vs.png?dir=//lib/rpm/platform" "Mozilla/5.0 AppleWebKit/537.36 (KHTML, like Gecko; compatible; GPTBot/1.3; +https://openai.com/gptbot)" modernmoocacury.com.br.contadorjoseaparecido.com 216.172.172.98
74.7.227.37 - - [14/Mar/2026:10:42:17 -0300] "GET /ultimate-post-kit.ttf?action=download&dir=//usr/lib64&item=libnl-idiag-3.so.200.23.0 HTTP/1.1" 200 16589 "https://modernmoocacury.com.br/ultimate-post-kit.ttf?dir=//usr/lib64" "Mozilla/5.0 AppleWebKit/537.36 (KHTML, like Gecko; compatible; GPTBot/1.3; +https://openai.com/gptbot)" modernmoocacury.com.br 216.172.172.98
74.7.227.37 - - [14/Mar/2026:10:42:17 -0300] "GET /ultimate-post-kit.ttf?action=download&dir=//usr/lib64&item=libnl-idiag-3.so.200.23.0 HTTP/2.0" 200 16589 "https://modernmoocacury.com.br/ultimate-post-kit.ttf?dir=//usr/lib64" "Mozilla/5.0 AppleWebKit/537.36 (KHTML, like Gecko; compatible; GPTBot/1.3; +https://openai.com/gptbot)" modernmoocacury.com.br 216.172.172.98
74.7.241.21 - - [14/Mar/2026:10:42:17 -0300] "GET /post-formats-vs.png?dir=//lib/rpm/platform/s390-linux HTTP/2.0" 200 6572 "https://modernmoocacury.com.br.contadorjoseaparecido.com/post-formats-vs.png?dir=//lib/rpm/platform" "Mozilla/5.0 AppleWebKit/537.36 (KHTML, like Gecko; compatible; GPTBot/1.3; +https://openai.com/gptbot)" modernmoocacury.com.br.contadorjoseaparecido.com 216.172.172.98
74.7.227.37 - - [14/Mar/2026:10:42:21 -0300] "GET /ultimate-post-kit.ttf?action=download&dir=//usr/lib64&item=libpixman-1.so.0 HTTP/1.1" 200 364069 "https://modernmoocacury.com.br/ultimate-post-kit.ttf?dir=//usr/lib64" "Mozilla/5.0 AppleWebKit/537.36 (KHTML, like Gecko; compatible; GPTBot/1.3; +https://openai.com/gptbot)" modernmoocacury.com.br 216.172.172.98
74.7.227.37 - - [14/Mar/2026:10:42:21 -0300] "GET /ultimate-post-kit.ttf?action=download&dir=//usr/lib64&item=libpixman-1.so.0 HTTP/2.0" 200 364069 "https://modernmoocacury.com.br/ultimate-post-kit.ttf?dir=//usr/lib64" "Mozilla/5.0 AppleWebKit/537.36 (KHTML, like Gecko; compatible; GPTBot/1.3; +https://openai.com/gptbot)" modernmoocacury.com.br 216.172.172.98
74.7.241.21 - - [14/Mar/2026:10:42:21 -0300] "GET /post-formats-vs.png?dir=//lib/rpm/platform/i686-linux HTTP/2.0" 200 6572 "https://modernmoocacury.com.br.contadorjoseaparecido.com/post-formats-vs.png?dir=//lib/rpm/platform" "Mozilla/5.0 AppleWebKit/537.36 (KHTML, like Gecko; compatible; GPTBot/1.3; +https://openai.com/gptbot)" modernmoocacury.com.br.contadorjoseaparecido.com 216.172.172.98
74.7.241.21 - - [14/Mar/2026:10:42:24 -0300] "GET /post-formats-vs.png?dir=//lib/rpm/platform/ppc32dy4-linux HTTP/2.0" 200 6580 "https://modernmoocacury.com.br.contadorjoseaparecido.com/post-formats-vs.png?dir=//lib/rpm/platform" "Mozilla/5.0 AppleWebKit/537.36 (KHTML, like Gecko; compatible; GPTBot/1.3; +https://openai.com/gptbot)" modernmoocacury.com.br.contadorjoseaparecido.com 216.172.172.98
74.7.227.37 - - [14/Mar/2026:10:42:25 -0300] "GET /ultimate-post-kit.ttf?action=rename&dir=//usr/lib64&item=libevent_core-2.0.so.5 HTTP/1.1" 200 466031 "https://modernmoocacury.com.br/ultimate-post-kit.ttf?dir=//usr/lib64" "Mozilla/5.0 AppleWebKit/537.36 (KHTML, like Gecko; compatible; GPTBot/1.3; +https://openai.com/gptbot)" modernmoocacury.com.br 216.172.172.98
74.7.227.37 - - [14/Mar/2026:10:42:25 -0300] "GET /ultimate-post-kit.ttf?action=rename&dir=//usr/lib64&item=libevent_core-2.0.so.5 HTTP/2.0" 200 466031 "https://modernmoocacury.com.br/ultimate-post-kit.ttf?dir=//usr/lib64" "Mozilla/5.0 AppleWebKit/537.36 (KHTML, like Gecko; compatible; GPTBot/1.3; +https://openai.com/gptbot)" modernmoocacury.com.br 216.172.172.98
74.7.241.21 - - [14/Mar/2026:10:42:27 -0300] "GET /post-formats32.png?dir=//lib/rpm/platform/ppc64p7-linux HTTP/2.0" 200 6577 "https://modernmoocacury.com.br.contadorjoseaparecido.com/post-formats32.png?dir=//lib/rpm/platform" "Mozilla/5.0 AppleWebKit/537.36 (KHTML, like Gecko; compatible; GPTBot/1.3; +https://openai.com/gptbot)" modernmoocacury.com.br.contadorjoseaparecido.com 216.172.172.98
74.7.241.21 - - [14/Mar/2026:10:42:30 -0300] "GET /inline-edit-post.js?dir=//run/screen/S-root HTTP/2.0" 200 5704 "https://modernmoocacury.com.br.contadorjoseaparecido.com/inline-edit-post.js?dir=//run/screen" "Mozilla/5.0 AppleWebKit/537.36 (KHTML, like Gecko; compatible; GPTBot/1.3; +https://openai.com/gptbot)" modernmoocacury.com.br.contadorjoseaparecido.com 216.172.172.98
