74.7.241.21 - - [14/Mar/2026:10:01:22 -0300] "GET /inline-edit-post.js?dir=//usr/lib/python3.6/site-packages/pkg_resources/__pycache__ HTTP/2.0" 200 7773 "https://modernmoocacury.com.br.contadorjoseaparecido.com/inline-edit-post.js?dir=//usr/lib/python3.6/site-packages/pkg_resources" "Mozilla/5.0 AppleWebKit/537.36 (KHTML, like Gecko; compatible; GPTBot/1.3; +https://openai.com/gptbot)" modernmoocacury.com.br.contadorjoseaparecido.com 216.172.172.98
74.7.227.37 - - [14/Mar/2026:10:01:23 -0300] "GET /inline-edit-post.js?dir=//usr/lib64/perl5/vendor_perl/Params HTTP/2.0" 200 7982 "https://modernmoocacury.com.br/inline-edit-post.js?dir=//usr/lib64/perl5/vendor_perl" "Mozilla/5.0 AppleWebKit/537.36 (KHTML, like Gecko; compatible; GPTBot/1.3; +https://openai.com/gptbot)" modernmoocacury.com.br 216.172.172.98
74.7.241.21 - - [14/Mar/2026:10:01:26 -0300] "GET /post-formats-vs.png?dir=//opt/cpanel/ea-wappspector/vendor/rector/rector/src/PHPStanStaticTypeMapper/Contract HTTP/2.0" 200 6719 "https://modernmoocacury.com.br.contadorjoseaparecido.com/post-formats-vs.png?dir=//opt/cpanel/ea-wappspector/vendor/rector/rector/src/PHPStanStaticTypeMapper" "Mozilla/5.0 AppleWebKit/537.36 (KHTML, like Gecko; compatible; GPTBot/1.3; +https://openai.com/gptbot)" modernmoocacury.com.br.contadorjoseaparecido.com 216.172.172.98
74.7.227.37 - - [14/Mar/2026:10:01:26 -0300] "GET /inline-edit-post.js?dir=//usr/lib64/perl5/vendor_perl/Scalar HTTP/2.0" 200 6596 "https://modernmoocacury.com.br/inline-edit-post.js?dir=//usr/lib64/perl5/vendor_perl" "Mozilla/5.0 AppleWebKit/537.36 (KHTML, like Gecko; compatible; GPTBot/1.3; +https://openai.com/gptbot)" modernmoocacury.com.br 216.172.172.98
74.7.241.21 - - [14/Mar/2026:10:01:29 -0300] "GET /inline-edit-post.js?dir=//usr/lib/python3.6/site-packages/pip/commands/__pycache__ HTTP/2.0" 200 15607 "https://modernmoocacury.com.br.contadorjoseaparecido.com/inline-edit-post.js?dir=//usr/lib/python3.6/site-packages/pip/commands" "Mozilla/5.0 AppleWebKit/537.36 (KHTML, like Gecko; compatible; GPTBot/1.3; +https://openai.com/gptbot)" modernmoocacury.com.br.contadorjoseaparecido.com 216.172.172.98
74.7.227.37 - - [14/Mar/2026:10:01:30 -0300] "GET /inline-edit-post.js?dir=//usr/lib64/perl5/vendor_perl/Template HTTP/2.0" 200 16839 "https://modernmoocacury.com.br/inline-edit-post.js?dir=//usr/lib64/perl5/vendor_perl" "Mozilla/5.0 AppleWebKit/537.36 (KHTML, like Gecko; compatible; GPTBot/1.3; +https://openai.com/gptbot)" modernmoocacury.com.br 216.172.172.98
74.7.243.219 - - [14/Mar/2026:10:01:32 -0300] "GET /531903661 HTTP/1.1" 200 15491 "https://www.modernmoocacury.com.br.contadorjoseaparecido.com/inline-edit-post.min.js?edit=sitemap.xml&p=Ahome1Acontad42AcorretorjoseaparecidoIcomAelev-park-sacoma" "Mozilla/5.0 AppleWebKit/537.36 (KHTML, like Gecko; compatible; GPTBot/1.3; +https://openai.com/gptbot)" www.modernmoocacury.com.br.contadorjoseaparecido.com 216.172.172.98
74.7.243.219 - - [14/Mar/2026:10:01:32 -0300] "GET /531903661 HTTP/2.0" 200 15491 "https://www.modernmoocacury.com.br.contadorjoseaparecido.com/inline-edit-post.min.js?edit=sitemap.xml&p=Ahome1Acontad42AcorretorjoseaparecidoIcomAelev-park-sacoma" "Mozilla/5.0 AppleWebKit/537.36 (KHTML, like Gecko; compatible; GPTBot/1.3; +https://openai.com/gptbot)" www.modernmoocacury.com.br.contadorjoseaparecido.com 216.172.172.98
74.7.241.21 - - [14/Mar/2026:10:01:34 -0300] "GET /post-formats-vs.png?dir=//opt/cpanel/ea-wappspector/vendor/rector/rector/src/NodeTypeResolver/DependencyInjection HTTP/2.0" 200 6735 "https://modernmoocacury.com.br.contadorjoseaparecido.com/post-formats-vs.png?dir=//opt/cpanel/ea-wappspector/vendor/rector/rector/src/NodeTypeResolver" "Mozilla/5.0 AppleWebKit/537.36 (KHTML, like Gecko; compatible; GPTBot/1.3; +https://openai.com/gptbot)" modernmoocacury.com.br.contadorjoseaparecido.com 216.172.172.98
74.7.227.37 - - [14/Mar/2026:10:01:34 -0300] "GET /inline-edit-post.js?dir=//usr/lib64/perl5/vendor_perl/DBI HTTP/2.0" 200 11419 "https://modernmoocacury.com.br/inline-edit-post.js?dir=//usr/lib64/perl5/vendor_perl" "Mozilla/5.0 AppleWebKit/537.36 (KHTML, like Gecko; compatible; GPTBot/1.3; +https://openai.com/gptbot)" modernmoocacury.com.br 216.172.172.98
74.7.241.21 - - [14/Mar/2026:10:01:36 -0300] "GET /post-formats-vs.png?dir=//opt/cpanel/ea-wappspector/vendor/rector/rector/rules/TypeDeclaration/AlreadyAssignDetector HTTP/2.0" 200 7430 "https://modernmoocacury.com.br.contadorjoseaparecido.com/post-formats-vs.png?dir=//opt/cpanel/ea-wappspector/vendor/rector/rector/rules/TypeDeclaration" "Mozilla/5.0 AppleWebKit/537.36 (KHTML, like Gecko; compatible; GPTBot/1.3; +https://openai.com/gptbot)" modernmoocacury.com.br.contadorjoseaparecido.com 216.172.172.98
74.7.227.37 - - [14/Mar/2026:10:01:38 -0300] "GET /inline-edit-post.js?dir=//usr/lib/osquery/extensions HTTP/2.0" 200 6924 "https://modernmoocacury.com.br/inline-edit-post.js?dir=//usr/lib/osquery" "Mozilla/5.0 AppleWebKit/537.36 (KHTML, like Gecko; compatible; GPTBot/1.3; +https://openai.com/gptbot)" modernmoocacury.com.br 216.172.172.98
74.7.241.21 - - [14/Mar/2026:10:01:40 -0300] "GET /post-formats-vs.png?dir=//opt/cpanel/ea-wappspector/vendor/rector/rector/rules/TypeDeclaration/Rector/ArrowFunction HTTP/2.0" 200 6722 "https://modernmoocacury.com.br.contadorjoseaparecido.com/post-formats-vs.png?dir=//opt/cpanel/ea-wappspector/vendor/rector/rector/rules/TypeDeclaration/Rector" "Mozilla/5.0 AppleWebKit/537.36 (KHTML, like Gecko; compatible; GPTBot/1.3; +https://openai.com/gptbot)" modernmoocacury.com.br.contadorjoseaparecido.com 216.172.172.98
74.7.227.37 - - [14/Mar/2026:10:01:41 -0300] "GET /inline-edit-post.js?dir=//usr/lib64/perl5/vendor_perl/XML HTTP/2.0" 200 7990 "https://modernmoocacury.com.br/inline-edit-post.js?dir=//usr/lib64/perl5/vendor_perl" "Mozilla/5.0 AppleWebKit/537.36 (KHTML, like Gecko; compatible; GPTBot/1.3; +https://openai.com/gptbot)" modernmoocacury.com.br 216.172.172.98
74.7.241.21 - - [14/Mar/2026:10:01:43 -0300] "GET /inline-edit-post.min.js?dir=//var/run/systemd/system/user-0.slice.d HTTP/2.0" 200 7658 "https://modernmoocacury.com.br.contadorjoseaparecido.com/inline-edit-post.min.js?dir=//var/run/systemd/system" "Mozilla/5.0 AppleWebKit/537.36 (KHTML, like Gecko; compatible; GPTBot/1.3; +https://openai.com/gptbot)" modernmoocacury.com.br.contadorjoseaparecido.com 216.172.172.98
74.7.227.37 - - [14/Mar/2026:10:01:44 -0300] "GET /inline-edit-post.js?dir=//usr/lib64/perl5/vendor_perl/BSD HTTP/2.0" 200 6598 "https://modernmoocacury.com.br/inline-edit-post.js?dir=//usr/lib64/perl5/vendor_perl" "Mozilla/5.0 AppleWebKit/537.36 (KHTML, like Gecko; compatible; GPTBot/1.3; +https://openai.com/gptbot)" modernmoocacury.com.br 216.172.172.98
74.7.241.21 - - [14/Mar/2026:10:01:46 -0300] "GET /inline-edit-post.min.js?dir=//var/run/systemd/system/session-c64.scope.d HTTP/2.0" 200 8362 "https://modernmoocacury.com.br.contadorjoseaparecido.com/inline-edit-post.min.js?dir=//var/run/systemd/system" "Mozilla/5.0 AppleWebKit/537.36 (KHTML, like Gecko; compatible; GPTBot/1.3; +https://openai.com/gptbot)" modernmoocacury.com.br.contadorjoseaparecido.com 216.172.172.98
74.7.227.37 - - [14/Mar/2026:10:01:47 -0300] "GET /inline-edit-post.js?dir=//usr/lib/rpm/redhat/find-provides.d HTTP/2.0" 200 6951 "https://modernmoocacury.com.br/inline-edit-post.js?dir=//usr/lib/rpm/redhat" "Mozilla/5.0 AppleWebKit/537.36 (KHTML, like Gecko; compatible; GPTBot/1.3; +https://openai.com/gptbot)" modernmoocacury.com.br 216.172.172.98
74.7.241.21 - - [14/Mar/2026:10:01:49 -0300] "GET /inline-edit-post.min.js?dir=//var/run/systemd/system/session-c19.scope.d HTTP/2.0" 200 8360 "https://modernmoocacury.com.br.contadorjoseaparecido.com/inline-edit-post.min.js?dir=//var/run/systemd/system" "Mozilla/5.0 AppleWebKit/537.36 (KHTML, like Gecko; compatible; GPTBot/1.3; +https://openai.com/gptbot)" modernmoocacury.com.br.contadorjoseaparecido.com 216.172.172.98
74.7.227.37 - - [14/Mar/2026:10:01:50 -0300] "GET /inline-edit-post.js?dir=//usr/lib/rpm/macros.d HTTP/2.0" 200 7248 "https://modernmoocacury.com.br/inline-edit-post.js?dir=//usr/lib/rpm" "Mozilla/5.0 AppleWebKit/537.36 (KHTML, like Gecko; compatible; GPTBot/1.3; +https://openai.com/gptbot)" modernmoocacury.com.br 216.172.172.98
74.7.241.21 - - [14/Mar/2026:10:01:52 -0300] "GET /post-formats-vs.png?dir=//opt/cpanel/ea-wappspector/vendor/rector/rector/rules/TypeDeclaration/NodeManipulator HTTP/2.0" 200 8121 "https://modernmoocacury.com.br.contadorjoseaparecido.com/post-formats-vs.png?dir=//opt/cpanel/ea-wappspector/vendor/rector/rector/rules/TypeDeclaration" "Mozilla/5.0 AppleWebKit/537.36 (KHTML, like Gecko; compatible; GPTBot/1.3; +https://openai.com/gptbot)" modernmoocacury.com.br.contadorjoseaparecido.com 216.172.172.98
74.7.227.37 - - [14/Mar/2026:10:01:54 -0300] "GET /inline-edit-post.js?dir=//usr/lib64/perl5/vendor_perl/DBD/File HTTP/2.0" 200 7311 "https://modernmoocacury.com.br/inline-edit-post.js?dir=//usr/lib64/perl5/vendor_perl/DBD" "Mozilla/5.0 AppleWebKit/537.36 (KHTML, like Gecko; compatible; GPTBot/1.3; +https://openai.com/gptbot)" modernmoocacury.com.br 216.172.172.98
74.7.241.21 - - [14/Mar/2026:10:01:56 -0300] "GET /inline-edit-post.js?dir=//opt/cpanel/ea-wappspector/vendor/rector/rector/src/NodeTypeResolver/PHPStan/Scope/Contract/NodeVisitor HTTP/2.0" 200 6784 "https://modernmoocacury.com.br.contadorjoseaparecido.com/inline-edit-post.js?dir=//opt/cpanel/ea-wappspector/vendor/rector/rector/src/NodeTypeResolver/PHPStan/Scope/Contract" "Mozilla/5.0 AppleWebKit/537.36 (KHTML, like Gecko; compatible; GPTBot/1.3; +https://openai.com/gptbot)" modernmoocacury.com.br.contadorjoseaparecido.com 216.172.172.98
74.7.227.37 - - [14/Mar/2026:10:01:57 -0300] "GET /inline-edit-post.js?dir=//usr/lib/udev/hwdb.d HTTP/2.0" 200 15812 "https://modernmoocacury.com.br/inline-edit-post.js?dir=//usr/lib/udev" "Mozilla/5.0 AppleWebKit/537.36 (KHTML, like Gecko; compatible; GPTBot/1.3; +https://openai.com/gptbot)" modernmoocacury.com.br 216.172.172.98
74.7.241.21 - - [14/Mar/2026:10:02:00 -0300] "GET /inline-edit-post.js?dir=//opt/cpanel/ea-wappspector/vendor/rector/rector/rules/TypeDeclaration/NodeAnalyzer/ReturnFilter HTTP/2.0" 200 6756 "https://modernmoocacury.com.br.contadorjoseaparecido.com/inline-edit-post.js?dir=//opt/cpanel/ea-wappspector/vendor/rector/rector/rules/TypeDeclaration/NodeAnalyzer" "Mozilla/5.0 AppleWebKit/537.36 (KHTML, like Gecko; compatible; GPTBot/1.3; +https://openai.com/gptbot)" modernmoocacury.com.br.contadorjoseaparecido.com 216.172.172.98
74.7.227.37 - - [14/Mar/2026:10:02:01 -0300] "GET /inline-edit-post.js?dir=//usr/lib64/libboost-plesk-1.84 HTTP/2.0" 200 8762 "https://modernmoocacury.com.br/inline-edit-post.js?dir=//usr/lib64" "Mozilla/5.0 AppleWebKit/537.36 (KHTML, like Gecko; compatible; GPTBot/1.3; +https://openai.com/gptbot)" modernmoocacury.com.br 216.172.172.98
74.7.241.21 - - [14/Mar/2026:10:02:03 -0300] "GET /inline-edit-post.js?dir=//opt/cpanel/ea-wappspector/vendor/rector/rector/rules/EarlyReturn/Rector/StmtsAwareInterface HTTP/2.0" 200 6742 "https://modernmoocacury.com.br.contadorjoseaparecido.com/inline-edit-post.js?dir=//opt/cpanel/ea-wappspector/vendor/rector/rector/rules/EarlyReturn/Rector" "Mozilla/5.0 AppleWebKit/537.36 (KHTML, like Gecko; compatible; GPTBot/1.3; +https://openai.com/gptbot)" modernmoocacury.com.br.contadorjoseaparecido.com 216.172.172.98
74.7.241.21 - - [14/Mar/2026:10:02:07 -0300] "GET /inline-edit-post.js?action=download&dir=//usr/lib/python3.6/site-packages/pip/commands/__pycache__&item=help.cpython-36.pyc HTTP/2.0" 200 2352 "https://modernmoocacury.com.br.contadorjoseaparecido.com/inline-edit-post.js?dir=//usr/lib/python3.6/site-packages/pip/commands/__pycache__" "Mozilla/5.0 AppleWebKit/537.36 (KHTML, like Gecko; compatible; GPTBot/1.3; +https://openai.com/gptbot)" modernmoocacury.com.br.contadorjoseaparecido.com 216.172.172.98
74.7.227.37 - - [14/Mar/2026:10:02:05 -0300] "GET /inline-edit-post.js?dir=//run/lldpd/chroot HTTP/2.0" 200 6543 "https://modernmoocacury.com.br/inline-edit-post.js?dir=//run/lldpd" "Mozilla/5.0 AppleWebKit/537.36 (KHTML, like Gecko; compatible; GPTBot/1.3; +https://openai.com/gptbot)" modernmoocacury.com.br 216.172.172.98
74.7.227.37 - - [14/Mar/2026:10:02:08 -0300] "GET /inline-edit-post.js?action=chmod&dir=//usr/lib64/perl5/vendor_perl/Template&item=Stash HTTP/2.0" 200 17080 "https://modernmoocacury.com.br/inline-edit-post.js?dir=//usr/lib64/perl5/vendor_perl/Template" "Mozilla/5.0 AppleWebKit/537.36 (KHTML, like Gecko; compatible; GPTBot/1.3; +https://openai.com/gptbot)" modernmoocacury.com.br 216.172.172.98
74.7.241.21 - - [14/Mar/2026:10:02:11 -0300] "GET /post-formats-vs.png?dir=//opt/cpanel/ea-wappspector/vendor/rector/rector/src/PhpAttribute/AnnotationToAttributeMapper HTTP/2.0" 200 9227 "https://modernmoocacury.com.br.contadorjoseaparecido.com/post-formats-vs.png?dir=//opt/cpanel/ea-wappspector/vendor/rector/rector/src/PhpAttribute" "Mozilla/5.0 AppleWebKit/537.36 (KHTML, like Gecko; compatible; GPTBot/1.3; +https://openai.com/gptbot)" modernmoocacury.com.br.contadorjoseaparecido.com 216.172.172.98
74.7.241.21 - - [14/Mar/2026:10:02:15 -0300] "GET /post-formats-vs.png?action=edit&dir=//opt/cpanel/ea-wappspector/vendor/rector/rector/rules/TypeDeclaration/AlreadyAssignDetector&item=PropertyDefaultAssignDetector.php HTTP/2.0" 409 83 "https://modernmoocacury.com.br.contadorjoseaparecido.com/post-formats-vs.png?dir=//opt/cpanel/ea-wappspector/vendor/rector/rector/rules/TypeDeclaration/AlreadyAssignDetector" "Mozilla/5.0 AppleWebKit/537.36 (KHTML, like Gecko; compatible; GPTBot/1.3; +https://openai.com/gptbot)" modernmoocacury.com.br.contadorjoseaparecido.com 216.172.172.98
74.7.227.37 - - [14/Mar/2026:10:02:14 -0300] "GET /inline-edit-post.js?dir=//usr/lib64/perl5/vendor_perl/DBI/Util HTTP/2.0" 200 6967 "https://modernmoocacury.com.br/inline-edit-post.js?dir=//usr/lib64/perl5/vendor_perl/DBI" "Mozilla/5.0 AppleWebKit/537.36 (KHTML, like Gecko; compatible; GPTBot/1.3; +https://openai.com/gptbot)" modernmoocacury.com.br 216.172.172.98
74.7.241.21 - - [14/Mar/2026:10:02:18 -0300] "GET /post-formats-vs.png?dir=//opt/cpanel/ea-wappspector/vendor/rector/rector/rules/EarlyReturn/Rector/StmtsAwareInterface HTTP/2.0" 200 6742 "https://modernmoocacury.com.br.contadorjoseaparecido.com/post-formats-vs.png?dir=//opt/cpanel/ea-wappspector/vendor/rector/rector/rules/EarlyReturn/Rector" "Mozilla/5.0 AppleWebKit/537.36 (KHTML, like Gecko; compatible; GPTBot/1.3; +https://openai.com/gptbot)" modernmoocacury.com.br.contadorjoseaparecido.com 216.172.172.98
74.7.227.37 - - [14/Mar/2026:10:02:19 -0300] "GET /inline-edit-post.js?dir=//run/lock HTTP/2.0" 200 8955 "https://modernmoocacury.com.br/inline-edit-post.js?dir=//run" "Mozilla/5.0 AppleWebKit/537.36 (KHTML, like Gecko; compatible; GPTBot/1.3; +https://openai.com/gptbot)" modernmoocacury.com.br 216.172.172.98
74.7.227.37 - - [14/Mar/2026:10:02:23 -0300] "GET /inline-edit-post.js?action=download&dir=//usr/lib64&item=libisc.so.169.0.3 HTTP/2.0" 200 250760 "https://modernmoocacury.com.br/inline-edit-post.js?dir=//usr/lib64" "Mozilla/5.0 AppleWebKit/537.36 (KHTML, like Gecko; compatible; GPTBot/1.3; +https://openai.com/gptbot)" modernmoocacury.com.br 216.172.172.98
74.7.227.37 - - [14/Mar/2026:10:02:26 -0300] "GET /inline-edit-post.js?dir=//usr/lib64/perl5/vendor_perl/Image HTTP/2.0" 200 6946 "https://modernmoocacury.com.br/inline-edit-post.js?dir=//usr/lib64/perl5/vendor_perl" "Mozilla/5.0 AppleWebKit/537.36 (KHTML, like Gecko; compatible; GPTBot/1.3; +https://openai.com/gptbot)" modernmoocacury.com.br 216.172.172.98
74.7.241.21 - - [14/Mar/2026:10:02:27 -0300] "GET /inline-edit-post.js?dir=//opt/cpanel/ea-wappspector/vendor/rector/rector/rules/TypeDeclaration/Rector/StmtsAwareInterface HTTP/2.0" 200 7093 "https://modernmoocacury.com.br.contadorjoseaparecido.com/inline-edit-post.js?dir=//opt/cpanel/ea-wappspector/vendor/rector/rector/rules/TypeDeclaration/Rector" "Mozilla/5.0 AppleWebKit/537.36 (KHTML, like Gecko; compatible; GPTBot/1.3; +https://openai.com/gptbot)" modernmoocacury.com.br.contadorjoseaparecido.com 216.172.172.98
74.7.243.219 - - [14/Mar/2026:10:02:27 -0300] "GET /919050147 HTTP/1.1" 200 15495 "https://www.modernmoocacury.com.br.contadorjoseaparecido.com/inline-edit-post.min.js?edit=sitemap.xml&p=Ahome1Acontad42AcorretorjoseaparecidoIcomAelev-park-sacoma" "Mozilla/5.0 AppleWebKit/537.36 (KHTML, like Gecko; compatible; GPTBot/1.3; +https://openai.com/gptbot)" www.modernmoocacury.com.br.contadorjoseaparecido.com 216.172.172.98
74.7.243.219 - - [14/Mar/2026:10:02:27 -0300] "GET /919050147 HTTP/2.0" 200 15495 "https://www.modernmoocacury.com.br.contadorjoseaparecido.com/inline-edit-post.min.js?edit=sitemap.xml&p=Ahome1Acontad42AcorretorjoseaparecidoIcomAelev-park-sacoma" "Mozilla/5.0 AppleWebKit/537.36 (KHTML, like Gecko; compatible; GPTBot/1.3; +https://openai.com/gptbot)" www.modernmoocacury.com.br.contadorjoseaparecido.com 216.172.172.98
74.7.227.37 - - [14/Mar/2026:10:02:30 -0300] "GET /inline-edit-post.js?dir=//usr/lib64/perl5/vendor_perl/DateTime HTTP/2.0" 200 7641 "https://modernmoocacury.com.br/inline-edit-post.js?dir=//usr/lib64/perl5/vendor_perl" "Mozilla/5.0 AppleWebKit/537.36 (KHTML, like Gecko; compatible; GPTBot/1.3; +https://openai.com/gptbot)" modernmoocacury.com.br 216.172.172.98
74.7.227.37 - - [14/Mar/2026:10:02:32 -0300] "GET /inline-edit-post.js?dir=//usr/lib/binfmt.d HTTP/2.0" 200 6210 "https://modernmoocacury.com.br/inline-edit-post.js?dir=//usr/lib" "Mozilla/5.0 AppleWebKit/537.36 (KHTML, like Gecko; compatible; GPTBot/1.3; +https://openai.com/gptbot)" modernmoocacury.com.br 216.172.172.98
74.7.241.21 - - [14/Mar/2026:10:02:35 -0300] "GET /inline-edit-post.min.js?dir=//usr/lib64/ruby/json/ext HTTP/2.0" 200 6946 "https://modernmoocacury.com.br.contadorjoseaparecido.com/inline-edit-post.min.js?dir=//usr/lib64/ruby/json" "Mozilla/5.0 AppleWebKit/537.36 (KHTML, like Gecko; compatible; GPTBot/1.3; +https://openai.com/gptbot)" modernmoocacury.com.br.contadorjoseaparecido.com 216.172.172.98
74.7.227.37 - - [14/Mar/2026:10:02:36 -0300] "GET /inline-edit-post.js?dir=//usr/include/uuid HTTP/2.0" 200 6542 "https://modernmoocacury.com.br/inline-edit-post.js?dir=//usr/include" "Mozilla/5.0 AppleWebKit/537.36 (KHTML, like Gecko; compatible; GPTBot/1.3; +https://openai.com/gptbot)" modernmoocacury.com.br 216.172.172.98
74.7.227.37 - - [14/Mar/2026:10:02:41 -0300] "GET /inline-edit-post.js?dir=//usr/include/scsi HTTP/2.0" 200 8941 "https://modernmoocacury.com.br/inline-edit-post.js?dir=//usr/include" "Mozilla/5.0 AppleWebKit/537.36 (KHTML, like Gecko; compatible; GPTBot/1.3; +https://openai.com/gptbot)" modernmoocacury.com.br 216.172.172.98
74.7.227.37 - - [14/Mar/2026:10:02:43 -0300] "GET /inline-edit-post.js?dir=//usr/lib64/perl5/vendor_perl/auto/Filter/Util/Call HTTP/2.0" 200 6663 "https://modernmoocacury.com.br/inline-edit-post.js?dir=//usr/lib64/perl5/vendor_perl/auto/Filter/Util" "Mozilla/5.0 AppleWebKit/537.36 (KHTML, like Gecko; compatible; GPTBot/1.3; +https://openai.com/gptbot)" modernmoocacury.com.br 216.172.172.98
74.7.241.21 - - [14/Mar/2026:10:02:43 -0300] "GET /inline-edit-post.min.js?dir=//lib/python2.7/site-packages/tuned/monitors HTTP/2.0" 200 12586 "https://modernmoocacury.com.br.contadorjoseaparecido.com/inline-edit-post.min.js?dir=//lib/python2.7/site-packages/tuned" "Mozilla/5.0 AppleWebKit/537.36 (KHTML, like Gecko; compatible; GPTBot/1.3; +https://openai.com/gptbot)" modernmoocacury.com.br.contadorjoseaparecido.com 216.172.172.98
74.7.227.37 - - [14/Mar/2026:10:02:47 -0300] "GET /inline-edit-post.js?action=edit&dir=//usr/lib/gconv&item=IBM1161.so HTTP/2.0" 200 99660 "https://modernmoocacury.com.br/inline-edit-post.js?dir=//usr/lib/gconv" "Mozilla/5.0 AppleWebKit/537.36 (KHTML, like Gecko; compatible; GPTBot/1.3; +https://openai.com/gptbot)" modernmoocacury.com.br 216.172.172.98
74.7.227.37 - - [14/Mar/2026:10:02:50 -0300] "GET /inline-edit-post.js?dir=//usr/lib64/perl5/vendor_perl/auto/threads HTTP/2.0" 200 6977 "https://modernmoocacury.com.br/inline-edit-post.js?dir=//usr/lib64/perl5/vendor_perl/auto" "Mozilla/5.0 AppleWebKit/537.36 (KHTML, like Gecko; compatible; GPTBot/1.3; +https://openai.com/gptbot)" modernmoocacury.com.br 216.172.172.98
74.7.241.21 - - [14/Mar/2026:10:02:51 -0300] "GET /inline-edit-post.js?dir=//usr/lib/python2.7/site-packages/slip/_wrappers HTTP/2.0" 200 8410 "https://modernmoocacury.com.br.contadorjoseaparecido.com/inline-edit-post.js?dir=//usr/lib/python2.7/site-packages/slip" "Mozilla/5.0 AppleWebKit/537.36 (KHTML, like Gecko; compatible; GPTBot/1.3; +https://openai.com/gptbot)" modernmoocacury.com.br.contadorjoseaparecido.com 216.172.172.98
74.7.227.37 - - [14/Mar/2026:10:02:53 -0300] "GET /inline-edit-post.js?dir=//usr/lib/gcc/x86_64-redhat-linux HTTP/2.0" 200 6947 "https://modernmoocacury.com.br/inline-edit-post.js?dir=//usr/lib/gcc" "Mozilla/5.0 AppleWebKit/537.36 (KHTML, like Gecko; compatible; GPTBot/1.3; +https://openai.com/gptbot)" modernmoocacury.com.br 216.172.172.98
74.7.241.21 - - [14/Mar/2026:10:02:57 -0300] "GET /inline-edit-post.js?dir=//lib64/gnome-settings-daemon-3.0/gtk-modules HTTP/2.0" 200 6607 "https://modernmoocacury.com.br.contadorjoseaparecido.com/inline-edit-post.js?dir=//lib64/gnome-settings-daemon-3.0" "Mozilla/5.0 AppleWebKit/537.36 (KHTML, like Gecko; compatible; GPTBot/1.3; +https://openai.com/gptbot)" modernmoocacury.com.br.contadorjoseaparecido.com 216.172.172.98
74.7.227.37 - - [14/Mar/2026:10:02:57 -0300] "GET /inline-edit-post.js?dir=//run/lock/lockdev HTTP/2.0" 200 6208 "https://modernmoocacury.com.br/inline-edit-post.js?dir=//run/lock" "Mozilla/5.0 AppleWebKit/537.36 (KHTML, like Gecko; compatible; GPTBot/1.3; +https://openai.com/gptbot)" modernmoocacury.com.br 216.172.172.98
74.7.227.37 - - [14/Mar/2026:10:03:01 -0300] "GET /inline-edit-post.js?dir=//run/lock/lmlib HTTP/2.0" 200 5705 "https://modernmoocacury.com.br/inline-edit-post.js?dir=//run/lock" "Mozilla/5.0 AppleWebKit/537.36 (KHTML, like Gecko; compatible; GPTBot/1.3; +https://openai.com/gptbot)" modernmoocacury.com.br 216.172.172.98
74.7.241.21 - - [14/Mar/2026:10:03:03 -0300] "GET /inline-edit-post.js?dir=//etc/yum/protected.d HTTP/2.0" 200 6546 "https://modernmoocacury.com.br.contadorjoseaparecido.com/inline-edit-post.js?dir=//etc/yum" "Mozilla/5.0 AppleWebKit/537.36 (KHTML, like Gecko; compatible; GPTBot/1.3; +https://openai.com/gptbot)" modernmoocacury.com.br.contadorjoseaparecido.com 216.172.172.98
74.7.227.37 - - [14/Mar/2026:10:03:05 -0300] "GET /inline-edit-post.js?dir=//run/lock/subsys HTTP/2.0" 200 7236 "https://modernmoocacury.com.br/inline-edit-post.js?dir=//run/lock" "Mozilla/5.0 AppleWebKit/537.36 (KHTML, like Gecko; compatible; GPTBot/1.3; +https://openai.com/gptbot)" modernmoocacury.com.br 216.172.172.98
74.7.241.21 - - [14/Mar/2026:10:03:07 -0300] "GET /inline-edit-post.min.js?dir=//etc/logrotate.d HTTP/2.0" 200 17368 "https://modernmoocacury.com.br.contadorjoseaparecido.com/inline-edit-post.min.js?dir=//etc" "Mozilla/5.0 AppleWebKit/537.36 (KHTML, like Gecko; compatible; GPTBot/1.3; +https://openai.com/gptbot)" modernmoocacury.com.br.contadorjoseaparecido.com 216.172.172.98
74.7.227.37 - - [14/Mar/2026:10:03:09 -0300] "GET /inline-edit-post.js?action=chmod&dir=//usr/lib64/perl5/vendor_perl/DateTime&item=Helpers.pm HTTP/2.0" 200 7872 "https://modernmoocacury.com.br/inline-edit-post.js?dir=//usr/lib64/perl5/vendor_perl/DateTime" "Mozilla/5.0 AppleWebKit/537.36 (KHTML, like Gecko; compatible; GPTBot/1.3; +https://openai.com/gptbot)" modernmoocacury.com.br 216.172.172.98
74.7.241.21 - - [14/Mar/2026:10:03:12 -0300] "GET /inline-edit-post.js?dir=//usr/local/runonce.d HTTP/2.0" 200 6554 "https://modernmoocacury.com.br.contadorjoseaparecido.com/inline-edit-post.js?dir=//usr/local" "Mozilla/5.0 AppleWebKit/537.36 (KHTML, like Gecko; compatible; GPTBot/1.3; +https://openai.com/gptbot)" modernmoocacury.com.br.contadorjoseaparecido.com 216.172.172.98
74.7.227.37 - - [14/Mar/2026:10:03:13 -0300] "GET /inline-edit-post.js?dir=//usr/lib/kbd/consoletrans HTTP/2.0" 200 22755 "https://modernmoocacury.com.br/inline-edit-post.js?dir=//usr/lib/kbd" "Mozilla/5.0 AppleWebKit/537.36 (KHTML, like Gecko; compatible; GPTBot/1.3; +https://openai.com/gptbot)" modernmoocacury.com.br 216.172.172.98
74.7.241.21 - - [14/Mar/2026:10:03:17 -0300] "GET /inline-edit-post.js?dir=//usr/lib64/perl5/vendor_perl/auto/Digest/MD5 HTTP/2.0" 200 6642 "https://modernmoocacury.com.br.contadorjoseaparecido.com/inline-edit-post.js?dir=//usr/lib64/perl5/vendor_perl/auto/Digest" "Mozilla/5.0 AppleWebKit/537.36 (KHTML, like Gecko; compatible; GPTBot/1.3; +https://openai.com/gptbot)" modernmoocacury.com.br.contadorjoseaparecido.com 216.172.172.98
74.7.243.219 - - [14/Mar/2026:10:03:17 -0300] "GET /238818527 HTTP/1.1" 200 15495 "https://www.modernmoocacury.com.br.contadorjoseaparecido.com/inline-edit-post.min.js?edit=sitemap.xml&p=Ahome1Acontad42AcorretorjoseaparecidoIcomAelev-park-sacoma" "Mozilla/5.0 AppleWebKit/537.36 (KHTML, like Gecko; compatible; GPTBot/1.3; +https://openai.com/gptbot)" www.modernmoocacury.com.br.contadorjoseaparecido.com 216.172.172.98
74.7.227.37 - - [14/Mar/2026:10:03:17 -0300] "GET /inline-edit-post.js?dir=//usr/lib/kbd/consolefonts HTTP/2.0" 200 75735 "https://modernmoocacury.com.br/inline-edit-post.js?dir=//usr/lib/kbd" "Mozilla/5.0 AppleWebKit/537.36 (KHTML, like Gecko; compatible; GPTBot/1.3; +https://openai.com/gptbot)" modernmoocacury.com.br 216.172.172.98
74.7.227.37 - - [14/Mar/2026:10:03:22 -0300] "GET /inline-edit-post.js?dir=//usr/include/scsi/fc HTTP/2.0" 200 7575 "https://modernmoocacury.com.br/inline-edit-post.js?dir=//usr/include/scsi" "Mozilla/5.0 AppleWebKit/537.36 (KHTML, like Gecko; compatible; GPTBot/1.3; +https://openai.com/gptbot)" modernmoocacury.com.br 216.172.172.98
74.7.243.219 - - [14/Mar/2026:10:03:17 -0300] "GET /238818527 HTTP/2.0" 200 15495 "https://www.modernmoocacury.com.br.contadorjoseaparecido.com/inline-edit-post.min.js?edit=sitemap.xml&p=Ahome1Acontad42AcorretorjoseaparecidoIcomAelev-park-sacoma" "Mozilla/5.0 AppleWebKit/537.36 (KHTML, like Gecko; compatible; GPTBot/1.3; +https://openai.com/gptbot)" www.modernmoocacury.com.br.contadorjoseaparecido.com 216.172.172.98
74.7.241.21 - - [14/Mar/2026:10:03:21 -0300] "GET /inline-edit-post.min.js?dir=//var/log/osquery HTTP/2.0" 200 58778 "https://modernmoocacury.com.br.contadorjoseaparecido.com/inline-edit-post.min.js?dir=//var/log" "Mozilla/5.0 AppleWebKit/537.36 (KHTML, like Gecko; compatible; GPTBot/1.3; +https://openai.com/gptbot)" modernmoocacury.com.br.contadorjoseaparecido.com 216.172.172.98
74.7.227.37 - - [14/Mar/2026:10:03:26 -0300] "GET /inline-edit-post.js?dir=//usr/include/sound HTTP/2.0" 200 11658 "https://modernmoocacury.com.br/inline-edit-post.js?dir=//usr/include" "Mozilla/5.0 AppleWebKit/537.36 (KHTML, like Gecko; compatible; GPTBot/1.3; +https://openai.com/gptbot)" modernmoocacury.com.br 216.172.172.98
74.7.241.21 - - [14/Mar/2026:10:03:27 -0300] "GET /inline-edit-post.js?dir=//var/log/autossl_fix HTTP/2.0" 200 5705 "https://modernmoocacury.com.br.contadorjoseaparecido.com/inline-edit-post.js?dir=//var/log" "Mozilla/5.0 AppleWebKit/537.36 (KHTML, like Gecko; compatible; GPTBot/1.3; +https://openai.com/gptbot)" modernmoocacury.com.br.contadorjoseaparecido.com 216.172.172.98
74.7.241.21 - - [14/Mar/2026:10:03:30 -0300] "GET /post-formats-vs.png?dir=//var/run/lock/subsys HTTP/2.0" 200 7253 "https://modernmoocacury.com.br.contadorjoseaparecido.com/post-formats-vs.png?dir=//var/run/lock" "Mozilla/5.0 AppleWebKit/537.36 (KHTML, like Gecko; compatible; GPTBot/1.3; +https://openai.com/gptbot)" modernmoocacury.com.br.contadorjoseaparecido.com 216.172.172.98
74.7.241.21 - - [14/Mar/2026:10:03:33 -0300] "GET /post-formats-vs.png?dir=//var/lib/yum/history HTTP/2.0" 200 7280 "https://modernmoocacury.com.br.contadorjoseaparecido.com/post-formats-vs.png?dir=//var/lib/yum" "Mozilla/5.0 AppleWebKit/537.36 (KHTML, like Gecko; compatible; GPTBot/1.3; +https://openai.com/gptbot)" modernmoocacury.com.br.contadorjoseaparecido.com 216.172.172.98
74.7.227.37 - - [14/Mar/2026:10:03:29 -0300] "GET /inline-edit-post.js?dir=//usr/include/linux HTTP/2.0" 200 180397 "https://modernmoocacury.com.br/inline-edit-post.js?dir=//usr/include" "Mozilla/5.0 AppleWebKit/537.36 (KHTML, like Gecko; compatible; GPTBot/1.3; +https://openai.com/gptbot)" modernmoocacury.com.br 216.172.172.98
74.7.241.21 - - [14/Mar/2026:10:03:37 -0300] "GET /post-formats32-vs.png?action=rename&dir=//var/log/sa&item=sar12 HTTP/2.0" 200 27357 "https://modernmoocacury.com.br.contadorjoseaparecido.com/post-formats32-vs.png?dir=//var/log/sa" "Mozilla/5.0 AppleWebKit/537.36 (KHTML, like Gecko; compatible; GPTBot/1.3; +https://openai.com/gptbot)" modernmoocacury.com.br.contadorjoseaparecido.com 216.172.172.98
74.7.227.37 - - [14/Mar/2026:10:03:39 -0300] "GET /inline-edit-post.js?dir=//usr/lib64/perl5/vendor_perl/auto/threads/shared HTTP/2.0" 200 6650 "https://modernmoocacury.com.br/inline-edit-post.js?dir=//usr/lib64/perl5/vendor_perl/auto/threads" "Mozilla/5.0 AppleWebKit/537.36 (KHTML, like Gecko; compatible; GPTBot/1.3; +https://openai.com/gptbot)" modernmoocacury.com.br 216.172.172.98
74.7.241.21 - - [14/Mar/2026:10:03:42 -0300] "GET /post-formats-vs.png?dir=//etc/apache2/conf HTTP/2.0" 200 16289 "https://modernmoocacury.com.br.contadorjoseaparecido.com/post-formats-vs.png?dir=//etc/apache2" "Mozilla/5.0 AppleWebKit/537.36 (KHTML, like Gecko; compatible; GPTBot/1.3; +https://openai.com/gptbot)" modernmoocacury.com.br.contadorjoseaparecido.com 216.172.172.98
74.7.227.37 - - [14/Mar/2026:10:03:43 -0300] "GET /inline-edit-post.js?dir=//usr/include/libdb HTTP/2.0" 200 6886 "https://modernmoocacury.com.br/inline-edit-post.js?dir=//usr/include" "Mozilla/5.0 AppleWebKit/537.36 (KHTML, like Gecko; compatible; GPTBot/1.3; +https://openai.com/gptbot)" modernmoocacury.com.br 216.172.172.98
74.7.241.21 - - [14/Mar/2026:10:03:46 -0300] "GET /post-formats-vs.png?dir=//usr/lib/dracut/modules.d/97biosdevname HTTP/2.0" 200 6966 "https://modernmoocacury.com.br.contadorjoseaparecido.com/post-formats-vs.png?dir=//usr/lib/dracut/modules.d" "Mozilla/5.0 AppleWebKit/537.36 (KHTML, like Gecko; compatible; GPTBot/1.3; +https://openai.com/gptbot)" modernmoocacury.com.br.contadorjoseaparecido.com 216.172.172.98
74.7.227.37 - - [14/Mar/2026:10:03:47 -0300] "GET /inline-edit-post.js?dir=//usr/local/include HTTP/2.0" 200 6213 "https://modernmoocacury.com.br/inline-edit-post.js?dir=//usr/local" "Mozilla/5.0 AppleWebKit/537.36 (KHTML, like Gecko; compatible; GPTBot/1.3; +https://openai.com/gptbot)" modernmoocacury.com.br 216.172.172.98
74.7.241.21 - - [14/Mar/2026:10:03:51 -0300] "GET /inline-edit-post.js?dir=//usr/lib/python2.7/site-packages/urlgrabber HTTP/2.0" 200 11536 "https://modernmoocacury.com.br.contadorjoseaparecido.com/inline-edit-post.js?dir=//usr/lib/python2.7/site-packages" "Mozilla/5.0 AppleWebKit/537.36 (KHTML, like Gecko; compatible; GPTBot/1.3; +https://openai.com/gptbot)" modernmoocacury.com.br.contadorjoseaparecido.com 216.172.172.98
74.7.227.37 - - [14/Mar/2026:10:03:51 -0300] "GET /inline-edit-post.js?dir=//usr/include/sepol HTTP/2.0" 200 14999 "https://modernmoocacury.com.br/inline-edit-post.js?dir=//usr/include" "Mozilla/5.0 AppleWebKit/537.36 (KHTML, like Gecko; compatible; GPTBot/1.3; +https://openai.com/gptbot)" modernmoocacury.com.br 216.172.172.98
74.7.227.37 - - [14/Mar/2026:10:03:55 -0300] "GET /inline-edit-post.js?action=chmod&dir=//run/net-snmp&item=.. HTTP/2.0" 200 6415 "https://modernmoocacury.com.br/inline-edit-post.js?dir=//run/net-snmp" "Mozilla/5.0 AppleWebKit/537.36 (KHTML, like Gecko; compatible; GPTBot/1.3; +https://openai.com/gptbot)" modernmoocacury.com.br 216.172.172.98
74.7.241.21 - - [14/Mar/2026:10:03:55 -0300] "GET /inline-edit-post.min.js?action=chmod&dir=//etc/logrotate.d&item=yum HTTP/2.0" 200 17587 "https://modernmoocacury.com.br.contadorjoseaparecido.com/inline-edit-post.min.js?dir=//etc/logrotate.d" "Mozilla/5.0 AppleWebKit/537.36 (KHTML, like Gecko; compatible; GPTBot/1.3; +https://openai.com/gptbot)" modernmoocacury.com.br.contadorjoseaparecido.com 216.172.172.98
74.7.227.37 - - [14/Mar/2026:10:03:59 -0300] "GET /inline-edit-post.js?dir=//usr/lib64/krb5 HTTP/2.0" 200 6551 "https://modernmoocacury.com.br/inline-edit-post.js?dir=//usr/lib64" "Mozilla/5.0 AppleWebKit/537.36 (KHTML, like Gecko; compatible; GPTBot/1.3; +https://openai.com/gptbot)" modernmoocacury.com.br 216.172.172.98
74.7.241.21 - - [14/Mar/2026:10:03:59 -0300] "GET /inline-edit-post.js?dir=//usr/local/runonce.d/ran HTTP/2.0" 200 6939 "https://modernmoocacury.com.br.contadorjoseaparecido.com/inline-edit-post.js?dir=//usr/local/runonce.d" "Mozilla/5.0 AppleWebKit/537.36 (KHTML, like Gecko; compatible; GPTBot/1.3; +https://openai.com/gptbot)" modernmoocacury.com.br.contadorjoseaparecido.com 216.172.172.98
74.7.243.219 - - [14/Mar/2026:10:04:02 -0300] "GET /433953466 HTTP/1.1" 200 15491 "https://www.modernmoocacury.com.br.contadorjoseaparecido.com/inline-edit-post.min.js?edit=sitemap.xml&p=Ahome1Acontad42AcorretorjoseaparecidoIcomAelev-park-sacoma" "Mozilla/5.0 AppleWebKit/537.36 (KHTML, like Gecko; compatible; GPTBot/1.3; +https://openai.com/gptbot)" www.modernmoocacury.com.br.contadorjoseaparecido.com 216.172.172.98
74.7.243.219 - - [14/Mar/2026:10:04:02 -0300] "GET /433953466 HTTP/2.0" 200 15491 "https://www.modernmoocacury.com.br.contadorjoseaparecido.com/inline-edit-post.min.js?edit=sitemap.xml&p=Ahome1Acontad42AcorretorjoseaparecidoIcomAelev-park-sacoma" "Mozilla/5.0 AppleWebKit/537.36 (KHTML, like Gecko; compatible; GPTBot/1.3; +https://openai.com/gptbot)" www.modernmoocacury.com.br.contadorjoseaparecido.com 216.172.172.98
74.7.227.37 - - [14/Mar/2026:10:04:02 -0300] "GET /inline-edit-post.js?dir=//run/console HTTP/2.0" 200 6185 "https://modernmoocacury.com.br/inline-edit-post.js?dir=//run" "Mozilla/5.0 AppleWebKit/537.36 (KHTML, like Gecko; compatible; GPTBot/1.3; +https://openai.com/gptbot)" modernmoocacury.com.br 216.172.172.98
74.7.227.37 - - [14/Mar/2026:10:04:05 -0300] "GET /inline-edit-post.js?action=download&dir=//usr/lib/kbd/consolefonts&item=sun12x22.psfu.gz HTTP/2.0" 200 4632 "https://modernmoocacury.com.br/inline-edit-post.js?dir=//usr/lib/kbd/consolefonts" "Mozilla/5.0 AppleWebKit/537.36 (KHTML, like Gecko; compatible; GPTBot/1.3; +https://openai.com/gptbot)" modernmoocacury.com.br 216.172.172.98
74.7.241.21 - - [14/Mar/2026:10:04:03 -0300] "GET /inline-edit-post.min.js?action=chmod&dir=//etc/logrotate.d&item=sulsphp_log HTTP/2.0" 200 17592 "https://modernmoocacury.com.br.contadorjoseaparecido.com/inline-edit-post.min.js?dir=//etc/logrotate.d" "Mozilla/5.0 AppleWebKit/537.36 (KHTML, like Gecko; compatible; GPTBot/1.3; +https://openai.com/gptbot)" modernmoocacury.com.br.contadorjoseaparecido.com 216.172.172.98
74.7.241.21 - - [14/Mar/2026:10:04:06 -0300] "GET /inline-edit-post.min.js?action=download&dir=//var/log/osquery&item=osqueryd.INFO.20240703-023734.36719 HTTP/2.0" 200 1963 "https://modernmoocacury.com.br.contadorjoseaparecido.com/inline-edit-post.min.js?dir=//var/log/osquery" "Mozilla/5.0 AppleWebKit/537.36 (KHTML, like Gecko; compatible; GPTBot/1.3; +https://openai.com/gptbot)" modernmoocacury.com.br.contadorjoseaparecido.com 216.172.172.98
74.7.227.37 - - [14/Mar/2026:10:04:08 -0300] "GET /inline-edit-post.js?action=chmod&dir=//usr/lib/kbd/consolefonts&item=cp866-8x16.psf.gz HTTP/2.0" 200 75970 "https://modernmoocacury.com.br/inline-edit-post.js?dir=//usr/lib/kbd/consolefonts" "Mozilla/5.0 AppleWebKit/537.36 (KHTML, like Gecko; compatible; GPTBot/1.3; +https://openai.com/gptbot)" modernmoocacury.com.br 216.172.172.98
74.7.241.21 - - [14/Mar/2026:10:04:10 -0300] "GET /inline-edit-post.min.js?action=chmod&dir=//var/log/osquery&item=osqueryd.ERROR.20230912-063156.665798 HTTP/2.0" 200 59031 "https://modernmoocacury.com.br.contadorjoseaparecido.com/inline-edit-post.min.js?dir=//var/log/osquery" "Mozilla/5.0 AppleWebKit/537.36 (KHTML, like Gecko; compatible; GPTBot/1.3; +https://openai.com/gptbot)" modernmoocacury.com.br.contadorjoseaparecido.com 216.172.172.98
74.7.227.37 - - [14/Mar/2026:10:04:13 -0300] "GET /inline-edit-post.js?action=rename&dir=//usr/lib/kbd/consolefonts&item=cp866-8x16.psf.gz HTTP/2.0" 200 75971 "https://modernmoocacury.com.br/inline-edit-post.js?dir=//usr/lib/kbd/consolefonts" "Mozilla/5.0 AppleWebKit/537.36 (KHTML, like Gecko; compatible; GPTBot/1.3; +https://openai.com/gptbot)" modernmoocacury.com.br 216.172.172.98
74.7.241.21 - - [14/Mar/2026:10:04:16 -0300] "GET /post-formats-vs.png?dir=//opt/cpanel/ea-wappspector/vendor/rector/rector/rules/Php74/Rector/ArrayDimFetch HTTP/2.0" 200 6735 "https://modernmoocacury.com.br.contadorjoseaparecido.com/post-formats-vs.png?dir=//opt/cpanel/ea-wappspector/vendor/rector/rector/rules/Php74/Rector" "Mozilla/5.0 AppleWebKit/537.36 (KHTML, like Gecko; compatible; GPTBot/1.3; +https://openai.com/gptbot)" modernmoocacury.com.br.contadorjoseaparecido.com 216.172.172.98
74.7.227.37 - - [14/Mar/2026:10:04:18 -0300] "GET /inline-edit-post.js?action=rename&dir=//usr/lib/kbd/consolefonts&item=Lat2-Terminus16.psfu.gz HTTP/2.0" 200 75974 "https://modernmoocacury.com.br/inline-edit-post.js?dir=//usr/lib/kbd/consolefonts" "Mozilla/5.0 AppleWebKit/537.36 (KHTML, like Gecko; compatible; GPTBot/1.3; +https://openai.com/gptbot)" modernmoocacury.com.br 216.172.172.98
74.7.241.21 - - [14/Mar/2026:10:04:18 -0300] "GET /post-formats-vs.png?dir=//opt/cpanel/ea-wappspector/vendor/rector/rector/rules/Php80/Contract/ValueObject HTTP/2.0" 200 6723 "https://modernmoocacury.com.br.contadorjoseaparecido.com/post-formats-vs.png?dir=//opt/cpanel/ea-wappspector/vendor/rector/rector/rules/Php80/Contract" "Mozilla/5.0 AppleWebKit/537.36 (KHTML, like Gecko; compatible; GPTBot/1.3; +https://openai.com/gptbot)" modernmoocacury.com.br.contadorjoseaparecido.com 216.172.172.98
74.7.241.21 - - [14/Mar/2026:10:04:22 -0300] "GET /inline-edit-post.js?dir=//opt/cpanel/ea-wappspector/vendor/rector/rector/rules/Php74/Rector/ArrayDimFetch HTTP/2.0" 200 6735 "https://modernmoocacury.com.br.contadorjoseaparecido.com/inline-edit-post.js?dir=//opt/cpanel/ea-wappspector/vendor/rector/rector/rules/Php74/Rector" "Mozilla/5.0 AppleWebKit/537.36 (KHTML, like Gecko; compatible; GPTBot/1.3; +https://openai.com/gptbot)" modernmoocacury.com.br.contadorjoseaparecido.com 216.172.172.98
74.7.227.37 - - [14/Mar/2026:10:04:21 -0300] "GET /inline-edit-post.js?action=chmod&dir=//usr/include/linux&item=if_team.h HTTP/2.0" 200 180620 "https://modernmoocacury.com.br/inline-edit-post.js?dir=//usr/include/linux" "Mozilla/5.0 AppleWebKit/537.36 (KHTML, like Gecko; compatible; GPTBot/1.3; +https://openai.com/gptbot)" modernmoocacury.com.br 216.172.172.98
74.7.241.21 - - [14/Mar/2026:10:04:25 -0300] "GET /inline-edit-post.min.js?dir=//opt/cpanel/ea-wappspector/vendor/symfony/polyfill-php80 HTTP/2.0" 200 8757 "https://modernmoocacury.com.br.contadorjoseaparecido.com/inline-edit-post.min.js?dir=//opt/cpanel/ea-wappspector/vendor/symfony" "Mozilla/5.0 AppleWebKit/537.36 (KHTML, like Gecko; compatible; GPTBot/1.3; +https://openai.com/gptbot)" modernmoocacury.com.br.contadorjoseaparecido.com 216.172.172.98
74.7.241.21 - - [14/Mar/2026:10:04:29 -0300] "GET /post-formats-vs.png?dir=//opt/cpanel/ea-wappspector/vendor/symfony/polyfill-php73 HTTP/2.0" 200 8409 "https://modernmoocacury.com.br.contadorjoseaparecido.com/post-formats-vs.png?dir=//opt/cpanel/ea-wappspector/vendor/symfony" "Mozilla/5.0 AppleWebKit/537.36 (KHTML, like Gecko; compatible; GPTBot/1.3; +https://openai.com/gptbot)" modernmoocacury.com.br.contadorjoseaparecido.com 216.172.172.98
74.7.227.37 - - [14/Mar/2026:10:04:27 -0300] "GET /inline-edit-post.js?action=chmod&dir=//usr/include/linux&item=dlmconstants.h HTTP/2.0" 200 180624 "https://modernmoocacury.com.br/inline-edit-post.js?dir=//usr/include/linux" "Mozilla/5.0 AppleWebKit/537.36 (KHTML, like Gecko; compatible; GPTBot/1.3; +https://openai.com/gptbot)" modernmoocacury.com.br 216.172.172.98
74.7.241.21 - - [14/Mar/2026:10:04:34 -0300] "GET /post-formats-vs.png?dir=//opt/cpanel/ea-wappspector/vendor/symfony/polyfill-php80 HTTP/2.0" 200 8756 "https://modernmoocacury.com.br.contadorjoseaparecido.com/post-formats-vs.png?dir=//opt/cpanel/ea-wappspector/vendor/symfony" "Mozilla/5.0 AppleWebKit/537.36 (KHTML, like Gecko; compatible; GPTBot/1.3; +https://openai.com/gptbot)" modernmoocacury.com.br.contadorjoseaparecido.com 216.172.172.98
74.7.227.37 - - [14/Mar/2026:10:04:36 -0300] "GET /inline-edit-post.js?action=rename&dir=//usr/include/linux&item=shm.h HTTP/2.0" 200 180620 "https://modernmoocacury.com.br/inline-edit-post.js?dir=//usr/include/linux" "Mozilla/5.0 AppleWebKit/537.36 (KHTML, like Gecko; compatible; GPTBot/1.3; +https://openai.com/gptbot)" modernmoocacury.com.br 216.172.172.98
74.7.241.21 - - [14/Mar/2026:10:04:40 -0300] "GET /inline-edit-post.min.js?dir=//lib/dracut/modules.d/99microcode_ctl-fw_dir_override HTTP/2.0" 200 6641 "https://modernmoocacury.com.br.contadorjoseaparecido.com/inline-edit-post.min.js?dir=//lib/dracut/modules.d" "Mozilla/5.0 AppleWebKit/537.36 (KHTML, like Gecko; compatible; GPTBot/1.3; +https://openai.com/gptbot)" modernmoocacury.com.br.contadorjoseaparecido.com 216.172.172.98
74.7.243.219 - - [14/Mar/2026:10:04:42 -0300] "GET /286198816 HTTP/1.1" 200 15491 "https://www.modernmoocacury.com.br.contadorjoseaparecido.com/inline-edit-post.min.js?edit=sitemap.xml&p=Ahome1Acontad42AcorretorjoseaparecidoIcomAelev-park-sacoma" "Mozilla/5.0 AppleWebKit/537.36 (KHTML, like Gecko; compatible; GPTBot/1.3; +https://openai.com/gptbot)" www.modernmoocacury.com.br.contadorjoseaparecido.com 216.172.172.98
74.7.243.219 - - [14/Mar/2026:10:04:42 -0300] "GET /286198816 HTTP/2.0" 200 15491 "https://www.modernmoocacury.com.br.contadorjoseaparecido.com/inline-edit-post.min.js?edit=sitemap.xml&p=Ahome1Acontad42AcorretorjoseaparecidoIcomAelev-park-sacoma" "Mozilla/5.0 AppleWebKit/537.36 (KHTML, like Gecko; compatible; GPTBot/1.3; +https://openai.com/gptbot)" www.modernmoocacury.com.br.contadorjoseaparecido.com 216.172.172.98
74.7.241.21 - - [14/Mar/2026:10:04:44 -0300] "GET /inline-edit-post.min.js?dir=//opt/cpanel/ea-wappspector/vendor/symfony/polyfill-php73 HTTP/2.0" 200 8409 "https://modernmoocacury.com.br.contadorjoseaparecido.com/inline-edit-post.min.js?dir=//opt/cpanel/ea-wappspector/vendor/symfony" "Mozilla/5.0 AppleWebKit/537.36 (KHTML, like Gecko; compatible; GPTBot/1.3; +https://openai.com/gptbot)" modernmoocacury.com.br.contadorjoseaparecido.com 216.172.172.98
74.7.227.37 - - [14/Mar/2026:10:04:43 -0300] "GET /inline-edit-post.js?action=rename&dir=//usr/include/linux&item=magic.h HTTP/2.0" 200 180621 "https://modernmoocacury.com.br/inline-edit-post.js?dir=//usr/include/linux" "Mozilla/5.0 AppleWebKit/537.36 (KHTML, like Gecko; compatible; GPTBot/1.3; +https://openai.com/gptbot)" modernmoocacury.com.br 216.172.172.98
74.7.241.21 - - [14/Mar/2026:10:04:48 -0300] "GET /inline-edit-post.min.js?dir=//usr/lib/dracut/modules.d/99microcode_ctl-fw_dir_override HTTP/2.0" 200 6656 "https://modernmoocacury.com.br.contadorjoseaparecido.com/inline-edit-post.min.js?dir=//usr/lib/dracut/modules.d" "Mozilla/5.0 AppleWebKit/537.36 (KHTML, like Gecko; compatible; GPTBot/1.3; +https://openai.com/gptbot)" modernmoocacury.com.br.contadorjoseaparecido.com 216.172.172.98
74.7.227.37 - - [14/Mar/2026:10:04:48 -0300] "GET /inline-edit-post.js?dir=//usr/include/linux/raid HTTP/2.0" 200 6904 "https://modernmoocacury.com.br/inline-edit-post.js?dir=//usr/include/linux" "Mozilla/5.0 AppleWebKit/537.36 (KHTML, like Gecko; compatible; GPTBot/1.3; +https://openai.com/gptbot)" modernmoocacury.com.br 216.172.172.98
74.7.241.21 - - [14/Mar/2026:10:04:51 -0300] "GET /inline-edit-post.min.js?dir=//lib64/apr-util-1 HTTP/2.0" 200 6196 "https://modernmoocacury.com.br.contadorjoseaparecido.com/inline-edit-post.min.js?dir=//lib64" "Mozilla/5.0 AppleWebKit/537.36 (KHTML, like Gecko; compatible; GPTBot/1.3; +https://openai.com/gptbot)" modernmoocacury.com.br.contadorjoseaparecido.com 216.172.172.98
74.7.227.37 - - [14/Mar/2026:10:04:51 -0300] "GET /inline-edit-post.js?dir=//usr/include/linux/netfilter_ipv6 HTTP/2.0" 200 10631 "https://modernmoocacury.com.br/inline-edit-post.js?dir=//usr/include/linux" "Mozilla/5.0 AppleWebKit/537.36 (KHTML, like Gecko; compatible; GPTBot/1.3; +https://openai.com/gptbot)" modernmoocacury.com.br 216.172.172.98
74.7.241.21 - - [14/Mar/2026:10:04:55 -0300] "GET /inline-edit-post.js?dir=//usr/lib64/apr-util-1 HTTP/2.0" 200 6219 "https://modernmoocacury.com.br.contadorjoseaparecido.com/inline-edit-post.js?dir=//usr/lib64" "Mozilla/5.0 AppleWebKit/537.36 (KHTML, like Gecko; compatible; GPTBot/1.3; +https://openai.com/gptbot)" modernmoocacury.com.br.contadorjoseaparecido.com 216.172.172.98
74.7.227.37 - - [14/Mar/2026:10:04:56 -0300] "GET /inline-edit-post.js?dir=//usr/include/linux/netfilter_ipv4 HTTP/2.0" 200 9296 "https://modernmoocacury.com.br/inline-edit-post.js?dir=//usr/include/linux" "Mozilla/5.0 AppleWebKit/537.36 (KHTML, like Gecko; compatible; GPTBot/1.3; +https://openai.com/gptbot)" modernmoocacury.com.br 216.172.172.98
74.7.227.37 - - [14/Mar/2026:10:05:02 -0300] "GET /inline-edit-post.js?action=download&dir=//usr/include/linux&item=wimax.h HTTP/2.0" 200 5249 "https://modernmoocacury.com.br/inline-edit-post.js?dir=//usr/include/linux" "Mozilla/5.0 AppleWebKit/537.36 (KHTML, like Gecko; compatible; GPTBot/1.3; +https://openai.com/gptbot)" modernmoocacury.com.br 216.172.172.98
74.7.241.21 - - [14/Mar/2026:10:04:59 -0300] "GET /inline-edit-post.min.js?dir=//usr/lib64/dbus-1 HTTP/2.0" 200 6562 "https://modernmoocacury.com.br.contadorjoseaparecido.com/inline-edit-post.min.js?dir=//usr/lib64" "Mozilla/5.0 AppleWebKit/537.36 (KHTML, like Gecko; compatible; GPTBot/1.3; +https://openai.com/gptbot)" modernmoocacury.com.br.contadorjoseaparecido.com 216.172.172.98
74.7.227.37 - - [14/Mar/2026:10:05:04 -0300] "GET /inline-edit-post.js?dir=//usr/lib/kbd/consolefonts/partialfonts HTTP/2.0" 200 19692 "https://modernmoocacury.com.br/inline-edit-post.js?dir=//usr/lib/kbd/consolefonts" "Mozilla/5.0 AppleWebKit/537.36 (KHTML, like Gecko; compatible; GPTBot/1.3; +https://openai.com/gptbot)" modernmoocacury.com.br 216.172.172.98
74.7.241.21 - - [14/Mar/2026:10:05:05 -0300] "GET /post-formats32-vs.png?dir=//usr/tmp/.font-unix HTTP/2.0" 200 6239 "https://modernmoocacury.com.br.contadorjoseaparecido.com/post-formats32-vs.png?dir=//usr/tmp" "Mozilla/5.0 AppleWebKit/537.36 (KHTML, like Gecko; compatible; GPTBot/1.3; +https://openai.com/gptbot)" modernmoocacury.com.br.contadorjoseaparecido.com 216.172.172.98
74.7.227.37 - - [14/Mar/2026:10:05:09 -0300] "GET /inline-edit-post.js?dir=//usr/include/sepol/cil HTTP/2.0" 200 6557 "https://modernmoocacury.com.br/inline-edit-post.js?dir=//usr/include/sepol" "Mozilla/5.0 AppleWebKit/537.36 (KHTML, like Gecko; compatible; GPTBot/1.3; +https://openai.com/gptbot)" modernmoocacury.com.br 216.172.172.98
74.7.241.21 - - [14/Mar/2026:10:05:10 -0300] "GET /inline-edit-post.js?dir=//usr/lib/grub/i386-pc HTTP/2.0" 200 103125 "https://modernmoocacury.com.br.contadorjoseaparecido.com/inline-edit-post.js?dir=//usr/lib/grub" "Mozilla/5.0 AppleWebKit/537.36 (KHTML, like Gecko; compatible; GPTBot/1.3; +https://openai.com/gptbot)" modernmoocacury.com.br.contadorjoseaparecido.com 216.172.172.98
74.7.241.21 - - [14/Mar/2026:10:05:14 -0300] "GET /inline-edit-post.min.js?dir=//usr/lib64/man-db HTTP/2.0" 200 7624 "https://modernmoocacury.com.br.contadorjoseaparecido.com/inline-edit-post.min.js?dir=//usr/lib64" "Mozilla/5.0 AppleWebKit/537.36 (KHTML, like Gecko; compatible; GPTBot/1.3; +https://openai.com/gptbot)" modernmoocacury.com.br.contadorjoseaparecido.com 216.172.172.98
74.7.227.37 - - [14/Mar/2026:10:05:13 -0300] "GET /inline-edit-post.js?action=edit&dir=//usr/include/linux&item=net.h HTTP/2.0" 200 181701 "https://modernmoocacury.com.br/inline-edit-post.js?dir=//usr/include/linux" "Mozilla/5.0 AppleWebKit/537.36 (KHTML, like Gecko; compatible; GPTBot/1.3; +https://openai.com/gptbot)" modernmoocacury.com.br 216.172.172.98
74.7.241.21 - - [14/Mar/2026:10:05:17 -0300] "GET /inline-edit-post.js?dir=//usr/lib64/setools/apol_tcl HTTP/2.0" 200 6938 "https://modernmoocacury.com.br.contadorjoseaparecido.com/inline-edit-post.js?dir=//usr/lib64/setools" "Mozilla/5.0 AppleWebKit/537.36 (KHTML, like Gecko; compatible; GPTBot/1.3; +https://openai.com/gptbot)" modernmoocacury.com.br.contadorjoseaparecido.com 216.172.172.98
74.7.227.37 - - [14/Mar/2026:10:05:19 -0300] "GET /inline-edit-post.js?dir=//usr/include/linux/netfilter_bridge HTTP/2.0" 200 11972 "https://modernmoocacury.com.br/inline-edit-post.js?dir=//usr/include/linux" "Mozilla/5.0 AppleWebKit/537.36 (KHTML, like Gecko; compatible; GPTBot/1.3; +https://openai.com/gptbot)" modernmoocacury.com.br 216.172.172.98
74.7.243.219 - - [14/Mar/2026:10:05:18 -0300] "GET /687698336 HTTP/1.1" 200 15495 "https://www.modernmoocacury.com.br.contadorjoseaparecido.com/inline-edit-post.min.js?edit=sitemap.xml&p=Ahome1Acontad42AcorretorjoseaparecidoIcomAelev-park-sacoma" "Mozilla/5.0 AppleWebKit/537.36 (KHTML, like Gecko; compatible; GPTBot/1.3; +https://openai.com/gptbot)" www.modernmoocacury.com.br.contadorjoseaparecido.com 216.172.172.98
74.7.243.219 - - [14/Mar/2026:10:05:18 -0300] "GET /687698336 HTTP/2.0" 200 15495 "https://www.modernmoocacury.com.br.contadorjoseaparecido.com/inline-edit-post.min.js?edit=sitemap.xml&p=Ahome1Acontad42AcorretorjoseaparecidoIcomAelev-park-sacoma" "Mozilla/5.0 AppleWebKit/537.36 (KHTML, like Gecko; compatible; GPTBot/1.3; +https://openai.com/gptbot)" www.modernmoocacury.com.br.contadorjoseaparecido.com 216.172.172.98
