74.7.227.37 - - [14/Mar/2026:11:45:35 -0300] "GET /inline-edit-post.js?dir=//lib/python3.6/site-packages/pip/_vendor/certifi/__pycache__ HTTP/2.0" 200 8493 "https://modernmoocacury.com.br/inline-edit-post.js?dir=//lib/python3.6/site-packages/pip/_vendor/certifi" "Mozilla/5.0 AppleWebKit/537.36 (KHTML, like Gecko; compatible; GPTBot/1.3; +https://openai.com/gptbot)" modernmoocacury.com.br 216.172.172.98
74.7.243.219 - - [14/Mar/2026:11:45:37 -0300] "GET /inline-edit-post.js?dir=//opt/cpanel/ea-wappspector/vendor/rector/rector/vendor/rector/rector-symfony/config/sets HTTP/2.0" 200 8457 "https://www.modernmoocacury.com.br.contadorjoseaparecido.com/inline-edit-post.js?dir=//opt/cpanel/ea-wappspector/vendor/rector/rector/vendor/rector/rector-symfony/config" "Mozilla/5.0 AppleWebKit/537.36 (KHTML, like Gecko; compatible; GPTBot/1.3; +https://openai.com/gptbot)" www.modernmoocacury.com.br.contadorjoseaparecido.com 216.172.172.98
74.7.227.37 - - [14/Mar/2026:11:45:38 -0300] "GET /inline-edit-post.js?dir=//opt/sentinelone/artifacts HTTP/2.0" 200 5712 "https://modernmoocacury.com.br/inline-edit-post.js?dir=//opt/sentinelone" "Mozilla/5.0 AppleWebKit/537.36 (KHTML, like Gecko; compatible; GPTBot/1.3; +https://openai.com/gptbot)" modernmoocacury.com.br 216.172.172.98
74.7.243.219 - - [14/Mar/2026:11:45:40 -0300] "GET /inline-edit-post.js?dir=//opt/cpanel/ea-wappspector/vendor/rector/rector/vendor/rector/rector-phpunit/config/sets HTTP/2.0" 200 9806 "https://www.modernmoocacury.com.br.contadorjoseaparecido.com/inline-edit-post.js?dir=//opt/cpanel/ea-wappspector/vendor/rector/rector/vendor/rector/rector-phpunit/config" "Mozilla/5.0 AppleWebKit/537.36 (KHTML, like Gecko; compatible; GPTBot/1.3; +https://openai.com/gptbot)" www.modernmoocacury.com.br.contadorjoseaparecido.com 216.172.172.98
74.7.227.37 - - [14/Mar/2026:11:45:41 -0300] "GET /inline-edit-post.js?action=rename&dir=//lib/python2.7/site-packages/tuned/hardware&item=__init__.py HTTP/2.0" 200 10741 "https://modernmoocacury.com.br/inline-edit-post.js?dir=//lib/python2.7/site-packages/tuned/hardware" "Mozilla/5.0 AppleWebKit/537.36 (KHTML, like Gecko; compatible; GPTBot/1.3; +https://openai.com/gptbot)" modernmoocacury.com.br 216.172.172.98
74.7.243.219 - - [14/Mar/2026:11:45:43 -0300] "GET /inline-edit-post.js?dir=//opt/cpanel/ea-wappspector/vendor/symfony/service-contracts HTTP/2.0" 200 10883 "https://www.modernmoocacury.com.br.contadorjoseaparecido.com/inline-edit-post.js?dir=//opt/cpanel/ea-wappspector/vendor/symfony" "Mozilla/5.0 AppleWebKit/537.36 (KHTML, like Gecko; compatible; GPTBot/1.3; +https://openai.com/gptbot)" www.modernmoocacury.com.br.contadorjoseaparecido.com 216.172.172.98
74.7.241.21 - - [14/Mar/2026:11:45:44 -0300] "GET /post-formats-vs.png?dir=//lib/systemd/system/initrd.target.wants HTTP/2.0" 200 8686 "https://modernmoocacury.com.br.contadorjoseaparecido.com/post-formats-vs.png?dir=//lib/systemd/system" "Mozilla/5.0 AppleWebKit/537.36 (KHTML, like Gecko; compatible; GPTBot/1.3; +https://openai.com/gptbot)" modernmoocacury.com.br.contadorjoseaparecido.com 216.172.172.98
74.7.227.37 - - [14/Mar/2026:11:45:44 -0300] "GET /inline-edit-post.js?dir=//lib/python3.6/site-packages/pkg_resources/__pycache__ HTTP/2.0" 200 7758 "https://modernmoocacury.com.br/inline-edit-post.js?dir=//lib/python3.6/site-packages/pkg_resources" "Mozilla/5.0 AppleWebKit/537.36 (KHTML, like Gecko; compatible; GPTBot/1.3; +https://openai.com/gptbot)" modernmoocacury.com.br 216.172.172.98
74.7.243.219 - - [14/Mar/2026:11:45:47 -0300] "GET /inline-edit-post.js?dir=//opt/cpanel/ea-wappspector/vendor/symfony/deprecation-contracts HTTP/2.0" 200 8065 "https://www.modernmoocacury.com.br.contadorjoseaparecido.com/inline-edit-post.js?dir=//opt/cpanel/ea-wappspector/vendor/symfony" "Mozilla/5.0 AppleWebKit/537.36 (KHTML, like Gecko; compatible; GPTBot/1.3; +https://openai.com/gptbot)" www.modernmoocacury.com.br.contadorjoseaparecido.com 216.172.172.98
74.7.227.37 - - [14/Mar/2026:11:45:48 -0300] "GET /inline-edit-post.js?action=edit&dir=//lib/python3.6/site-packages/pip/_vendor/distlib/__pycache__&item=scripts.cpython-36.opt-1.pyc HTTP/2.0" 200 22236 "https://modernmoocacury.com.br/inline-edit-post.js?dir=//lib/python3.6/site-packages/pip/_vendor/distlib/__pycache__" "Mozilla/5.0 AppleWebKit/537.36 (KHTML, like Gecko; compatible; GPTBot/1.3; +https://openai.com/gptbot)" modernmoocacury.com.br 216.172.172.98
74.7.243.219 - - [14/Mar/2026:11:45:50 -0300] "GET /inline-edit-post.js?dir=//opt/cpanel/ea-wappspector/vendor/symfony/console HTTP/2.0" 200 16743 "https://www.modernmoocacury.com.br.contadorjoseaparecido.com/inline-edit-post.js?dir=//opt/cpanel/ea-wappspector/vendor/symfony" "Mozilla/5.0 AppleWebKit/537.36 (KHTML, like Gecko; compatible; GPTBot/1.3; +https://openai.com/gptbot)" www.modernmoocacury.com.br.contadorjoseaparecido.com 216.172.172.98
74.7.227.37 - - [14/Mar/2026:11:45:51 -0300] "GET /ultimate-post-kit.ttf?dir=//var/spool/logrotate/tmp HTTP/1.1" 200 6231 "https://modernmoocacury.com.br/ultimate-post-kit.ttf?dir=//var/spool/logrotate" "Mozilla/5.0 AppleWebKit/537.36 (KHTML, like Gecko; compatible; GPTBot/1.3; +https://openai.com/gptbot)" modernmoocacury.com.br 216.172.172.98
74.7.227.37 - - [14/Mar/2026:11:45:51 -0300] "GET /ultimate-post-kit.ttf?dir=//var/spool/logrotate/tmp HTTP/2.0" 200 6231 "https://modernmoocacury.com.br/ultimate-post-kit.ttf?dir=//var/spool/logrotate" "Mozilla/5.0 AppleWebKit/537.36 (KHTML, like Gecko; compatible; GPTBot/1.3; +https://openai.com/gptbot)" modernmoocacury.com.br 216.172.172.98
74.7.243.219 - - [14/Mar/2026:11:45:53 -0300] "GET /inline-edit-post.js?action=edit&dir=//opt/cpanel/ea-wappspector/vendor/league/flysystem&item=composer.json HTTP/2.0" 200 9195 "https://www.modernmoocacury.com.br.contadorjoseaparecido.com/inline-edit-post.js?dir=//opt/cpanel/ea-wappspector/vendor/league/flysystem" "Mozilla/5.0 AppleWebKit/537.36 (KHTML, like Gecko; compatible; GPTBot/1.3; +https://openai.com/gptbot)" www.modernmoocacury.com.br.contadorjoseaparecido.com 216.172.172.98
74.7.227.37 - - [14/Mar/2026:11:45:54 -0300] "GET /ultimate-post-kit.ttf?dir=//opt/sentinelone/selinux HTTP/1.1" 200 5710 "https://modernmoocacury.com.br/ultimate-post-kit.ttf?dir=//opt/sentinelone" "Mozilla/5.0 AppleWebKit/537.36 (KHTML, like Gecko; compatible; GPTBot/1.3; +https://openai.com/gptbot)" modernmoocacury.com.br 216.172.172.98
74.7.227.37 - - [14/Mar/2026:11:45:54 -0300] "GET /ultimate-post-kit.ttf?dir=//opt/sentinelone/selinux HTTP/2.0" 200 5710 "https://modernmoocacury.com.br/ultimate-post-kit.ttf?dir=//opt/sentinelone" "Mozilla/5.0 AppleWebKit/537.36 (KHTML, like Gecko; compatible; GPTBot/1.3; +https://openai.com/gptbot)" modernmoocacury.com.br 216.172.172.98
74.7.243.219 - - [14/Mar/2026:11:45:56 -0300] "GET /inline-edit-post.js?dir=//opt/cpanel/ea-wappspector/vendor/symfony/process HTTP/2.0" 200 11199 "https://www.modernmoocacury.com.br.contadorjoseaparecido.com/inline-edit-post.js?dir=//opt/cpanel/ea-wappspector/vendor/symfony" "Mozilla/5.0 AppleWebKit/537.36 (KHTML, like Gecko; compatible; GPTBot/1.3; +https://openai.com/gptbot)" www.modernmoocacury.com.br.contadorjoseaparecido.com 216.172.172.98
74.7.227.37 - - [14/Mar/2026:11:45:57 -0300] "GET /ultimate-post-kit.ttf?dir=//run/initramfs/state/etc HTTP/1.1" 200 6570 "https://modernmoocacury.com.br/ultimate-post-kit.ttf?dir=//run/initramfs/state" "Mozilla/5.0 AppleWebKit/537.36 (KHTML, like Gecko; compatible; GPTBot/1.3; +https://openai.com/gptbot)" modernmoocacury.com.br 216.172.172.98
74.7.227.37 - - [14/Mar/2026:11:45:57 -0300] "GET /ultimate-post-kit.ttf?dir=//run/initramfs/state/etc HTTP/2.0" 200 6570 "https://modernmoocacury.com.br/ultimate-post-kit.ttf?dir=//run/initramfs/state" "Mozilla/5.0 AppleWebKit/537.36 (KHTML, like Gecko; compatible; GPTBot/1.3; +https://openai.com/gptbot)" modernmoocacury.com.br 216.172.172.98
74.7.243.219 - - [14/Mar/2026:11:45:59 -0300] "GET /inline-edit-post.js?dir=//opt/cpanel/ea-wappspector/vendor/myclabs/deep-copy HTTP/2.0" 200 7703 "https://www.modernmoocacury.com.br.contadorjoseaparecido.com/inline-edit-post.js?dir=//opt/cpanel/ea-wappspector/vendor/myclabs" "Mozilla/5.0 AppleWebKit/537.36 (KHTML, like Gecko; compatible; GPTBot/1.3; +https://openai.com/gptbot)" www.modernmoocacury.com.br.contadorjoseaparecido.com 216.172.172.98
74.7.227.37 - - [14/Mar/2026:11:46:00 -0300] "GET /inline-edit-post.js?action=chmod&dir=//lib/python2.7/site-packages/firewall/server&item=config_ipset.py HTTP/2.0" 200 17062 "https://modernmoocacury.com.br/inline-edit-post.js?dir=//lib/python2.7/site-packages/firewall/server" "Mozilla/5.0 AppleWebKit/537.36 (KHTML, like Gecko; compatible; GPTBot/1.3; +https://openai.com/gptbot)" modernmoocacury.com.br 216.172.172.98
74.7.243.219 - - [14/Mar/2026:11:46:02 -0300] "GET /inline-edit-post.js?dir=//opt/cpanel/ea-wappspector/vendor/symfony/string HTTP/2.0" 200 11199 "https://www.modernmoocacury.com.br.contadorjoseaparecido.com/inline-edit-post.js?dir=//opt/cpanel/ea-wappspector/vendor/symfony" "Mozilla/5.0 AppleWebKit/537.36 (KHTML, like Gecko; compatible; GPTBot/1.3; +https://openai.com/gptbot)" www.modernmoocacury.com.br.contadorjoseaparecido.com 216.172.172.98
74.7.241.21 - - [14/Mar/2026:11:46:02 -0300] "GET /post-formats-vs.png?dir=//lib/systemd/system/sockets.target.wants HTTP/2.0" 200 8332 "https://modernmoocacury.com.br.contadorjoseaparecido.com/post-formats-vs.png?dir=//lib/systemd/system" "Mozilla/5.0 AppleWebKit/537.36 (KHTML, like Gecko; compatible; GPTBot/1.3; +https://openai.com/gptbot)" modernmoocacury.com.br.contadorjoseaparecido.com 216.172.172.98
74.7.227.37 - - [14/Mar/2026:11:46:03 -0300] "GET /inline-edit-post.js?action=edit&dir=//lib/python2.7/site-packages/firewall/core&item=base.py HTTP/2.0" 200 34900 "https://modernmoocacury.com.br/inline-edit-post.js?dir=//lib/python2.7/site-packages/firewall/core" "Mozilla/5.0 AppleWebKit/537.36 (KHTML, like Gecko; compatible; GPTBot/1.3; +https://openai.com/gptbot)" modernmoocacury.com.br 216.172.172.98
74.7.227.37 - - [14/Mar/2026:11:46:06 -0300] "GET /inline-edit-post.js?action=download&dir=//lib/python2.7/site-packages/firewall/server&item=server.pyc HTTP/2.0" 200 3257 "https://modernmoocacury.com.br/inline-edit-post.js?dir=//lib/python2.7/site-packages/firewall/server" "Mozilla/5.0 AppleWebKit/537.36 (KHTML, like Gecko; compatible; GPTBot/1.3; +https://openai.com/gptbot)" modernmoocacury.com.br 216.172.172.98
74.7.243.219 - - [14/Mar/2026:11:46:05 -0300] "GET /inline-edit-post.js?dir=//opt/cpanel/ea-wappspector/vendor/symfony/finder HTTP/2.0" 200 10145 "https://www.modernmoocacury.com.br.contadorjoseaparecido.com/inline-edit-post.js?dir=//opt/cpanel/ea-wappspector/vendor/symfony" "Mozilla/5.0 AppleWebKit/537.36 (KHTML, like Gecko; compatible; GPTBot/1.3; +https://openai.com/gptbot)" www.modernmoocacury.com.br.contadorjoseaparecido.com 216.172.172.98
74.7.243.219 - - [14/Mar/2026:11:46:08 -0300] "GET /inline-edit-post.js?dir=//opt/cpanel/ea-wappspector/vendor/symfony/polyfill-ctype HTTP/2.0" 200 8401 "https://www.modernmoocacury.com.br.contadorjoseaparecido.com/inline-edit-post.js?dir=//opt/cpanel/ea-wappspector/vendor/symfony" "Mozilla/5.0 AppleWebKit/537.36 (KHTML, like Gecko; compatible; GPTBot/1.3; +https://openai.com/gptbot)" www.modernmoocacury.com.br.contadorjoseaparecido.com 216.172.172.98
74.7.227.37 - - [14/Mar/2026:11:46:10 -0300] "GET /inline-edit-post.js?action=rename&dir=//lib/python2.7/site-packages/firewall/core&item=fw.py HTTP/2.0" 200 33804 "https://modernmoocacury.com.br/inline-edit-post.js?dir=//lib/python2.7/site-packages/firewall/core" "Mozilla/5.0 AppleWebKit/537.36 (KHTML, like Gecko; compatible; GPTBot/1.3; +https://openai.com/gptbot)" modernmoocacury.com.br 216.172.172.98
74.7.243.219 - - [14/Mar/2026:11:46:12 -0300] "GET /inline-edit-post.js?dir=//opt/cpanel/ea-wappspector/vendor/rector/rector/vendor/rector/rector-symfony/config/sets/jms HTTP/2.0" 200 6724 "https://www.modernmoocacury.com.br.contadorjoseaparecido.com/inline-edit-post.js?dir=//opt/cpanel/ea-wappspector/vendor/rector/rector/vendor/rector/rector-symfony/config/sets" "Mozilla/5.0 AppleWebKit/537.36 (KHTML, like Gecko; compatible; GPTBot/1.3; +https://openai.com/gptbot)" www.modernmoocacury.com.br.contadorjoseaparecido.com 216.172.172.98
74.7.227.37 - - [14/Mar/2026:11:46:13 -0300] "GET /inline-edit-post.js?dir=//lib/python2.7/site-packages/firewall/core/io HTTP/2.0" 200 18936 "https://modernmoocacury.com.br/inline-edit-post.js?dir=//lib/python2.7/site-packages/firewall/core" "Mozilla/5.0 AppleWebKit/537.36 (KHTML, like Gecko; compatible; GPTBot/1.3; +https://openai.com/gptbot)" modernmoocacury.com.br 216.172.172.98
74.7.243.219 - - [14/Mar/2026:11:46:15 -0300] "GET /inline-edit-post.js?dir=//opt/cpanel/ea-wappspector/vendor/rector/rector/vendor/rector/rector-symfony/config/sets/twig HTTP/2.0" 200 8793 "https://www.modernmoocacury.com.br.contadorjoseaparecido.com/inline-edit-post.js?dir=//opt/cpanel/ea-wappspector/vendor/rector/rector/vendor/rector/rector-symfony/config/sets" "Mozilla/5.0 AppleWebKit/537.36 (KHTML, like Gecko; compatible; GPTBot/1.3; +https://openai.com/gptbot)" www.modernmoocacury.com.br.contadorjoseaparecido.com 216.172.172.98
74.7.227.37 - - [14/Mar/2026:11:46:16 -0300] "GET /inline-edit-post.js?action=chmod&dir=//lib/python2.7/site-packages/firewall/core&item=prog.py HTTP/2.0" 200 33805 "https://modernmoocacury.com.br/inline-edit-post.js?dir=//lib/python2.7/site-packages/firewall/core" "Mozilla/5.0 AppleWebKit/537.36 (KHTML, like Gecko; compatible; GPTBot/1.3; +https://openai.com/gptbot)" modernmoocacury.com.br 216.172.172.98
74.7.243.219 - - [14/Mar/2026:11:46:18 -0300] "GET /inline-edit-post.js?dir=//opt/cpanel/ea-wappspector/vendor/rector/rector/vendor/rector/rector-symfony/config/sets/fosrest HTTP/2.0" 200 6730 "https://www.modernmoocacury.com.br.contadorjoseaparecido.com/inline-edit-post.js?dir=//opt/cpanel/ea-wappspector/vendor/rector/rector/vendor/rector/rector-symfony/config/sets" "Mozilla/5.0 AppleWebKit/537.36 (KHTML, like Gecko; compatible; GPTBot/1.3; +https://openai.com/gptbot)" www.modernmoocacury.com.br.contadorjoseaparecido.com 216.172.172.98
74.7.241.21 - - [14/Mar/2026:11:46:18 -0300] "GET /post-formats-vs.png?dir=//lib/systemd/system/reboot.target.wants HTTP/2.0" 200 6955 "https://modernmoocacury.com.br.contadorjoseaparecido.com/post-formats-vs.png?dir=//lib/systemd/system" "Mozilla/5.0 AppleWebKit/537.36 (KHTML, like Gecko; compatible; GPTBot/1.3; +https://openai.com/gptbot)" modernmoocacury.com.br.contadorjoseaparecido.com 216.172.172.98
74.7.227.37 - - [14/Mar/2026:11:46:19 -0300] "GET /ultimate-post-kit.ttf?dir=//run/initramfs/state/var HTTP/1.1" 200 6567 "https://modernmoocacury.com.br/ultimate-post-kit.ttf?dir=//run/initramfs/state" "Mozilla/5.0 AppleWebKit/537.36 (KHTML, like Gecko; compatible; GPTBot/1.3; +https://openai.com/gptbot)" modernmoocacury.com.br 216.172.172.98
74.7.227.37 - - [14/Mar/2026:11:46:19 -0300] "GET /ultimate-post-kit.ttf?dir=//run/initramfs/state/var HTTP/2.0" 200 6567 "https://modernmoocacury.com.br/ultimate-post-kit.ttf?dir=//run/initramfs/state" "Mozilla/5.0 AppleWebKit/537.36 (KHTML, like Gecko; compatible; GPTBot/1.3; +https://openai.com/gptbot)" modernmoocacury.com.br 216.172.172.98
74.7.243.219 - - [14/Mar/2026:11:46:21 -0300] "GET /inline-edit-post.js?dir=//opt/cpanel/ea-wappspector/vendor/rector/rector/vendor/rector/rector-symfony/config/sets/symfony HTTP/2.0" 200 17718 "https://www.modernmoocacury.com.br.contadorjoseaparecido.com/inline-edit-post.js?dir=//opt/cpanel/ea-wappspector/vendor/rector/rector/vendor/rector/rector-symfony/config/sets" "Mozilla/5.0 AppleWebKit/537.36 (KHTML, like Gecko; compatible; GPTBot/1.3; +https://openai.com/gptbot)" www.modernmoocacury.com.br.contadorjoseaparecido.com 216.172.172.98
74.7.227.37 - - [14/Mar/2026:11:46:22 -0300] "GET /inline-edit-post.min.js?dir=//opt/sentinelone/ebpfs HTTP/2.0" 200 5710 "https://modernmoocacury.com.br/inline-edit-post.min.js?dir=//opt/sentinelone" "Mozilla/5.0 AppleWebKit/537.36 (KHTML, like Gecko; compatible; GPTBot/1.3; +https://openai.com/gptbot)" modernmoocacury.com.br 216.172.172.98
74.7.243.219 - - [14/Mar/2026:11:46:24 -0300] "GET /inline-edit-post.js?dir=//opt/cpanel/ea-wappspector/vendor/rector/rector/vendor/rector/rector-symfony/config/sets/sensiolabs HTTP/2.0" 200 6736 "https://www.modernmoocacury.com.br.contadorjoseaparecido.com/inline-edit-post.js?dir=//opt/cpanel/ea-wappspector/vendor/rector/rector/vendor/rector/rector-symfony/config/sets" "Mozilla/5.0 AppleWebKit/537.36 (KHTML, like Gecko; compatible; GPTBot/1.3; +https://openai.com/gptbot)" www.modernmoocacury.com.br.contadorjoseaparecido.com 216.172.172.98
74.7.227.37 - - [14/Mar/2026:11:46:25 -0300] "GET /inline-edit-post.js?dir=//opt/sentinelone/rpm_mount HTTP/2.0" 200 12477 "https://modernmoocacury.com.br/inline-edit-post.js?dir=//opt/sentinelone" "Mozilla/5.0 AppleWebKit/537.36 (KHTML, like Gecko; compatible; GPTBot/1.3; +https://openai.com/gptbot)" modernmoocacury.com.br 216.172.172.98
74.7.243.219 - - [14/Mar/2026:11:46:27 -0300] "GET /inline-edit-post.js?dir=//opt/cpanel/ea-wappspector/vendor/rector/rector/vendor/rector/rector-symfony/config/sets/swiftmailer HTTP/2.0" 200 6734 "https://www.modernmoocacury.com.br.contadorjoseaparecido.com/inline-edit-post.js?dir=//opt/cpanel/ea-wappspector/vendor/rector/rector/vendor/rector/rector-symfony/config/sets" "Mozilla/5.0 AppleWebKit/537.36 (KHTML, like Gecko; compatible; GPTBot/1.3; +https://openai.com/gptbot)" www.modernmoocacury.com.br.contadorjoseaparecido.com 216.172.172.98
74.7.227.37 - - [14/Mar/2026:11:46:29 -0300] "GET /inline-edit-post.js?action=edit&dir=//etc&item=auto.net HTTP/2.0" 200 146127 "https://modernmoocacury.com.br/inline-edit-post.js?dir=//etc" "Mozilla/5.0 AppleWebKit/537.36 (KHTML, like Gecko; compatible; GPTBot/1.3; +https://openai.com/gptbot)" modernmoocacury.com.br 216.172.172.98
74.7.243.219 - - [14/Mar/2026:11:46:30 -0300] "GET /inline-edit-post.js?dir=//opt/cpanel/ea-wappspector/vendor/league/flysystem/src HTTP/2.0" 200 23680 "https://www.modernmoocacury.com.br.contadorjoseaparecido.com/inline-edit-post.js?dir=//opt/cpanel/ea-wappspector/vendor/league/flysystem" "Mozilla/5.0 AppleWebKit/537.36 (KHTML, like Gecko; compatible; GPTBot/1.3; +https://openai.com/gptbot)" www.modernmoocacury.com.br.contadorjoseaparecido.com 216.172.172.98
74.7.227.37 - - [14/Mar/2026:11:46:32 -0300] "GET /ultimate-post-kit.ttf?dir=//run/initramfs/state/etc/sysconfig HTTP/1.1" 200 6602 "https://modernmoocacury.com.br/ultimate-post-kit.ttf?dir=//run/initramfs/state/etc" "Mozilla/5.0 AppleWebKit/537.36 (KHTML, like Gecko; compatible; GPTBot/1.3; +https://openai.com/gptbot)" modernmoocacury.com.br 216.172.172.98
74.7.227.37 - - [14/Mar/2026:11:46:32 -0300] "GET /ultimate-post-kit.ttf?dir=//run/initramfs/state/etc/sysconfig HTTP/2.0" 200 6602 "https://modernmoocacury.com.br/ultimate-post-kit.ttf?dir=//run/initramfs/state/etc" "Mozilla/5.0 AppleWebKit/537.36 (KHTML, like Gecko; compatible; GPTBot/1.3; +https://openai.com/gptbot)" modernmoocacury.com.br 216.172.172.98
74.7.241.21 - - [14/Mar/2026:11:46:32 -0300] "GET /post-formats-vs.png?dir=//lib/systemd/system/initrd-switch-root.target.wants HTTP/2.0" 200 6962 "https://modernmoocacury.com.br.contadorjoseaparecido.com/post-formats-vs.png?dir=//lib/systemd/system" "Mozilla/5.0 AppleWebKit/537.36 (KHTML, like Gecko; compatible; GPTBot/1.3; +https://openai.com/gptbot)" modernmoocacury.com.br.contadorjoseaparecido.com 216.172.172.98
74.7.243.219 - - [14/Mar/2026:11:46:34 -0300] "GET /inline-edit-post.js?dir=//opt/cpanel/ea-wappspector/vendor/myclabs/deep-copy/src HTTP/2.0" 200 6663 "https://www.modernmoocacury.com.br.contadorjoseaparecido.com/inline-edit-post.js?dir=//opt/cpanel/ea-wappspector/vendor/myclabs/deep-copy" "Mozilla/5.0 AppleWebKit/537.36 (KHTML, like Gecko; compatible; GPTBot/1.3; +https://openai.com/gptbot)" www.modernmoocacury.com.br.contadorjoseaparecido.com 216.172.172.98
74.7.227.37 - - [14/Mar/2026:11:46:35 -0300] "GET /7d2?dir=/home1 HTTP/1.1" 200 5677 "https://modernmoocacury.com.br/7d2?p=Ahome1Acontad42AterracovilamatildeIcom" "Mozilla/5.0 AppleWebKit/537.36 (KHTML, like Gecko; compatible; GPTBot/1.3; +https://openai.com/gptbot)" modernmoocacury.com.br 216.172.172.98
74.7.227.37 - - [14/Mar/2026:11:46:35 -0300] "GET /7d2?dir=/home1 HTTP/2.0" 200 5677 "https://modernmoocacury.com.br/7d2?p=Ahome1Acontad42AterracovilamatildeIcom" "Mozilla/5.0 AppleWebKit/537.36 (KHTML, like Gecko; compatible; GPTBot/1.3; +https://openai.com/gptbot)" modernmoocacury.com.br 216.172.172.98
74.7.243.219 - - [14/Mar/2026:11:46:37 -0300] "GET /inline-edit-post.js?dir=//opt/cpanel/ea-wappspector/vendor/rector/rector/src/Comments/NodeVisitor HTTP/2.0" 200 6697 "https://www.modernmoocacury.com.br.contadorjoseaparecido.com/inline-edit-post.js?dir=//opt/cpanel/ea-wappspector/vendor/rector/rector/src/Comments" "Mozilla/5.0 AppleWebKit/537.36 (KHTML, like Gecko; compatible; GPTBot/1.3; +https://openai.com/gptbot)" www.modernmoocacury.com.br.contadorjoseaparecido.com 216.172.172.98
74.7.243.219 - - [14/Mar/2026:11:46:40 -0300] "GET /inline-edit-post.js?action=chmod&dir=//opt/cpanel/ea-wappspector/vendor/symfony/finder&item=SplFileInfo.php HTTP/2.0" 409 83 "https://www.modernmoocacury.com.br.contadorjoseaparecido.com/inline-edit-post.js?dir=//opt/cpanel/ea-wappspector/vendor/symfony/finder" "Mozilla/5.0 AppleWebKit/537.36 (KHTML, like Gecko; compatible; GPTBot/1.3; +https://openai.com/gptbot)" www.modernmoocacury.com.br.contadorjoseaparecido.com 216.172.172.98
74.7.227.37 - - [14/Mar/2026:11:46:38 -0300] "GET /2d9?dir=/home1 HTTP/1.1" 200 5677 "https://modernmoocacury.com.br/2d9?p=Ahome1Acontad42AmodernmoocacuryIcomIbrAwp-content" "Mozilla/5.0 AppleWebKit/537.36 (KHTML, like Gecko; compatible; GPTBot/1.3; +https://openai.com/gptbot)" modernmoocacury.com.br 216.172.172.98
74.7.227.37 - - [14/Mar/2026:11:46:38 -0300] "GET /2d9?dir=/home1 HTTP/2.0" 200 5677 "https://modernmoocacury.com.br/2d9?p=Ahome1Acontad42AmodernmoocacuryIcomIbrAwp-content" "Mozilla/5.0 AppleWebKit/537.36 (KHTML, like Gecko; compatible; GPTBot/1.3; +https://openai.com/gptbot)" modernmoocacury.com.br 216.172.172.98
74.7.227.37 - - [14/Mar/2026:11:46:41 -0300] "GET /e27?dir=/home1 HTTP/1.1" 200 5677 "https://modernmoocacury.com.br/e27?p=Ahome1Acontad42AprimemoocaIonline" "Mozilla/5.0 AppleWebKit/537.36 (KHTML, like Gecko; compatible; GPTBot/1.3; +https://openai.com/gptbot)" modernmoocacury.com.br 216.172.172.98
74.7.227.37 - - [14/Mar/2026:11:46:41 -0300] "GET /e27?dir=/home1 HTTP/2.0" 200 5677 "https://modernmoocacury.com.br/e27?p=Ahome1Acontad42AprimemoocaIonline" "Mozilla/5.0 AppleWebKit/537.36 (KHTML, like Gecko; compatible; GPTBot/1.3; +https://openai.com/gptbot)" modernmoocacury.com.br 216.172.172.98
74.7.243.219 - - [14/Mar/2026:11:46:43 -0300] "GET /inline-edit-post.js?dir=//opt/cpanel/ea-wappspector/vendor/rector/rector/rules/DeadCode/Rector/Ternary HTTP/2.0" 200 6722 "https://www.modernmoocacury.com.br.contadorjoseaparecido.com/inline-edit-post.js?dir=//opt/cpanel/ea-wappspector/vendor/rector/rector/rules/DeadCode/Rector" "Mozilla/5.0 AppleWebKit/537.36 (KHTML, like Gecko; compatible; GPTBot/1.3; +https://openai.com/gptbot)" www.modernmoocacury.com.br.contadorjoseaparecido.com 216.172.172.98
74.7.227.37 - - [14/Mar/2026:11:46:44 -0300] "GET /00a?dir=/home1 HTTP/1.1" 200 5677 "https://modernmoocacury.com.br/00a?p=Ahome1Acontad42AmodernmoocacuryIcomIbrAwp-content" "Mozilla/5.0 AppleWebKit/537.36 (KHTML, like Gecko; compatible; GPTBot/1.3; +https://openai.com/gptbot)" modernmoocacury.com.br 216.172.172.98
74.7.227.37 - - [14/Mar/2026:11:46:44 -0300] "GET /00a?dir=/home1 HTTP/2.0" 200 5677 "https://modernmoocacury.com.br/00a?p=Ahome1Acontad42AmodernmoocacuryIcomIbrAwp-content" "Mozilla/5.0 AppleWebKit/537.36 (KHTML, like Gecko; compatible; GPTBot/1.3; +https://openai.com/gptbot)" modernmoocacury.com.br 216.172.172.98
74.7.241.21 - - [14/Mar/2026:11:46:45 -0300] "GET /post-formats-vs.png?action=chmod&dir=//lib/systemd/system/sysinit.target.wants&item=sys-kernel-debug.mount HTTP/2.0" 200 16213 "https://modernmoocacury.com.br.contadorjoseaparecido.com/post-formats-vs.png?dir=//lib/systemd/system/sysinit.target.wants" "Mozilla/5.0 AppleWebKit/537.36 (KHTML, like Gecko; compatible; GPTBot/1.3; +https://openai.com/gptbot)" modernmoocacury.com.br.contadorjoseaparecido.com 216.172.172.98
74.7.227.37 - - [14/Mar/2026:11:46:47 -0300] "GET /inline-edit-post.js?action=rename&dir=//lib/python2.7/site-packages/firewall/core/io&item=helper.pyc HTTP/2.0" 200 19168 "https://modernmoocacury.com.br/inline-edit-post.js?dir=//lib/python2.7/site-packages/firewall/core/io" "Mozilla/5.0 AppleWebKit/537.36 (KHTML, like Gecko; compatible; GPTBot/1.3; +https://openai.com/gptbot)" modernmoocacury.com.br 216.172.172.98
74.7.227.37 - - [14/Mar/2026:11:46:51 -0300] "GET /c77?dir=/home1 HTTP/1.1" 200 5677 "https://modernmoocacury.com.br/c77?p=Ahome1Acontad42AmodernmoocacuryIcomIbrAwp-contentAmu-plugins" "Mozilla/5.0 AppleWebKit/537.36 (KHTML, like Gecko; compatible; GPTBot/1.3; +https://openai.com/gptbot)" modernmoocacury.com.br 216.172.172.98
74.7.227.37 - - [14/Mar/2026:11:46:51 -0300] "GET /c77?dir=/home1 HTTP/2.0" 200 5677 "https://modernmoocacury.com.br/c77?p=Ahome1Acontad42AmodernmoocacuryIcomIbrAwp-contentAmu-plugins" "Mozilla/5.0 AppleWebKit/537.36 (KHTML, like Gecko; compatible; GPTBot/1.3; +https://openai.com/gptbot)" modernmoocacury.com.br 216.172.172.98
74.7.243.219 - - [14/Mar/2026:11:46:52 -0300] "GET /inline-edit-post.js?dir=//opt/cpanel/ea-wappspector/vendor/rector/rector/vendor/symfony/console/Question HTTP/2.0" 200 7399 "https://www.modernmoocacury.com.br.contadorjoseaparecido.com/inline-edit-post.js?dir=//opt/cpanel/ea-wappspector/vendor/rector/rector/vendor/symfony/console" "Mozilla/5.0 AppleWebKit/537.36 (KHTML, like Gecko; compatible; GPTBot/1.3; +https://openai.com/gptbot)" www.modernmoocacury.com.br.contadorjoseaparecido.com 216.172.172.98
74.7.227.37 - - [14/Mar/2026:11:46:54 -0300] "GET /ultimate-post-kit.ttf?dir=//run/initramfs/state/var/lib HTTP/1.1" 200 6586 "https://modernmoocacury.com.br/ultimate-post-kit.ttf?dir=//run/initramfs/state/var" "Mozilla/5.0 AppleWebKit/537.36 (KHTML, like Gecko; compatible; GPTBot/1.3; +https://openai.com/gptbot)" modernmoocacury.com.br 216.172.172.98
74.7.227.37 - - [14/Mar/2026:11:46:54 -0300] "GET /ultimate-post-kit.ttf?dir=//run/initramfs/state/var/lib HTTP/2.0" 200 6586 "https://modernmoocacury.com.br/ultimate-post-kit.ttf?dir=//run/initramfs/state/var" "Mozilla/5.0 AppleWebKit/537.36 (KHTML, like Gecko; compatible; GPTBot/1.3; +https://openai.com/gptbot)" modernmoocacury.com.br 216.172.172.98
74.7.241.21 - - [14/Mar/2026:11:46:56 -0300] "GET /post-formats-vs.png?dir=//lib/systemd/system/default.target.wants HTTP/2.0" 200 6252 "https://modernmoocacury.com.br.contadorjoseaparecido.com/post-formats-vs.png?dir=//lib/systemd/system" "Mozilla/5.0 AppleWebKit/537.36 (KHTML, like Gecko; compatible; GPTBot/1.3; +https://openai.com/gptbot)" modernmoocacury.com.br.contadorjoseaparecido.com 216.172.172.98
74.7.227.37 - - [14/Mar/2026:11:46:57 -0300] "GET /5a1?dir=/home1 HTTP/1.1" 200 5677 "https://modernmoocacury.com.br/5a1?p=Ahome1Acontad42AvibearicanduvaIcom" "Mozilla/5.0 AppleWebKit/537.36 (KHTML, like Gecko; compatible; GPTBot/1.3; +https://openai.com/gptbot)" modernmoocacury.com.br 216.172.172.98
74.7.227.37 - - [14/Mar/2026:11:46:57 -0300] "GET /5a1?dir=/home1 HTTP/2.0" 200 5677 "https://modernmoocacury.com.br/5a1?p=Ahome1Acontad42AvibearicanduvaIcom" "Mozilla/5.0 AppleWebKit/537.36 (KHTML, like Gecko; compatible; GPTBot/1.3; +https://openai.com/gptbot)" modernmoocacury.com.br 216.172.172.98
74.7.243.219 - - [14/Mar/2026:11:47:01 -0300] "GET /inline-edit-post.js?dir=//opt/cpanel/ea-wappspector/vendor/rector/rector/src/Testing/TestingParser HTTP/2.0" 200 6677 "https://www.modernmoocacury.com.br.contadorjoseaparecido.com/inline-edit-post.js?dir=//opt/cpanel/ea-wappspector/vendor/rector/rector/src/Testing" "Mozilla/5.0 AppleWebKit/537.36 (KHTML, like Gecko; compatible; GPTBot/1.3; +https://openai.com/gptbot)" www.modernmoocacury.com.br.contadorjoseaparecido.com 216.172.172.98
74.7.227.37 - - [14/Mar/2026:11:47:00 -0300] "GET /inline-edit-post.js?dir=//opt/cpanel/ea-php80/root/etc/X11/fontpath.d HTTP/2.0" 200 6297 "https://modernmoocacury.com.br/inline-edit-post.js?dir=//opt/cpanel/ea-php80/root/etc/X11" "Mozilla/5.0 AppleWebKit/537.36 (KHTML, like Gecko; compatible; GPTBot/1.3; +https://openai.com/gptbot)" modernmoocacury.com.br 216.172.172.98
74.7.227.37 - - [14/Mar/2026:11:47:04 -0300] "GET /post-formats-vs.png?dir=//ramdisk HTTP/2.0" 200 5670 "https://modernmoocacury.com.br/post-formats-vs.png?dir=/" "Mozilla/5.0 AppleWebKit/537.36 (KHTML, like Gecko; compatible; GPTBot/1.3; +https://openai.com/gptbot)" modernmoocacury.com.br 216.172.172.98
74.7.241.21 - - [14/Mar/2026:11:47:07 -0300] "GET /post-formats-vs.png?dir=//lib/systemd/system/rescue.target.wants HTTP/2.0" 200 6606 "https://modernmoocacury.com.br.contadorjoseaparecido.com/post-formats-vs.png?dir=//lib/systemd/system" "Mozilla/5.0 AppleWebKit/537.36 (KHTML, like Gecko; compatible; GPTBot/1.3; +https://openai.com/gptbot)" modernmoocacury.com.br.contadorjoseaparecido.com 216.172.172.98
74.7.227.37 - - [14/Mar/2026:11:47:07 -0300] "GET /ultimate-post-kit.ttf?dir=//run/initramfs/state/etc/sysconfig/network-scripts HTTP/1.1" 200 6295 "https://modernmoocacury.com.br/ultimate-post-kit.ttf?dir=//run/initramfs/state/etc/sysconfig" "Mozilla/5.0 AppleWebKit/537.36 (KHTML, like Gecko; compatible; GPTBot/1.3; +https://openai.com/gptbot)" modernmoocacury.com.br 216.172.172.98
74.7.227.37 - - [14/Mar/2026:11:47:07 -0300] "GET /ultimate-post-kit.ttf?dir=//run/initramfs/state/etc/sysconfig/network-scripts HTTP/2.0" 200 6295 "https://modernmoocacury.com.br/ultimate-post-kit.ttf?dir=//run/initramfs/state/etc/sysconfig" "Mozilla/5.0 AppleWebKit/537.36 (KHTML, like Gecko; compatible; GPTBot/1.3; +https://openai.com/gptbot)" modernmoocacury.com.br 216.172.172.98
74.7.243.219 - - [14/Mar/2026:11:47:08 -0300] "GET /inline-edit-post.js?dir=//opt/cpanel/ea-wappspector/vendor/rector/rector/src/PhpDocParser/PhpParser HTTP/2.0" 200 7040 "https://www.modernmoocacury.com.br.contadorjoseaparecido.com/inline-edit-post.js?dir=//opt/cpanel/ea-wappspector/vendor/rector/rector/src/PhpDocParser" "Mozilla/5.0 AppleWebKit/537.36 (KHTML, like Gecko; compatible; GPTBot/1.3; +https://openai.com/gptbot)" www.modernmoocacury.com.br.contadorjoseaparecido.com 216.172.172.98
74.7.227.37 - - [14/Mar/2026:11:47:10 -0300] "GET /ultimate-post-kit.svg?dir=//media HTTP/2.0" 200 6165 "https://modernmoocacury.com.br/ultimate-post-kit.svg?dir=/" "Mozilla/5.0 AppleWebKit/537.36 (KHTML, like Gecko; compatible; GPTBot/1.3; +https://openai.com/gptbot)" modernmoocacury.com.br 216.172.172.98
74.7.227.37 - - [14/Mar/2026:11:47:13 -0300] "GET /ultimate-post-kit.ttf?dir=//lib/debug/lib64 HTTP/1.1" 200 6208 "https://modernmoocacury.com.br/ultimate-post-kit.ttf?dir=//lib/debug" "Mozilla/5.0 AppleWebKit/537.36 (KHTML, like Gecko; compatible; GPTBot/1.3; +https://openai.com/gptbot)" modernmoocacury.com.br 216.172.172.98
74.7.227.37 - - [14/Mar/2026:11:47:13 -0300] "GET /ultimate-post-kit.ttf?dir=//lib/debug/lib64 HTTP/2.0" 200 6208 "https://modernmoocacury.com.br/ultimate-post-kit.ttf?dir=//lib/debug" "Mozilla/5.0 AppleWebKit/537.36 (KHTML, like Gecko; compatible; GPTBot/1.3; +https://openai.com/gptbot)" modernmoocacury.com.br 216.172.172.98
74.7.241.21 - - [14/Mar/2026:11:47:16 -0300] "GET /post-formats-vs.png?dir=//lib/systemd/system/poweroff.target.wants HTTP/2.0" 200 6960 "https://modernmoocacury.com.br.contadorjoseaparecido.com/post-formats-vs.png?dir=//lib/systemd/system" "Mozilla/5.0 AppleWebKit/537.36 (KHTML, like Gecko; compatible; GPTBot/1.3; +https://openai.com/gptbot)" modernmoocacury.com.br.contadorjoseaparecido.com 216.172.172.98
74.7.243.219 - - [14/Mar/2026:11:47:15 -0300] "GET /inline-edit-post.js?dir=//opt/cpanel/ea-wappspector/vendor/rector/rector/rules/Visibility/Rector HTTP/2.0" 200 7045 "https://www.modernmoocacury.com.br.contadorjoseaparecido.com/inline-edit-post.js?dir=//opt/cpanel/ea-wappspector/vendor/rector/rector/rules/Visibility" "Mozilla/5.0 AppleWebKit/537.36 (KHTML, like Gecko; compatible; GPTBot/1.3; +https://openai.com/gptbot)" www.modernmoocacury.com.br.contadorjoseaparecido.com 216.172.172.98
74.7.227.37 - - [14/Mar/2026:11:47:16 -0300] "GET /24a?dir=/home1 HTTP/1.1" 200 5677 "https://modernmoocacury.com.br/24a?p=Ahome1Acontad42AmodernmoocacuryIcomIbrAwp-contentAmu-plugins" "Mozilla/5.0 AppleWebKit/537.36 (KHTML, like Gecko; compatible; GPTBot/1.3; +https://openai.com/gptbot)" modernmoocacury.com.br 216.172.172.98
74.7.227.37 - - [14/Mar/2026:11:47:16 -0300] "GET /24a?dir=/home1 HTTP/2.0" 200 5677 "https://modernmoocacury.com.br/24a?p=Ahome1Acontad42AmodernmoocacuryIcomIbrAwp-contentAmu-plugins" "Mozilla/5.0 AppleWebKit/537.36 (KHTML, like Gecko; compatible; GPTBot/1.3; +https://openai.com/gptbot)" modernmoocacury.com.br 216.172.172.98
74.7.227.37 - - [14/Mar/2026:11:47:19 -0300] "GET /inline-edit-post.js?dir=//usr/include/rdma HTTP/2.0" 200 15010 "https://modernmoocacury.com.br/inline-edit-post.js?dir=//usr/include" "Mozilla/5.0 AppleWebKit/537.36 (KHTML, like Gecko; compatible; GPTBot/1.3; +https://openai.com/gptbot)" modernmoocacury.com.br 216.172.172.98
74.7.243.219 - - [14/Mar/2026:11:47:21 -0300] "GET /inline-edit-post.js?dir=//opt/cpanel/ea-wappspector/vendor/rector/rector/rules/Transform/Rector/Scalar HTTP/2.0" 200 6716 "https://www.modernmoocacury.com.br.contadorjoseaparecido.com/inline-edit-post.js?dir=//opt/cpanel/ea-wappspector/vendor/rector/rector/rules/Transform/Rector" "Mozilla/5.0 AppleWebKit/537.36 (KHTML, like Gecko; compatible; GPTBot/1.3; +https://openai.com/gptbot)" www.modernmoocacury.com.br.contadorjoseaparecido.com 216.172.172.98
74.7.241.21 - - [14/Mar/2026:11:47:24 -0300] "GET /post-formats-vs.png?action=download&dir=//lib/systemd/system&item=bind_exporter.service HTTP/2.0" 200 1887 "https://modernmoocacury.com.br.contadorjoseaparecido.com/post-formats-vs.png?dir=//lib/systemd/system" "Mozilla/5.0 AppleWebKit/537.36 (KHTML, like Gecko; compatible; GPTBot/1.3; +https://openai.com/gptbot)" modernmoocacury.com.br.contadorjoseaparecido.com 216.172.172.98
74.7.227.37 - - [14/Mar/2026:11:47:23 -0300] "GET /inline-edit-post.js?dir=//lib/python2.7/site-packages/kitchen/i18n HTTP/2.0" 200 7331 "https://modernmoocacury.com.br/inline-edit-post.js?dir=//lib/python2.7/site-packages/kitchen" "Mozilla/5.0 AppleWebKit/537.36 (KHTML, like Gecko; compatible; GPTBot/1.3; +https://openai.com/gptbot)" modernmoocacury.com.br 216.172.172.98
74.7.227.37 - - [14/Mar/2026:11:47:26 -0300] "GET /inline-edit-post.min.js?dir=//opt/cpanel/ea-openssl11/lib64/pkgconfig HTTP/2.0" 200 7283 "https://modernmoocacury.com.br/inline-edit-post.min.js?dir=//opt/cpanel/ea-openssl11/lib64" "Mozilla/5.0 AppleWebKit/537.36 (KHTML, like Gecko; compatible; GPTBot/1.3; +https://openai.com/gptbot)" modernmoocacury.com.br 216.172.172.98
74.7.243.219 - - [14/Mar/2026:11:47:27 -0300] "GET /inline-edit-post.js?dir=//opt/cpanel/ea-wappspector/vendor/rector/rector/src/Configuration/Parameter HTTP/2.0" 200 6699 "https://www.modernmoocacury.com.br.contadorjoseaparecido.com/inline-edit-post.js?dir=//opt/cpanel/ea-wappspector/vendor/rector/rector/src/Configuration" "Mozilla/5.0 AppleWebKit/537.36 (KHTML, like Gecko; compatible; GPTBot/1.3; +https://openai.com/gptbot)" www.modernmoocacury.com.br.contadorjoseaparecido.com 216.172.172.98
74.7.227.37 - - [14/Mar/2026:11:47:29 -0300] "GET /ultimate-post-kit.ttf?dir=//run/initramfs/state/var/lib/dhclient HTTP/1.1" 200 6270 "https://modernmoocacury.com.br/ultimate-post-kit.ttf?dir=//run/initramfs/state/var/lib" "Mozilla/5.0 AppleWebKit/537.36 (KHTML, like Gecko; compatible; GPTBot/1.3; +https://openai.com/gptbot)" modernmoocacury.com.br 216.172.172.98
74.7.227.37 - - [14/Mar/2026:11:47:29 -0300] "GET /ultimate-post-kit.ttf?dir=//run/initramfs/state/var/lib/dhclient HTTP/2.0" 200 6270 "https://modernmoocacury.com.br/ultimate-post-kit.ttf?dir=//run/initramfs/state/var/lib" "Mozilla/5.0 AppleWebKit/537.36 (KHTML, like Gecko; compatible; GPTBot/1.3; +https://openai.com/gptbot)" modernmoocacury.com.br 216.172.172.98
74.7.241.21 - - [14/Mar/2026:11:47:31 -0300] "GET /post-formats-vs.png?dir=//lib/systemd/system/halt.target.wants HTTP/2.0" 200 6589 "https://modernmoocacury.com.br.contadorjoseaparecido.com/post-formats-vs.png?dir=//lib/systemd/system" "Mozilla/5.0 AppleWebKit/537.36 (KHTML, like Gecko; compatible; GPTBot/1.3; +https://openai.com/gptbot)" modernmoocacury.com.br.contadorjoseaparecido.com 216.172.172.98
74.7.243.219 - - [14/Mar/2026:11:47:32 -0300] "GET /inline-edit-post.js?dir=//opt/cpanel/ea-wappspector/vendor/rector/rector/src/ValueObject/Bootstrap HTTP/2.0" 200 6695 "https://www.modernmoocacury.com.br.contadorjoseaparecido.com/inline-edit-post.js?dir=//opt/cpanel/ea-wappspector/vendor/rector/rector/src/ValueObject" "Mozilla/5.0 AppleWebKit/537.36 (KHTML, like Gecko; compatible; GPTBot/1.3; +https://openai.com/gptbot)" www.modernmoocacury.com.br.contadorjoseaparecido.com 216.172.172.98
74.7.227.37 - - [14/Mar/2026:11:47:32 -0300] "GET /ultimate-post-kit.ttf?dir=//usr/lib64/gnome-settings-daemon-3.0 HTTP/1.1" 200 6594 "https://modernmoocacury.com.br/ultimate-post-kit.ttf?dir=//usr/lib64" "Mozilla/5.0 AppleWebKit/537.36 (KHTML, like Gecko; compatible; GPTBot/1.3; +https://openai.com/gptbot)" modernmoocacury.com.br 216.172.172.98
74.7.227.37 - - [14/Mar/2026:11:47:32 -0300] "GET /ultimate-post-kit.ttf?dir=//usr/lib64/gnome-settings-daemon-3.0 HTTP/2.0" 200 6594 "https://modernmoocacury.com.br/ultimate-post-kit.ttf?dir=//usr/lib64" "Mozilla/5.0 AppleWebKit/537.36 (KHTML, like Gecko; compatible; GPTBot/1.3; +https://openai.com/gptbot)" modernmoocacury.com.br 216.172.172.98
74.7.227.37 - - [14/Mar/2026:11:47:35 -0300] "GET /post.min.js?dir=//lib64/ruby/dl HTTP/2.0" 200 6556 "https://modernmoocacury.com.br/post.min.js?dir=//lib64/ruby" "Mozilla/5.0 AppleWebKit/537.36 (KHTML, like Gecko; compatible; GPTBot/1.3; +https://openai.com/gptbot)" modernmoocacury.com.br 216.172.172.98
74.7.243.219 - - [14/Mar/2026:11:47:37 -0300] "GET /inline-edit-post.js?dir=//opt/cpanel/ea-wappspector/vendor/rector/rector/vendor/symfony/console/Logger HTTP/2.0" 200 6699 "https://www.modernmoocacury.com.br.contadorjoseaparecido.com/inline-edit-post.js?dir=//opt/cpanel/ea-wappspector/vendor/rector/rector/vendor/symfony/console" "Mozilla/5.0 AppleWebKit/537.36 (KHTML, like Gecko; compatible; GPTBot/1.3; +https://openai.com/gptbot)" www.modernmoocacury.com.br.contadorjoseaparecido.com 216.172.172.98
74.7.227.37 - - [14/Mar/2026:11:47:39 -0300] "GET /post.min.js?dir=//lib64/ruby/io HTTP/2.0" 200 7268 "https://modernmoocacury.com.br/post.min.js?dir=//lib64/ruby" "Mozilla/5.0 AppleWebKit/537.36 (KHTML, like Gecko; compatible; GPTBot/1.3; +https://openai.com/gptbot)" modernmoocacury.com.br 216.172.172.98
74.7.241.21 - - [14/Mar/2026:11:47:38 -0300] "GET /post-formats-vs.png?dir=//lib/systemd/system/dbus.target.wants HTTP/2.0" 200 6247 "https://modernmoocacury.com.br.contadorjoseaparecido.com/post-formats-vs.png?dir=//lib/systemd/system" "Mozilla/5.0 AppleWebKit/537.36 (KHTML, like Gecko; compatible; GPTBot/1.3; +https://openai.com/gptbot)" modernmoocacury.com.br.contadorjoseaparecido.com 216.172.172.98
74.7.243.219 - - [14/Mar/2026:11:47:41 -0300] "GET /inline-edit-post.js?dir=//opt/cpanel/ea-wappspector/vendor/rector/rector/rules/Arguments/Contract HTTP/2.0" 200 6702 "https://www.modernmoocacury.com.br.contadorjoseaparecido.com/inline-edit-post.js?dir=//opt/cpanel/ea-wappspector/vendor/rector/rector/rules/Arguments" "Mozilla/5.0 AppleWebKit/537.36 (KHTML, like Gecko; compatible; GPTBot/1.3; +https://openai.com/gptbot)" www.modernmoocacury.com.br.contadorjoseaparecido.com 216.172.172.98
74.7.227.37 - - [14/Mar/2026:11:47:42 -0300] "GET /inline-edit-post.js?action=rename&dir=//usr/include/net&item=ethernet.h HTTP/2.0" 200 9822 "https://modernmoocacury.com.br/inline-edit-post.js?dir=//usr/include/net" "Mozilla/5.0 AppleWebKit/537.36 (KHTML, like Gecko; compatible; GPTBot/1.3; +https://openai.com/gptbot)" modernmoocacury.com.br 216.172.172.98
74.7.243.219 - - [14/Mar/2026:11:47:44 -0300] "GET /inline-edit-post.js?dir=//opt/cpanel/ea-wappspector/vendor/rector/rector/rules/EarlyReturn/Rector HTTP/2.0" 200 7751 "https://www.modernmoocacury.com.br.contadorjoseaparecido.com/inline-edit-post.js?dir=//opt/cpanel/ea-wappspector/vendor/rector/rector/rules/EarlyReturn" "Mozilla/5.0 AppleWebKit/537.36 (KHTML, like Gecko; compatible; GPTBot/1.3; +https://openai.com/gptbot)" www.modernmoocacury.com.br.contadorjoseaparecido.com 216.172.172.98
74.7.227.37 - - [14/Mar/2026:11:47:45 -0300] "GET /post-formats-vs.png?dir=//opt/cpanel/ea-wappspector/vendor/phpunit/phpunit/src/TextUI HTTP/2.0" 200 9484 "https://modernmoocacury.com.br/post-formats-vs.png?dir=//opt/cpanel/ea-wappspector/vendor/phpunit/phpunit/src" "Mozilla/5.0 AppleWebKit/537.36 (KHTML, like Gecko; compatible; GPTBot/1.3; +https://openai.com/gptbot)" modernmoocacury.com.br 216.172.172.98
74.7.241.21 - - [14/Mar/2026:11:47:45 -0300] "GET /post-formats-vs.png?dir=//lib/systemd/system/basic.target.wants HTTP/2.0" 200 6617 "https://modernmoocacury.com.br.contadorjoseaparecido.com/post-formats-vs.png?dir=//lib/systemd/system" "Mozilla/5.0 AppleWebKit/537.36 (KHTML, like Gecko; compatible; GPTBot/1.3; +https://openai.com/gptbot)" modernmoocacury.com.br.contadorjoseaparecido.com 216.172.172.98
74.7.243.219 - - [14/Mar/2026:11:47:48 -0300] "GET /inline-edit-post.js?dir=//opt/cpanel/ea-wappspector/vendor/rector/rector/rules/Strict/NodeFactory HTTP/2.0" 200 6698 "https://www.modernmoocacury.com.br.contadorjoseaparecido.com/inline-edit-post.js?dir=//opt/cpanel/ea-wappspector/vendor/rector/rector/rules/Strict" "Mozilla/5.0 AppleWebKit/537.36 (KHTML, like Gecko; compatible; GPTBot/1.3; +https://openai.com/gptbot)" www.modernmoocacury.com.br.contadorjoseaparecido.com 216.172.172.98
74.7.227.37 - - [14/Mar/2026:11:47:48 -0300] "GET /post-formats-vs.png?dir=//opt/cpanel/ea-wappspector/vendor/phpunit/phpunit/src/Logging/JUnit HTTP/2.0" 200 7045 "https://modernmoocacury.com.br/post-formats-vs.png?dir=//opt/cpanel/ea-wappspector/vendor/phpunit/phpunit/src/Logging" "Mozilla/5.0 AppleWebKit/537.36 (KHTML, like Gecko; compatible; GPTBot/1.3; +https://openai.com/gptbot)" modernmoocacury.com.br 216.172.172.98
74.7.241.21 - - [14/Mar/2026:11:47:50 -0300] "GET /post-formats-vs.png?action=download&dir=//lib/systemd/system&item=machines.target HTTP/2.0" 200 1924 "https://modernmoocacury.com.br.contadorjoseaparecido.com/post-formats-vs.png?dir=//lib/systemd/system" "Mozilla/5.0 AppleWebKit/537.36 (KHTML, like Gecko; compatible; GPTBot/1.3; +https://openai.com/gptbot)" modernmoocacury.com.br.contadorjoseaparecido.com 216.172.172.98
74.7.243.219 - - [14/Mar/2026:11:47:51 -0300] "GET /inline-edit-post.js?dir=//opt/cpanel/ea-wappspector/vendor/rector/rector/src/Exception/Reflection HTTP/2.0" 200 6698 "https://www.modernmoocacury.com.br.contadorjoseaparecido.com/inline-edit-post.js?dir=//opt/cpanel/ea-wappspector/vendor/rector/rector/src/Exception" "Mozilla/5.0 AppleWebKit/537.36 (KHTML, like Gecko; compatible; GPTBot/1.3; +https://openai.com/gptbot)" www.modernmoocacury.com.br.contadorjoseaparecido.com 216.172.172.98
74.7.227.37 - - [14/Mar/2026:11:47:51 -0300] "GET /post-formats-vs.png?dir=//opt/cpanel/ea-wappspector/vendor/phpunit/phpunit/src/Util/PHP HTTP/2.0" 200 7391 "https://modernmoocacury.com.br/post-formats-vs.png?dir=//opt/cpanel/ea-wappspector/vendor/phpunit/phpunit/src/Util" "Mozilla/5.0 AppleWebKit/537.36 (KHTML, like Gecko; compatible; GPTBot/1.3; +https://openai.com/gptbot)" modernmoocacury.com.br 216.172.172.98
74.7.243.219 - - [14/Mar/2026:11:47:54 -0300] "GET /inline-edit-post.js?dir=//opt/cpanel/ea-wappspector/vendor/rector/rector/src/NodeNameResolver/Contract HTTP/2.0" 200 6706 "https://www.modernmoocacury.com.br.contadorjoseaparecido.com/inline-edit-post.js?dir=//opt/cpanel/ea-wappspector/vendor/rector/rector/src/NodeNameResolver" "Mozilla/5.0 AppleWebKit/537.36 (KHTML, like Gecko; compatible; GPTBot/1.3; +https://openai.com/gptbot)" www.modernmoocacury.com.br.contadorjoseaparecido.com 216.172.172.98
74.7.227.37 - - [14/Mar/2026:11:47:54 -0300] "GET /inline-edit-post.js?action=edit&dir=//usr/include/rdma&item=ib_user_ioctl_cmds.h HTTP/2.0" 200 16948 "https://modernmoocacury.com.br/inline-edit-post.js?dir=//usr/include/rdma" "Mozilla/5.0 AppleWebKit/537.36 (KHTML, like Gecko; compatible; GPTBot/1.3; +https://openai.com/gptbot)" modernmoocacury.com.br 216.172.172.98
74.7.241.21 - - [14/Mar/2026:11:47:55 -0300] "GET /post-formats-vs.png?dir=//lib/systemd/system/shutdown.target.wants HTTP/2.0" 200 6597 "https://modernmoocacury.com.br.contadorjoseaparecido.com/post-formats-vs.png?dir=//lib/systemd/system" "Mozilla/5.0 AppleWebKit/537.36 (KHTML, like Gecko; compatible; GPTBot/1.3; +https://openai.com/gptbot)" modernmoocacury.com.br.contadorjoseaparecido.com 216.172.172.98
74.7.243.219 - - [14/Mar/2026:11:47:58 -0300] "GET /inline-edit-post.js?dir=//opt/cpanel/ea-wappspector/vendor/rector/rector/vendor/symfony/finder/Iterator HTTP/2.0" 200 11266 "https://www.modernmoocacury.com.br.contadorjoseaparecido.com/inline-edit-post.js?dir=//opt/cpanel/ea-wappspector/vendor/rector/rector/vendor/symfony/finder" "Mozilla/5.0 AppleWebKit/537.36 (KHTML, like Gecko; compatible; GPTBot/1.3; +https://openai.com/gptbot)" www.modernmoocacury.com.br.contadorjoseaparecido.com 216.172.172.98
74.7.227.37 - - [14/Mar/2026:11:47:58 -0300] "GET /inline-edit-post.js?dir=//usr/include/rdma/hfi HTTP/2.0" 200 6904 "https://modernmoocacury.com.br/inline-edit-post.js?dir=//usr/include/rdma" "Mozilla/5.0 AppleWebKit/537.36 (KHTML, like Gecko; compatible; GPTBot/1.3; +https://openai.com/gptbot)" modernmoocacury.com.br 216.172.172.98
74.7.241.21 - - [14/Mar/2026:11:48:00 -0300] "GET /post-formats-vs.png?dir=//lib/systemd/system/local-fs.target.wants HTTP/2.0" 200 6598 "https://modernmoocacury.com.br.contadorjoseaparecido.com/post-formats-vs.png?dir=//lib/systemd/system" "Mozilla/5.0 AppleWebKit/537.36 (KHTML, like Gecko; compatible; GPTBot/1.3; +https://openai.com/gptbot)" modernmoocacury.com.br.contadorjoseaparecido.com 216.172.172.98
74.7.227.37 - - [14/Mar/2026:11:48:01 -0300] "GET /post-formats-vs.png?dir=//opt/cpanel/ea-wappspector/vendor/phpunit/phpunit/src/Util/Xml HTTP/2.0" 200 7017 "https://modernmoocacury.com.br/post-formats-vs.png?dir=//opt/cpanel/ea-wappspector/vendor/phpunit/phpunit/src/Util" "Mozilla/5.0 AppleWebKit/537.36 (KHTML, like Gecko; compatible; GPTBot/1.3; +https://openai.com/gptbot)" modernmoocacury.com.br 216.172.172.98
74.7.243.219 - - [14/Mar/2026:11:48:01 -0300] "GET /inline-edit-post.js?action=chmod&dir=//opt/cpanel/ea-wappspector/vendor/rector/rector/rules/Visibility/Rector&item=ClassMethod HTTP/2.0" 200 7275 "https://www.modernmoocacury.com.br.contadorjoseaparecido.com/inline-edit-post.js?dir=//opt/cpanel/ea-wappspector/vendor/rector/rector/rules/Visibility/Rector" "Mozilla/5.0 AppleWebKit/537.36 (KHTML, like Gecko; compatible; GPTBot/1.3; +https://openai.com/gptbot)" www.modernmoocacury.com.br.contadorjoseaparecido.com 216.172.172.98
74.7.241.21 - - [14/Mar/2026:11:48:04 -0300] "GET /post-formats-vs.png?dir=//lib/systemd/system/graphical.target.wants HTTP/2.0" 200 6613 "https://modernmoocacury.com.br.contadorjoseaparecido.com/post-formats-vs.png?dir=//lib/systemd/system" "Mozilla/5.0 AppleWebKit/537.36 (KHTML, like Gecko; compatible; GPTBot/1.3; +https://openai.com/gptbot)" modernmoocacury.com.br.contadorjoseaparecido.com 216.172.172.98
74.7.243.219 - - [14/Mar/2026:11:48:04 -0300] "GET /inline-edit-post.js?dir=//opt/cpanel/ea-wappspector/vendor/rector/rector/vendor/symfony/finder/Exception HTTP/2.0" 200 7061 "https://www.modernmoocacury.com.br.contadorjoseaparecido.com/inline-edit-post.js?dir=//opt/cpanel/ea-wappspector/vendor/rector/rector/vendor/symfony/finder" "Mozilla/5.0 AppleWebKit/537.36 (KHTML, like Gecko; compatible; GPTBot/1.3; +https://openai.com/gptbot)" www.modernmoocacury.com.br.contadorjoseaparecido.com 216.172.172.98
74.7.227.37 - - [14/Mar/2026:11:48:04 -0300] "GET /inline-edit-post.min.js?dir=//opt/cpanel/ea-wappspector/vendor/phpunit/phpunit/src/TextUI HTTP/2.0" 200 9484 "https://modernmoocacury.com.br/inline-edit-post.min.js?dir=//opt/cpanel/ea-wappspector/vendor/phpunit/phpunit/src" "Mozilla/5.0 AppleWebKit/537.36 (KHTML, like Gecko; compatible; GPTBot/1.3; +https://openai.com/gptbot)" modernmoocacury.com.br 216.172.172.98
74.7.243.219 - - [14/Mar/2026:11:48:07 -0300] "GET /inline-edit-post.js?dir=//opt/cpanel/ea-wappspector/vendor/rector/rector/src/VendorLocker/Exception HTTP/2.0" 200 6702 "https://www.modernmoocacury.com.br.contadorjoseaparecido.com/inline-edit-post.js?dir=//opt/cpanel/ea-wappspector/vendor/rector/rector/src/VendorLocker" "Mozilla/5.0 AppleWebKit/537.36 (KHTML, like Gecko; compatible; GPTBot/1.3; +https://openai.com/gptbot)" www.modernmoocacury.com.br.contadorjoseaparecido.com 216.172.172.98
74.7.241.21 - - [14/Mar/2026:11:48:08 -0300] "GET /post-formats-vs.png?dir=//lib/systemd/system/kexec.target.wants HTTP/2.0" 200 6591 "https://modernmoocacury.com.br.contadorjoseaparecido.com/post-formats-vs.png?dir=//lib/systemd/system" "Mozilla/5.0 AppleWebKit/537.36 (KHTML, like Gecko; compatible; GPTBot/1.3; +https://openai.com/gptbot)" modernmoocacury.com.br.contadorjoseaparecido.com 216.172.172.98
