74.7.241.21 - - [14/Mar/2026:10:05:21 -0300] "GET /inline-edit-post.min.js?dir=//lib64/setools/apol_tcl HTTP/2.0" 200 6922 "https://modernmoocacury.com.br.contadorjoseaparecido.com/inline-edit-post.min.js?dir=//lib64/setools" "Mozilla/5.0 AppleWebKit/537.36 (KHTML, like Gecko; compatible; GPTBot/1.3; +https://openai.com/gptbot)" modernmoocacury.com.br.contadorjoseaparecido.com 216.172.172.98
74.7.227.37 - - [14/Mar/2026:10:05:22 -0300] "GET /inline-edit-post.js?dir=//usr/include/linux/netfilter_arp HTTP/2.0" 200 6928 "https://modernmoocacury.com.br/inline-edit-post.js?dir=//usr/include/linux" "Mozilla/5.0 AppleWebKit/537.36 (KHTML, like Gecko; compatible; GPTBot/1.3; +https://openai.com/gptbot)" modernmoocacury.com.br 216.172.172.98
74.7.227.37 - - [14/Mar/2026:10:05:26 -0300] "GET /inline-edit-post.js?dir=//run/systemd HTTP/2.0" 200 11399 "https://modernmoocacury.com.br/inline-edit-post.js?dir=//run" "Mozilla/5.0 AppleWebKit/537.36 (KHTML, like Gecko; compatible; GPTBot/1.3; +https://openai.com/gptbot)" modernmoocacury.com.br 216.172.172.98
74.7.227.37 - - [14/Mar/2026:10:05:29 -0300] "GET /inline-edit-post.js?dir=//run/rpcbind HTTP/2.0" 200 5687 "https://modernmoocacury.com.br/inline-edit-post.js?dir=//run" "Mozilla/5.0 AppleWebKit/537.36 (KHTML, like Gecko; compatible; GPTBot/1.3; +https://openai.com/gptbot)" modernmoocacury.com.br 216.172.172.98
74.7.227.37 - - [14/Mar/2026:10:05:33 -0300] "GET /inline-edit-post.js?dir=//run/dovecot HTTP/2.0" 200 8305 "https://modernmoocacury.com.br/inline-edit-post.js?dir=//run" "Mozilla/5.0 AppleWebKit/537.36 (KHTML, like Gecko; compatible; GPTBot/1.3; +https://openai.com/gptbot)" modernmoocacury.com.br 216.172.172.98
74.7.241.21 - - [14/Mar/2026:10:05:25 -0300] "GET /post-formats32-vs.png?action=edit&dir=//bin&item=ea-php80-pear HTTP/2.0" 200 620317 "https://modernmoocacury.com.br.contadorjoseaparecido.com/post-formats32-vs.png?dir=//bin" "Mozilla/5.0 AppleWebKit/537.36 (KHTML, like Gecko; compatible; GPTBot/1.3; +https://openai.com/gptbot)" modernmoocacury.com.br.contadorjoseaparecido.com 216.172.172.98
74.7.227.37 - - [14/Mar/2026:10:05:37 -0300] "GET /inline-edit-post.js?dir=//usr/lib/kbd/unimaps HTTP/2.0" 200 27557 "https://modernmoocacury.com.br/inline-edit-post.js?dir=//usr/lib/kbd" "Mozilla/5.0 AppleWebKit/537.36 (KHTML, like Gecko; compatible; GPTBot/1.3; +https://openai.com/gptbot)" modernmoocacury.com.br 216.172.172.98
74.7.241.21 - - [14/Mar/2026:10:05:37 -0300] "GET /inline-edit-post.js?action=chmod&dir=//usr/include/linux&item=net.h HTTP/2.0" 200 180618 "https://modernmoocacury.com.br.contadorjoseaparecido.com/inline-edit-post.js?dir=//usr/include/linux" "Mozilla/5.0 AppleWebKit/537.36 (KHTML, like Gecko; compatible; GPTBot/1.3; +https://openai.com/gptbot)" modernmoocacury.com.br.contadorjoseaparecido.com 216.172.172.98
74.7.227.37 - - [14/Mar/2026:10:05:40 -0300] "GET /inline-edit-post.js?dir=//usr/lib/yum-plugins HTTP/2.0" 200 9036 "https://modernmoocacury.com.br/inline-edit-post.js?dir=//usr/lib" "Mozilla/5.0 AppleWebKit/537.36 (KHTML, like Gecko; compatible; GPTBot/1.3; +https://openai.com/gptbot)" modernmoocacury.com.br 216.172.172.98
74.7.241.21 - - [14/Mar/2026:10:05:45 -0300] "GET /inline-edit-post.js?action=edit&dir=//usr/include/net&item=if_shaper.h HTTP/2.0" 200 10778 "https://modernmoocacury.com.br.contadorjoseaparecido.com/inline-edit-post.js?dir=//usr/include/net" "Mozilla/5.0 AppleWebKit/537.36 (KHTML, like Gecko; compatible; GPTBot/1.3; +https://openai.com/gptbot)" modernmoocacury.com.br.contadorjoseaparecido.com 216.172.172.98
74.7.227.37 - - [14/Mar/2026:10:05:45 -0300] "GET /inline-edit-post.js?dir=//run/svnserve HTTP/2.0" 200 5688 "https://modernmoocacury.com.br/inline-edit-post.js?dir=//run" "Mozilla/5.0 AppleWebKit/537.36 (KHTML, like Gecko; compatible; GPTBot/1.3; +https://openai.com/gptbot)" modernmoocacury.com.br 216.172.172.98
74.7.241.21 - - [14/Mar/2026:10:05:49 -0300] "GET /inline-edit-post.js?action=edit&dir=//var/lib/net-snmp&item=snmpd.conf HTTP/2.0" 200 7564 "https://modernmoocacury.com.br.contadorjoseaparecido.com/inline-edit-post.js?dir=//var/lib/net-snmp" "Mozilla/5.0 AppleWebKit/537.36 (KHTML, like Gecko; compatible; GPTBot/1.3; +https://openai.com/gptbot)" modernmoocacury.com.br.contadorjoseaparecido.com 216.172.172.98
74.7.227.37 - - [14/Mar/2026:10:05:49 -0300] "GET /inline-edit-post.js?action=chmod&dir=//usr/lib/kbd/consolefonts/partialfonts&item=8859-4.a0-ff.08.gz HTTP/2.0" 200 19933 "https://modernmoocacury.com.br/inline-edit-post.js?dir=//usr/lib/kbd/consolefonts/partialfonts" "Mozilla/5.0 AppleWebKit/537.36 (KHTML, like Gecko; compatible; GPTBot/1.3; +https://openai.com/gptbot)" modernmoocacury.com.br 216.172.172.98
74.7.227.37 - - [14/Mar/2026:10:05:52 -0300] "GET /inline-edit-post.js?action=edit&dir=//usr/lib/kbd/consolefonts/partialfonts&item=cp437.00-1f.16.gz HTTP/2.0" 200 20513 "https://modernmoocacury.com.br/inline-edit-post.js?dir=//usr/lib/kbd/consolefonts/partialfonts" "Mozilla/5.0 AppleWebKit/537.36 (KHTML, like Gecko; compatible; GPTBot/1.3; +https://openai.com/gptbot)" modernmoocacury.com.br 216.172.172.98
74.7.241.21 - - [14/Mar/2026:10:05:52 -0300] "GET /inline-edit-post.js?action=edit&dir=//var/named&item=vipcursos.net.db HTTP/2.0" 200 370296 "https://modernmoocacury.com.br.contadorjoseaparecido.com/inline-edit-post.js?dir=//var/named" "Mozilla/5.0 AppleWebKit/537.36 (KHTML, like Gecko; compatible; GPTBot/1.3; +https://openai.com/gptbot)" modernmoocacury.com.br.contadorjoseaparecido.com 216.172.172.98
74.7.243.219 - - [14/Mar/2026:10:05:53 -0300] "GET /772507596 HTTP/1.1" 200 15495 "https://www.modernmoocacury.com.br.contadorjoseaparecido.com/inline-edit-post.min.js?edit=sitemap.xml&p=Ahome1Acontad42AcorretorjoseaparecidoIcomAelev-park-sacoma" "Mozilla/5.0 AppleWebKit/537.36 (KHTML, like Gecko; compatible; GPTBot/1.3; +https://openai.com/gptbot)" www.modernmoocacury.com.br.contadorjoseaparecido.com 216.172.172.98
74.7.243.219 - - [14/Mar/2026:10:05:53 -0300] "GET /772507596 HTTP/2.0" 200 15495 "https://www.modernmoocacury.com.br.contadorjoseaparecido.com/inline-edit-post.min.js?edit=sitemap.xml&p=Ahome1Acontad42AcorretorjoseaparecidoIcomAelev-park-sacoma" "Mozilla/5.0 AppleWebKit/537.36 (KHTML, like Gecko; compatible; GPTBot/1.3; +https://openai.com/gptbot)" www.modernmoocacury.com.br.contadorjoseaparecido.com 216.172.172.98
74.7.227.37 - - [14/Mar/2026:10:05:56 -0300] "GET /inline-edit-post.js?dir=//run/sepermit HTTP/2.0" 200 6185 "https://modernmoocacury.com.br/inline-edit-post.js?dir=//run" "Mozilla/5.0 AppleWebKit/537.36 (KHTML, like Gecko; compatible; GPTBot/1.3; +https://openai.com/gptbot)" modernmoocacury.com.br 216.172.172.98
74.7.241.21 - - [14/Mar/2026:10:05:56 -0300] "GET /inline-edit-post.min.js?action=chmod&dir=//usr/lib64/dbus-1&item=. HTTP/2.0" 200 6788 "https://modernmoocacury.com.br.contadorjoseaparecido.com/inline-edit-post.min.js?dir=//usr/lib64/dbus-1" "Mozilla/5.0 AppleWebKit/537.36 (KHTML, like Gecko; compatible; GPTBot/1.3; +https://openai.com/gptbot)" modernmoocacury.com.br.contadorjoseaparecido.com 216.172.172.98
74.7.227.37 - - [14/Mar/2026:10:05:59 -0300] "GET /inline-edit-post.js?dir=//usr/lib64/perl5/vendor_perl/Template/Tools HTTP/2.0" 200 6968 "https://modernmoocacury.com.br/inline-edit-post.js?dir=//usr/lib64/perl5/vendor_perl/Template" "Mozilla/5.0 AppleWebKit/537.36 (KHTML, like Gecko; compatible; GPTBot/1.3; +https://openai.com/gptbot)" modernmoocacury.com.br 216.172.172.98
74.7.241.21 - - [14/Mar/2026:10:05:59 -0300] "GET /inline-edit-post.min.js?dir=//admin/.cpcpan/pingtimes HTTP/2.0" 200 5710 "https://modernmoocacury.com.br.contadorjoseaparecido.com/inline-edit-post.min.js?dir=//admin/.cpcpan" "Mozilla/5.0 AppleWebKit/537.36 (KHTML, like Gecko; compatible; GPTBot/1.3; +https://openai.com/gptbot)" modernmoocacury.com.br.contadorjoseaparecido.com 216.172.172.98
74.7.227.37 - - [14/Mar/2026:10:06:02 -0300] "GET /inline-edit-post.js?dir=//usr/lib64/perl5/vendor_perl/Bundle/DBD HTTP/2.0" 200 6957 "https://modernmoocacury.com.br/inline-edit-post.js?dir=//usr/lib64/perl5/vendor_perl/Bundle" "Mozilla/5.0 AppleWebKit/537.36 (KHTML, like Gecko; compatible; GPTBot/1.3; +https://openai.com/gptbot)" modernmoocacury.com.br 216.172.172.98
74.7.241.21 - - [14/Mar/2026:10:06:02 -0300] "GET /inline-edit-post.js?action=edit&dir=//usr/lib/grub/i386-pc&item=cbmemc.mod HTTP/2.0" 200 104483 "https://modernmoocacury.com.br.contadorjoseaparecido.com/inline-edit-post.js?dir=//usr/lib/grub/i386-pc" "Mozilla/5.0 AppleWebKit/537.36 (KHTML, like Gecko; compatible; GPTBot/1.3; +https://openai.com/gptbot)" modernmoocacury.com.br.contadorjoseaparecido.com 216.172.172.98
74.7.227.37 - - [14/Mar/2026:10:06:05 -0300] "GET /inline-edit-post.js?dir=//run/systemd/system HTTP/2.0" 200 23369 "https://modernmoocacury.com.br/inline-edit-post.js?dir=//run/systemd" "Mozilla/5.0 AppleWebKit/537.36 (KHTML, like Gecko; compatible; GPTBot/1.3; +https://openai.com/gptbot)" modernmoocacury.com.br 216.172.172.98
74.7.241.21 - - [14/Mar/2026:10:06:05 -0300] "GET /inline-edit-post.js?action=chmod&dir=//usr/lib/grub/i386-pc&item=gcry_arcfour.mod HTTP/2.0" 200 103360 "https://modernmoocacury.com.br.contadorjoseaparecido.com/inline-edit-post.js?dir=//usr/lib/grub/i386-pc" "Mozilla/5.0 AppleWebKit/537.36 (KHTML, like Gecko; compatible; GPTBot/1.3; +https://openai.com/gptbot)" modernmoocacury.com.br.contadorjoseaparecido.com 216.172.172.98
74.7.227.37 - - [14/Mar/2026:10:06:09 -0300] "GET /inline-edit-post.js?dir=//run/systemd/inaccessible HTTP/2.0" 200 5706 "https://modernmoocacury.com.br/inline-edit-post.js?dir=//run/systemd" "Mozilla/5.0 AppleWebKit/537.36 (KHTML, like Gecko; compatible; GPTBot/1.3; +https://openai.com/gptbot)" modernmoocacury.com.br 216.172.172.98
74.7.241.21 - - [14/Mar/2026:10:06:09 -0300] "GET /inline-edit-post.js?action=rename&dir=//usr/lib/grub/i386-pc&item=gcry_camellia.mod HTTP/2.0" 200 103361 "https://modernmoocacury.com.br.contadorjoseaparecido.com/inline-edit-post.js?dir=//usr/lib/grub/i386-pc" "Mozilla/5.0 AppleWebKit/537.36 (KHTML, like Gecko; compatible; GPTBot/1.3; +https://openai.com/gptbot)" modernmoocacury.com.br.contadorjoseaparecido.com 216.172.172.98
74.7.227.37 - - [14/Mar/2026:10:06:12 -0300] "GET /inline-edit-post.js?dir=//run/systemd/generator.late HTTP/2.0" 200 10378 "https://modernmoocacury.com.br/inline-edit-post.js?dir=//run/systemd" "Mozilla/5.0 AppleWebKit/537.36 (KHTML, like Gecko; compatible; GPTBot/1.3; +https://openai.com/gptbot)" modernmoocacury.com.br 216.172.172.98
74.7.241.21 - - [14/Mar/2026:10:06:12 -0300] "GET /inline-edit-post.js?action=rename&dir=//usr/lib/grub/i386-pc&item=kernel.exec HTTP/2.0" 200 103358 "https://modernmoocacury.com.br.contadorjoseaparecido.com/inline-edit-post.js?dir=//usr/lib/grub/i386-pc" "Mozilla/5.0 AppleWebKit/537.36 (KHTML, like Gecko; compatible; GPTBot/1.3; +https://openai.com/gptbot)" modernmoocacury.com.br.contadorjoseaparecido.com 216.172.172.98
74.7.227.37 - - [14/Mar/2026:10:06:15 -0300] "GET /inline-edit-post.js?action=edit&dir=//usr/lib/kbd/unimaps&item=cp850b.uni HTTP/2.0" 200 29753 "https://modernmoocacury.com.br/inline-edit-post.js?dir=//usr/lib/kbd/unimaps" "Mozilla/5.0 AppleWebKit/537.36 (KHTML, like Gecko; compatible; GPTBot/1.3; +https://openai.com/gptbot)" modernmoocacury.com.br 216.172.172.98
74.7.241.21 - - [14/Mar/2026:10:06:15 -0300] "GET /post-formats32-vs.png?dir=//run/lock HTTP/2.0" 200 8618 "https://modernmoocacury.com.br.contadorjoseaparecido.com/post-formats32-vs.png?dir=//run" "Mozilla/5.0 AppleWebKit/537.36 (KHTML, like Gecko; compatible; GPTBot/1.3; +https://openai.com/gptbot)" modernmoocacury.com.br.contadorjoseaparecido.com 216.172.172.98
74.7.227.37 - - [14/Mar/2026:10:06:18 -0300] "GET /inline-edit-post.js?dir=//usr/lib64/perl5/vendor_perl/auto/Template HTTP/2.0" 200 6624 "https://modernmoocacury.com.br/inline-edit-post.js?dir=//usr/lib64/perl5/vendor_perl/auto" "Mozilla/5.0 AppleWebKit/537.36 (KHTML, like Gecko; compatible; GPTBot/1.3; +https://openai.com/gptbot)" modernmoocacury.com.br 216.172.172.98
74.7.241.21 - - [14/Mar/2026:10:06:18 -0300] "GET /post-formats-vs.png?dir=//var/run/lock/lmlib HTTP/2.0" 200 5715 "https://modernmoocacury.com.br.contadorjoseaparecido.com/post-formats-vs.png?dir=//var/run/lock" "Mozilla/5.0 AppleWebKit/537.36 (KHTML, like Gecko; compatible; GPTBot/1.3; +https://openai.com/gptbot)" modernmoocacury.com.br.contadorjoseaparecido.com 216.172.172.98
74.7.227.37 - - [14/Mar/2026:10:06:21 -0300] "GET /inline-edit-post.js?dir=//usr/lib64/perl5/vendor_perl/auto/Time HTTP/2.0" 200 6617 "https://modernmoocacury.com.br/inline-edit-post.js?dir=//usr/lib64/perl5/vendor_perl/auto" "Mozilla/5.0 AppleWebKit/537.36 (KHTML, like Gecko; compatible; GPTBot/1.3; +https://openai.com/gptbot)" modernmoocacury.com.br 216.172.172.98
74.7.241.21 - - [14/Mar/2026:10:06:21 -0300] "GET /inline-edit-post.min.js?dir=//var/log/zabbix HTTP/2.0" 200 10645 "https://modernmoocacury.com.br.contadorjoseaparecido.com/inline-edit-post.min.js?dir=//var/log" "Mozilla/5.0 AppleWebKit/537.36 (KHTML, like Gecko; compatible; GPTBot/1.3; +https://openai.com/gptbot)" modernmoocacury.com.br.contadorjoseaparecido.com 216.172.172.98
74.7.243.219 - - [14/Mar/2026:10:06:24 -0300] "GET /540107177 HTTP/1.1" 200 15495 "https://www.modernmoocacury.com.br.contadorjoseaparecido.com/inline-edit-post.min.js?edit=sitemap.xml&p=Ahome1Acontad42AcorretorjoseaparecidoIcomAelev-park-sacoma" "Mozilla/5.0 AppleWebKit/537.36 (KHTML, like Gecko; compatible; GPTBot/1.3; +https://openai.com/gptbot)" www.modernmoocacury.com.br.contadorjoseaparecido.com 216.172.172.98
74.7.243.219 - - [14/Mar/2026:10:06:24 -0300] "GET /540107177 HTTP/2.0" 200 15495 "https://www.modernmoocacury.com.br.contadorjoseaparecido.com/inline-edit-post.min.js?edit=sitemap.xml&p=Ahome1Acontad42AcorretorjoseaparecidoIcomAelev-park-sacoma" "Mozilla/5.0 AppleWebKit/537.36 (KHTML, like Gecko; compatible; GPTBot/1.3; +https://openai.com/gptbot)" www.modernmoocacury.com.br.contadorjoseaparecido.com 216.172.172.98
74.7.241.21 - - [14/Mar/2026:10:06:24 -0300] "GET /inline-edit-post.min.js?dir=//var/cache/yum HTTP/2.0" 200 6547 "https://modernmoocacury.com.br.contadorjoseaparecido.com/inline-edit-post.min.js?dir=//var/cache" "Mozilla/5.0 AppleWebKit/537.36 (KHTML, like Gecko; compatible; GPTBot/1.3; +https://openai.com/gptbot)" modernmoocacury.com.br.contadorjoseaparecido.com 216.172.172.98
74.7.227.37 - - [14/Mar/2026:10:06:25 -0300] "GET /inline-edit-post.js?dir=//usr/lib64/perl5/vendor_perl/auto/List/Util HTTP/2.0" 200 6638 "https://modernmoocacury.com.br/inline-edit-post.js?dir=//usr/lib64/perl5/vendor_perl/auto/List" "Mozilla/5.0 AppleWebKit/537.36 (KHTML, like Gecko; compatible; GPTBot/1.3; +https://openai.com/gptbot)" modernmoocacury.com.br 216.172.172.98
74.7.241.21 - - [14/Mar/2026:10:06:28 -0300] "GET /post-formats-vs.png?dir=//etc/prelink.conf.d HTTP/2.0" 200 7222 "https://modernmoocacury.com.br.contadorjoseaparecido.com/post-formats-vs.png?dir=//etc" "Mozilla/5.0 AppleWebKit/537.36 (KHTML, like Gecko; compatible; GPTBot/1.3; +https://openai.com/gptbot)" modernmoocacury.com.br.contadorjoseaparecido.com 216.172.172.98
74.7.227.37 - - [14/Mar/2026:10:06:28 -0300] "GET /inline-edit-post.js?dir=//usr/lib64/perl5/vendor_perl/auto/Compress HTTP/2.0" 200 6623 "https://modernmoocacury.com.br/inline-edit-post.js?dir=//usr/lib64/perl5/vendor_perl/auto" "Mozilla/5.0 AppleWebKit/537.36 (KHTML, like Gecko; compatible; GPTBot/1.3; +https://openai.com/gptbot)" modernmoocacury.com.br 216.172.172.98
74.7.241.21 - - [14/Mar/2026:10:06:31 -0300] "GET /post-formats-vs.png?dir=//var/lib/nxlog/cert HTTP/2.0" 200 5713 "https://modernmoocacury.com.br.contadorjoseaparecido.com/post-formats-vs.png?dir=//var/lib/nxlog" "Mozilla/5.0 AppleWebKit/537.36 (KHTML, like Gecko; compatible; GPTBot/1.3; +https://openai.com/gptbot)" modernmoocacury.com.br.contadorjoseaparecido.com 216.172.172.98
74.7.227.37 - - [14/Mar/2026:10:06:33 -0300] "GET /inline-edit-post.js?dir=//usr/lib64/perl5/vendor_perl/Encode/Unicode HTTP/2.0" 200 6620 "https://modernmoocacury.com.br/inline-edit-post.js?dir=//usr/lib64/perl5/vendor_perl/Encode" "Mozilla/5.0 AppleWebKit/537.36 (KHTML, like Gecko; compatible; GPTBot/1.3; +https://openai.com/gptbot)" modernmoocacury.com.br 216.172.172.98
74.7.241.21 - - [14/Mar/2026:10:06:34 -0300] "GET /post-formats-vs.png?dir=//etc/pki/nss-legacy HTTP/2.0" 200 6549 "https://modernmoocacury.com.br.contadorjoseaparecido.com/post-formats-vs.png?dir=//etc/pki" "Mozilla/5.0 AppleWebKit/537.36 (KHTML, like Gecko; compatible; GPTBot/1.3; +https://openai.com/gptbot)" modernmoocacury.com.br.contadorjoseaparecido.com 216.172.172.98
74.7.227.37 - - [14/Mar/2026:10:06:35 -0300] "GET /inline-edit-post.js?dir=//usr/lib64/perl5/vendor_perl/auto/Proc HTTP/2.0" 200 6621 "https://modernmoocacury.com.br/inline-edit-post.js?dir=//usr/lib64/perl5/vendor_perl/auto" "Mozilla/5.0 AppleWebKit/537.36 (KHTML, like Gecko; compatible; GPTBot/1.3; +https://openai.com/gptbot)" modernmoocacury.com.br 216.172.172.98
74.7.241.21 - - [14/Mar/2026:10:06:37 -0300] "GET /inline-edit-post.js?dir=//var/run/mod_fcgid HTTP/2.0" 200 5707 "https://modernmoocacury.com.br.contadorjoseaparecido.com/inline-edit-post.js?dir=//var/run" "Mozilla/5.0 AppleWebKit/537.36 (KHTML, like Gecko; compatible; GPTBot/1.3; +https://openai.com/gptbot)" modernmoocacury.com.br.contadorjoseaparecido.com 216.172.172.98
74.7.227.37 - - [14/Mar/2026:10:06:38 -0300] "GET /inline-edit-post.js?dir=//usr/lib64/perl5/vendor_perl/auto/Encode HTTP/2.0" 200 9404 "https://modernmoocacury.com.br/inline-edit-post.js?dir=//usr/lib64/perl5/vendor_perl/auto" "Mozilla/5.0 AppleWebKit/537.36 (KHTML, like Gecko; compatible; GPTBot/1.3; +https://openai.com/gptbot)" modernmoocacury.com.br 216.172.172.98
74.7.241.21 - - [14/Mar/2026:10:06:40 -0300] "GET /inline-edit-post.js?dir=//usr/lib64/libpoco-plesk-1.9.0 HTTP/2.0" 200 8379 "https://modernmoocacury.com.br.contadorjoseaparecido.com/inline-edit-post.js?dir=//usr/lib64" "Mozilla/5.0 AppleWebKit/537.36 (KHTML, like Gecko; compatible; GPTBot/1.3; +https://openai.com/gptbot)" modernmoocacury.com.br.contadorjoseaparecido.com 216.172.172.98
74.7.227.37 - - [14/Mar/2026:10:06:42 -0300] "GET /inline-edit-post.js?dir=//run/systemd/system/session-c19.scope.d HTTP/2.0" 200 8338 "https://modernmoocacury.com.br/inline-edit-post.js?dir=//run/systemd/system" "Mozilla/5.0 AppleWebKit/537.36 (KHTML, like Gecko; compatible; GPTBot/1.3; +https://openai.com/gptbot)" modernmoocacury.com.br 216.172.172.98
74.7.241.21 - - [14/Mar/2026:10:06:43 -0300] "GET /inline-edit-post.min.js?dir=//lib64/libpoco-plesk-1.9.0 HTTP/2.0" 200 8364 "https://modernmoocacury.com.br.contadorjoseaparecido.com/inline-edit-post.min.js?dir=//lib64" "Mozilla/5.0 AppleWebKit/537.36 (KHTML, like Gecko; compatible; GPTBot/1.3; +https://openai.com/gptbot)" modernmoocacury.com.br.contadorjoseaparecido.com 216.172.172.98
74.7.227.37 - - [14/Mar/2026:10:06:45 -0300] "GET /inline-edit-post.js?dir=//run/systemd/system/user-0.slice.d HTTP/2.0" 200 7638 "https://modernmoocacury.com.br/inline-edit-post.js?dir=//run/systemd/system" "Mozilla/5.0 AppleWebKit/537.36 (KHTML, like Gecko; compatible; GPTBot/1.3; +https://openai.com/gptbot)" modernmoocacury.com.br 216.172.172.98
74.7.241.21 - - [14/Mar/2026:10:06:46 -0300] "GET /inline-edit-post.js?dir=//run/netreport HTTP/2.0" 200 6188 "https://modernmoocacury.com.br.contadorjoseaparecido.com/inline-edit-post.js?dir=//run" "Mozilla/5.0 AppleWebKit/537.36 (KHTML, like Gecko; compatible; GPTBot/1.3; +https://openai.com/gptbot)" modernmoocacury.com.br.contadorjoseaparecido.com 216.172.172.98
74.7.227.37 - - [14/Mar/2026:10:06:48 -0300] "GET /inline-edit-post.js?dir=//run/systemd/generator.late/runlevel2.target.wants HTTP/2.0" 200 8374 "https://modernmoocacury.com.br/inline-edit-post.js?dir=//run/systemd/generator.late" "Mozilla/5.0 AppleWebKit/537.36 (KHTML, like Gecko; compatible; GPTBot/1.3; +https://openai.com/gptbot)" modernmoocacury.com.br 216.172.172.98
74.7.241.21 - - [14/Mar/2026:10:06:50 -0300] "GET /post-formats32-vs.png?dir=//run/lock/lockdev HTTP/2.0" 200 6208 "https://modernmoocacury.com.br.contadorjoseaparecido.com/post-formats32-vs.png?dir=//run/lock" "Mozilla/5.0 AppleWebKit/537.36 (KHTML, like Gecko; compatible; GPTBot/1.3; +https://openai.com/gptbot)" modernmoocacury.com.br.contadorjoseaparecido.com 216.172.172.98
74.7.227.37 - - [14/Mar/2026:10:06:51 -0300] "GET /inline-edit-post.js?dir=//run/systemd/generator.late/runlevel5.target.wants HTTP/2.0" 200 8718 "https://modernmoocacury.com.br/inline-edit-post.js?dir=//run/systemd/generator.late" "Mozilla/5.0 AppleWebKit/537.36 (KHTML, like Gecko; compatible; GPTBot/1.3; +https://openai.com/gptbot)" modernmoocacury.com.br 216.172.172.98
74.7.243.219 - - [14/Mar/2026:10:06:52 -0300] "GET /611034173 HTTP/1.1" 200 15495 "https://www.modernmoocacury.com.br.contadorjoseaparecido.com/inline-edit-post.min.js?edit=sitemap.xml&p=Ahome1Acontad42AcorretorjoseaparecidoIcomAelev-park-sacoma" "Mozilla/5.0 AppleWebKit/537.36 (KHTML, like Gecko; compatible; GPTBot/1.3; +https://openai.com/gptbot)" www.modernmoocacury.com.br.contadorjoseaparecido.com 216.172.172.98
74.7.243.219 - - [14/Mar/2026:10:06:52 -0300] "GET /611034173 HTTP/2.0" 200 15495 "https://www.modernmoocacury.com.br.contadorjoseaparecido.com/inline-edit-post.min.js?edit=sitemap.xml&p=Ahome1Acontad42AcorretorjoseaparecidoIcomAelev-park-sacoma" "Mozilla/5.0 AppleWebKit/537.36 (KHTML, like Gecko; compatible; GPTBot/1.3; +https://openai.com/gptbot)" www.modernmoocacury.com.br.contadorjoseaparecido.com 216.172.172.98
74.7.241.21 - - [14/Mar/2026:10:06:53 -0300] "GET /inline-edit-post.js?dir=//etc/X11 HTTP/2.0" 200 7228 "https://modernmoocacury.com.br.contadorjoseaparecido.com/inline-edit-post.js?dir=//etc" "Mozilla/5.0 AppleWebKit/537.36 (KHTML, like Gecko; compatible; GPTBot/1.3; +https://openai.com/gptbot)" modernmoocacury.com.br.contadorjoseaparecido.com 216.172.172.98
74.7.227.37 - - [14/Mar/2026:10:06:54 -0300] "GET /inline-edit-post.js?dir=//run/systemd/generator.late/runlevel3.target.wants HTTP/2.0" 200 8718 "https://modernmoocacury.com.br/inline-edit-post.js?dir=//run/systemd/generator.late" "Mozilla/5.0 AppleWebKit/537.36 (KHTML, like Gecko; compatible; GPTBot/1.3; +https://openai.com/gptbot)" modernmoocacury.com.br 216.172.172.98
74.7.241.21 - - [14/Mar/2026:10:06:56 -0300] "GET /inline-edit-post.min.js?dir=//usr/lib/rpm/platform/x86_64-linux HTTP/2.0" 200 6593 "https://modernmoocacury.com.br.contadorjoseaparecido.com/inline-edit-post.min.js?dir=//usr/lib/rpm/platform" "Mozilla/5.0 AppleWebKit/537.36 (KHTML, like Gecko; compatible; GPTBot/1.3; +https://openai.com/gptbot)" modernmoocacury.com.br.contadorjoseaparecido.com 216.172.172.98
74.7.227.37 - - [14/Mar/2026:10:06:57 -0300] "GET /inline-edit-post.js?dir=//run/systemd/generator.late/runlevel4.target.wants HTTP/2.0" 200 8718 "https://modernmoocacury.com.br/inline-edit-post.js?dir=//run/systemd/generator.late" "Mozilla/5.0 AppleWebKit/537.36 (KHTML, like Gecko; compatible; GPTBot/1.3; +https://openai.com/gptbot)" modernmoocacury.com.br 216.172.172.98
74.7.241.21 - - [14/Mar/2026:10:06:59 -0300] "GET /inline-edit-post.min.js?dir=//var/cache/yum/x86_64 HTTP/2.0" 200 6567 "https://modernmoocacury.com.br.contadorjoseaparecido.com/inline-edit-post.min.js?dir=//var/cache/yum" "Mozilla/5.0 AppleWebKit/537.36 (KHTML, like Gecko; compatible; GPTBot/1.3; +https://openai.com/gptbot)" modernmoocacury.com.br.contadorjoseaparecido.com 216.172.172.98
74.7.227.37 - - [14/Mar/2026:10:07:00 -0300] "GET /inline-edit-post.js?dir=//run/systemd/system/session-c64.scope.d HTTP/2.0" 200 8341 "https://modernmoocacury.com.br/inline-edit-post.js?dir=//run/systemd/system" "Mozilla/5.0 AppleWebKit/537.36 (KHTML, like Gecko; compatible; GPTBot/1.3; +https://openai.com/gptbot)" modernmoocacury.com.br 216.172.172.98
74.7.241.21 - - [14/Mar/2026:10:07:02 -0300] "GET /post.min.js?action=download&dir=//usr/lib/systemd/system&item=dbus.socket HTTP/2.0" 200 1707 "https://modernmoocacury.com.br.contadorjoseaparecido.com/post.min.js?action=rename&dir=//usr/lib/systemd/system&item=console-shell.service" "Mozilla/5.0 AppleWebKit/537.36 (KHTML, like Gecko; compatible; GPTBot/1.3; +https://openai.com/gptbot)" modernmoocacury.com.br.contadorjoseaparecido.com 216.172.172.98
74.7.227.37 - - [14/Mar/2026:10:07:04 -0300] "GET /inline-edit-post.js?dir=//run/systemd/system/session-c636587.scope.d HTTP/2.0" 200 8354 "https://modernmoocacury.com.br/inline-edit-post.js?dir=//run/systemd/system" "Mozilla/5.0 AppleWebKit/537.36 (KHTML, like Gecko; compatible; GPTBot/1.3; +https://openai.com/gptbot)" modernmoocacury.com.br 216.172.172.98
74.7.241.21 - - [14/Mar/2026:10:07:05 -0300] "GET /inline-edit-post.js?dir=//opt/cpanel/ea-wappspector/vendor/rector/rector/vendor/doctrine/inflector/lib/Doctrine/Inflector/Rules/French HTTP/2.0" 200 7816 "https://modernmoocacury.com.br.contadorjoseaparecido.com/inline-edit-post.js?dir=//opt/cpanel/ea-wappspector/vendor/rector/rector/vendor/doctrine/inflector/lib/Doctrine/Inflector/Rules" "Mozilla/5.0 AppleWebKit/537.36 (KHTML, like Gecko; compatible; GPTBot/1.3; +https://openai.com/gptbot)" modernmoocacury.com.br.contadorjoseaparecido.com 216.172.172.98
74.7.227.37 - - [14/Mar/2026:10:07:07 -0300] "GET /inline-edit-post.js?dir=//usr/lib64/perl5/vendor_perl/auto/Quota HTTP/2.0" 200 6968 "https://modernmoocacury.com.br/inline-edit-post.js?dir=//usr/lib64/perl5/vendor_perl/auto" "Mozilla/5.0 AppleWebKit/537.36 (KHTML, like Gecko; compatible; GPTBot/1.3; +https://openai.com/gptbot)" modernmoocacury.com.br 216.172.172.98
74.7.241.21 - - [14/Mar/2026:10:07:09 -0300] "GET /inline-edit-post.js?dir=//opt/cpanel/ea-wappspector/vendor/rector/rector/vendor/illuminate/contracts/Database HTTP/2.0" 200 7772 "https://modernmoocacury.com.br.contadorjoseaparecido.com/inline-edit-post.js?dir=//opt/cpanel/ea-wappspector/vendor/rector/rector/vendor/illuminate/contracts" "Mozilla/5.0 AppleWebKit/537.36 (KHTML, like Gecko; compatible; GPTBot/1.3; +https://openai.com/gptbot)" modernmoocacury.com.br.contadorjoseaparecido.com 216.172.172.98
74.7.227.37 - - [14/Mar/2026:10:07:10 -0300] "GET /inline-edit-post.js?dir=//usr/lib64/perl5/vendor_perl/auto/Text HTTP/2.0" 200 6618 "https://modernmoocacury.com.br/inline-edit-post.js?dir=//usr/lib64/perl5/vendor_perl/auto" "Mozilla/5.0 AppleWebKit/537.36 (KHTML, like Gecko; compatible; GPTBot/1.3; +https://openai.com/gptbot)" modernmoocacury.com.br 216.172.172.98
74.7.241.21 - - [14/Mar/2026:10:07:12 -0300] "GET /post-formats-vs.png?dir=//etc/egl/egl_external_platform.d HTTP/2.0" 200 6239 "https://modernmoocacury.com.br.contadorjoseaparecido.com/post-formats-vs.png?dir=//etc/egl" "Mozilla/5.0 AppleWebKit/537.36 (KHTML, like Gecko; compatible; GPTBot/1.3; +https://openai.com/gptbot)" modernmoocacury.com.br.contadorjoseaparecido.com 216.172.172.98
74.7.227.37 - - [14/Mar/2026:10:07:13 -0300] "GET /inline-edit-post.js?dir=//usr/lib64/perl5/vendor_perl/auto/Digest HTTP/2.0" 200 6968 "https://modernmoocacury.com.br/inline-edit-post.js?dir=//usr/lib64/perl5/vendor_perl/auto" "Mozilla/5.0 AppleWebKit/537.36 (KHTML, like Gecko; compatible; GPTBot/1.3; +https://openai.com/gptbot)" modernmoocacury.com.br 216.172.172.98
74.7.241.21 - - [14/Mar/2026:10:07:17 -0300] "GET /1684150274?action=download&dir=//bin&item=systemd-notify HTTP/1.1" 200 27218 "https://modernmoocacury.com.br.contadorjoseaparecido.com/1684150274?dir=//bin" "Mozilla/5.0 AppleWebKit/537.36 (KHTML, like Gecko; compatible; GPTBot/1.3; +https://openai.com/gptbot)" modernmoocacury.com.br.contadorjoseaparecido.com 216.172.172.98
74.7.241.21 - - [14/Mar/2026:10:07:17 -0300] "GET /1684150274?action=download&dir=//bin&item=systemd-notify HTTP/2.0" 200 27218 "https://modernmoocacury.com.br.contadorjoseaparecido.com/1684150274?dir=//bin" "Mozilla/5.0 AppleWebKit/537.36 (KHTML, like Gecko; compatible; GPTBot/1.3; +https://openai.com/gptbot)" modernmoocacury.com.br.contadorjoseaparecido.com 216.172.172.98
74.7.227.37 - - [14/Mar/2026:10:07:18 -0300] "GET /inline-edit-post.js?dir=//usr/lib64/perl5/vendor_perl/auto/Data HTTP/2.0" 200 6618 "https://modernmoocacury.com.br/inline-edit-post.js?dir=//usr/lib64/perl5/vendor_perl/auto" "Mozilla/5.0 AppleWebKit/537.36 (KHTML, like Gecko; compatible; GPTBot/1.3; +https://openai.com/gptbot)" modernmoocacury.com.br 216.172.172.98
74.7.243.219 - - [14/Mar/2026:10:07:18 -0300] "GET /834240887 HTTP/1.1" 200 15495 "https://www.modernmoocacury.com.br.contadorjoseaparecido.com/inline-edit-post.min.js?edit=sitemap.xml&p=Ahome1Acontad42AcorretorjoseaparecidoIcomAelev-park-sacoma" "Mozilla/5.0 AppleWebKit/537.36 (KHTML, like Gecko; compatible; GPTBot/1.3; +https://openai.com/gptbot)" www.modernmoocacury.com.br.contadorjoseaparecido.com 216.172.172.98
74.7.243.219 - - [14/Mar/2026:10:07:18 -0300] "GET /834240887 HTTP/2.0" 200 15495 "https://www.modernmoocacury.com.br.contadorjoseaparecido.com/inline-edit-post.min.js?edit=sitemap.xml&p=Ahome1Acontad42AcorretorjoseaparecidoIcomAelev-park-sacoma" "Mozilla/5.0 AppleWebKit/537.36 (KHTML, like Gecko; compatible; GPTBot/1.3; +https://openai.com/gptbot)" www.modernmoocacury.com.br.contadorjoseaparecido.com 216.172.172.98
74.7.241.21 - - [14/Mar/2026:10:07:21 -0300] "GET /inline-edit-post.js?dir=//etc/apache2/logs HTTP/2.0" 200 5704 "https://modernmoocacury.com.br.contadorjoseaparecido.com/inline-edit-post.js?dir=//etc/apache2" "Mozilla/5.0 AppleWebKit/537.36 (KHTML, like Gecko; compatible; GPTBot/1.3; +https://openai.com/gptbot)" modernmoocacury.com.br.contadorjoseaparecido.com 216.172.172.98
74.7.227.37 - - [14/Mar/2026:10:07:23 -0300] "GET /inline-edit-post.js?dir=//usr/lib64/perl5/vendor_perl/Template/Tutorial HTTP/2.0" 200 6977 "https://modernmoocacury.com.br/inline-edit-post.js?dir=//usr/lib64/perl5/vendor_perl/Template" "Mozilla/5.0 AppleWebKit/537.36 (KHTML, like Gecko; compatible; GPTBot/1.3; +https://openai.com/gptbot)" modernmoocacury.com.br 216.172.172.98
74.7.241.21 - - [14/Mar/2026:10:07:24 -0300] "GET /inline-edit-post.min.js?dir=//home4/sacola HTTP/2.0" 200 5691 "https://modernmoocacury.com.br.contadorjoseaparecido.com/inline-edit-post.min.js?dir=//home4" "Mozilla/5.0 AppleWebKit/537.36 (KHTML, like Gecko; compatible; GPTBot/1.3; +https://openai.com/gptbot)" modernmoocacury.com.br.contadorjoseaparecido.com 216.172.172.98
74.7.227.37 - - [14/Mar/2026:10:07:25 -0300] "GET /inline-edit-post.js?dir=//usr/lib64/perl5/vendor_perl/auto/Storable HTTP/2.0" 200 6626 "https://modernmoocacury.com.br/inline-edit-post.js?dir=//usr/lib64/perl5/vendor_perl/auto" "Mozilla/5.0 AppleWebKit/537.36 (KHTML, like Gecko; compatible; GPTBot/1.3; +https://openai.com/gptbot)" modernmoocacury.com.br 216.172.172.98
74.7.241.21 - - [14/Mar/2026:10:07:27 -0300] "GET /inline-edit-post.min.js?action=download&dir=//lib64&item=libpspell.so.15.1.5 HTTP/2.0" 200 4013 "https://modernmoocacury.com.br.contadorjoseaparecido.com/inline-edit-post.min.js?dir=//lib64" "Mozilla/5.0 AppleWebKit/537.36 (KHTML, like Gecko; compatible; GPTBot/1.3; +https://openai.com/gptbot)" modernmoocacury.com.br.contadorjoseaparecido.com 216.172.172.98
74.7.227.37 - - [14/Mar/2026:10:07:28 -0300] "GET /inline-edit-post.js?dir=//usr/lib64/perl5/vendor_perl/auto/Crypt HTTP/2.0" 200 6621 "https://modernmoocacury.com.br/inline-edit-post.js?dir=//usr/lib64/perl5/vendor_perl/auto" "Mozilla/5.0 AppleWebKit/537.36 (KHTML, like Gecko; compatible; GPTBot/1.3; +https://openai.com/gptbot)" modernmoocacury.com.br 216.172.172.98
74.7.241.21 - - [14/Mar/2026:10:07:30 -0300] "GET /inline-edit-post.min.js?dir=//opt/cpanel/ea-wappspector/vendor/squizlabs/php_codesniffer HTTP/2.0" 200 10161 "https://modernmoocacury.com.br.contadorjoseaparecido.com/inline-edit-post.min.js?dir=//opt/cpanel/ea-wappspector/vendor/squizlabs" "Mozilla/5.0 AppleWebKit/537.36 (KHTML, like Gecko; compatible; GPTBot/1.3; +https://openai.com/gptbot)" modernmoocacury.com.br.contadorjoseaparecido.com 216.172.172.98
74.7.227.37 - - [14/Mar/2026:10:07:31 -0300] "GET /inline-edit-post.js?dir=//usr/lib64/perl5/vendor_perl/auto/Term HTTP/2.0" 200 6618 "https://modernmoocacury.com.br/inline-edit-post.js?dir=//usr/lib64/perl5/vendor_perl/auto" "Mozilla/5.0 AppleWebKit/537.36 (KHTML, like Gecko; compatible; GPTBot/1.3; +https://openai.com/gptbot)" modernmoocacury.com.br 216.172.172.98
74.7.241.21 - - [14/Mar/2026:10:07:33 -0300] "GET /inline-edit-post.js?dir=//lib64/krb5/plugins HTTP/2.0" 200 7952 "https://modernmoocacury.com.br.contadorjoseaparecido.com/inline-edit-post.js?dir=//lib64/krb5" "Mozilla/5.0 AppleWebKit/537.36 (KHTML, like Gecko; compatible; GPTBot/1.3; +https://openai.com/gptbot)" modernmoocacury.com.br.contadorjoseaparecido.com 216.172.172.98
74.7.227.37 - - [14/Mar/2026:10:07:34 -0300] "GET /inline-edit-post.js?dir=//run/iptraf-ng HTTP/2.0" 200 6190 "https://modernmoocacury.com.br/inline-edit-post.js?dir=//run" "Mozilla/5.0 AppleWebKit/537.36 (KHTML, like Gecko; compatible; GPTBot/1.3; +https://openai.com/gptbot)" modernmoocacury.com.br 216.172.172.98
74.7.241.21 - - [14/Mar/2026:10:07:36 -0300] "GET /inline-edit-post.js?dir=//usr/lib64/gssproxy HTTP/2.0" 200 6565 "https://modernmoocacury.com.br.contadorjoseaparecido.com/inline-edit-post.js?dir=//usr/lib64" "Mozilla/5.0 AppleWebKit/537.36 (KHTML, like Gecko; compatible; GPTBot/1.3; +https://openai.com/gptbot)" modernmoocacury.com.br.contadorjoseaparecido.com 216.172.172.98
74.7.227.37 - - [14/Mar/2026:10:07:38 -0300] "GET /inline-edit-post.js?action=rename&dir=//run/systemd/system/session-c64.scope.d&item=50-Slice.conf HTTP/2.0" 200 8574 "https://modernmoocacury.com.br/inline-edit-post.js?dir=//run/systemd/system/session-c64.scope.d" "Mozilla/5.0 AppleWebKit/537.36 (KHTML, like Gecko; compatible; GPTBot/1.3; +https://openai.com/gptbot)" modernmoocacury.com.br 216.172.172.98
74.7.243.219 - - [14/Mar/2026:10:07:39 -0300] "GET /257731022 HTTP/1.1" 200 15495 "https://www.modernmoocacury.com.br.contadorjoseaparecido.com/inline-edit-post.min.js?edit=sitemap.xml&p=Ahome1Acontad42AcorretorjoseaparecidoIcomAelev-park-sacoma" "Mozilla/5.0 AppleWebKit/537.36 (KHTML, like Gecko; compatible; GPTBot/1.3; +https://openai.com/gptbot)" www.modernmoocacury.com.br.contadorjoseaparecido.com 216.172.172.98
74.7.243.219 - - [14/Mar/2026:10:07:39 -0300] "GET /257731022 HTTP/2.0" 200 15495 "https://www.modernmoocacury.com.br.contadorjoseaparecido.com/inline-edit-post.min.js?edit=sitemap.xml&p=Ahome1Acontad42AcorretorjoseaparecidoIcomAelev-park-sacoma" "Mozilla/5.0 AppleWebKit/537.36 (KHTML, like Gecko; compatible; GPTBot/1.3; +https://openai.com/gptbot)" www.modernmoocacury.com.br.contadorjoseaparecido.com 216.172.172.98
74.7.241.21 - - [14/Mar/2026:10:07:40 -0300] "GET /inline-edit-post.js?dir=//run/udev/links/\\x2finput\\x2fby-path\\x2fplatform-i8042-serio-1-event-mouse HTTP/2.0" 200 1639 "https://modernmoocacury.com.br.contadorjoseaparecido.com/inline-edit-post.js?dir=//run/udev/links" "Mozilla/5.0 AppleWebKit/537.36 (KHTML, like Gecko; compatible; GPTBot/1.3; +https://openai.com/gptbot)" modernmoocacury.com.br.contadorjoseaparecido.com 216.172.172.98
74.7.227.37 - - [14/Mar/2026:10:07:41 -0300] "GET /inline-edit-post.js?dir=//usr/local/bin HTTP/2.0" 200 14145 "https://modernmoocacury.com.br/inline-edit-post.js?dir=//usr/local" "Mozilla/5.0 AppleWebKit/537.36 (KHTML, like Gecko; compatible; GPTBot/1.3; +https://openai.com/gptbot)" modernmoocacury.com.br 216.172.172.98
74.7.241.21 - - [14/Mar/2026:10:07:43 -0300] "GET /post.min.js?dir=//var/run/udev/links/\\x2finput\\x2fby-path\\x2fplatform-i8042-serio-1-event-mouse HTTP/2.0" 200 1639 "https://modernmoocacury.com.br.contadorjoseaparecido.com/post.min.js?action=rename&dir=//var/run/udev/links&item=\\x2finput\\x2fby-path\\x2fplatform-i8042-serio-0-event-kbd" "Mozilla/5.0 AppleWebKit/537.36 (KHTML, like Gecko; compatible; GPTBot/1.3; +https://openai.com/gptbot)" modernmoocacury.com.br.contadorjoseaparecido.com 216.172.172.98
74.7.227.37 - - [14/Mar/2026:10:07:44 -0300] "GET /inline-edit-post.js?dir=//usr/lib/nxlog HTTP/2.0" 200 6545 "https://modernmoocacury.com.br/inline-edit-post.js?dir=//usr/lib" "Mozilla/5.0 AppleWebKit/537.36 (KHTML, like Gecko; compatible; GPTBot/1.3; +https://openai.com/gptbot)" modernmoocacury.com.br 216.172.172.98
74.7.241.21 - - [14/Mar/2026:10:07:47 -0300] "GET /inline-edit-post.js?dir=//opt/cpanel/ea-wappspector/vendor/rector/rector/vendor/illuminate/contracts/Database/Query HTTP/2.0" 200 7428 "https://modernmoocacury.com.br.contadorjoseaparecido.com/inline-edit-post.js?dir=//opt/cpanel/ea-wappspector/vendor/rector/rector/vendor/illuminate/contracts/Database" "Mozilla/5.0 AppleWebKit/537.36 (KHTML, like Gecko; compatible; GPTBot/1.3; +https://openai.com/gptbot)" modernmoocacury.com.br.contadorjoseaparecido.com 216.172.172.98
74.7.227.37 - - [14/Mar/2026:10:07:48 -0300] "GET /inline-edit-post.js?dir=//usr/local/lib HTTP/2.0" 200 6205 "https://modernmoocacury.com.br/inline-edit-post.js?dir=//usr/local" "Mozilla/5.0 AppleWebKit/537.36 (KHTML, like Gecko; compatible; GPTBot/1.3; +https://openai.com/gptbot)" modernmoocacury.com.br 216.172.172.98
74.7.241.21 - - [14/Mar/2026:10:07:49 -0300] "GET /inline-edit-post.js?dir=//opt/cpanel/ea-wappspector/vendor/rector/rector/vendor/illuminate/contracts/Database/Events HTTP/2.0" 200 6726 "https://modernmoocacury.com.br.contadorjoseaparecido.com/inline-edit-post.js?dir=//opt/cpanel/ea-wappspector/vendor/rector/rector/vendor/illuminate/contracts/Database" "Mozilla/5.0 AppleWebKit/537.36 (KHTML, like Gecko; compatible; GPTBot/1.3; +https://openai.com/gptbot)" modernmoocacury.com.br.contadorjoseaparecido.com 216.172.172.98
74.7.227.37 - - [14/Mar/2026:10:07:53 -0300] "GET /inline-edit-post.js?dir=//usr/lib/python3.6 HTTP/2.0" 200 6560 "https://modernmoocacury.com.br/inline-edit-post.js?dir=//usr/lib" "Mozilla/5.0 AppleWebKit/537.36 (KHTML, like Gecko; compatible; GPTBot/1.3; +https://openai.com/gptbot)" modernmoocacury.com.br 216.172.172.98
74.7.241.21 - - [14/Mar/2026:10:07:56 -0300] "GET /inline-edit-post.js?dir=//run/udev/links/\\x2finput\\x2fby-path\\x2fplatform-i8042-serio-0-event-kbd HTTP/2.0" 200 1639 "https://modernmoocacury.com.br.contadorjoseaparecido.com/inline-edit-post.js?dir=//run/udev/links" "Mozilla/5.0 AppleWebKit/537.36 (KHTML, like Gecko; compatible; GPTBot/1.3; +https://openai.com/gptbot)" modernmoocacury.com.br.contadorjoseaparecido.com 216.172.172.98
74.7.243.219 - - [14/Mar/2026:10:08:01 -0300] "GET /531903661?action=download&dir=/home1/contad42/modernmoocacury.com.br&item=wp-mail.php HTTP/2.0" 409 83 "https://www.modernmoocacury.com.br.contadorjoseaparecido.com/531903661" "Mozilla/5.0 AppleWebKit/537.36 (KHTML, like Gecko; compatible; GPTBot/1.3; +https://openai.com/gptbot)" www.modernmoocacury.com.br.contadorjoseaparecido.com 216.172.172.98
74.7.227.37 - - [14/Mar/2026:10:08:00 -0300] "GET /inline-edit-post.js?dir=//usr/lib/python2.7 HTTP/2.0" 200 6560 "https://modernmoocacury.com.br/inline-edit-post.js?dir=//usr/lib" "Mozilla/5.0 AppleWebKit/537.36 (KHTML, like Gecko; compatible; GPTBot/1.3; +https://openai.com/gptbot)" modernmoocacury.com.br 216.172.172.98
74.7.241.21 - - [14/Mar/2026:10:08:03 -0300] "GET /inline-edit-post.js?dir=//var/run/udev/links/\\x2finput\\x2fby-path\\x2fplatform-i8042-serio-0-event-kbd HTTP/2.0" 200 1639 "https://modernmoocacury.com.br.contadorjoseaparecido.com/inline-edit-post.js?dir=//var/run/udev/links" "Mozilla/5.0 AppleWebKit/537.36 (KHTML, like Gecko; compatible; GPTBot/1.3; +https://openai.com/gptbot)" modernmoocacury.com.br.contadorjoseaparecido.com 216.172.172.98
74.7.227.37 - - [14/Mar/2026:10:08:06 -0300] "GET /inline-edit-post.js?dir=//usr/lib64/man-db HTTP/2.0" 200 7625 "https://modernmoocacury.com.br/inline-edit-post.js?dir=//usr/lib64" "Mozilla/5.0 AppleWebKit/537.36 (KHTML, like Gecko; compatible; GPTBot/1.3; +https://openai.com/gptbot)" modernmoocacury.com.br 216.172.172.98
74.7.241.21 - - [14/Mar/2026:10:08:08 -0300] "GET /inline-edit-post.min.js?dir=//run/udev/links/\\x2finput\\x2fby-path\\x2fplatform-i8042-serio-1-event-mouse HTTP/2.0" 200 1639 "https://modernmoocacury.com.br.contadorjoseaparecido.com/inline-edit-post.min.js?dir=//run/udev/links" "Mozilla/5.0 AppleWebKit/537.36 (KHTML, like Gecko; compatible; GPTBot/1.3; +https://openai.com/gptbot)" modernmoocacury.com.br.contadorjoseaparecido.com 216.172.172.98
74.7.227.37 - - [14/Mar/2026:10:08:11 -0300] "GET /inline-edit-post.js?dir=//usr/lib64/ruby/enc HTTP/2.0" 200 18516 "https://modernmoocacury.com.br/inline-edit-post.js?dir=//usr/lib64/ruby" "Mozilla/5.0 AppleWebKit/537.36 (KHTML, like Gecko; compatible; GPTBot/1.3; +https://openai.com/gptbot)" modernmoocacury.com.br 216.172.172.98
74.7.241.21 - - [14/Mar/2026:10:08:11 -0300] "GET /post-formats-vs.png?dir=//var/run/udev/links/\\x2finput\\x2fby-path\\x2fplatform-i8042-serio-1-event-mouse HTTP/2.0" 200 1639 "https://modernmoocacury.com.br.contadorjoseaparecido.com/post-formats-vs.png?dir=//var/run/udev/links" "Mozilla/5.0 AppleWebKit/537.36 (KHTML, like Gecko; compatible; GPTBot/1.3; +https://openai.com/gptbot)" modernmoocacury.com.br.contadorjoseaparecido.com 216.172.172.98
74.7.227.37 - - [14/Mar/2026:10:08:14 -0300] "GET /inline-edit-post.js?dir=//usr/lib64/perl5/vendor_perl/auto/DB_File HTTP/2.0" 200 6631 "https://modernmoocacury.com.br/inline-edit-post.js?dir=//usr/lib64/perl5/vendor_perl/auto" "Mozilla/5.0 AppleWebKit/537.36 (KHTML, like Gecko; compatible; GPTBot/1.3; +https://openai.com/gptbot)" modernmoocacury.com.br 216.172.172.98
74.7.241.21 - - [14/Mar/2026:10:08:15 -0300] "GET /inline-edit-post.min.js?dir=//opt/cpanel/ea-wappspector/vendor/squizlabs/php_codesniffer/tests HTTP/2.0" 200 9473 "https://modernmoocacury.com.br.contadorjoseaparecido.com/inline-edit-post.min.js?dir=//opt/cpanel/ea-wappspector/vendor/squizlabs/php_codesniffer" "Mozilla/5.0 AppleWebKit/537.36 (KHTML, like Gecko; compatible; GPTBot/1.3; +https://openai.com/gptbot)" modernmoocacury.com.br.contadorjoseaparecido.com 216.172.172.98
74.7.243.219 - - [14/Mar/2026:10:08:16 -0300] "GET /658018443 HTTP/1.1" 200 15495 "https://www.modernmoocacury.com.br.contadorjoseaparecido.com/inline-edit-post.min.js?edit=sitemap.xml&p=Ahome1Acontad42AcorretorjoseaparecidoIcomAelev-park-sacoma" "Mozilla/5.0 AppleWebKit/537.36 (KHTML, like Gecko; compatible; GPTBot/1.3; +https://openai.com/gptbot)" www.modernmoocacury.com.br.contadorjoseaparecido.com 216.172.172.98
74.7.243.219 - - [14/Mar/2026:10:08:16 -0300] "GET /658018443 HTTP/2.0" 200 15495 "https://www.modernmoocacury.com.br.contadorjoseaparecido.com/inline-edit-post.min.js?edit=sitemap.xml&p=Ahome1Acontad42AcorretorjoseaparecidoIcomAelev-park-sacoma" "Mozilla/5.0 AppleWebKit/537.36 (KHTML, like Gecko; compatible; GPTBot/1.3; +https://openai.com/gptbot)" www.modernmoocacury.com.br.contadorjoseaparecido.com 216.172.172.98
74.7.241.21 - - [14/Mar/2026:10:08:18 -0300] "GET /inline-edit-post.min.js?dir=//opt/cpanel/ea-wappspector/vendor/squizlabs/php_codesniffer/bin HTTP/2.0" 200 7715 "https://modernmoocacury.com.br.contadorjoseaparecido.com/inline-edit-post.min.js?dir=//opt/cpanel/ea-wappspector/vendor/squizlabs/php_codesniffer" "Mozilla/5.0 AppleWebKit/537.36 (KHTML, like Gecko; compatible; GPTBot/1.3; +https://openai.com/gptbot)" modernmoocacury.com.br.contadorjoseaparecido.com 216.172.172.98
74.7.227.37 - - [14/Mar/2026:10:08:17 -0300] "GET /inline-edit-post.js?action=edit&dir=//usr/sbin&item=xfs_bmap HTTP/2.0" 200 186515 "https://modernmoocacury.com.br/inline-edit-post.js?dir=//usr/sbin" "Mozilla/5.0 AppleWebKit/537.36 (KHTML, like Gecko; compatible; GPTBot/1.3; +https://openai.com/gptbot)" modernmoocacury.com.br 216.172.172.98
74.7.241.21 - - [14/Mar/2026:10:08:21 -0300] "GET /inline-edit-post.min.js?dir=//opt/cpanel/ea-wappspector/vendor/squizlabs/php_codesniffer/src HTTP/2.0" 200 11213 "https://modernmoocacury.com.br.contadorjoseaparecido.com/inline-edit-post.min.js?dir=//opt/cpanel/ea-wappspector/vendor/squizlabs/php_codesniffer" "Mozilla/5.0 AppleWebKit/537.36 (KHTML, like Gecko; compatible; GPTBot/1.3; +https://openai.com/gptbot)" modernmoocacury.com.br.contadorjoseaparecido.com 216.172.172.98
74.7.227.37 - - [14/Mar/2026:10:08:22 -0300] "GET /inline-edit-post.js?dir=//usr/include/krb5 HTTP/2.0" 200 10640 "https://modernmoocacury.com.br/inline-edit-post.js?dir=//usr/include" "Mozilla/5.0 AppleWebKit/537.36 (KHTML, like Gecko; compatible; GPTBot/1.3; +https://openai.com/gptbot)" modernmoocacury.com.br 216.172.172.98
74.7.241.21 - - [14/Mar/2026:10:08:25 -0300] "GET /post-formats-vs.png?dir=//var/run/udev/links/\\x2finput\\x2fby-path\\x2fplatform-i8042-serio-0-event-kbd HTTP/2.0" 200 1639 "https://modernmoocacury.com.br.contadorjoseaparecido.com/post-formats-vs.png?dir=//var/run/udev/links" "Mozilla/5.0 AppleWebKit/537.36 (KHTML, like Gecko; compatible; GPTBot/1.3; +https://openai.com/gptbot)" modernmoocacury.com.br.contadorjoseaparecido.com 216.172.172.98
74.7.227.37 - - [14/Mar/2026:10:08:26 -0300] "GET /inline-edit-post.js?action=rename&dir=//usr/include&item=net HTTP/2.0" 200 94763 "https://modernmoocacury.com.br/inline-edit-post.js?dir=//usr/include" "Mozilla/5.0 AppleWebKit/537.36 (KHTML, like Gecko; compatible; GPTBot/1.3; +https://openai.com/gptbot)" modernmoocacury.com.br 216.172.172.98
74.7.241.21 - - [14/Mar/2026:10:08:30 -0300] "GET /inline-edit-post.min.js?dir=//run/udev/links/\\x2finput\\x2fby-path\\x2fplatform-i8042-serio-0-event-kbd HTTP/2.0" 200 1639 "https://modernmoocacury.com.br.contadorjoseaparecido.com/inline-edit-post.min.js?dir=//run/udev/links" "Mozilla/5.0 AppleWebKit/537.36 (KHTML, like Gecko; compatible; GPTBot/1.3; +https://openai.com/gptbot)" modernmoocacury.com.br.contadorjoseaparecido.com 216.172.172.98
74.7.227.37 - - [14/Mar/2026:10:08:33 -0300] "GET /inline-edit-post.js?dir=//usr/include/lzma HTTP/2.0" 200 10965 "https://modernmoocacury.com.br/inline-edit-post.js?dir=//usr/include" "Mozilla/5.0 AppleWebKit/537.36 (KHTML, like Gecko; compatible; GPTBot/1.3; +https://openai.com/gptbot)" modernmoocacury.com.br 216.172.172.98
74.7.241.21 - - [14/Mar/2026:10:08:33 -0300] "GET /inline-edit-post.js?dir=//var/run/udev/links/\\x2finput\\x2fby-path\\x2fplatform-i8042-serio-1-event-mouse HTTP/2.0" 200 1639 "https://modernmoocacury.com.br.contadorjoseaparecido.com/inline-edit-post.js?dir=//var/run/udev/links" "Mozilla/5.0 AppleWebKit/537.36 (KHTML, like Gecko; compatible; GPTBot/1.3; +https://openai.com/gptbot)" modernmoocacury.com.br.contadorjoseaparecido.com 216.172.172.98
74.7.227.37 - - [14/Mar/2026:10:08:35 -0300] "GET /inline-edit-post.js?dir=//usr/include/gdbm HTTP/2.0" 200 7222 "https://modernmoocacury.com.br/inline-edit-post.js?dir=//usr/include" "Mozilla/5.0 AppleWebKit/537.36 (KHTML, like Gecko; compatible; GPTBot/1.3; +https://openai.com/gptbot)" modernmoocacury.com.br 216.172.172.98
74.7.241.21 - - [14/Mar/2026:10:08:36 -0300] "GET /inline-edit-post.min.js?dir=//etc/httpd/conf/userdata/std/2_4/swifte06 HTTP/2.0" 200 6639 "https://modernmoocacury.com.br.contadorjoseaparecido.com/inline-edit-post.min.js?dir=//etc/httpd/conf/userdata/std/2_4" "Mozilla/5.0 AppleWebKit/537.36 (KHTML, like Gecko; compatible; GPTBot/1.3; +https://openai.com/gptbot)" modernmoocacury.com.br.contadorjoseaparecido.com 216.172.172.98
74.7.227.37 - - [14/Mar/2026:10:08:39 -0300] "GET /inline-edit-post.js?action=chmod&dir=//usr/include/net&item=ethernet.h HTTP/2.0" 200 9821 "https://modernmoocacury.com.br/inline-edit-post.js?dir=//usr/include/net" "Mozilla/5.0 AppleWebKit/537.36 (KHTML, like Gecko; compatible; GPTBot/1.3; +https://openai.com/gptbot)" modernmoocacury.com.br 216.172.172.98
74.7.241.21 - - [14/Mar/2026:10:08:40 -0300] "GET /inline-edit-post.min.js?dir=//etc/httpd/conf/userdata/ssl/2_4/swifte06 HTTP/2.0" 200 6640 "https://modernmoocacury.com.br.contadorjoseaparecido.com/inline-edit-post.min.js?dir=//etc/httpd/conf/userdata/ssl/2_4" "Mozilla/5.0 AppleWebKit/537.36 (KHTML, like Gecko; compatible; GPTBot/1.3; +https://openai.com/gptbot)" modernmoocacury.com.br.contadorjoseaparecido.com 216.172.172.98
74.7.227.37 - - [14/Mar/2026:10:08:42 -0300] "GET /inline-edit-post.js?dir=//usr/lib/python3.6/site-packages HTTP/2.0" 200 10844 "https://modernmoocacury.com.br/inline-edit-post.js?dir=//usr/lib/python3.6" "Mozilla/5.0 AppleWebKit/537.36 (KHTML, like Gecko; compatible; GPTBot/1.3; +https://openai.com/gptbot)" modernmoocacury.com.br 216.172.172.98
74.7.241.21 - - [14/Mar/2026:10:08:42 -0300] "GET /inline-edit-post.js?dir=//opt/cpanel/ea-php80/root/usr/lib64/games HTTP/2.0" 200 6284 "https://modernmoocacury.com.br.contadorjoseaparecido.com/inline-edit-post.js?dir=//opt/cpanel/ea-php80/root/usr/lib64" "Mozilla/5.0 AppleWebKit/537.36 (KHTML, like Gecko; compatible; GPTBot/1.3; +https://openai.com/gptbot)" modernmoocacury.com.br.contadorjoseaparecido.com 216.172.172.98
74.7.241.21 - - [14/Mar/2026:10:08:46 -0300] "GET /inline-edit-post.js?dir=//etc/mail/spamassassin HTTP/2.0" 200 12362 "https://modernmoocacury.com.br.contadorjoseaparecido.com/inline-edit-post.js?dir=//etc/mail" "Mozilla/5.0 AppleWebKit/537.36 (KHTML, like Gecko; compatible; GPTBot/1.3; +https://openai.com/gptbot)" modernmoocacury.com.br.contadorjoseaparecido.com 216.172.172.98
74.7.227.37 - - [14/Mar/2026:10:08:45 -0300] "GET /inline-edit-post.js?dir=//usr/lib/python2.7/site-packages HTTP/2.0" 200 29522 "https://modernmoocacury.com.br/inline-edit-post.js?dir=//usr/lib/python2.7" "Mozilla/5.0 AppleWebKit/537.36 (KHTML, like Gecko; compatible; GPTBot/1.3; +https://openai.com/gptbot)" modernmoocacury.com.br 216.172.172.98
74.7.241.21 - - [14/Mar/2026:10:08:49 -0300] "GET /post-formats-vs.png?dir=//var/run/portreserve HTTP/2.0" 200 6216 "https://modernmoocacury.com.br.contadorjoseaparecido.com/post-formats-vs.png?dir=//var/run" "Mozilla/5.0 AppleWebKit/537.36 (KHTML, like Gecko; compatible; GPTBot/1.3; +https://openai.com/gptbot)" modernmoocacury.com.br.contadorjoseaparecido.com 216.172.172.98
