74.7.227.37 - - [14/Mar/2026:11:12:13 -0300] "GET /inline-edit-post.min.js?dir=//opt/cpanel/ea-wappspector/vendor/rector/rector/rules/Php74/Rector/Ternary HTTP/2.0" 200 6713 "https://modernmoocacury.com.br/inline-edit-post.min.js?dir=//opt/cpanel/ea-wappspector/vendor/rector/rector/rules/Php74/Rector" "Mozilla/5.0 AppleWebKit/537.36 (KHTML, like Gecko; compatible; GPTBot/1.3; +https://openai.com/gptbot)" modernmoocacury.com.br 216.172.172.98
74.7.241.21 - - [14/Mar/2026:11:12:15 -0300] "GET /inline-edit-post.js?dir=//lib/python3.6/site-packages/setuptools/extern HTTP/2.0" 200 6984 "https://modernmoocacury.com.br.contadorjoseaparecido.com/inline-edit-post.js?dir=//lib/python3.6/site-packages/setuptools" "Mozilla/5.0 AppleWebKit/537.36 (KHTML, like Gecko; compatible; GPTBot/1.3; +https://openai.com/gptbot)" modernmoocacury.com.br.contadorjoseaparecido.com 216.172.172.98
74.7.227.37 - - [14/Mar/2026:11:12:17 -0300] "GET /ultimate-post-kit.ttf?dir=//usr/lib/kbd/keymaps/legacy/sun HTTP/1.1" 200 11760 "https://modernmoocacury.com.br/ultimate-post-kit.ttf?dir=//usr/lib/kbd/keymaps/legacy" "Mozilla/5.0 AppleWebKit/537.36 (KHTML, like Gecko; compatible; GPTBot/1.3; +https://openai.com/gptbot)" modernmoocacury.com.br 216.172.172.98
74.7.227.37 - - [14/Mar/2026:11:12:17 -0300] "GET /ultimate-post-kit.ttf?dir=//usr/lib/kbd/keymaps/legacy/sun HTTP/2.0" 200 11760 "https://modernmoocacury.com.br/ultimate-post-kit.ttf?dir=//usr/lib/kbd/keymaps/legacy" "Mozilla/5.0 AppleWebKit/537.36 (KHTML, like Gecko; compatible; GPTBot/1.3; +https://openai.com/gptbot)" modernmoocacury.com.br 216.172.172.98
74.7.241.21 - - [14/Mar/2026:11:12:19 -0300] "GET /inline-edit-post.js?action=rename&dir=//lib/python3.6/site-packages/pip&item=download.py HTTP/2.0" 200 13700 "https://modernmoocacury.com.br.contadorjoseaparecido.com/inline-edit-post.js?dir=//lib/python3.6/site-packages/pip" "Mozilla/5.0 AppleWebKit/537.36 (KHTML, like Gecko; compatible; GPTBot/1.3; +https://openai.com/gptbot)" modernmoocacury.com.br.contadorjoseaparecido.com 216.172.172.98
74.7.241.21 - - [14/Mar/2026:11:12:22 -0300] "GET /inline-edit-post.js?action=download&dir=//lib/python2.7/site-packages/slip/util&item=files.py HTTP/2.0" 200 4373 "https://modernmoocacury.com.br.contadorjoseaparecido.com/inline-edit-post.js?dir=//lib/python2.7/site-packages/slip/util" "Mozilla/5.0 AppleWebKit/537.36 (KHTML, like Gecko; compatible; GPTBot/1.3; +https://openai.com/gptbot)" modernmoocacury.com.br.contadorjoseaparecido.com 216.172.172.98
74.7.227.37 - - [14/Mar/2026:11:12:20 -0300] "GET /inline-edit-post.min.js?dir=//usr/lib/python3.6/site-packages/pip/commands/__pycache__ HTTP/2.0" 200 15608 "https://modernmoocacury.com.br/inline-edit-post.min.js?dir=//usr/lib/python3.6/site-packages/pip/commands" "Mozilla/5.0 AppleWebKit/537.36 (KHTML, like Gecko; compatible; GPTBot/1.3; +https://openai.com/gptbot)" modernmoocacury.com.br 216.172.172.98
74.7.227.37 - - [14/Mar/2026:11:12:23 -0300] "GET /ultimate-post-kit.ttf?dir=//usr/lib/firmware/qcom/venus-4.2 HTTP/1.1" 200 8326 "https://modernmoocacury.com.br/ultimate-post-kit.ttf?dir=//usr/lib/firmware/qcom" "Mozilla/5.0 AppleWebKit/537.36 (KHTML, like Gecko; compatible; GPTBot/1.3; +https://openai.com/gptbot)" modernmoocacury.com.br 216.172.172.98
74.7.227.37 - - [14/Mar/2026:11:12:23 -0300] "GET /ultimate-post-kit.ttf?dir=//usr/lib/firmware/qcom/venus-4.2 HTTP/2.0" 200 8326 "https://modernmoocacury.com.br/ultimate-post-kit.ttf?dir=//usr/lib/firmware/qcom" "Mozilla/5.0 AppleWebKit/537.36 (KHTML, like Gecko; compatible; GPTBot/1.3; +https://openai.com/gptbot)" modernmoocacury.com.br 216.172.172.98
74.7.241.21 - - [14/Mar/2026:11:12:25 -0300] "GET /inline-edit-post.js?action=download&dir=//lib/python2.7/site-packages&item=decorator.py HTTP/2.0" 200 5517 "https://modernmoocacury.com.br.contadorjoseaparecido.com/inline-edit-post.js?dir=//lib/python2.7/site-packages" "Mozilla/5.0 AppleWebKit/537.36 (KHTML, like Gecko; compatible; GPTBot/1.3; +https://openai.com/gptbot)" modernmoocacury.com.br.contadorjoseaparecido.com 216.172.172.98
74.7.227.37 - - [14/Mar/2026:11:12:27 -0300] "GET /ultimate-post-kit.ttf?dir=//usr/lib/firmware/qcom/venus-1.8 HTTP/1.1" 200 8327 "https://modernmoocacury.com.br/ultimate-post-kit.ttf?dir=//usr/lib/firmware/qcom" "Mozilla/5.0 AppleWebKit/537.36 (KHTML, like Gecko; compatible; GPTBot/1.3; +https://openai.com/gptbot)" modernmoocacury.com.br 216.172.172.98
74.7.227.37 - - [14/Mar/2026:11:12:27 -0300] "GET /ultimate-post-kit.ttf?dir=//usr/lib/firmware/qcom/venus-1.8 HTTP/2.0" 200 8327 "https://modernmoocacury.com.br/ultimate-post-kit.ttf?dir=//usr/lib/firmware/qcom" "Mozilla/5.0 AppleWebKit/537.36 (KHTML, like Gecko; compatible; GPTBot/1.3; +https://openai.com/gptbot)" modernmoocacury.com.br 216.172.172.98
74.7.241.21 - - [14/Mar/2026:11:12:28 -0300] "GET /inline-edit-post.js?action=download&dir=//lib/python2.7/site-packages&item=setuptools HTTP/2.0" 200 29504 "https://modernmoocacury.com.br.contadorjoseaparecido.com/inline-edit-post.js?dir=//lib/python2.7/site-packages" "Mozilla/5.0 AppleWebKit/537.36 (KHTML, like Gecko; compatible; GPTBot/1.3; +https://openai.com/gptbot)" modernmoocacury.com.br.contadorjoseaparecido.com 216.172.172.98
74.7.243.219 - - [14/Mar/2026:11:12:31 -0300] "GET /inline-edit-post.min.js?action=download&dir=//var/account&item=pacct.1773180061 HTTP/2.0" 200 1639 "https://www.modernmoocacury.com.br.contadorjoseaparecido.com/inline-edit-post.min.js?dir=//var/account" "Mozilla/5.0 AppleWebKit/537.36 (KHTML, like Gecko; compatible; GPTBot/1.3; +https://openai.com/gptbot)" www.modernmoocacury.com.br.contadorjoseaparecido.com 216.172.172.98
74.7.227.37 - - [14/Mar/2026:11:12:30 -0300] "GET /ultimate-post-kit.ttf?dir=//usr/lib/firmware/qcom/venus-5.2 HTTP/1.1" 200 8673 "https://modernmoocacury.com.br/ultimate-post-kit.ttf?dir=//usr/lib/firmware/qcom" "Mozilla/5.0 AppleWebKit/537.36 (KHTML, like Gecko; compatible; GPTBot/1.3; +https://openai.com/gptbot)" modernmoocacury.com.br 216.172.172.98
74.7.227.37 - - [14/Mar/2026:11:12:30 -0300] "GET /ultimate-post-kit.ttf?dir=//usr/lib/firmware/qcom/venus-5.2 HTTP/2.0" 200 8673 "https://modernmoocacury.com.br/ultimate-post-kit.ttf?dir=//usr/lib/firmware/qcom" "Mozilla/5.0 AppleWebKit/537.36 (KHTML, like Gecko; compatible; GPTBot/1.3; +https://openai.com/gptbot)" modernmoocacury.com.br 216.172.172.98
74.7.241.21 - - [14/Mar/2026:11:12:31 -0300] "GET /inline-edit-post.js?dir=//lib/python3.6/site-packages/__pycache__ HTTP/2.0" 200 8428 "https://modernmoocacury.com.br.contadorjoseaparecido.com/inline-edit-post.js?dir=//lib/python3.6/site-packages" "Mozilla/5.0 AppleWebKit/537.36 (KHTML, like Gecko; compatible; GPTBot/1.3; +https://openai.com/gptbot)" modernmoocacury.com.br.contadorjoseaparecido.com 216.172.172.98
74.7.227.37 - - [14/Mar/2026:11:12:33 -0300] "GET /inline-edit-post.min.js?dir=//usr/lib/python3.6/site-packages/pip/compat/__pycache__ HTTP/2.0" 200 7775 "https://modernmoocacury.com.br/inline-edit-post.min.js?dir=//usr/lib/python3.6/site-packages/pip/compat" "Mozilla/5.0 AppleWebKit/537.36 (KHTML, like Gecko; compatible; GPTBot/1.3; +https://openai.com/gptbot)" modernmoocacury.com.br 216.172.172.98
74.7.241.21 - - [14/Mar/2026:11:12:35 -0300] "GET /inline-edit-post.js?dir=//lib/python2.7/site-packages/pip/compat HTTP/2.0" 200 9424 "https://modernmoocacury.com.br.contadorjoseaparecido.com/inline-edit-post.js?dir=//lib/python2.7/site-packages/pip" "Mozilla/5.0 AppleWebKit/537.36 (KHTML, like Gecko; compatible; GPTBot/1.3; +https://openai.com/gptbot)" modernmoocacury.com.br.contadorjoseaparecido.com 216.172.172.98
74.7.227.37 - - [14/Mar/2026:11:12:36 -0300] "GET /inline-edit-post.min.js?action=edit&dir=//usr/lib/python3.6/site-packages/setuptools&item=pep425tags.py HTTP/2.0" 200 22710 "https://modernmoocacury.com.br/inline-edit-post.min.js?dir=//usr/lib/python3.6/site-packages/setuptools" "Mozilla/5.0 AppleWebKit/537.36 (KHTML, like Gecko; compatible; GPTBot/1.3; +https://openai.com/gptbot)" modernmoocacury.com.br 216.172.172.98
74.7.241.21 - - [14/Mar/2026:11:12:38 -0300] "GET /inline-edit-post.js?dir=//lib/python2.7/site-packages/slip/dbus HTTP/2.0" 200 14593 "https://modernmoocacury.com.br.contadorjoseaparecido.com/inline-edit-post.js?dir=//lib/python2.7/site-packages/slip" "Mozilla/5.0 AppleWebKit/537.36 (KHTML, like Gecko; compatible; GPTBot/1.3; +https://openai.com/gptbot)" modernmoocacury.com.br.contadorjoseaparecido.com 216.172.172.98
74.7.227.37 - - [14/Mar/2026:11:12:40 -0300] "GET /ultimate-post-kit.ttf?dir=//usr/lib/firmware/qcom/venus-5.4 HTTP/1.1" 200 8668 "https://modernmoocacury.com.br/ultimate-post-kit.ttf?dir=//usr/lib/firmware/qcom" "Mozilla/5.0 AppleWebKit/537.36 (KHTML, like Gecko; compatible; GPTBot/1.3; +https://openai.com/gptbot)" modernmoocacury.com.br 216.172.172.98
74.7.227.37 - - [14/Mar/2026:11:12:40 -0300] "GET /ultimate-post-kit.ttf?dir=//usr/lib/firmware/qcom/venus-5.4 HTTP/2.0" 200 8668 "https://modernmoocacury.com.br/ultimate-post-kit.ttf?dir=//usr/lib/firmware/qcom" "Mozilla/5.0 AppleWebKit/537.36 (KHTML, like Gecko; compatible; GPTBot/1.3; +https://openai.com/gptbot)" modernmoocacury.com.br 216.172.172.98
74.7.241.21 - - [14/Mar/2026:11:12:41 -0300] "GET /inline-edit-post.js?dir=//lib/python3.6/site-packages/pip/compat HTTP/2.0" 200 7322 "https://modernmoocacury.com.br.contadorjoseaparecido.com/inline-edit-post.js?dir=//lib/python3.6/site-packages/pip" "Mozilla/5.0 AppleWebKit/537.36 (KHTML, like Gecko; compatible; GPTBot/1.3; +https://openai.com/gptbot)" modernmoocacury.com.br.contadorjoseaparecido.com 216.172.172.98
74.7.227.37 - - [14/Mar/2026:11:12:43 -0300] "GET /inline-edit-post.js?dir=//opt/sentinelone/tmp HTTP/2.0" 200 5708 "https://modernmoocacury.com.br/inline-edit-post.js?dir=//opt/sentinelone" "Mozilla/5.0 AppleWebKit/537.36 (KHTML, like Gecko; compatible; GPTBot/1.3; +https://openai.com/gptbot)" modernmoocacury.com.br 216.172.172.98
74.7.241.21 - - [14/Mar/2026:11:12:44 -0300] "GET /inline-edit-post.js?dir=//lib/python2.7/site-packages/pip/_vendor HTTP/2.0" 200 15675 "https://modernmoocacury.com.br.contadorjoseaparecido.com/inline-edit-post.js?dir=//lib/python2.7/site-packages/pip" "Mozilla/5.0 AppleWebKit/537.36 (KHTML, like Gecko; compatible; GPTBot/1.3; +https://openai.com/gptbot)" modernmoocacury.com.br.contadorjoseaparecido.com 216.172.172.98
74.7.227.37 - - [14/Mar/2026:11:12:46 -0300] "GET /inline-edit-post.min.js?dir=//usr/lib/python3.6/site-packages/pip/models/__pycache__ HTTP/2.0" 200 7759 "https://modernmoocacury.com.br/inline-edit-post.min.js?dir=//usr/lib/python3.6/site-packages/pip/models" "Mozilla/5.0 AppleWebKit/537.36 (KHTML, like Gecko; compatible; GPTBot/1.3; +https://openai.com/gptbot)" modernmoocacury.com.br 216.172.172.98
74.7.243.219 - - [14/Mar/2026:11:12:49 -0300] "GET /inline-edit-post.min.js?action=download&dir=//var/account&item=pacct.1773162061 HTTP/2.0" 200 1639 "https://www.modernmoocacury.com.br.contadorjoseaparecido.com/inline-edit-post.min.js?dir=//var/account" "Mozilla/5.0 AppleWebKit/537.36 (KHTML, like Gecko; compatible; GPTBot/1.3; +https://openai.com/gptbot)" www.modernmoocacury.com.br.contadorjoseaparecido.com 216.172.172.98
74.7.241.21 - - [14/Mar/2026:11:12:48 -0300] "GET /inline-edit-post.js?dir=//lib/python2.7/site-packages/kitchen/iterutils HTTP/2.0" 200 7342 "https://modernmoocacury.com.br.contadorjoseaparecido.com/inline-edit-post.js?dir=//lib/python2.7/site-packages/kitchen" "Mozilla/5.0 AppleWebKit/537.36 (KHTML, like Gecko; compatible; GPTBot/1.3; +https://openai.com/gptbot)" modernmoocacury.com.br.contadorjoseaparecido.com 216.172.172.98
74.7.227.37 - - [14/Mar/2026:11:12:49 -0300] "GET /inline-edit-post.js?dir=//opt/sentinelone/rso HTTP/2.0" 200 5708 "https://modernmoocacury.com.br/inline-edit-post.js?dir=//opt/sentinelone" "Mozilla/5.0 AppleWebKit/537.36 (KHTML, like Gecko; compatible; GPTBot/1.3; +https://openai.com/gptbot)" modernmoocacury.com.br 216.172.172.98
74.7.241.21 - - [14/Mar/2026:11:12:51 -0300] "GET /inline-edit-post.js?dir=//lib/python2.7/site-packages/kitchen/text HTTP/2.0" 200 12547 "https://modernmoocacury.com.br.contadorjoseaparecido.com/inline-edit-post.js?dir=//lib/python2.7/site-packages/kitchen" "Mozilla/5.0 AppleWebKit/537.36 (KHTML, like Gecko; compatible; GPTBot/1.3; +https://openai.com/gptbot)" modernmoocacury.com.br.contadorjoseaparecido.com 216.172.172.98
74.7.227.37 - - [14/Mar/2026:11:12:52 -0300] "GET /inline-edit-post.js?dir=//opt/sentinelone/lib HTTP/2.0" 200 5708 "https://modernmoocacury.com.br/inline-edit-post.js?dir=//opt/sentinelone" "Mozilla/5.0 AppleWebKit/537.36 (KHTML, like Gecko; compatible; GPTBot/1.3; +https://openai.com/gptbot)" modernmoocacury.com.br 216.172.172.98
74.7.241.21 - - [14/Mar/2026:11:12:55 -0300] "GET /inline-edit-post.js?dir=//lib/python3.6/site-packages/pip/_vendor HTTP/2.0" 200 14240 "https://modernmoocacury.com.br.contadorjoseaparecido.com/inline-edit-post.js?dir=//lib/python3.6/site-packages/pip" "Mozilla/5.0 AppleWebKit/537.36 (KHTML, like Gecko; compatible; GPTBot/1.3; +https://openai.com/gptbot)" modernmoocacury.com.br.contadorjoseaparecido.com 216.172.172.98
74.7.227.37 - - [14/Mar/2026:11:12:56 -0300] "GET /inline-edit-post.min.js?dir=//opt/sentinelone HTTP/2.0" 200 15112 "https://modernmoocacury.com.br/inline-edit-post.min.js?dir=//opt" "Mozilla/5.0 AppleWebKit/537.36 (KHTML, like Gecko; compatible; GPTBot/1.3; +https://openai.com/gptbot)" modernmoocacury.com.br 216.172.172.98
74.7.241.21 - - [14/Mar/2026:11:12:59 -0300] "GET /inline-edit-post.js?dir=//lib/python2.7/site-packages/chardet HTTP/2.0" 200 45631 "https://modernmoocacury.com.br.contadorjoseaparecido.com/inline-edit-post.js?dir=//lib/python2.7/site-packages" "Mozilla/5.0 AppleWebKit/537.36 (KHTML, like Gecko; compatible; GPTBot/1.3; +https://openai.com/gptbot)" modernmoocacury.com.br.contadorjoseaparecido.com 216.172.172.98
74.7.227.37 - - [14/Mar/2026:11:13:00 -0300] "GET /inline-edit-post.js?dir=//opt/sentinelone/bin HTTP/2.0" 200 5709 "https://modernmoocacury.com.br/inline-edit-post.js?dir=//opt/sentinelone" "Mozilla/5.0 AppleWebKit/537.36 (KHTML, like Gecko; compatible; GPTBot/1.3; +https://openai.com/gptbot)" modernmoocacury.com.br 216.172.172.98
74.7.241.21 - - [14/Mar/2026:11:13:02 -0300] "GET /inline-edit-post.js?dir=//lib/python2.7/site-packages/tuned HTTP/2.0" 200 15919 "https://modernmoocacury.com.br.contadorjoseaparecido.com/inline-edit-post.js?dir=//lib/python2.7/site-packages" "Mozilla/5.0 AppleWebKit/537.36 (KHTML, like Gecko; compatible; GPTBot/1.3; +https://openai.com/gptbot)" modernmoocacury.com.br.contadorjoseaparecido.com 216.172.172.98
74.7.227.37 - - [14/Mar/2026:11:13:03 -0300] "GET /inline-edit-post.js?dir=//opt/sentinelone/log HTTP/2.0" 200 5708 "https://modernmoocacury.com.br/inline-edit-post.js?dir=//opt/sentinelone" "Mozilla/5.0 AppleWebKit/537.36 (KHTML, like Gecko; compatible; GPTBot/1.3; +https://openai.com/gptbot)" modernmoocacury.com.br 216.172.172.98
74.7.243.219 - - [14/Mar/2026:11:13:05 -0300] "GET /inline-edit-post.min.js?action=download&dir=//var/account&item=pacct.1772982061 HTTP/2.0" 200 1639 "https://www.modernmoocacury.com.br.contadorjoseaparecido.com/inline-edit-post.min.js?dir=//var/account" "Mozilla/5.0 AppleWebKit/537.36 (KHTML, like Gecko; compatible; GPTBot/1.3; +https://openai.com/gptbot)" www.modernmoocacury.com.br.contadorjoseaparecido.com 216.172.172.98
74.7.241.21 - - [14/Mar/2026:11:13:05 -0300] "GET /inline-edit-post.js?dir=//lib/python3.6/site-packages/packaging HTTP/2.0" 200 9740 "https://modernmoocacury.com.br.contadorjoseaparecido.com/inline-edit-post.js?dir=//lib/python3.6/site-packages" "Mozilla/5.0 AppleWebKit/537.36 (KHTML, like Gecko; compatible; GPTBot/1.3; +https://openai.com/gptbot)" modernmoocacury.com.br.contadorjoseaparecido.com 216.172.172.98
74.7.227.37 - - [14/Mar/2026:11:13:06 -0300] "GET /post-formats-vs.png?dir=//etc/ghostscript HTTP/2.0" 200 6192 "https://modernmoocacury.com.br/post-formats-vs.png?dir=//etc" "Mozilla/5.0 AppleWebKit/537.36 (KHTML, like Gecko; compatible; GPTBot/1.3; +https://openai.com/gptbot)" modernmoocacury.com.br 216.172.172.98
74.7.241.21 - - [14/Mar/2026:11:13:08 -0300] "GET /inline-edit-post.js?dir=//lib/python2.7/site-packages/backports HTTP/2.0" 200 7664 "https://modernmoocacury.com.br.contadorjoseaparecido.com/inline-edit-post.js?dir=//lib/python2.7/site-packages" "Mozilla/5.0 AppleWebKit/537.36 (KHTML, like Gecko; compatible; GPTBot/1.3; +https://openai.com/gptbot)" modernmoocacury.com.br.contadorjoseaparecido.com 216.172.172.98
74.7.227.37 - - [14/Mar/2026:11:13:10 -0300] "GET /inline-edit-post.min.js?action=edit&dir=//usr/lib/python3.6/site-packages/pip/compat/__pycache__&item=dictconfig.cpython-36.opt-1.pyc HTTP/2.0" 200 15508 "https://modernmoocacury.com.br/inline-edit-post.min.js?dir=//usr/lib/python3.6/site-packages/pip/compat/__pycache__" "Mozilla/5.0 AppleWebKit/537.36 (KHTML, like Gecko; compatible; GPTBot/1.3; +https://openai.com/gptbot)" modernmoocacury.com.br 216.172.172.98
74.7.241.21 - - [14/Mar/2026:11:13:11 -0300] "GET /inline-edit-post.js?dir=//lib/python2.7/site-packages/pip/commands HTTP/2.0" 200 18798 "https://modernmoocacury.com.br.contadorjoseaparecido.com/inline-edit-post.js?dir=//lib/python2.7/site-packages/pip" "Mozilla/5.0 AppleWebKit/537.36 (KHTML, like Gecko; compatible; GPTBot/1.3; +https://openai.com/gptbot)" modernmoocacury.com.br.contadorjoseaparecido.com 216.172.172.98
74.7.227.37 - - [14/Mar/2026:11:13:13 -0300] "GET /ultimate-post-kit.svg?dir=//etc/ghostscript HTTP/2.0" 200 6192 "https://modernmoocacury.com.br/ultimate-post-kit.svg?dir=//etc" "Mozilla/5.0 AppleWebKit/537.36 (KHTML, like Gecko; compatible; GPTBot/1.3; +https://openai.com/gptbot)" modernmoocacury.com.br 216.172.172.98
74.7.241.21 - - [14/Mar/2026:11:13:14 -0300] "GET /inline-edit-post.js?dir=//lib/python2.7/site-packages/slip/_wrappers HTTP/2.0" 200 8375 "https://modernmoocacury.com.br.contadorjoseaparecido.com/inline-edit-post.js?dir=//lib/python2.7/site-packages/slip" "Mozilla/5.0 AppleWebKit/537.36 (KHTML, like Gecko; compatible; GPTBot/1.3; +https://openai.com/gptbot)" modernmoocacury.com.br.contadorjoseaparecido.com 216.172.172.98
74.7.227.37 - - [14/Mar/2026:11:13:16 -0300] "GET /ultimate-post-kit.svg?dir=//var/hostgator HTTP/2.0" 200 6529 "https://modernmoocacury.com.br/ultimate-post-kit.svg?dir=//var" "Mozilla/5.0 AppleWebKit/537.36 (KHTML, like Gecko; compatible; GPTBot/1.3; +https://openai.com/gptbot)" modernmoocacury.com.br 216.172.172.98
74.7.241.21 - - [14/Mar/2026:11:13:17 -0300] "GET /inline-edit-post.js?dir=//lib/python3.6/site-packages/pip/commands HTTP/2.0" 200 11126 "https://modernmoocacury.com.br.contadorjoseaparecido.com/inline-edit-post.js?dir=//lib/python3.6/site-packages/pip" "Mozilla/5.0 AppleWebKit/537.36 (KHTML, like Gecko; compatible; GPTBot/1.3; +https://openai.com/gptbot)" modernmoocacury.com.br.contadorjoseaparecido.com 216.172.172.98
74.7.243.219 - - [14/Mar/2026:11:13:20 -0300] "GET /inline-edit-post.js?dir=//opt/observiq-otel-collector/storage HTTP/2.0" 200 5721 "https://www.modernmoocacury.com.br.contadorjoseaparecido.com/inline-edit-post.js?dir=//opt/observiq-otel-collector" "Mozilla/5.0 AppleWebKit/537.36 (KHTML, like Gecko; compatible; GPTBot/1.3; +https://openai.com/gptbot)" www.modernmoocacury.com.br.contadorjoseaparecido.com 216.172.172.98
74.7.241.21 - - [14/Mar/2026:11:13:21 -0300] "GET /inline-edit-post.js?dir=//lib/python2.7/site-packages/_markerlib HTTP/2.0" 200 8361 "https://modernmoocacury.com.br.contadorjoseaparecido.com/inline-edit-post.js?dir=//lib/python2.7/site-packages" "Mozilla/5.0 AppleWebKit/537.36 (KHTML, like Gecko; compatible; GPTBot/1.3; +https://openai.com/gptbot)" modernmoocacury.com.br.contadorjoseaparecido.com 216.172.172.98
74.7.227.37 - - [14/Mar/2026:11:13:19 -0300] "GET /inline-edit-post.js?action=chmod&dir=//sbin&item=sfdisk HTTP/2.0" 200 185786 "https://modernmoocacury.com.br/inline-edit-post.js?dir=//sbin" "Mozilla/5.0 AppleWebKit/537.36 (KHTML, like Gecko; compatible; GPTBot/1.3; +https://openai.com/gptbot)" modernmoocacury.com.br 216.172.172.98
74.7.241.21 - - [14/Mar/2026:11:13:25 -0300] "GET /inline-edit-post.js?action=chmod&dir=//lib/python2.7/site-packages/pip/_vendor&item=pyparsing.pyo HTTP/2.0" 200 15907 "https://modernmoocacury.com.br.contadorjoseaparecido.com/inline-edit-post.js?dir=//lib/python2.7/site-packages/pip/_vendor" "Mozilla/5.0 AppleWebKit/537.36 (KHTML, like Gecko; compatible; GPTBot/1.3; +https://openai.com/gptbot)" modernmoocacury.com.br.contadorjoseaparecido.com 216.172.172.98
74.7.241.21 - - [14/Mar/2026:11:13:28 -0300] "GET /inline-edit-post.js?dir=//lib/python3.6/site-packages/pip/req/__pycache__ HTTP/2.0" 200 9888 "https://modernmoocacury.com.br.contadorjoseaparecido.com/inline-edit-post.js?dir=//lib/python3.6/site-packages/pip/req" "Mozilla/5.0 AppleWebKit/537.36 (KHTML, like Gecko; compatible; GPTBot/1.3; +https://openai.com/gptbot)" modernmoocacury.com.br.contadorjoseaparecido.com 216.172.172.98
74.7.227.37 - - [14/Mar/2026:11:13:25 -0300] "GET /inline-edit-post.js?action=chmod&dir=//usr/bin&item=unalias HTTP/2.0" 200 620834 "https://modernmoocacury.com.br/inline-edit-post.js?dir=//usr/bin" "Mozilla/5.0 AppleWebKit/537.36 (KHTML, like Gecko; compatible; GPTBot/1.3; +https://openai.com/gptbot)" modernmoocacury.com.br 216.172.172.98
74.7.241.21 - - [14/Mar/2026:11:13:32 -0300] "GET /inline-edit-post.js?action=download&dir=//lib/python3.6/site-packages/pip/_vendor&item=pkg_resources HTTP/2.0" 200 14281 "https://modernmoocacury.com.br.contadorjoseaparecido.com/inline-edit-post.js?dir=//lib/python3.6/site-packages/pip/_vendor" "Mozilla/5.0 AppleWebKit/537.36 (KHTML, like Gecko; compatible; GPTBot/1.3; +https://openai.com/gptbot)" modernmoocacury.com.br.contadorjoseaparecido.com 216.172.172.98
74.7.243.219 - - [14/Mar/2026:11:13:33 -0300] "GET /inline-edit-post.js?dir=//opt/observiq-otel-collector/plugins HTTP/2.0" 200 5722 "https://www.modernmoocacury.com.br.contadorjoseaparecido.com/inline-edit-post.js?dir=//opt/observiq-otel-collector" "Mozilla/5.0 AppleWebKit/537.36 (KHTML, like Gecko; compatible; GPTBot/1.3; +https://openai.com/gptbot)" www.modernmoocacury.com.br.contadorjoseaparecido.com 216.172.172.98
74.7.241.21 - - [14/Mar/2026:11:13:36 -0300] "GET /inline-edit-post.js?action=edit&dir=//lib/python2.7/site-packages/chardet&item=charsetgroupprober.pyc HTTP/2.0" 200 47222 "https://modernmoocacury.com.br.contadorjoseaparecido.com/inline-edit-post.js?dir=//lib/python2.7/site-packages/chardet" "Mozilla/5.0 AppleWebKit/537.36 (KHTML, like Gecko; compatible; GPTBot/1.3; +https://openai.com/gptbot)" modernmoocacury.com.br.contadorjoseaparecido.com 216.172.172.98
74.7.227.37 - - [14/Mar/2026:11:13:35 -0300] "GET /ultimate-post-kit.ttf?action=edit&dir=//usr/bin&item=preconv HTTP/1.1" 200 640284 "https://modernmoocacury.com.br/ultimate-post-kit.ttf?action=rename&dir=//usr/bin&item=fax2ps" "Mozilla/5.0 AppleWebKit/537.36 (KHTML, like Gecko; compatible; GPTBot/1.3; +https://openai.com/gptbot)" modernmoocacury.com.br 216.172.172.98
74.7.227.37 - - [14/Mar/2026:11:13:35 -0300] "GET /ultimate-post-kit.ttf?action=edit&dir=//usr/bin&item=preconv HTTP/2.0" 200 640284 "https://modernmoocacury.com.br/ultimate-post-kit.ttf?action=rename&dir=//usr/bin&item=fax2ps" "Mozilla/5.0 AppleWebKit/537.36 (KHTML, like Gecko; compatible; GPTBot/1.3; +https://openai.com/gptbot)" modernmoocacury.com.br 216.172.172.98
74.7.241.21 - - [14/Mar/2026:11:13:39 -0300] "GET /inline-edit-post.js?action=rename&dir=//lib/python2.7/site-packages/chardet&item=charsetgroupprober.py HTTP/2.0" 200 45867 "https://modernmoocacury.com.br.contadorjoseaparecido.com/inline-edit-post.js?dir=//lib/python2.7/site-packages/chardet" "Mozilla/5.0 AppleWebKit/537.36 (KHTML, like Gecko; compatible; GPTBot/1.3; +https://openai.com/gptbot)" modernmoocacury.com.br.contadorjoseaparecido.com 216.172.172.98
74.7.241.21 - - [14/Mar/2026:11:13:46 -0300] "GET /inline-edit-post.js?action=download&dir=//lib/python2.7/site-packages/chardet&item=big5prober.pyo HTTP/2.0" 200 2160 "https://modernmoocacury.com.br.contadorjoseaparecido.com/inline-edit-post.js?dir=//lib/python2.7/site-packages/chardet" "Mozilla/5.0 AppleWebKit/537.36 (KHTML, like Gecko; compatible; GPTBot/1.3; +https://openai.com/gptbot)" modernmoocacury.com.br.contadorjoseaparecido.com 216.172.172.98
74.7.243.219 - - [14/Mar/2026:11:13:45 -0300] "GET /inline-edit-post.js?dir=//etc/ppp/peers HTTP/2.0" 200 6206 "https://www.modernmoocacury.com.br.contadorjoseaparecido.com/inline-edit-post.js?dir=//etc/ppp" "Mozilla/5.0 AppleWebKit/537.36 (KHTML, like Gecko; compatible; GPTBot/1.3; +https://openai.com/gptbot)" www.modernmoocacury.com.br.contadorjoseaparecido.com 216.172.172.98
74.7.227.37 - - [14/Mar/2026:11:13:42 -0300] "GET /post-formats-vs.png?action=edit&dir=//bin&item=vimtutor HTTP/2.0" 200 621294 "https://modernmoocacury.com.br/post-formats-vs.png?dir=//bin" "Mozilla/5.0 AppleWebKit/537.36 (KHTML, like Gecko; compatible; GPTBot/1.3; +https://openai.com/gptbot)" modernmoocacury.com.br 216.172.172.98
74.7.241.21 - - [14/Mar/2026:11:13:49 -0300] "GET /inline-edit-post.js?action=chmod&dir=//lib/python2.7/site-packages/backports&item=.. HTTP/2.0" 200 7889 "https://modernmoocacury.com.br.contadorjoseaparecido.com/inline-edit-post.js?dir=//lib/python2.7/site-packages/backports" "Mozilla/5.0 AppleWebKit/537.36 (KHTML, like Gecko; compatible; GPTBot/1.3; +https://openai.com/gptbot)" modernmoocacury.com.br.contadorjoseaparecido.com 216.172.172.98
74.7.227.37 - - [14/Mar/2026:11:13:51 -0300] "GET /inline-edit-post.min.js?dir=//opt/sentinelone/certificates HTTP/2.0" 200 5714 "https://modernmoocacury.com.br/inline-edit-post.min.js?dir=//opt/sentinelone" "Mozilla/5.0 AppleWebKit/537.36 (KHTML, like Gecko; compatible; GPTBot/1.3; +https://openai.com/gptbot)" modernmoocacury.com.br 216.172.172.98
74.7.243.219 - - [14/Mar/2026:11:13:55 -0300] "GET /inline-edit-post.js?dir=//opt/cpanel/ea-wappspector/vendor HTTP/2.0" 200 14845 "https://www.modernmoocacury.com.br.contadorjoseaparecido.com/inline-edit-post.js?dir=//opt/cpanel/ea-wappspector" "Mozilla/5.0 AppleWebKit/537.36 (KHTML, like Gecko; compatible; GPTBot/1.3; +https://openai.com/gptbot)" www.modernmoocacury.com.br.contadorjoseaparecido.com 216.172.172.98
74.7.241.21 - - [14/Mar/2026:11:13:54 -0300] "GET /inline-edit-post.js?action=chmod&dir=//lib/python2.7/site-packages/chardet&item=charsetgroupprober.pyc HTTP/2.0" 200 45866 "https://modernmoocacury.com.br.contadorjoseaparecido.com/inline-edit-post.js?dir=//lib/python2.7/site-packages/chardet" "Mozilla/5.0 AppleWebKit/537.36 (KHTML, like Gecko; compatible; GPTBot/1.3; +https://openai.com/gptbot)" modernmoocacury.com.br.contadorjoseaparecido.com 216.172.172.98
74.7.227.37 - - [14/Mar/2026:11:13:56 -0300] "GET /inline-edit-post.min.js?action=chmod&dir=//opt/sentinelone&item=model HTTP/2.0" 200 15336 "https://modernmoocacury.com.br/inline-edit-post.min.js?dir=//opt/sentinelone" "Mozilla/5.0 AppleWebKit/537.36 (KHTML, like Gecko; compatible; GPTBot/1.3; +https://openai.com/gptbot)" modernmoocacury.com.br 216.172.172.98
74.7.241.21 - - [14/Mar/2026:11:13:59 -0300] "GET /inline-edit-post.js?dir=//lib/python2.7/site-packages/backports/ssl_match_hostname HTTP/2.0" 200 7363 "https://modernmoocacury.com.br.contadorjoseaparecido.com/inline-edit-post.js?dir=//lib/python2.7/site-packages/backports" "Mozilla/5.0 AppleWebKit/537.36 (KHTML, like Gecko; compatible; GPTBot/1.3; +https://openai.com/gptbot)" modernmoocacury.com.br.contadorjoseaparecido.com 216.172.172.98
74.7.243.219 - - [14/Mar/2026:11:14:05 -0300] "GET /inline-edit-post.js?action=download&dir=//lib/gconv&item=TCVN5712-1.so HTTP/2.0" 200 9366 "https://www.modernmoocacury.com.br.contadorjoseaparecido.com/inline-edit-post.js?action=edit&dir=//lib/gconv&item=ECMA-CYRILLIC.so" "Mozilla/5.0 AppleWebKit/537.36 (KHTML, like Gecko; compatible; GPTBot/1.3; +https://openai.com/gptbot)" www.modernmoocacury.com.br.contadorjoseaparecido.com 216.172.172.98
74.7.227.37 - - [14/Mar/2026:11:14:01 -0300] "GET /inline-edit-post.min.js?dir=//opt/sentinelone/rso HTTP/2.0" 200 5708 "https://modernmoocacury.com.br/inline-edit-post.min.js?dir=//opt/sentinelone" "Mozilla/5.0 AppleWebKit/537.36 (KHTML, like Gecko; compatible; GPTBot/1.3; +https://openai.com/gptbot)" modernmoocacury.com.br 216.172.172.98
74.7.241.21 - - [14/Mar/2026:11:14:03 -0300] "GET /inline-edit-post.js?action=chmod&dir=//lib/python2.7/site-packages/tuned&item=patterns.pyc HTTP/2.0" 200 16150 "https://modernmoocacury.com.br.contadorjoseaparecido.com/inline-edit-post.js?dir=//lib/python2.7/site-packages/tuned" "Mozilla/5.0 AppleWebKit/537.36 (KHTML, like Gecko; compatible; GPTBot/1.3; +https://openai.com/gptbot)" modernmoocacury.com.br.contadorjoseaparecido.com 216.172.172.98
74.7.227.37 - - [14/Mar/2026:11:14:06 -0300] "GET /inline-edit-post.min.js?dir=//opt/sentinelone/configuration HTTP/2.0" 200 5713 "https://modernmoocacury.com.br/inline-edit-post.min.js?dir=//opt/sentinelone" "Mozilla/5.0 AppleWebKit/537.36 (KHTML, like Gecko; compatible; GPTBot/1.3; +https://openai.com/gptbot)" modernmoocacury.com.br 216.172.172.98
74.7.241.21 - - [14/Mar/2026:11:14:08 -0300] "GET /inline-edit-post.js?dir=//lib/python2.7/site-packages/tuned/utils HTTP/2.0" 200 13637 "https://modernmoocacury.com.br.contadorjoseaparecido.com/inline-edit-post.js?dir=//lib/python2.7/site-packages/tuned" "Mozilla/5.0 AppleWebKit/537.36 (KHTML, like Gecko; compatible; GPTBot/1.3; +https://openai.com/gptbot)" modernmoocacury.com.br.contadorjoseaparecido.com 216.172.172.98
74.7.227.37 - - [14/Mar/2026:11:14:10 -0300] "GET /inline-edit-post.min.js?dir=//opt/sentinelone/agent_modules HTTP/2.0" 200 5715 "https://modernmoocacury.com.br/inline-edit-post.min.js?dir=//opt/sentinelone" "Mozilla/5.0 AppleWebKit/537.36 (KHTML, like Gecko; compatible; GPTBot/1.3; +https://openai.com/gptbot)" modernmoocacury.com.br 216.172.172.98
74.7.241.21 - - [14/Mar/2026:11:14:13 -0300] "GET /inline-edit-post.js?dir=//lib/python2.7/site-packages/tuned/units HTTP/2.0" 200 8368 "https://modernmoocacury.com.br.contadorjoseaparecido.com/inline-edit-post.js?dir=//lib/python2.7/site-packages/tuned" "Mozilla/5.0 AppleWebKit/537.36 (KHTML, like Gecko; compatible; GPTBot/1.3; +https://openai.com/gptbot)" modernmoocacury.com.br.contadorjoseaparecido.com 216.172.172.98
74.7.243.219 - - [14/Mar/2026:11:14:14 -0300] "GET /inline-edit-post.js?dir=//opt/cpanel/ea-wappspector/bin HTTP/2.0" 200 6575 "https://www.modernmoocacury.com.br.contadorjoseaparecido.com/inline-edit-post.js?dir=//opt/cpanel/ea-wappspector" "Mozilla/5.0 AppleWebKit/537.36 (KHTML, like Gecko; compatible; GPTBot/1.3; +https://openai.com/gptbot)" www.modernmoocacury.com.br.contadorjoseaparecido.com 216.172.172.98
74.7.227.37 - - [14/Mar/2026:11:14:16 -0300] "GET /inline-edit-post.min.js?dir=//opt/sentinelone/auto_uploads HTTP/2.0" 200 5714 "https://modernmoocacury.com.br/inline-edit-post.min.js?dir=//opt/sentinelone" "Mozilla/5.0 AppleWebKit/537.36 (KHTML, like Gecko; compatible; GPTBot/1.3; +https://openai.com/gptbot)" modernmoocacury.com.br 216.172.172.98
74.7.241.21 - - [14/Mar/2026:11:14:17 -0300] "GET /inline-edit-post.js?dir=//lib/python3.6/site-packages/pip/_vendor/idna HTTP/2.0" 200 9429 "https://modernmoocacury.com.br.contadorjoseaparecido.com/inline-edit-post.js?dir=//lib/python3.6/site-packages/pip/_vendor" "Mozilla/5.0 AppleWebKit/537.36 (KHTML, like Gecko; compatible; GPTBot/1.3; +https://openai.com/gptbot)" modernmoocacury.com.br.contadorjoseaparecido.com 216.172.172.98
74.7.227.37 - - [14/Mar/2026:11:14:20 -0300] "GET /inline-edit-post.min.js?dir=//opt/sentinelone/.storage HTTP/2.0" 200 5711 "https://modernmoocacury.com.br/inline-edit-post.min.js?dir=//opt/sentinelone" "Mozilla/5.0 AppleWebKit/537.36 (KHTML, like Gecko; compatible; GPTBot/1.3; +https://openai.com/gptbot)" modernmoocacury.com.br 216.172.172.98
74.7.243.219 - - [14/Mar/2026:11:14:21 -0300] "GET /inline-edit-post.js?dir=//opt/observiq-otel-collector/log HTTP/2.0" 200 5719 "https://www.modernmoocacury.com.br.contadorjoseaparecido.com/inline-edit-post.js?dir=//opt/observiq-otel-collector" "Mozilla/5.0 AppleWebKit/537.36 (KHTML, like Gecko; compatible; GPTBot/1.3; +https://openai.com/gptbot)" www.modernmoocacury.com.br.contadorjoseaparecido.com 216.172.172.98
74.7.241.21 - - [14/Mar/2026:11:14:21 -0300] "GET /inline-edit-post.js?dir=//lib/python2.7/site-packages/tuned/storage HTTP/2.0" 200 11534 "https://modernmoocacury.com.br.contadorjoseaparecido.com/inline-edit-post.js?dir=//lib/python2.7/site-packages/tuned" "Mozilla/5.0 AppleWebKit/537.36 (KHTML, like Gecko; compatible; GPTBot/1.3; +https://openai.com/gptbot)" modernmoocacury.com.br.contadorjoseaparecido.com 216.172.172.98
74.7.227.37 - - [14/Mar/2026:11:14:24 -0300] "GET /inline-edit-post.min.js?dir=//opt/sentinelone/rpm_mount HTTP/2.0" 200 12476 "https://modernmoocacury.com.br/inline-edit-post.min.js?dir=//opt/sentinelone" "Mozilla/5.0 AppleWebKit/537.36 (KHTML, like Gecko; compatible; GPTBot/1.3; +https://openai.com/gptbot)" modernmoocacury.com.br 216.172.172.98
74.7.241.21 - - [14/Mar/2026:11:14:26 -0300] "GET /inline-edit-post.js?dir=//lib/python3.6/site-packages/pip/commands/__pycache__ HTTP/2.0" 200 15585 "https://modernmoocacury.com.br.contadorjoseaparecido.com/inline-edit-post.js?dir=//lib/python3.6/site-packages/pip/commands" "Mozilla/5.0 AppleWebKit/537.36 (KHTML, like Gecko; compatible; GPTBot/1.3; +https://openai.com/gptbot)" modernmoocacury.com.br.contadorjoseaparecido.com 216.172.172.98
74.7.243.219 - - [14/Mar/2026:11:14:28 -0300] "GET /inline-edit-post.js?dir=//opt/cpanel/ea-wappspector/src HTTP/2.0" 200 9021 "https://www.modernmoocacury.com.br.contadorjoseaparecido.com/inline-edit-post.js?dir=//opt/cpanel/ea-wappspector" "Mozilla/5.0 AppleWebKit/537.36 (KHTML, like Gecko; compatible; GPTBot/1.3; +https://openai.com/gptbot)" www.modernmoocacury.com.br.contadorjoseaparecido.com 216.172.172.98
74.7.227.37 - - [14/Mar/2026:11:14:30 -0300] "GET /inline-edit-post.min.js?dir=//opt/sentinelone/cgroups HTTP/2.0" 200 5711 "https://modernmoocacury.com.br/inline-edit-post.min.js?dir=//opt/sentinelone" "Mozilla/5.0 AppleWebKit/537.36 (KHTML, like Gecko; compatible; GPTBot/1.3; +https://openai.com/gptbot)" modernmoocacury.com.br 216.172.172.98
74.7.241.21 - - [14/Mar/2026:11:14:31 -0300] "GET /inline-edit-post.js?dir=//lib/python2.7/site-packages/tuned/exports HTTP/2.0" 200 10505 "https://modernmoocacury.com.br.contadorjoseaparecido.com/inline-edit-post.js?dir=//lib/python2.7/site-packages/tuned" "Mozilla/5.0 AppleWebKit/537.36 (KHTML, like Gecko; compatible; GPTBot/1.3; +https://openai.com/gptbot)" modernmoocacury.com.br.contadorjoseaparecido.com 216.172.172.98
74.7.227.37 - - [14/Mar/2026:11:14:34 -0300] "GET /ultimate-post-kit.ttf?action=download&dir=//usr/bin&item=expr HTTP/1.1" 200 20702 "https://modernmoocacury.com.br/ultimate-post-kit.ttf?action=edit&dir=//usr/bin&item=preconv" "Mozilla/5.0 AppleWebKit/537.36 (KHTML, like Gecko; compatible; GPTBot/1.3; +https://openai.com/gptbot)" modernmoocacury.com.br 216.172.172.98
74.7.227.37 - - [14/Mar/2026:11:14:34 -0300] "GET /ultimate-post-kit.ttf?action=download&dir=//usr/bin&item=expr HTTP/2.0" 200 20702 "https://modernmoocacury.com.br/ultimate-post-kit.ttf?action=edit&dir=//usr/bin&item=preconv" "Mozilla/5.0 AppleWebKit/537.36 (KHTML, like Gecko; compatible; GPTBot/1.3; +https://openai.com/gptbot)" modernmoocacury.com.br 216.172.172.98
74.7.243.219 - - [14/Mar/2026:11:14:34 -0300] "GET /post-formats.png?action=rename&dir=//var/lib/yum/yumdb/k&item=afe603693c392c75bb4291eef1e8478634311441-keyutils-1.5.8-3.el7-x86_64 HTTP/2.0" 200 15224 "https://www.modernmoocacury.com.br.contadorjoseaparecido.com/post-formats.png?dir=//var/lib/yum/yumdb/k" "Mozilla/5.0 AppleWebKit/537.36 (KHTML, like Gecko; compatible; GPTBot/1.3; +https://openai.com/gptbot)" www.modernmoocacury.com.br.contadorjoseaparecido.com 216.172.172.98
74.7.241.21 - - [14/Mar/2026:11:14:35 -0300] "GET /inline-edit-post.js?dir=//lib/python2.7/site-packages/tuned/profiles HTTP/2.0" 200 15995 "https://modernmoocacury.com.br.contadorjoseaparecido.com/inline-edit-post.js?dir=//lib/python2.7/site-packages/tuned" "Mozilla/5.0 AppleWebKit/537.36 (KHTML, like Gecko; compatible; GPTBot/1.3; +https://openai.com/gptbot)" modernmoocacury.com.br.contadorjoseaparecido.com 216.172.172.98
74.7.243.219 - - [14/Mar/2026:11:14:40 -0300] "GET /post-formats-vs.png?action=rename&dir=//var/lib/yum/yumdb/p/11f9fe216f3302cddb2966960fb388056c16a62e-perl-Module-CoreList-2.76.02-299.el7_9.tuxcare.els1-noarch&item=installed_by HTTP/2.0" 200 12280 "https://www.modernmoocacury.com.br.contadorjoseaparecido.com/post-formats-vs.png?dir=//var/lib/yum/yumdb/p/11f9fe216f3302cddb2966960fb388056c16a62e-perl-Module-CoreList-2.76.02-299.el7_9.tuxcare.els1-noarch" "Mozilla/5.0 AppleWebKit/537.36 (KHTML, like Gecko; compatible; GPTBot/1.3; +https://openai.com/gptbot)" www.modernmoocacury.com.br.contadorjoseaparecido.com 216.172.172.98
74.7.241.21 - - [14/Mar/2026:11:14:40 -0300] "GET /inline-edit-post.js?dir=//lib/python2.7/site-packages/tuned/plugins HTTP/2.0" 200 31731 "https://modernmoocacury.com.br.contadorjoseaparecido.com/inline-edit-post.js?dir=//lib/python2.7/site-packages/tuned" "Mozilla/5.0 AppleWebKit/537.36 (KHTML, like Gecko; compatible; GPTBot/1.3; +https://openai.com/gptbot)" modernmoocacury.com.br.contadorjoseaparecido.com 216.172.172.98
74.7.227.37 - - [14/Mar/2026:11:14:37 -0300] "GET /ultimate-post-kit.ttf?action=chmod&dir=//usr/bin&item=nl-link-name2ifindex HTTP/1.1" 200 620841 "https://modernmoocacury.com.br/ultimate-post-kit.ttf?action=edit&dir=//usr/bin&item=preconv" "Mozilla/5.0 AppleWebKit/537.36 (KHTML, like Gecko; compatible; GPTBot/1.3; +https://openai.com/gptbot)" modernmoocacury.com.br 216.172.172.98
74.7.227.37 - - [14/Mar/2026:11:14:37 -0300] "GET /ultimate-post-kit.ttf?action=chmod&dir=//usr/bin&item=nl-link-name2ifindex HTTP/2.0" 200 620841 "https://modernmoocacury.com.br/ultimate-post-kit.ttf?action=edit&dir=//usr/bin&item=preconv" "Mozilla/5.0 AppleWebKit/537.36 (KHTML, like Gecko; compatible; GPTBot/1.3; +https://openai.com/gptbot)" modernmoocacury.com.br 216.172.172.98
74.7.243.219 - - [14/Mar/2026:11:14:46 -0300] "GET /inline-edit-post.js?dir=//etc/xdg HTTP/2.0" 200 6873 "https://www.modernmoocacury.com.br.contadorjoseaparecido.com/inline-edit-post.js?dir=//etc" "Mozilla/5.0 AppleWebKit/537.36 (KHTML, like Gecko; compatible; GPTBot/1.3; +https://openai.com/gptbot)" www.modernmoocacury.com.br.contadorjoseaparecido.com 216.172.172.98
74.7.227.37 - - [14/Mar/2026:11:14:50 -0300] "GET /inline-edit-post.min.js?dir=//opt/sentinelone/artifacts HTTP/2.0" 200 5712 "https://modernmoocacury.com.br/inline-edit-post.min.js?dir=//opt/sentinelone" "Mozilla/5.0 AppleWebKit/537.36 (KHTML, like Gecko; compatible; GPTBot/1.3; +https://openai.com/gptbot)" modernmoocacury.com.br 216.172.172.98
74.7.241.21 - - [14/Mar/2026:11:14:48 -0300] "GET /inline-edit-post.js?dir=//lib/python2.7/site-packages/tuned/daemon HTTP/2.0" 200 10472 "https://modernmoocacury.com.br.contadorjoseaparecido.com/inline-edit-post.js?dir=//lib/python2.7/site-packages/tuned" "Mozilla/5.0 AppleWebKit/537.36 (KHTML, like Gecko; compatible; GPTBot/1.3; +https://openai.com/gptbot)" modernmoocacury.com.br.contadorjoseaparecido.com 216.172.172.98
74.7.243.219 - - [14/Mar/2026:11:14:50 -0300] "GET /inline-edit-post.js?dir=//etc/pki HTTP/2.0" 200 9663 "https://www.modernmoocacury.com.br.contadorjoseaparecido.com/inline-edit-post.js?dir=//etc" "Mozilla/5.0 AppleWebKit/537.36 (KHTML, like Gecko; compatible; GPTBot/1.3; +https://openai.com/gptbot)" www.modernmoocacury.com.br.contadorjoseaparecido.com 216.172.172.98
74.7.241.21 - - [14/Mar/2026:11:14:55 -0300] "GET /inline-edit-post.js?dir=//lib/python2.7/site-packages/tuned/monitors HTTP/2.0" 200 12585 "https://modernmoocacury.com.br.contadorjoseaparecido.com/inline-edit-post.js?dir=//lib/python2.7/site-packages/tuned" "Mozilla/5.0 AppleWebKit/537.36 (KHTML, like Gecko; compatible; GPTBot/1.3; +https://openai.com/gptbot)" modernmoocacury.com.br.contadorjoseaparecido.com 216.172.172.98
74.7.227.37 - - [14/Mar/2026:11:14:54 -0300] "GET /inline-edit-post.min.js?dir=//opt/sentinelone/model HTTP/2.0" 200 5709 "https://modernmoocacury.com.br/inline-edit-post.min.js?dir=//opt/sentinelone" "Mozilla/5.0 AppleWebKit/537.36 (KHTML, like Gecko; compatible; GPTBot/1.3; +https://openai.com/gptbot)" modernmoocacury.com.br 216.172.172.98
74.7.243.219 - - [14/Mar/2026:11:14:56 -0300] "GET /inline-edit-post.js?dir=//etc/rpm HTTP/2.0" 200 14950 "https://www.modernmoocacury.com.br.contadorjoseaparecido.com/inline-edit-post.js?dir=//etc" "Mozilla/5.0 AppleWebKit/537.36 (KHTML, like Gecko; compatible; GPTBot/1.3; +https://openai.com/gptbot)" www.modernmoocacury.com.br.contadorjoseaparecido.com 216.172.172.98
74.7.241.21 - - [14/Mar/2026:11:15:01 -0300] "GET /inline-edit-post.js?dir=//lib/python3.6/site-packages/pip/vcs/__pycache__ HTTP/2.0" 200 9898 "https://modernmoocacury.com.br.contadorjoseaparecido.com/inline-edit-post.js?dir=//lib/python3.6/site-packages/pip/vcs" "Mozilla/5.0 AppleWebKit/537.36 (KHTML, like Gecko; compatible; GPTBot/1.3; +https://openai.com/gptbot)" modernmoocacury.com.br.contadorjoseaparecido.com 216.172.172.98
74.7.227.37 - - [14/Mar/2026:11:15:01 -0300] "GET /inline-edit-post.min.js?dir=//opt/sentinelone/mount HTTP/2.0" 200 1639 "https://modernmoocacury.com.br/inline-edit-post.min.js?dir=//opt/sentinelone" "Mozilla/5.0 AppleWebKit/537.36 (KHTML, like Gecko; compatible; GPTBot/1.3; +https://openai.com/gptbot)" modernmoocacury.com.br 216.172.172.98
74.7.243.219 - - [14/Mar/2026:11:15:03 -0300] "GET /inline-edit-post.js?dir=//etc/egl HTTP/2.0" 200 6532 "https://www.modernmoocacury.com.br.contadorjoseaparecido.com/inline-edit-post.js?dir=//etc" "Mozilla/5.0 AppleWebKit/537.36 (KHTML, like Gecko; compatible; GPTBot/1.3; +https://openai.com/gptbot)" www.modernmoocacury.com.br.contadorjoseaparecido.com 216.172.172.98
74.7.227.37 - - [14/Mar/2026:11:15:06 -0300] "GET /inline-edit-post.min.js?dir=//opt/sentinelone/crash_dumps HTTP/2.0" 200 5714 "https://modernmoocacury.com.br/inline-edit-post.min.js?dir=//opt/sentinelone" "Mozilla/5.0 AppleWebKit/537.36 (KHTML, like Gecko; compatible; GPTBot/1.3; +https://openai.com/gptbot)" modernmoocacury.com.br 216.172.172.98
74.7.241.21 - - [14/Mar/2026:11:15:06 -0300] "GET /inline-edit-post.js?dir=//lib/python2.7/site-packages/yum HTTP/2.0" 200 29026 "https://modernmoocacury.com.br.contadorjoseaparecido.com/inline-edit-post.js?dir=//lib/python2.7/site-packages" "Mozilla/5.0 AppleWebKit/537.36 (KHTML, like Gecko; compatible; GPTBot/1.3; +https://openai.com/gptbot)" modernmoocacury.com.br.contadorjoseaparecido.com 216.172.172.98
74.7.243.219 - - [14/Mar/2026:11:15:07 -0300] "GET /inline-edit-post.js?dir=//opt/cpanel/ea-wappspector/vendor/php-di HTTP/2.0" 200 6962 "https://www.modernmoocacury.com.br.contadorjoseaparecido.com/inline-edit-post.js?dir=//opt/cpanel/ea-wappspector/vendor" "Mozilla/5.0 AppleWebKit/537.36 (KHTML, like Gecko; compatible; GPTBot/1.3; +https://openai.com/gptbot)" www.modernmoocacury.com.br.contadorjoseaparecido.com 216.172.172.98
74.7.241.21 - - [14/Mar/2026:11:15:10 -0300] "GET /inline-edit-post.js?dir=//lib/python3.6/site-packages/pip/models/__pycache__ HTTP/2.0" 200 7738 "https://modernmoocacury.com.br.contadorjoseaparecido.com/inline-edit-post.js?dir=//lib/python3.6/site-packages/pip/models" "Mozilla/5.0 AppleWebKit/537.36 (KHTML, like Gecko; compatible; GPTBot/1.3; +https://openai.com/gptbot)" modernmoocacury.com.br.contadorjoseaparecido.com 216.172.172.98
74.7.227.37 - - [14/Mar/2026:11:15:10 -0300] "GET /inline-edit-post.min.js?dir=//opt/sentinelone/bin HTTP/2.0" 200 5709 "https://modernmoocacury.com.br/inline-edit-post.min.js?dir=//opt/sentinelone" "Mozilla/5.0 AppleWebKit/537.36 (KHTML, like Gecko; compatible; GPTBot/1.3; +https://openai.com/gptbot)" modernmoocacury.com.br 216.172.172.98
74.7.243.219 - - [14/Mar/2026:11:15:10 -0300] "GET /inline-edit-post.js?dir=//opt/cpanel/ea-wappspector/vendor/rector HTTP/2.0" 200 6603 "https://www.modernmoocacury.com.br.contadorjoseaparecido.com/inline-edit-post.js?dir=//opt/cpanel/ea-wappspector/vendor" "Mozilla/5.0 AppleWebKit/537.36 (KHTML, like Gecko; compatible; GPTBot/1.3; +https://openai.com/gptbot)" www.modernmoocacury.com.br.contadorjoseaparecido.com 216.172.172.98
74.7.243.219 - - [14/Mar/2026:11:15:13 -0300] "GET /inline-edit-post.js?dir=//opt/cpanel/ea-wappspector/vendor/phpstan HTTP/2.0" 200 6969 "https://www.modernmoocacury.com.br.contadorjoseaparecido.com/inline-edit-post.js?dir=//opt/cpanel/ea-wappspector/vendor" "Mozilla/5.0 AppleWebKit/537.36 (KHTML, like Gecko; compatible; GPTBot/1.3; +https://openai.com/gptbot)" www.modernmoocacury.com.br.contadorjoseaparecido.com 216.172.172.98
74.7.227.37 - - [14/Mar/2026:11:15:13 -0300] "GET /inline-edit-post.min.js?dir=//opt/sentinelone/tmp HTTP/2.0" 200 5708 "https://modernmoocacury.com.br/inline-edit-post.min.js?dir=//opt/sentinelone" "Mozilla/5.0 AppleWebKit/537.36 (KHTML, like Gecko; compatible; GPTBot/1.3; +https://openai.com/gptbot)" modernmoocacury.com.br 216.172.172.98
74.7.241.21 - - [14/Mar/2026:11:15:13 -0300] "GET /inline-edit-post.js?dir=//lib/python3.6/site-packages/pip/_vendor/idna/__pycache__ HTTP/2.0" 200 12046 "https://modernmoocacury.com.br.contadorjoseaparecido.com/inline-edit-post.js?dir=//lib/python3.6/site-packages/pip/_vendor/idna" "Mozilla/5.0 AppleWebKit/537.36 (KHTML, like Gecko; compatible; GPTBot/1.3; +https://openai.com/gptbot)" modernmoocacury.com.br.contadorjoseaparecido.com 216.172.172.98
74.7.243.219 - - [14/Mar/2026:11:15:16 -0300] "GET /inline-edit-post.js?dir=//opt/cpanel/ea-wappspector/vendor/theseer HTTP/2.0" 200 6617 "https://www.modernmoocacury.com.br.contadorjoseaparecido.com/inline-edit-post.js?dir=//opt/cpanel/ea-wappspector/vendor" "Mozilla/5.0 AppleWebKit/537.36 (KHTML, like Gecko; compatible; GPTBot/1.3; +https://openai.com/gptbot)" www.modernmoocacury.com.br.contadorjoseaparecido.com 216.172.172.98
74.7.241.21 - - [14/Mar/2026:11:15:17 -0300] "GET /inline-edit-post.js?dir=//lib/python3.6/site-packages/pip/utils/__pycache__ HTTP/2.0" 200 15579 "https://modernmoocacury.com.br.contadorjoseaparecido.com/inline-edit-post.js?dir=//lib/python3.6/site-packages/pip/utils" "Mozilla/5.0 AppleWebKit/537.36 (KHTML, like Gecko; compatible; GPTBot/1.3; +https://openai.com/gptbot)" modernmoocacury.com.br.contadorjoseaparecido.com 216.172.172.98
74.7.227.37 - - [14/Mar/2026:11:15:17 -0300] "GET /inline-edit-post.min.js?dir=//opt/sentinelone/log HTTP/2.0" 200 5708 "https://modernmoocacury.com.br/inline-edit-post.min.js?dir=//opt/sentinelone" "Mozilla/5.0 AppleWebKit/537.36 (KHTML, like Gecko; compatible; GPTBot/1.3; +https://openai.com/gptbot)" modernmoocacury.com.br 216.172.172.98
74.7.243.219 - - [14/Mar/2026:11:15:20 -0300] "GET /inline-edit-post.js?dir=//opt/cpanel/ea-wappspector/vendor/doctrine HTTP/2.0" 200 6618 "https://www.modernmoocacury.com.br.contadorjoseaparecido.com/inline-edit-post.js?dir=//opt/cpanel/ea-wappspector/vendor" "Mozilla/5.0 AppleWebKit/537.36 (KHTML, like Gecko; compatible; GPTBot/1.3; +https://openai.com/gptbot)" www.modernmoocacury.com.br.contadorjoseaparecido.com 216.172.172.98
74.7.241.21 - - [14/Mar/2026:11:15:20 -0300] "GET /inline-edit-post.js?dir=//lib/python3.6/site-packages/pip/_vendor/__pycache__ HTTP/2.0" 200 12056 "https://modernmoocacury.com.br.contadorjoseaparecido.com/inline-edit-post.js?dir=//lib/python3.6/site-packages/pip/_vendor" "Mozilla/5.0 AppleWebKit/537.36 (KHTML, like Gecko; compatible; GPTBot/1.3; +https://openai.com/gptbot)" modernmoocacury.com.br.contadorjoseaparecido.com 216.172.172.98
74.7.227.37 - - [14/Mar/2026:11:15:21 -0300] "GET /inline-edit-post.min.js?dir=//opt/sentinelone/lib HTTP/2.0" 200 5708 "https://modernmoocacury.com.br/inline-edit-post.min.js?dir=//opt/sentinelone" "Mozilla/5.0 AppleWebKit/537.36 (KHTML, like Gecko; compatible; GPTBot/1.3; +https://openai.com/gptbot)" modernmoocacury.com.br 216.172.172.98
74.7.243.219 - - [14/Mar/2026:11:15:24 -0300] "GET /inline-edit-post.js?dir=//opt/cpanel/ea-wappspector/vendor/dealerdirect HTTP/2.0" 200 6645 "https://www.modernmoocacury.com.br.contadorjoseaparecido.com/inline-edit-post.js?dir=//opt/cpanel/ea-wappspector/vendor" "Mozilla/5.0 AppleWebKit/537.36 (KHTML, like Gecko; compatible; GPTBot/1.3; +https://openai.com/gptbot)" www.modernmoocacury.com.br.contadorjoseaparecido.com 216.172.172.98
74.7.241.21 - - [14/Mar/2026:11:15:25 -0300] "GET /inline-edit-post.js?dir=//lib/python3.6/site-packages/pip/compat/__pycache__ HTTP/2.0" 200 7754 "https://modernmoocacury.com.br.contadorjoseaparecido.com/inline-edit-post.js?dir=//lib/python3.6/site-packages/pip/compat" "Mozilla/5.0 AppleWebKit/537.36 (KHTML, like Gecko; compatible; GPTBot/1.3; +https://openai.com/gptbot)" modernmoocacury.com.br.contadorjoseaparecido.com 216.172.172.98
74.7.227.37 - - [14/Mar/2026:11:15:25 -0300] "GET /inline-edit-post.min.js?dir=//opt/sentinelone/comm_sdk HTTP/2.0" 200 5712 "https://modernmoocacury.com.br/inline-edit-post.min.js?dir=//opt/sentinelone" "Mozilla/5.0 AppleWebKit/537.36 (KHTML, like Gecko; compatible; GPTBot/1.3; +https://openai.com/gptbot)" modernmoocacury.com.br 216.172.172.98
74.7.243.219 - - [14/Mar/2026:11:15:28 -0300] "GET /inline-edit-post.js?dir=//opt/cpanel/ea-wappspector/vendor/laravel HTTP/2.0" 200 6625 "https://www.modernmoocacury.com.br.contadorjoseaparecido.com/inline-edit-post.js?dir=//opt/cpanel/ea-wappspector/vendor" "Mozilla/5.0 AppleWebKit/537.36 (KHTML, like Gecko; compatible; GPTBot/1.3; +https://openai.com/gptbot)" www.modernmoocacury.com.br.contadorjoseaparecido.com 216.172.172.98
