74.7.227.37 - - [14/Mar/2026:11:38:32 -0300] "GET /inline-edit-post.min.js?dir=//lib/systemd/user-generators HTTP/2.0" 200 6232 "https://modernmoocacury.com.br/inline-edit-post.min.js?dir=//lib/systemd" "Mozilla/5.0 AppleWebKit/537.36 (KHTML, like Gecko; compatible; GPTBot/1.3; +https://openai.com/gptbot)" modernmoocacury.com.br 216.172.172.98
74.7.227.37 - - [14/Mar/2026:11:38:37 -0300] "GET /inline-edit-post.min.js?dir=//opt/cpanel/ea-wappspector/vendor/phpunit/phpunit/src/Framework/Assert HTTP/2.0" 200 6687 "https://modernmoocacury.com.br/inline-edit-post.min.js?dir=//opt/cpanel/ea-wappspector/vendor/phpunit/phpunit/src/Framework" "Mozilla/5.0 AppleWebKit/537.36 (KHTML, like Gecko; compatible; GPTBot/1.3; +https://openai.com/gptbot)" modernmoocacury.com.br 216.172.172.98
74.7.227.37 - - [14/Mar/2026:11:38:42 -0300] "GET /post-formats-vs.png?dir=//opt/cpanel/ea-wappspector/vendor/phpunit/phpunit/src/Event/Value/Test HTTP/2.0" 200 9489 "https://modernmoocacury.com.br/post-formats-vs.png?dir=//opt/cpanel/ea-wappspector/vendor/phpunit/phpunit/src/Event/Value" "Mozilla/5.0 AppleWebKit/537.36 (KHTML, like Gecko; compatible; GPTBot/1.3; +https://openai.com/gptbot)" modernmoocacury.com.br 216.172.172.98
74.7.243.219 - - [14/Mar/2026:11:38:44 -0300] "GET /inline-edit-post.js?dir=//opt/cpanel/ea-wappspector/vendor/rector/rector/rules/Transform/Rector HTTP/2.0" 200 10903 "https://www.modernmoocacury.com.br.contadorjoseaparecido.com/inline-edit-post.js?dir=//opt/cpanel/ea-wappspector/vendor/rector/rector/rules/Transform" "Mozilla/5.0 AppleWebKit/537.36 (KHTML, like Gecko; compatible; GPTBot/1.3; +https://openai.com/gptbot)" www.modernmoocacury.com.br.contadorjoseaparecido.com 216.172.172.98
74.7.227.37 - - [14/Mar/2026:11:38:46 -0300] "GET /inline-edit-post.min.js?dir=//opt/cpanel/ea-wappspector/vendor/phpunit/phpunit/src/Event/Value/Telemetry HTTP/2.0" 200 11610 "https://modernmoocacury.com.br/inline-edit-post.min.js?dir=//opt/cpanel/ea-wappspector/vendor/phpunit/phpunit/src/Event/Value" "Mozilla/5.0 AppleWebKit/537.36 (KHTML, like Gecko; compatible; GPTBot/1.3; +https://openai.com/gptbot)" modernmoocacury.com.br 216.172.172.98
74.7.227.37 - - [14/Mar/2026:11:38:50 -0300] "GET /inline-edit-post.min.js?dir=//opt/cpanel/ea-wappspector/vendor/phpunit/phpunit/src/Logging/JUnit HTTP/2.0" 200 7045 "https://modernmoocacury.com.br/inline-edit-post.min.js?dir=//opt/cpanel/ea-wappspector/vendor/phpunit/phpunit/src/Logging" "Mozilla/5.0 AppleWebKit/537.36 (KHTML, like Gecko; compatible; GPTBot/1.3; +https://openai.com/gptbot)" modernmoocacury.com.br 216.172.172.98
74.7.227.37 - - [14/Mar/2026:11:38:54 -0300] "GET /post-formats-vs.png?dir=//opt/cpanel/ea-wappspector/vendor/phpunit/phpunit/src/Event/Value/Runtime HTTP/2.0" 200 7756 "https://modernmoocacury.com.br/post-formats-vs.png?dir=//opt/cpanel/ea-wappspector/vendor/phpunit/phpunit/src/Event/Value" "Mozilla/5.0 AppleWebKit/537.36 (KHTML, like Gecko; compatible; GPTBot/1.3; +https://openai.com/gptbot)" modernmoocacury.com.br 216.172.172.98
74.7.243.219 - - [14/Mar/2026:11:38:57 -0300] "GET /inline-edit-post.js?dir=//opt/cpanel/ea-wappspector/vendor/rector/rector/src/Set/Contract HTTP/2.0" 200 7368 "https://www.modernmoocacury.com.br.contadorjoseaparecido.com/inline-edit-post.js?dir=//opt/cpanel/ea-wappspector/vendor/rector/rector/src/Set" "Mozilla/5.0 AppleWebKit/537.36 (KHTML, like Gecko; compatible; GPTBot/1.3; +https://openai.com/gptbot)" www.modernmoocacury.com.br.contadorjoseaparecido.com 216.172.172.98
74.7.227.37 - - [14/Mar/2026:11:38:57 -0300] "GET /post-formats-vs.png?dir=//opt/cpanel/ea-wappspector/vendor/phpunit/phpunit/src/Event/Value/Telemetry HTTP/2.0" 200 11610 "https://modernmoocacury.com.br/post-formats-vs.png?dir=//opt/cpanel/ea-wappspector/vendor/phpunit/phpunit/src/Event/Value" "Mozilla/5.0 AppleWebKit/537.36 (KHTML, like Gecko; compatible; GPTBot/1.3; +https://openai.com/gptbot)" modernmoocacury.com.br 216.172.172.98
74.7.241.21 - - [14/Mar/2026:11:38:57 -0300] "GET /post-formats-vs.png?action=edit&dir=//lib/systemd/system&item=shutdown.target HTTP/2.0" 200 117000 "https://modernmoocacury.com.br.contadorjoseaparecido.com/post-formats-vs.png?dir=//lib/systemd/system" "Mozilla/5.0 AppleWebKit/537.36 (KHTML, like Gecko; compatible; GPTBot/1.3; +https://openai.com/gptbot)" modernmoocacury.com.br.contadorjoseaparecido.com 216.172.172.98
74.7.227.37 - - [14/Mar/2026:11:39:00 -0300] "GET /inline-edit-post.min.js?dir=//opt/cpanel/ea-wappspector/vendor/phpunit/phpunit/src/Event/Value/TestSuite HTTP/2.0" 200 8120 "https://modernmoocacury.com.br/inline-edit-post.min.js?dir=//opt/cpanel/ea-wappspector/vendor/phpunit/phpunit/src/Event/Value" "Mozilla/5.0 AppleWebKit/537.36 (KHTML, like Gecko; compatible; GPTBot/1.3; +https://openai.com/gptbot)" modernmoocacury.com.br 216.172.172.98
74.7.227.37 - - [14/Mar/2026:11:39:03 -0300] "GET /post-formats-vs.png?dir=//opt/cpanel/ea-wappspector/vendor/phpunit/phpunit/src/Event/Value/TestSuite HTTP/2.0" 200 8120 "https://modernmoocacury.com.br/post-formats-vs.png?dir=//opt/cpanel/ea-wappspector/vendor/phpunit/phpunit/src/Event/Value" "Mozilla/5.0 AppleWebKit/537.36 (KHTML, like Gecko; compatible; GPTBot/1.3; +https://openai.com/gptbot)" modernmoocacury.com.br 216.172.172.98
74.7.227.37 - - [14/Mar/2026:11:39:06 -0300] "GET /inline-edit-post.js?dir=//lib/python2.7/site-packages HTTP/2.0" 200 29464 "https://modernmoocacury.com.br/inline-edit-post.js?dir=//lib/python2.7" "Mozilla/5.0 AppleWebKit/537.36 (KHTML, like Gecko; compatible; GPTBot/1.3; +https://openai.com/gptbot)" modernmoocacury.com.br 216.172.172.98
74.7.243.219 - - [14/Mar/2026:11:39:08 -0300] "GET /inline-edit-post.js?dir=//opt/cpanel/ea-wappspector/vendor/rector/rector/rules/DeadCode HTTP/2.0" 200 10566 "https://www.modernmoocacury.com.br.contadorjoseaparecido.com/inline-edit-post.js?dir=//opt/cpanel/ea-wappspector/vendor/rector/rector/rules" "Mozilla/5.0 AppleWebKit/537.36 (KHTML, like Gecko; compatible; GPTBot/1.3; +https://openai.com/gptbot)" www.modernmoocacury.com.br.contadorjoseaparecido.com 216.172.172.98
74.7.227.37 - - [14/Mar/2026:11:39:09 -0300] "GET /inline-edit-post.js?dir=//lib/python3.6/site-packages HTTP/2.0" 200 10824 "https://modernmoocacury.com.br/inline-edit-post.js?dir=//lib/python3.6" "Mozilla/5.0 AppleWebKit/537.36 (KHTML, like Gecko; compatible; GPTBot/1.3; +https://openai.com/gptbot)" modernmoocacury.com.br 216.172.172.98
74.7.227.37 - - [14/Mar/2026:11:39:13 -0300] "GET /inline-edit-post.min.js?edit=ArgumentCount.php&p=Ahome1Acontad42AvibearicanduvaIcomAwp-includesARequestsAsrcAException HTTP/2.0" 409 83 "https://modernmoocacury.com.br/inline-edit-post.min.js?p=Ahome1Acontad42AvibearicanduvaIcomAwp-includesARequestsAsrcAException" "Mozilla/5.0 AppleWebKit/537.36 (KHTML, like Gecko; compatible; GPTBot/1.3; +https://openai.com/gptbot)" modernmoocacury.com.br 216.172.172.98
74.7.243.219 - - [14/Mar/2026:11:39:17 -0300] "GET /inline-edit-post.js?dir=//opt/cpanel/ea-wappspector/vendor/rector/rector/src/Console/Command HTTP/2.0" 200 8087 "https://www.modernmoocacury.com.br.contadorjoseaparecido.com/inline-edit-post.js?dir=//opt/cpanel/ea-wappspector/vendor/rector/rector/src/Console" "Mozilla/5.0 AppleWebKit/537.36 (KHTML, like Gecko; compatible; GPTBot/1.3; +https://openai.com/gptbot)" www.modernmoocacury.com.br.contadorjoseaparecido.com 216.172.172.98
74.7.227.37 - - [14/Mar/2026:11:39:16 -0300] "GET /inline-edit-post.min.js?dir=//opt/cpanel/ea-wappspector/vendor/rector/rector/vendor/react/promise/src/Internal HTTP/2.0" 200 7419 "https://modernmoocacury.com.br/inline-edit-post.min.js?dir=//opt/cpanel/ea-wappspector/vendor/rector/rector/vendor/react/promise/src" "Mozilla/5.0 AppleWebKit/537.36 (KHTML, like Gecko; compatible; GPTBot/1.3; +https://openai.com/gptbot)" modernmoocacury.com.br 216.172.172.98
74.7.241.21 - - [14/Mar/2026:11:39:20 -0300] "GET /post-formats-vs.png?action=chmod&dir=//lib/systemd/system&item=named.service HTTP/2.0" 200 116663 "https://modernmoocacury.com.br.contadorjoseaparecido.com/post-formats-vs.png?dir=//lib/systemd/system" "Mozilla/5.0 AppleWebKit/537.36 (KHTML, like Gecko; compatible; GPTBot/1.3; +https://openai.com/gptbot)" modernmoocacury.com.br.contadorjoseaparecido.com 216.172.172.98
74.7.227.37 - - [14/Mar/2026:11:39:26 -0300] "GET /post-formats-vs.png?dir=//opt/cpanel/ea-wappspector/vendor/phpunit/phpunit/src/Event/Value/Test/TestData HTTP/2.0" 200 8129 "https://modernmoocacury.com.br/post-formats-vs.png?dir=//opt/cpanel/ea-wappspector/vendor/phpunit/phpunit/src/Event/Value/Test" "Mozilla/5.0 AppleWebKit/537.36 (KHTML, like Gecko; compatible; GPTBot/1.3; +https://openai.com/gptbot)" modernmoocacury.com.br 216.172.172.98
74.7.243.219 - - [14/Mar/2026:11:39:26 -0300] "GET /inline-edit-post.js?dir=//opt/cpanel/ea-wappspector/vendor/rector/rector/src/ValueObject/Error HTTP/2.0" 200 6686 "https://www.modernmoocacury.com.br.contadorjoseaparecido.com/inline-edit-post.js?dir=//opt/cpanel/ea-wappspector/vendor/rector/rector/src/ValueObject" "Mozilla/5.0 AppleWebKit/537.36 (KHTML, like Gecko; compatible; GPTBot/1.3; +https://openai.com/gptbot)" www.modernmoocacury.com.br.contadorjoseaparecido.com 216.172.172.98
74.7.243.219 - - [14/Mar/2026:11:39:34 -0300] "GET /inline-edit-post.js?dir=//opt/cpanel/ea-wappspector/vendor/rector/rector/src/Reflection HTTP/2.0" 200 7728 "https://www.modernmoocacury.com.br.contadorjoseaparecido.com/inline-edit-post.js?dir=//opt/cpanel/ea-wappspector/vendor/rector/rector/src" "Mozilla/5.0 AppleWebKit/537.36 (KHTML, like Gecko; compatible; GPTBot/1.3; +https://openai.com/gptbot)" www.modernmoocacury.com.br.contadorjoseaparecido.com 216.172.172.98
74.7.227.37 - - [14/Mar/2026:11:39:34 -0300] "GET /inline-edit-post.min.js?dir=//opt/cpanel/ea-wappspector/vendor/rector/rector/vendor/react/promise/src/Exception HTTP/2.0" 200 7060 "https://modernmoocacury.com.br/inline-edit-post.min.js?dir=//opt/cpanel/ea-wappspector/vendor/rector/rector/vendor/react/promise/src" "Mozilla/5.0 AppleWebKit/537.36 (KHTML, like Gecko; compatible; GPTBot/1.3; +https://openai.com/gptbot)" modernmoocacury.com.br 216.172.172.98
74.7.243.219 - - [14/Mar/2026:11:39:41 -0300] "GET /inline-edit-post.js?dir=//opt/cpanel/ea-wappspector/vendor/rector/rector/src/Application HTTP/2.0" 200 8096 "https://www.modernmoocacury.com.br.contadorjoseaparecido.com/inline-edit-post.js?dir=//opt/cpanel/ea-wappspector/vendor/rector/rector/src" "Mozilla/5.0 AppleWebKit/537.36 (KHTML, like Gecko; compatible; GPTBot/1.3; +https://openai.com/gptbot)" www.modernmoocacury.com.br.contadorjoseaparecido.com 216.172.172.98
74.7.227.37 - - [14/Mar/2026:11:39:42 -0300] "GET /ultimate-post-kit.svg?dir=//usr/lib/tuned/network-latency HTTP/2.0" 200 6576 "https://modernmoocacury.com.br/ultimate-post-kit.svg?dir=//usr/lib/tuned" "Mozilla/5.0 AppleWebKit/537.36 (KHTML, like Gecko; compatible; GPTBot/1.3; +https://openai.com/gptbot)" modernmoocacury.com.br 216.172.172.98
74.7.241.21 - - [14/Mar/2026:11:39:41 -0300] "GET /post-formats-vs.png?dir=//lib/systemd/system/multi-user.target.wants HTTP/2.0" 200 9061 "https://modernmoocacury.com.br.contadorjoseaparecido.com/post-formats-vs.png?dir=//lib/systemd/system" "Mozilla/5.0 AppleWebKit/537.36 (KHTML, like Gecko; compatible; GPTBot/1.3; +https://openai.com/gptbot)" modernmoocacury.com.br.contadorjoseaparecido.com 216.172.172.98
74.7.243.219 - - [14/Mar/2026:11:39:47 -0300] "GET /inline-edit-post.js?dir=//opt/cpanel/ea-wappspector/vendor/rector/rector/src/Set/Enum HTTP/2.0" 200 6663 "https://www.modernmoocacury.com.br.contadorjoseaparecido.com/inline-edit-post.js?dir=//opt/cpanel/ea-wappspector/vendor/rector/rector/src/Set" "Mozilla/5.0 AppleWebKit/537.36 (KHTML, like Gecko; compatible; GPTBot/1.3; +https://openai.com/gptbot)" www.modernmoocacury.com.br.contadorjoseaparecido.com 216.172.172.98
74.7.227.37 - - [14/Mar/2026:11:39:49 -0300] "GET /post-formats-vs.png?dir=//lib/rpm/platform/noarch-linux HTTP/2.0" 200 6573 "https://modernmoocacury.com.br/post-formats-vs.png?dir=//lib/rpm/platform" "Mozilla/5.0 AppleWebKit/537.36 (KHTML, like Gecko; compatible; GPTBot/1.3; +https://openai.com/gptbot)" modernmoocacury.com.br 216.172.172.98
74.7.243.219 - - [14/Mar/2026:11:39:53 -0300] "GET /inline-edit-post.js?dir=//opt/cpanel/ea-wappspector/vendor/rector/rector/rules/Visibility HTTP/2.0" 200 7024 "https://www.modernmoocacury.com.br.contadorjoseaparecido.com/inline-edit-post.js?dir=//opt/cpanel/ea-wappspector/vendor/rector/rector/rules" "Mozilla/5.0 AppleWebKit/537.36 (KHTML, like Gecko; compatible; GPTBot/1.3; +https://openai.com/gptbot)" www.modernmoocacury.com.br.contadorjoseaparecido.com 216.172.172.98
74.7.227.37 - - [14/Mar/2026:11:39:55 -0300] "GET /ultimate-post-kit.svg?dir=//run/chkservd.services_suspend HTTP/2.0" 200 5704 "https://modernmoocacury.com.br/ultimate-post-kit.svg?dir=//run" "Mozilla/5.0 AppleWebKit/537.36 (KHTML, like Gecko; compatible; GPTBot/1.3; +https://openai.com/gptbot)" modernmoocacury.com.br 216.172.172.98
74.7.241.21 - - [14/Mar/2026:11:40:00 -0300] "GET /inline-edit-post.js?action=edit&dir=//opt/cpanel/ea-wappspector/vendor/phpunit/phpunit/src/Framework/Attributes&item=Medium.php HTTP/2.0" 409 83 "https://modernmoocacury.com.br.contadorjoseaparecido.com/inline-edit-post.js?dir=//opt/cpanel/ea-wappspector/vendor/phpunit/phpunit/src/Framework/Attributes" "Mozilla/5.0 AppleWebKit/537.36 (KHTML, like Gecko; compatible; GPTBot/1.3; +https://openai.com/gptbot)" modernmoocacury.com.br.contadorjoseaparecido.com 216.172.172.98
74.7.243.219 - - [14/Mar/2026:11:39:59 -0300] "GET /inline-edit-post.js?dir=//opt/cpanel/ea-wappspector/vendor/rector/rector/rules/Renaming HTTP/2.0" 200 8076 "https://www.modernmoocacury.com.br.contadorjoseaparecido.com/inline-edit-post.js?dir=//opt/cpanel/ea-wappspector/vendor/rector/rector/rules" "Mozilla/5.0 AppleWebKit/537.36 (KHTML, like Gecko; compatible; GPTBot/1.3; +https://openai.com/gptbot)" www.modernmoocacury.com.br.contadorjoseaparecido.com 216.172.172.98
74.7.227.37 - - [14/Mar/2026:11:40:00 -0300] "GET /ultimate-post-kit.ttf?dir=//run/chkservd.services_suspend HTTP/1.1" 200 5704 "https://modernmoocacury.com.br/ultimate-post-kit.ttf?dir=//run" "Mozilla/5.0 AppleWebKit/537.36 (KHTML, like Gecko; compatible; GPTBot/1.3; +https://openai.com/gptbot)" modernmoocacury.com.br 216.172.172.98
74.7.227.37 - - [14/Mar/2026:11:40:00 -0300] "GET /ultimate-post-kit.ttf?dir=//run/chkservd.services_suspend HTTP/2.0" 200 5704 "https://modernmoocacury.com.br/ultimate-post-kit.ttf?dir=//run" "Mozilla/5.0 AppleWebKit/537.36 (KHTML, like Gecko; compatible; GPTBot/1.3; +https://openai.com/gptbot)" modernmoocacury.com.br 216.172.172.98
74.7.243.219 - - [14/Mar/2026:11:40:03 -0300] "GET /inline-edit-post.js?dir=//opt/cpanel/ea-wappspector/vendor/rector/rector/src/Parallel HTTP/2.0" 200 7372 "https://www.modernmoocacury.com.br.contadorjoseaparecido.com/inline-edit-post.js?dir=//opt/cpanel/ea-wappspector/vendor/rector/rector/src" "Mozilla/5.0 AppleWebKit/537.36 (KHTML, like Gecko; compatible; GPTBot/1.3; +https://openai.com/gptbot)" www.modernmoocacury.com.br.contadorjoseaparecido.com 216.172.172.98
74.7.227.37 - - [14/Mar/2026:11:40:05 -0300] "GET /inline-edit-post.js?dir=//lib/rpm/platform/noarch-linux HTTP/2.0" 200 6573 "https://modernmoocacury.com.br/inline-edit-post.js?dir=//lib/rpm/platform" "Mozilla/5.0 AppleWebKit/537.36 (KHTML, like Gecko; compatible; GPTBot/1.3; +https://openai.com/gptbot)" modernmoocacury.com.br 216.172.172.98
74.7.243.219 - - [14/Mar/2026:11:40:08 -0300] "GET /inline-edit-post.js?dir=//opt/cpanel/ea-wappspector/vendor/rector/rector/src/VendorLocker HTTP/2.0" 200 7396 "https://www.modernmoocacury.com.br.contadorjoseaparecido.com/inline-edit-post.js?dir=//opt/cpanel/ea-wappspector/vendor/rector/rector/src" "Mozilla/5.0 AppleWebKit/537.36 (KHTML, like Gecko; compatible; GPTBot/1.3; +https://openai.com/gptbot)" www.modernmoocacury.com.br.contadorjoseaparecido.com 216.172.172.98
74.7.227.37 - - [14/Mar/2026:11:40:10 -0300] "GET /inline-edit-post.js?dir=//lib/python2.7/site-packages/chardet HTTP/2.0" 200 45633 "https://modernmoocacury.com.br/inline-edit-post.js?dir=//lib/python2.7/site-packages" "Mozilla/5.0 AppleWebKit/537.36 (KHTML, like Gecko; compatible; GPTBot/1.3; +https://openai.com/gptbot)" modernmoocacury.com.br 216.172.172.98
74.7.243.219 - - [14/Mar/2026:11:40:12 -0300] "GET /inline-edit-post.js?dir=//opt/cpanel/ea-wappspector/vendor/rector/rector/src/Comments HTTP/2.0" 200 7728 "https://www.modernmoocacury.com.br.contadorjoseaparecido.com/inline-edit-post.js?dir=//opt/cpanel/ea-wappspector/vendor/rector/rector/src" "Mozilla/5.0 AppleWebKit/537.36 (KHTML, like Gecko; compatible; GPTBot/1.3; +https://openai.com/gptbot)" www.modernmoocacury.com.br.contadorjoseaparecido.com 216.172.172.98
74.7.227.37 - - [14/Mar/2026:11:40:14 -0300] "GET /inline-edit-post.js?dir=//lib/python2.7/site-packages/slip HTTP/2.0" 200 8341 "https://modernmoocacury.com.br/inline-edit-post.js?dir=//lib/python2.7/site-packages" "Mozilla/5.0 AppleWebKit/537.36 (KHTML, like Gecko; compatible; GPTBot/1.3; +https://openai.com/gptbot)" modernmoocacury.com.br 216.172.172.98
74.7.243.219 - - [14/Mar/2026:11:40:15 -0300] "GET /inline-edit-post.js?dir=//opt/cpanel/ea-wappspector/vendor/rector/rector/rules/DeadCode/Rector HTTP/2.0" 200 14672 "https://www.modernmoocacury.com.br.contadorjoseaparecido.com/inline-edit-post.js?dir=//opt/cpanel/ea-wappspector/vendor/rector/rector/rules/DeadCode" "Mozilla/5.0 AppleWebKit/537.36 (KHTML, like Gecko; compatible; GPTBot/1.3; +https://openai.com/gptbot)" www.modernmoocacury.com.br.contadorjoseaparecido.com 216.172.172.98
74.7.243.219 - - [14/Mar/2026:11:40:18 -0300] "GET /inline-edit-post.js?action=edit&dir=//opt/cpanel/ea-wappspector/vendor/rector/rector/src/Console/Command&item=SetupCICommand.php HTTP/2.0" 409 83 "https://www.modernmoocacury.com.br.contadorjoseaparecido.com/inline-edit-post.js?dir=//opt/cpanel/ea-wappspector/vendor/rector/rector/src/Console/Command" "Mozilla/5.0 AppleWebKit/537.36 (KHTML, like Gecko; compatible; GPTBot/1.3; +https://openai.com/gptbot)" www.modernmoocacury.com.br.contadorjoseaparecido.com 216.172.172.98
74.7.227.37 - - [14/Mar/2026:11:40:17 -0300] "GET /inline-edit-post.js?dir=//lib/python2.7/site-packages/iniparse HTTP/2.0" 200 11476 "https://modernmoocacury.com.br/inline-edit-post.js?dir=//lib/python2.7/site-packages" "Mozilla/5.0 AppleWebKit/537.36 (KHTML, like Gecko; compatible; GPTBot/1.3; +https://openai.com/gptbot)" modernmoocacury.com.br 216.172.172.98
74.7.241.21 - - [14/Mar/2026:11:40:17 -0300] "GET /post-formats-vs.png?action=edit&dir=//lib/systemd/system&item=dbus-org.freedesktop.locale1.service HTTP/2.0" 200 117145 "https://modernmoocacury.com.br.contadorjoseaparecido.com/post-formats-vs.png?dir=//lib/systemd/system" "Mozilla/5.0 AppleWebKit/537.36 (KHTML, like Gecko; compatible; GPTBot/1.3; +https://openai.com/gptbot)" modernmoocacury.com.br.contadorjoseaparecido.com 216.172.172.98
74.7.227.37 - - [14/Mar/2026:11:40:21 -0300] "GET /inline-edit-post.js?dir=//lib/python2.7/site-packages/pyudev HTTP/2.0" 200 20808 "https://modernmoocacury.com.br/inline-edit-post.js?dir=//lib/python2.7/site-packages" "Mozilla/5.0 AppleWebKit/537.36 (KHTML, like Gecko; compatible; GPTBot/1.3; +https://openai.com/gptbot)" modernmoocacury.com.br 216.172.172.98
74.7.243.219 - - [14/Mar/2026:11:40:21 -0300] "GET /inline-edit-post.js?dir=//opt/cpanel/ea-wappspector/vendor/rector/rector/rules/Instanceof_ HTTP/2.0" 200 6669 "https://www.modernmoocacury.com.br.contadorjoseaparecido.com/inline-edit-post.js?dir=//opt/cpanel/ea-wappspector/vendor/rector/rector/rules" "Mozilla/5.0 AppleWebKit/537.36 (KHTML, like Gecko; compatible; GPTBot/1.3; +https://openai.com/gptbot)" www.modernmoocacury.com.br.contadorjoseaparecido.com 216.172.172.98
74.7.227.37 - - [14/Mar/2026:11:40:24 -0300] "GET /inline-edit-post.js?dir=//lib/python2.7/site-packages/pip HTTP/2.0" 200 21453 "https://modernmoocacury.com.br/inline-edit-post.js?dir=//lib/python2.7/site-packages" "Mozilla/5.0 AppleWebKit/537.36 (KHTML, like Gecko; compatible; GPTBot/1.3; +https://openai.com/gptbot)" modernmoocacury.com.br 216.172.172.98
74.7.227.37 - - [14/Mar/2026:11:40:27 -0300] "GET /inline-edit-post.js?dir=//lib/python2.7/site-packages/isc HTTP/2.0" 200 20784 "https://modernmoocacury.com.br/inline-edit-post.js?dir=//lib/python2.7/site-packages" "Mozilla/5.0 AppleWebKit/537.36 (KHTML, like Gecko; compatible; GPTBot/1.3; +https://openai.com/gptbot)" modernmoocacury.com.br 216.172.172.98
74.7.227.37 - - [14/Mar/2026:11:40:30 -0300] "GET /inline-edit-post.js?dir=//lib/python3.6/site-packages/pip HTTP/2.0" 200 13473 "https://modernmoocacury.com.br/inline-edit-post.js?dir=//lib/python3.6/site-packages" "Mozilla/5.0 AppleWebKit/537.36 (KHTML, like Gecko; compatible; GPTBot/1.3; +https://openai.com/gptbot)" modernmoocacury.com.br 216.172.172.98
74.7.243.219 - - [14/Mar/2026:11:40:30 -0300] "GET /inline-edit-post.js?dir=//opt/cpanel/ea-wappspector/vendor/rector/rector/src/FileSystem HTTP/2.0" 200 8432 "https://www.modernmoocacury.com.br.contadorjoseaparecido.com/inline-edit-post.js?dir=//opt/cpanel/ea-wappspector/vendor/rector/rector/src" "Mozilla/5.0 AppleWebKit/537.36 (KHTML, like Gecko; compatible; GPTBot/1.3; +https://openai.com/gptbot)" www.modernmoocacury.com.br.contadorjoseaparecido.com 216.172.172.98
74.7.227.37 - - [14/Mar/2026:11:40:33 -0300] "GET /inline-edit-post.js?dir=//lib/python2.7/site-packages/iotop HTTP/2.0" 200 14552 "https://modernmoocacury.com.br/inline-edit-post.js?dir=//lib/python2.7/site-packages" "Mozilla/5.0 AppleWebKit/537.36 (KHTML, like Gecko; compatible; GPTBot/1.3; +https://openai.com/gptbot)" modernmoocacury.com.br 216.172.172.98
74.7.227.37 - - [14/Mar/2026:11:40:36 -0300] "GET /inline-edit-post.js?dir=//lib/python3.6/site-packages/setuptools HTTP/2.0" 200 18016 "https://modernmoocacury.com.br/inline-edit-post.js?dir=//lib/python3.6/site-packages" "Mozilla/5.0 AppleWebKit/537.36 (KHTML, like Gecko; compatible; GPTBot/1.3; +https://openai.com/gptbot)" modernmoocacury.com.br 216.172.172.98
74.7.243.219 - - [14/Mar/2026:11:40:39 -0300] "GET /inline-edit-post.js?dir=//opt/cpanel/ea-wappspector/vendor/rector/rector/src/Config HTTP/2.0" 200 7360 "https://www.modernmoocacury.com.br.contadorjoseaparecido.com/inline-edit-post.js?dir=//opt/cpanel/ea-wappspector/vendor/rector/rector/src" "Mozilla/5.0 AppleWebKit/537.36 (KHTML, like Gecko; compatible; GPTBot/1.3; +https://openai.com/gptbot)" www.modernmoocacury.com.br.contadorjoseaparecido.com 216.172.172.98
74.7.227.37 - - [14/Mar/2026:11:40:39 -0300] "GET /inline-edit-post.js?dir=//lib/python2.7/site-packages/setuptools HTTP/2.0" 200 21603 "https://modernmoocacury.com.br/inline-edit-post.js?dir=//lib/python2.7/site-packages" "Mozilla/5.0 AppleWebKit/537.36 (KHTML, like Gecko; compatible; GPTBot/1.3; +https://openai.com/gptbot)" modernmoocacury.com.br 216.172.172.98
74.7.227.37 - - [14/Mar/2026:11:40:43 -0300] "GET /inline-edit-post.js?dir=//lib/python2.7/site-packages/ply HTTP/2.0" 200 11456 "https://modernmoocacury.com.br/inline-edit-post.js?dir=//lib/python2.7/site-packages" "Mozilla/5.0 AppleWebKit/537.36 (KHTML, like Gecko; compatible; GPTBot/1.3; +https://openai.com/gptbot)" modernmoocacury.com.br 216.172.172.98
74.7.227.37 - - [14/Mar/2026:11:40:46 -0300] "GET /inline-edit-post.js?action=rename&dir=//lib/python2.7/site-packages/chardet&item=chardetect.pyc HTTP/2.0" 200 45863 "https://modernmoocacury.com.br/inline-edit-post.js?dir=//lib/python2.7/site-packages/chardet" "Mozilla/5.0 AppleWebKit/537.36 (KHTML, like Gecko; compatible; GPTBot/1.3; +https://openai.com/gptbot)" modernmoocacury.com.br 216.172.172.98
74.7.243.219 - - [14/Mar/2026:11:40:46 -0300] "GET /inline-edit-post.js?dir=//opt/cpanel/ea-wappspector/vendor/rector/rector/src/Differ HTTP/2.0" 200 6653 "https://www.modernmoocacury.com.br.contadorjoseaparecido.com/inline-edit-post.js?dir=//opt/cpanel/ea-wappspector/vendor/rector/rector/src" "Mozilla/5.0 AppleWebKit/537.36 (KHTML, like Gecko; compatible; GPTBot/1.3; +https://openai.com/gptbot)" www.modernmoocacury.com.br.contadorjoseaparecido.com 216.172.172.98
74.7.227.37 - - [14/Mar/2026:11:40:49 -0300] "GET /inline-edit-post.js?action=chmod&dir=//lib/python2.7/site-packages/chardet&item=utf8prober.pyo HTTP/2.0" 200 45863 "https://modernmoocacury.com.br/inline-edit-post.js?dir=//lib/python2.7/site-packages/chardet" "Mozilla/5.0 AppleWebKit/537.36 (KHTML, like Gecko; compatible; GPTBot/1.3; +https://openai.com/gptbot)" modernmoocacury.com.br 216.172.172.98
74.7.227.37 - - [14/Mar/2026:11:40:52 -0300] "GET /inline-edit-post.js?action=download&dir=//lib/python2.7/site-packages/chardet&item=mbcsgroupprober.pyo HTTP/2.0" 200 2232 "https://modernmoocacury.com.br/inline-edit-post.js?dir=//lib/python2.7/site-packages/chardet" "Mozilla/5.0 AppleWebKit/537.36 (KHTML, like Gecko; compatible; GPTBot/1.3; +https://openai.com/gptbot)" modernmoocacury.com.br 216.172.172.98
74.7.243.219 - - [14/Mar/2026:11:40:53 -0300] "GET /inline-edit-post.js?dir=//opt/cpanel/ea-wappspector/vendor/rector/rector/rules/Arguments HTTP/2.0" 200 8087 "https://www.modernmoocacury.com.br.contadorjoseaparecido.com/inline-edit-post.js?dir=//opt/cpanel/ea-wappspector/vendor/rector/rector/rules" "Mozilla/5.0 AppleWebKit/537.36 (KHTML, like Gecko; compatible; GPTBot/1.3; +https://openai.com/gptbot)" www.modernmoocacury.com.br.contadorjoseaparecido.com 216.172.172.98
74.7.227.37 - - [14/Mar/2026:11:40:55 -0300] "GET /inline-edit-post.js?dir=//lib/python2.7/site-packages/slip/util HTTP/2.0" 200 9397 "https://modernmoocacury.com.br/inline-edit-post.js?dir=//lib/python2.7/site-packages/slip" "Mozilla/5.0 AppleWebKit/537.36 (KHTML, like Gecko; compatible; GPTBot/1.3; +https://openai.com/gptbot)" modernmoocacury.com.br 216.172.172.98
74.7.227.37 - - [14/Mar/2026:11:40:58 -0300] "GET /inline-edit-post.js?action=chmod&dir=//lib/python2.7/site-packages/pip&item=compat HTTP/2.0" 200 21679 "https://modernmoocacury.com.br/inline-edit-post.js?dir=//lib/python2.7/site-packages/pip" "Mozilla/5.0 AppleWebKit/537.36 (KHTML, like Gecko; compatible; GPTBot/1.3; +https://openai.com/gptbot)" modernmoocacury.com.br 216.172.172.98
74.7.243.219 - - [14/Mar/2026:11:41:00 -0300] "GET /inline-edit-post.js?dir=//opt/cpanel/ea-wappspector/vendor/rector/rector/rules/Renaming/Rector HTTP/2.0" 200 10192 "https://www.modernmoocacury.com.br.contadorjoseaparecido.com/inline-edit-post.js?dir=//opt/cpanel/ea-wappspector/vendor/rector/rector/rules/Renaming" "Mozilla/5.0 AppleWebKit/537.36 (KHTML, like Gecko; compatible; GPTBot/1.3; +https://openai.com/gptbot)" www.modernmoocacury.com.br.contadorjoseaparecido.com 216.172.172.98
74.7.227.37 - - [14/Mar/2026:11:41:01 -0300] "GET /inline-edit-post.js?action=chmod&dir=//lib/python2.7/site-packages/isc&item=keydict.pyo HTTP/2.0" 200 21015 "https://modernmoocacury.com.br/inline-edit-post.js?dir=//lib/python2.7/site-packages/isc" "Mozilla/5.0 AppleWebKit/537.36 (KHTML, like Gecko; compatible; GPTBot/1.3; +https://openai.com/gptbot)" modernmoocacury.com.br 216.172.172.98
74.7.227.37 - - [14/Mar/2026:11:41:05 -0300] "GET /inline-edit-post.js?action=edit&dir=//lib/python2.7/site-packages/isc&item=__init__.pyo HTTP/2.0" 200 21492 "https://modernmoocacury.com.br/inline-edit-post.js?dir=//lib/python2.7/site-packages/isc" "Mozilla/5.0 AppleWebKit/537.36 (KHTML, like Gecko; compatible; GPTBot/1.3; +https://openai.com/gptbot)" modernmoocacury.com.br 216.172.172.98
74.7.243.219 - - [14/Mar/2026:11:41:05 -0300] "GET /inline-edit-post.js?dir=//opt/cpanel/ea-wappspector/vendor/rector/rector/src/Parallel/Command HTTP/2.0" 200 6696 "https://www.modernmoocacury.com.br.contadorjoseaparecido.com/inline-edit-post.js?dir=//opt/cpanel/ea-wappspector/vendor/rector/rector/src/Parallel" "Mozilla/5.0 AppleWebKit/537.36 (KHTML, like Gecko; compatible; GPTBot/1.3; +https://openai.com/gptbot)" www.modernmoocacury.com.br.contadorjoseaparecido.com 216.172.172.98
74.7.227.37 - - [14/Mar/2026:11:41:08 -0300] "GET /inline-edit-post.js?action=chmod&dir=//lib/python2.7/site-packages/iotop&item=data.pyo HTTP/2.0" 200 14780 "https://modernmoocacury.com.br/inline-edit-post.js?dir=//lib/python2.7/site-packages/iotop" "Mozilla/5.0 AppleWebKit/537.36 (KHTML, like Gecko; compatible; GPTBot/1.3; +https://openai.com/gptbot)" modernmoocacury.com.br 216.172.172.98
74.7.241.21 - - [14/Mar/2026:11:41:09 -0300] "GET /post-formats-vs.png?action=edit&dir=//lib/systemd/system&item=systemd-udevd-control.socket HTTP/2.0" 200 117110 "https://modernmoocacury.com.br.contadorjoseaparecido.com/post-formats-vs.png?dir=//lib/systemd/system" "Mozilla/5.0 AppleWebKit/537.36 (KHTML, like Gecko; compatible; GPTBot/1.3; +https://openai.com/gptbot)" modernmoocacury.com.br.contadorjoseaparecido.com 216.172.172.98
74.7.243.219 - - [14/Mar/2026:11:41:10 -0300] "GET /inline-edit-post.js?dir=//opt/cpanel/ea-wappspector/vendor/rector/rector/src/Enum HTTP/2.0" 200 7003 "https://www.modernmoocacury.com.br.contadorjoseaparecido.com/inline-edit-post.js?dir=//opt/cpanel/ea-wappspector/vendor/rector/rector/src" "Mozilla/5.0 AppleWebKit/537.36 (KHTML, like Gecko; compatible; GPTBot/1.3; +https://openai.com/gptbot)" www.modernmoocacury.com.br.contadorjoseaparecido.com 216.172.172.98
74.7.227.37 - - [14/Mar/2026:11:41:11 -0300] "GET /inline-edit-post.js?dir=//lib/python2.7/site-packages/pip/operations HTTP/2.0" 200 8364 "https://modernmoocacury.com.br/inline-edit-post.js?dir=//lib/python2.7/site-packages/pip" "Mozilla/5.0 AppleWebKit/537.36 (KHTML, like Gecko; compatible; GPTBot/1.3; +https://openai.com/gptbot)" modernmoocacury.com.br 216.172.172.98
74.7.227.37 - - [14/Mar/2026:11:41:14 -0300] "GET /inline-edit-post.js?action=download&dir=//lib/python2.7/site-packages/setuptools&item=py27compat.pyc HTTP/2.0" 200 2001 "https://modernmoocacury.com.br/inline-edit-post.js?dir=//lib/python2.7/site-packages/setuptools" "Mozilla/5.0 AppleWebKit/537.36 (KHTML, like Gecko; compatible; GPTBot/1.3; +https://openai.com/gptbot)" modernmoocacury.com.br 216.172.172.98
74.7.243.219 - - [14/Mar/2026:11:41:15 -0300] "GET /inline-edit-post.js?dir=//opt/cpanel/ea-wappspector/vendor/rector/rector/src/PostRector HTTP/2.0" 200 8418 "https://www.modernmoocacury.com.br.contadorjoseaparecido.com/inline-edit-post.js?dir=//opt/cpanel/ea-wappspector/vendor/rector/rector/src" "Mozilla/5.0 AppleWebKit/537.36 (KHTML, like Gecko; compatible; GPTBot/1.3; +https://openai.com/gptbot)" www.modernmoocacury.com.br.contadorjoseaparecido.com 216.172.172.98
74.7.227.37 - - [14/Mar/2026:11:41:17 -0300] "GET /inline-edit-post.js?action=edit&dir=//lib/python2.7/site-packages/ply&item=__init__.pyo HTTP/2.0" 200 11914 "https://modernmoocacury.com.br/inline-edit-post.js?dir=//lib/python2.7/site-packages/ply" "Mozilla/5.0 AppleWebKit/537.36 (KHTML, like Gecko; compatible; GPTBot/1.3; +https://openai.com/gptbot)" modernmoocacury.com.br 216.172.172.98
74.7.243.219 - - [14/Mar/2026:11:41:19 -0300] "GET /inline-edit-post.js?action=rename&dir=//opt/cpanel/ea-wappspector/vendor/rector/rector/rules/DeadCode/Rector&item=Ternary HTTP/2.0" 200 14900 "https://www.modernmoocacury.com.br.contadorjoseaparecido.com/inline-edit-post.js?dir=//opt/cpanel/ea-wappspector/vendor/rector/rector/rules/DeadCode/Rector" "Mozilla/5.0 AppleWebKit/537.36 (KHTML, like Gecko; compatible; GPTBot/1.3; +https://openai.com/gptbot)" www.modernmoocacury.com.br.contadorjoseaparecido.com 216.172.172.98
74.7.227.37 - - [14/Mar/2026:11:41:21 -0300] "GET /inline-edit-post.js?dir=//lib/python3.6/site-packages/pip/operations HTTP/2.0" 200 7669 "https://modernmoocacury.com.br/inline-edit-post.js?dir=//lib/python3.6/site-packages/pip" "Mozilla/5.0 AppleWebKit/537.36 (KHTML, like Gecko; compatible; GPTBot/1.3; +https://openai.com/gptbot)" modernmoocacury.com.br 216.172.172.98
74.7.243.219 - - [14/Mar/2026:11:41:23 -0300] "GET /inline-edit-post.js?dir=//opt/cpanel/ea-wappspector/vendor/rector/rector/rules/DeadCode/Rector/Stmt HTTP/2.0" 200 6713 "https://www.modernmoocacury.com.br.contadorjoseaparecido.com/inline-edit-post.js?dir=//opt/cpanel/ea-wappspector/vendor/rector/rector/rules/DeadCode/Rector" "Mozilla/5.0 AppleWebKit/537.36 (KHTML, like Gecko; compatible; GPTBot/1.3; +https://openai.com/gptbot)" www.modernmoocacury.com.br.contadorjoseaparecido.com 216.172.172.98
74.7.227.37 - - [14/Mar/2026:11:41:24 -0300] "GET /inline-edit-post.js?dir=//lib/python3.6/site-packages/pip/req HTTP/2.0" 200 8362 "https://modernmoocacury.com.br/inline-edit-post.js?dir=//lib/python3.6/site-packages/pip" "Mozilla/5.0 AppleWebKit/537.36 (KHTML, like Gecko; compatible; GPTBot/1.3; +https://openai.com/gptbot)" modernmoocacury.com.br 216.172.172.98
74.7.243.219 - - [14/Mar/2026:11:41:26 -0300] "GET /inline-edit-post.js?dir=//opt/cpanel/ea-wappspector/vendor/rector/rector/rules/DeadCode/Rector/Return_ HTTP/2.0" 200 6719 "https://www.modernmoocacury.com.br.contadorjoseaparecido.com/inline-edit-post.js?dir=//opt/cpanel/ea-wappspector/vendor/rector/rector/rules/DeadCode/Rector" "Mozilla/5.0 AppleWebKit/537.36 (KHTML, like Gecko; compatible; GPTBot/1.3; +https://openai.com/gptbot)" www.modernmoocacury.com.br.contadorjoseaparecido.com 216.172.172.98
74.7.227.37 - - [14/Mar/2026:11:41:27 -0300] "GET /inline-edit-post.js?dir=//lib/python2.7/site-packages/pip/req HTTP/2.0" 200 11484 "https://modernmoocacury.com.br/inline-edit-post.js?dir=//lib/python2.7/site-packages/pip" "Mozilla/5.0 AppleWebKit/537.36 (KHTML, like Gecko; compatible; GPTBot/1.3; +https://openai.com/gptbot)" modernmoocacury.com.br 216.172.172.98
74.7.243.219 - - [14/Mar/2026:11:41:29 -0300] "GET /inline-edit-post.js?dir=//opt/cpanel/ea-wappspector/vendor/rector/rector/rules/DeadCode/Rector/Concat HTTP/2.0" 200 6713 "https://www.modernmoocacury.com.br.contadorjoseaparecido.com/inline-edit-post.js?dir=//opt/cpanel/ea-wappspector/vendor/rector/rector/rules/DeadCode/Rector" "Mozilla/5.0 AppleWebKit/537.36 (KHTML, like Gecko; compatible; GPTBot/1.3; +https://openai.com/gptbot)" www.modernmoocacury.com.br.contadorjoseaparecido.com 216.172.172.98
74.7.227.37 - - [14/Mar/2026:11:41:30 -0300] "GET /inline-edit-post.js?dir=//lib/python2.7/site-packages/pip/vcs HTTP/2.0" 200 11489 "https://modernmoocacury.com.br/inline-edit-post.js?dir=//lib/python2.7/site-packages/pip" "Mozilla/5.0 AppleWebKit/537.36 (KHTML, like Gecko; compatible; GPTBot/1.3; +https://openai.com/gptbot)" modernmoocacury.com.br 216.172.172.98
74.7.243.219 - - [14/Mar/2026:11:41:32 -0300] "GET /inline-edit-post.js?dir=//opt/cpanel/ea-wappspector/vendor/rector/rector/rules/DeadCode/Rector/For_ HTTP/2.0" 200 7415 "https://www.modernmoocacury.com.br.contadorjoseaparecido.com/inline-edit-post.js?dir=//opt/cpanel/ea-wappspector/vendor/rector/rector/rules/DeadCode/Rector" "Mozilla/5.0 AppleWebKit/537.36 (KHTML, like Gecko; compatible; GPTBot/1.3; +https://openai.com/gptbot)" www.modernmoocacury.com.br.contadorjoseaparecido.com 216.172.172.98
74.7.227.37 - - [14/Mar/2026:11:41:33 -0300] "GET /inline-edit-post.js?dir=//lib/python3.6/site-packages/pip/vcs HTTP/2.0" 200 8365 "https://modernmoocacury.com.br/inline-edit-post.js?dir=//lib/python3.6/site-packages/pip" "Mozilla/5.0 AppleWebKit/537.36 (KHTML, like Gecko; compatible; GPTBot/1.3; +https://openai.com/gptbot)" modernmoocacury.com.br 216.172.172.98
74.7.243.219 - - [14/Mar/2026:11:41:36 -0300] "GET /inline-edit-post.js?dir=//opt/cpanel/ea-wappspector/vendor/rector/rector/rules/DeadCode/Rector/Cast HTTP/2.0" 200 6709 "https://www.modernmoocacury.com.br.contadorjoseaparecido.com/inline-edit-post.js?dir=//opt/cpanel/ea-wappspector/vendor/rector/rector/rules/DeadCode/Rector" "Mozilla/5.0 AppleWebKit/537.36 (KHTML, like Gecko; compatible; GPTBot/1.3; +https://openai.com/gptbot)" www.modernmoocacury.com.br.contadorjoseaparecido.com 216.172.172.98
74.7.227.37 - - [14/Mar/2026:11:41:36 -0300] "GET /inline-edit-post.js?dir=//lib/python2.7/site-packages/pip/models HTTP/2.0" 200 8357 "https://modernmoocacury.com.br/inline-edit-post.js?dir=//lib/python2.7/site-packages/pip" "Mozilla/5.0 AppleWebKit/537.36 (KHTML, like Gecko; compatible; GPTBot/1.3; +https://openai.com/gptbot)" modernmoocacury.com.br 216.172.172.98
74.7.243.219 - - [14/Mar/2026:11:41:39 -0300] "GET /inline-edit-post.js?dir=//opt/cpanel/ea-wappspector/vendor/rector/rector/rules/Arguments/Rector HTTP/2.0" 200 7395 "https://www.modernmoocacury.com.br.contadorjoseaparecido.com/inline-edit-post.js?dir=//opt/cpanel/ea-wappspector/vendor/rector/rector/rules/Arguments" "Mozilla/5.0 AppleWebKit/537.36 (KHTML, like Gecko; compatible; GPTBot/1.3; +https://openai.com/gptbot)" www.modernmoocacury.com.br.contadorjoseaparecido.com 216.172.172.98
74.7.227.37 - - [14/Mar/2026:11:41:40 -0300] "GET /inline-edit-post.js?dir=//lib/python3.6/site-packages/pip/utils HTTP/2.0" 200 11121 "https://modernmoocacury.com.br/inline-edit-post.js?dir=//lib/python3.6/site-packages/pip" "Mozilla/5.0 AppleWebKit/537.36 (KHTML, like Gecko; compatible; GPTBot/1.3; +https://openai.com/gptbot)" modernmoocacury.com.br 216.172.172.98
74.7.243.219 - - [14/Mar/2026:11:41:42 -0300] "GET /inline-edit-post.js?dir=//opt/cpanel/ea-wappspector/vendor/rector/rector/rules/DeadCode/Rector/Node HTTP/2.0" 200 6718 "https://www.modernmoocacury.com.br.contadorjoseaparecido.com/inline-edit-post.js?dir=//opt/cpanel/ea-wappspector/vendor/rector/rector/rules/DeadCode/Rector" "Mozilla/5.0 AppleWebKit/537.36 (KHTML, like Gecko; compatible; GPTBot/1.3; +https://openai.com/gptbot)" www.modernmoocacury.com.br.contadorjoseaparecido.com 216.172.172.98
74.7.227.37 - - [14/Mar/2026:11:41:43 -0300] "GET /inline-edit-post.js?dir=//lib/python2.7/site-packages/pip/utils HTTP/2.0" 200 17732 "https://modernmoocacury.com.br/inline-edit-post.js?dir=//lib/python2.7/site-packages/pip" "Mozilla/5.0 AppleWebKit/537.36 (KHTML, like Gecko; compatible; GPTBot/1.3; +https://openai.com/gptbot)" modernmoocacury.com.br 216.172.172.98
74.7.243.219 - - [14/Mar/2026:11:41:45 -0300] "GET /inline-edit-post.js?dir=//opt/cpanel/ea-wappspector/vendor/rector/rector/rules/Instanceof_/Rector HTTP/2.0" 200 6691 "https://www.modernmoocacury.com.br.contadorjoseaparecido.com/inline-edit-post.js?dir=//opt/cpanel/ea-wappspector/vendor/rector/rector/rules/Instanceof_" "Mozilla/5.0 AppleWebKit/537.36 (KHTML, like Gecko; compatible; GPTBot/1.3; +https://openai.com/gptbot)" www.modernmoocacury.com.br.contadorjoseaparecido.com 216.172.172.98
74.7.227.37 - - [14/Mar/2026:11:41:46 -0300] "GET /inline-edit-post.js?dir=//lib/python3.6/site-packages/pip/models HTTP/2.0" 200 7316 "https://modernmoocacury.com.br/inline-edit-post.js?dir=//lib/python3.6/site-packages/pip" "Mozilla/5.0 AppleWebKit/537.36 (KHTML, like Gecko; compatible; GPTBot/1.3; +https://openai.com/gptbot)" modernmoocacury.com.br 216.172.172.98
74.7.243.219 - - [14/Mar/2026:11:41:48 -0300] "GET /inline-edit-post.js?dir=//opt/cpanel/ea-wappspector/vendor/rector/rector/rules/Renaming/Rector/Name HTTP/2.0" 200 6702 "https://www.modernmoocacury.com.br.contadorjoseaparecido.com/inline-edit-post.js?dir=//opt/cpanel/ea-wappspector/vendor/rector/rector/rules/Renaming/Rector" "Mozilla/5.0 AppleWebKit/537.36 (KHTML, like Gecko; compatible; GPTBot/1.3; +https://openai.com/gptbot)" www.modernmoocacury.com.br.contadorjoseaparecido.com 216.172.172.98
74.7.227.37 - - [14/Mar/2026:11:41:49 -0300] "GET /inline-edit-post.js?dir=//lib/python2.7/site-packages/kitchen HTTP/2.0" 200 12169 "https://modernmoocacury.com.br/inline-edit-post.js?dir=//lib/python2.7/site-packages" "Mozilla/5.0 AppleWebKit/537.36 (KHTML, like Gecko; compatible; GPTBot/1.3; +https://openai.com/gptbot)" modernmoocacury.com.br 216.172.172.98
74.7.243.219 - - [14/Mar/2026:11:41:51 -0300] "GET /inline-edit-post.js?dir=//opt/cpanel/ea-wappspector/vendor/rector/rector/src/PostRector/Rector HTTP/2.0" 200 8440 "https://www.modernmoocacury.com.br.contadorjoseaparecido.com/inline-edit-post.js?dir=//opt/cpanel/ea-wappspector/vendor/rector/rector/src/PostRector" "Mozilla/5.0 AppleWebKit/537.36 (KHTML, like Gecko; compatible; GPTBot/1.3; +https://openai.com/gptbot)" www.modernmoocacury.com.br.contadorjoseaparecido.com 216.172.172.98
74.7.227.37 - - [14/Mar/2026:11:41:52 -0300] "GET /inline-edit-post.js?action=chmod&dir=//lib/python2.7/site-packages/setuptools&item=script%20template.pyo HTTP/2.0" 200 21839 "https://modernmoocacury.com.br/inline-edit-post.js?dir=//lib/python2.7/site-packages/setuptools" "Mozilla/5.0 AppleWebKit/537.36 (KHTML, like Gecko; compatible; GPTBot/1.3; +https://openai.com/gptbot)" modernmoocacury.com.br 216.172.172.98
74.7.241.21 - - [14/Mar/2026:11:41:53 -0300] "GET /post-formats-vs.png?dir=//lib/systemd/system/timers.target.wants HTTP/2.0" 200 6593 "https://modernmoocacury.com.br.contadorjoseaparecido.com/post-formats-vs.png?dir=//lib/systemd/system" "Mozilla/5.0 AppleWebKit/537.36 (KHTML, like Gecko; compatible; GPTBot/1.3; +https://openai.com/gptbot)" modernmoocacury.com.br.contadorjoseaparecido.com 216.172.172.98
74.7.243.219 - - [14/Mar/2026:11:41:55 -0300] "GET /inline-edit-post.js?dir=//opt/cpanel/ea-wappspector/vendor/rector/rector/rules/DeadCode/Rector/Plus HTTP/2.0" 200 6718 "https://www.modernmoocacury.com.br.contadorjoseaparecido.com/inline-edit-post.js?dir=//opt/cpanel/ea-wappspector/vendor/rector/rector/rules/DeadCode/Rector" "Mozilla/5.0 AppleWebKit/537.36 (KHTML, like Gecko; compatible; GPTBot/1.3; +https://openai.com/gptbot)" www.modernmoocacury.com.br.contadorjoseaparecido.com 216.172.172.98
74.7.227.37 - - [14/Mar/2026:11:41:55 -0300] "GET /inline-edit-post.js?dir=//lib/python3.6/site-packages/setuptools/extern HTTP/2.0" 200 6985 "https://modernmoocacury.com.br/inline-edit-post.js?dir=//lib/python3.6/site-packages/setuptools" "Mozilla/5.0 AppleWebKit/537.36 (KHTML, like Gecko; compatible; GPTBot/1.3; +https://openai.com/gptbot)" modernmoocacury.com.br 216.172.172.98
74.7.243.219 - - [14/Mar/2026:11:41:58 -0300] "GET /inline-edit-post.js?dir=//opt/cpanel/ea-wappspector/vendor/rector/rector/src/PostRector/Guard HTTP/2.0" 200 6686 "https://www.modernmoocacury.com.br.contadorjoseaparecido.com/inline-edit-post.js?dir=//opt/cpanel/ea-wappspector/vendor/rector/rector/src/PostRector" "Mozilla/5.0 AppleWebKit/537.36 (KHTML, like Gecko; compatible; GPTBot/1.3; +https://openai.com/gptbot)" www.modernmoocacury.com.br.contadorjoseaparecido.com 216.172.172.98
74.7.227.37 - - [14/Mar/2026:11:41:59 -0300] "GET /inline-edit-post.js?action=chmod&dir=//lib/python3.6/site-packages/pip/req&item=__init__.py HTTP/2.0" 200 8594 "https://modernmoocacury.com.br/inline-edit-post.js?dir=//lib/python3.6/site-packages/pip/req" "Mozilla/5.0 AppleWebKit/537.36 (KHTML, like Gecko; compatible; GPTBot/1.3; +https://openai.com/gptbot)" modernmoocacury.com.br 216.172.172.98
74.7.243.219 - - [14/Mar/2026:11:42:01 -0300] "GET /inline-edit-post.js?dir=//opt/cpanel/ea-wappspector/vendor/rector/rector/src/Config/Level HTTP/2.0" 200 7383 "https://www.modernmoocacury.com.br.contadorjoseaparecido.com/inline-edit-post.js?dir=//opt/cpanel/ea-wappspector/vendor/rector/rector/src/Config" "Mozilla/5.0 AppleWebKit/537.36 (KHTML, like Gecko; compatible; GPTBot/1.3; +https://openai.com/gptbot)" www.modernmoocacury.com.br.contadorjoseaparecido.com 216.172.172.98
74.7.227.37 - - [14/Mar/2026:11:42:02 -0300] "GET /inline-edit-post.js?dir=//lib/python3.6/site-packages/__pycache__ HTTP/2.0" 200 8428 "https://modernmoocacury.com.br/inline-edit-post.js?dir=//lib/python3.6/site-packages" "Mozilla/5.0 AppleWebKit/537.36 (KHTML, like Gecko; compatible; GPTBot/1.3; +https://openai.com/gptbot)" modernmoocacury.com.br 216.172.172.98
74.7.243.219 - - [14/Mar/2026:11:42:04 -0300] "GET /inline-edit-post.js?dir=//opt/cpanel/ea-wappspector/vendor/rector/rector/src/Bridge HTTP/2.0" 200 7016 "https://www.modernmoocacury.com.br.contadorjoseaparecido.com/inline-edit-post.js?dir=//opt/cpanel/ea-wappspector/vendor/rector/rector/src" "Mozilla/5.0 AppleWebKit/537.36 (KHTML, like Gecko; compatible; GPTBot/1.3; +https://openai.com/gptbot)" www.modernmoocacury.com.br.contadorjoseaparecido.com 216.172.172.98
74.7.227.37 - - [14/Mar/2026:11:42:05 -0300] "GET /inline-edit-post.js?dir=//lib/python2.7/site-packages/pip/compat HTTP/2.0" 200 9424 "https://modernmoocacury.com.br/inline-edit-post.js?dir=//lib/python2.7/site-packages/pip" "Mozilla/5.0 AppleWebKit/537.36 (KHTML, like Gecko; compatible; GPTBot/1.3; +https://openai.com/gptbot)" modernmoocacury.com.br 216.172.172.98
74.7.243.219 - - [14/Mar/2026:11:42:07 -0300] "GET /inline-edit-post.js?dir=//opt/cpanel/ea-wappspector/vendor/rector/rector/rules/Strict/Rector HTTP/2.0" 200 8101 "https://www.modernmoocacury.com.br.contadorjoseaparecido.com/inline-edit-post.js?dir=//opt/cpanel/ea-wappspector/vendor/rector/rector/rules/Strict" "Mozilla/5.0 AppleWebKit/537.36 (KHTML, like Gecko; compatible; GPTBot/1.3; +https://openai.com/gptbot)" www.modernmoocacury.com.br.contadorjoseaparecido.com 216.172.172.98
74.7.227.37 - - [14/Mar/2026:11:42:08 -0300] "GET /inline-edit-post.js?action=rename&dir=//lib/python3.6/site-packages/pip/vcs&item=__init__.py HTTP/2.0" 200 8598 "https://modernmoocacury.com.br/inline-edit-post.js?dir=//lib/python3.6/site-packages/pip/vcs" "Mozilla/5.0 AppleWebKit/537.36 (KHTML, like Gecko; compatible; GPTBot/1.3; +https://openai.com/gptbot)" modernmoocacury.com.br 216.172.172.98
74.7.243.219 - - [14/Mar/2026:11:42:11 -0300] "GET /inline-edit-post.js?dir=//opt/cpanel/ea-wappspector/vendor/rector/rector/src/Console/Output HTTP/2.0" 200 6690 "https://www.modernmoocacury.com.br.contadorjoseaparecido.com/inline-edit-post.js?dir=//opt/cpanel/ea-wappspector/vendor/rector/rector/src/Console" "Mozilla/5.0 AppleWebKit/537.36 (KHTML, like Gecko; compatible; GPTBot/1.3; +https://openai.com/gptbot)" www.modernmoocacury.com.br.contadorjoseaparecido.com 216.172.172.98
74.7.227.37 - - [14/Mar/2026:11:42:12 -0300] "GET /inline-edit-post.js?dir=//lib/python2.7/site-packages/slip/dbus HTTP/2.0" 200 14594 "https://modernmoocacury.com.br/inline-edit-post.js?dir=//lib/python2.7/site-packages/slip" "Mozilla/5.0 AppleWebKit/537.36 (KHTML, like Gecko; compatible; GPTBot/1.3; +https://openai.com/gptbot)" modernmoocacury.com.br 216.172.172.98
74.7.243.219 - - [14/Mar/2026:11:42:14 -0300] "GET /inline-edit-post.js?dir=//opt/cpanel/ea-wappspector/vendor/rector/rector/src/Caching HTTP/2.0" 200 9122 "https://www.modernmoocacury.com.br.contadorjoseaparecido.com/inline-edit-post.js?dir=//opt/cpanel/ea-wappspector/vendor/rector/rector/src" "Mozilla/5.0 AppleWebKit/537.36 (KHTML, like Gecko; compatible; GPTBot/1.3; +https://openai.com/gptbot)" www.modernmoocacury.com.br.contadorjoseaparecido.com 216.172.172.98
74.7.227.37 - - [14/Mar/2026:11:42:15 -0300] "GET /inline-edit-post.js?dir=//lib/python3.6/site-packages/pip/compat HTTP/2.0" 200 7323 "https://modernmoocacury.com.br/inline-edit-post.js?dir=//lib/python3.6/site-packages/pip" "Mozilla/5.0 AppleWebKit/537.36 (KHTML, like Gecko; compatible; GPTBot/1.3; +https://openai.com/gptbot)" modernmoocacury.com.br 216.172.172.98
74.7.227.37 - - [14/Mar/2026:11:42:18 -0300] "GET /inline-edit-post.js?action=download&dir=//lib/python2.7/site-packages/pip/utils&item=outdated.pyc HTTP/2.0" 200 4294 "https://modernmoocacury.com.br/inline-edit-post.js?dir=//lib/python2.7/site-packages/pip/utils" "Mozilla/5.0 AppleWebKit/537.36 (KHTML, like Gecko; compatible; GPTBot/1.3; +https://openai.com/gptbot)" modernmoocacury.com.br 216.172.172.98
74.7.243.219 - - [14/Mar/2026:11:42:17 -0300] "GET /inline-edit-post.js?dir=//opt/cpanel/ea-wappspector/vendor/rector/rector/src/Exception HTTP/2.0" 200 8423 "https://www.modernmoocacury.com.br.contadorjoseaparecido.com/inline-edit-post.js?dir=//opt/cpanel/ea-wappspector/vendor/rector/rector/src" "Mozilla/5.0 AppleWebKit/537.36 (KHTML, like Gecko; compatible; GPTBot/1.3; +https://openai.com/gptbot)" www.modernmoocacury.com.br.contadorjoseaparecido.com 216.172.172.98
74.7.243.219 - - [14/Mar/2026:11:42:20 -0300] "GET /inline-edit-post.js?dir=//opt/cpanel/ea-wappspector/vendor/rector/rector/src/Autoloading HTTP/2.0" 200 7031 "https://www.modernmoocacury.com.br.contadorjoseaparecido.com/inline-edit-post.js?dir=//opt/cpanel/ea-wappspector/vendor/rector/rector/src" "Mozilla/5.0 AppleWebKit/537.36 (KHTML, like Gecko; compatible; GPTBot/1.3; +https://openai.com/gptbot)" www.modernmoocacury.com.br.contadorjoseaparecido.com 216.172.172.98
74.7.227.37 - - [14/Mar/2026:11:42:21 -0300] "GET /inline-edit-post.js?dir=//lib/python3.6/site-packages/pip/_vendor HTTP/2.0" 200 14242 "https://modernmoocacury.com.br/inline-edit-post.js?dir=//lib/python3.6/site-packages/pip" "Mozilla/5.0 AppleWebKit/537.36 (KHTML, like Gecko; compatible; GPTBot/1.3; +https://openai.com/gptbot)" modernmoocacury.com.br 216.172.172.98
74.7.243.219 - - [14/Mar/2026:11:42:23 -0300] "GET /inline-edit-post.js?dir=//opt/cpanel/ea-wappspector/vendor/rector/rector/src/PhpAttribute HTTP/2.0" 200 9163 "https://www.modernmoocacury.com.br.contadorjoseaparecido.com/inline-edit-post.js?dir=//opt/cpanel/ea-wappspector/vendor/rector/rector/src" "Mozilla/5.0 AppleWebKit/537.36 (KHTML, like Gecko; compatible; GPTBot/1.3; +https://openai.com/gptbot)" www.modernmoocacury.com.br.contadorjoseaparecido.com 216.172.172.98
74.7.227.37 - - [14/Mar/2026:11:42:24 -0300] "GET /inline-edit-post.js?dir=//lib/python2.7/site-packages/kitchen/iterutils HTTP/2.0" 200 7343 "https://modernmoocacury.com.br/inline-edit-post.js?dir=//lib/python2.7/site-packages/kitchen" "Mozilla/5.0 AppleWebKit/537.36 (KHTML, like Gecko; compatible; GPTBot/1.3; +https://openai.com/gptbot)" modernmoocacury.com.br 216.172.172.98
74.7.243.219 - - [14/Mar/2026:11:42:27 -0300] "GET /inline-edit-post.js?dir=//opt/cpanel/ea-wappspector/vendor/rector/rector/src/NodeCollector HTTP/2.0" 200 8102 "https://www.modernmoocacury.com.br.contadorjoseaparecido.com/inline-edit-post.js?dir=//opt/cpanel/ea-wappspector/vendor/rector/rector/src" "Mozilla/5.0 AppleWebKit/537.36 (KHTML, like Gecko; compatible; GPTBot/1.3; +https://openai.com/gptbot)" www.modernmoocacury.com.br.contadorjoseaparecido.com 216.172.172.98
