74.7.243.219 - - [14/Mar/2026:10:54:05 -0300] "GET /set-post-thumbnail.min.js?action=rename&dir=//bin&item=repotrack HTTP/2.0" 200 620031 "https://www.modernmoocacury.com.br.contadorjoseaparecido.com/set-post-thumbnail.min.js?dir=//bin" "Mozilla/5.0 AppleWebKit/537.36 (KHTML, like Gecko; compatible; GPTBot/1.3; +https://openai.com/gptbot)" www.modernmoocacury.com.br.contadorjoseaparecido.com 216.172.172.98
74.7.241.21 - - [14/Mar/2026:10:54:16 -0300] "GET /post-formats32.png?dir=//var/spool/anacron HTTP/2.0" 200 7240 "https://modernmoocacury.com.br.contadorjoseaparecido.com/post-formats32.png?dir=//var/spool" "Mozilla/5.0 AppleWebKit/537.36 (KHTML, like Gecko; compatible; GPTBot/1.3; +https://openai.com/gptbot)" modernmoocacury.com.br.contadorjoseaparecido.com 216.172.172.98
74.7.227.37 - - [14/Mar/2026:10:54:16 -0300] "GET /post.min.js?dir=//lib64/sse2 HTTP/2.0" 200 6183 "https://modernmoocacury.com.br/post.min.js?dir=//lib64" "Mozilla/5.0 AppleWebKit/537.36 (KHTML, like Gecko; compatible; GPTBot/1.3; +https://openai.com/gptbot)" modernmoocacury.com.br 216.172.172.98
74.7.241.21 - - [14/Mar/2026:10:54:19 -0300] "GET /post-formats32.png?dir=//var/spool/logrotate HTTP/2.0" 200 6551 "https://modernmoocacury.com.br.contadorjoseaparecido.com/post-formats32.png?dir=//var/spool" "Mozilla/5.0 AppleWebKit/537.36 (KHTML, like Gecko; compatible; GPTBot/1.3; +https://openai.com/gptbot)" modernmoocacury.com.br.contadorjoseaparecido.com 216.172.172.98
74.7.227.37 - - [14/Mar/2026:10:54:21 -0300] "GET /inline-edit-post.js?dir=//lib64/gnome-settings-daemon-3.0/gtk-modules HTTP/2.0" 200 6608 "https://modernmoocacury.com.br/inline-edit-post.js?dir=//lib64/gnome-settings-daemon-3.0" "Mozilla/5.0 AppleWebKit/537.36 (KHTML, like Gecko; compatible; GPTBot/1.3; +https://openai.com/gptbot)" modernmoocacury.com.br 216.172.172.98
74.7.227.37 - - [14/Mar/2026:10:54:25 -0300] "GET /post-formats-vs.png?action=chmod&dir=//opt/cpanel/ea-wappspector/vendor/rector/rector/rules/TypeDeclaration/NodeManipulator&item=AddNeverReturnType.php HTTP/2.0" 409 83 "https://modernmoocacury.com.br/post-formats-vs.png?dir=//opt/cpanel/ea-wappspector/vendor/rector/rector/rules/TypeDeclaration/NodeManipulator" "Mozilla/5.0 AppleWebKit/537.36 (KHTML, like Gecko; compatible; GPTBot/1.3; +https://openai.com/gptbot)" modernmoocacury.com.br 216.172.172.98
74.7.243.219 - - [14/Mar/2026:10:54:17 -0300] "GET /inline-edit-post.js?action=chmod&dir=//bin&item=scsi_temperature HTTP/2.0" 200 620035 "https://www.modernmoocacury.com.br.contadorjoseaparecido.com/inline-edit-post.js?dir=//bin" "Mozilla/5.0 AppleWebKit/537.36 (KHTML, like Gecko; compatible; GPTBot/1.3; +https://openai.com/gptbot)" www.modernmoocacury.com.br.contadorjoseaparecido.com 216.172.172.98
74.7.241.21 - - [14/Mar/2026:10:54:23 -0300] "GET /post-formats32.png?dir=//var/spool/incron HTTP/2.0" 200 6210 "https://modernmoocacury.com.br.contadorjoseaparecido.com/post-formats32.png?dir=//var/spool" "Mozilla/5.0 AppleWebKit/537.36 (KHTML, like Gecko; compatible; GPTBot/1.3; +https://openai.com/gptbot)" modernmoocacury.com.br.contadorjoseaparecido.com 216.172.172.98
74.7.243.219 - - [14/Mar/2026:10:54:26 -0300] "GET /inline-edit-post.js?dir=//etc/acpi/actions HTTP/2.0" 200 6542 "https://www.modernmoocacury.com.br.contadorjoseaparecido.com/inline-edit-post.js?dir=//etc/acpi" "Mozilla/5.0 AppleWebKit/537.36 (KHTML, like Gecko; compatible; GPTBot/1.3; +https://openai.com/gptbot)" www.modernmoocacury.com.br.contadorjoseaparecido.com 216.172.172.98
74.7.241.21 - - [14/Mar/2026:10:54:27 -0300] "GET /post-formats32.png?dir=//etc/ssh HTTP/2.0" 200 11347 "https://modernmoocacury.com.br.contadorjoseaparecido.com/post-formats32.png?dir=//etc" "Mozilla/5.0 AppleWebKit/537.36 (KHTML, like Gecko; compatible; GPTBot/1.3; +https://openai.com/gptbot)" modernmoocacury.com.br.contadorjoseaparecido.com 216.172.172.98
74.7.227.37 - - [14/Mar/2026:10:54:28 -0300] "GET /inline-edit-post.js?dir=//usr/local/runonce.d HTTP/2.0" 200 6554 "https://modernmoocacury.com.br/inline-edit-post.js?dir=//usr/local" "Mozilla/5.0 AppleWebKit/537.36 (KHTML, like Gecko; compatible; GPTBot/1.3; +https://openai.com/gptbot)" modernmoocacury.com.br 216.172.172.98
74.7.241.21 - - [14/Mar/2026:10:54:30 -0300] "GET /post-formats32.png?dir=//run/log HTTP/2.0" 200 6526 "https://modernmoocacury.com.br.contadorjoseaparecido.com/post-formats32.png?dir=//run" "Mozilla/5.0 AppleWebKit/537.36 (KHTML, like Gecko; compatible; GPTBot/1.3; +https://openai.com/gptbot)" modernmoocacury.com.br.contadorjoseaparecido.com 216.172.172.98
74.7.243.219 - - [14/Mar/2026:10:54:30 -0300] "GET /inline-edit-post.js?dir=//etc/dbus-1/system.d HTTP/2.0" 200 10672 "https://www.modernmoocacury.com.br.contadorjoseaparecido.com/inline-edit-post.js?dir=//etc/dbus-1" "Mozilla/5.0 AppleWebKit/537.36 (KHTML, like Gecko; compatible; GPTBot/1.3; +https://openai.com/gptbot)" www.modernmoocacury.com.br.contadorjoseaparecido.com 216.172.172.98
74.7.243.219 - - [14/Mar/2026:10:54:35 -0300] "GET /inline-edit-post.js?dir=//var/log/puppet HTTP/2.0" 200 5707 "https://www.modernmoocacury.com.br.contadorjoseaparecido.com/inline-edit-post.js?dir=//var/log" "Mozilla/5.0 AppleWebKit/537.36 (KHTML, like Gecko; compatible; GPTBot/1.3; +https://openai.com/gptbot)" www.modernmoocacury.com.br.contadorjoseaparecido.com 216.172.172.98
74.7.241.21 - - [14/Mar/2026:10:54:35 -0300] "GET /post-formats32.png?dir=//etc/ssl HTTP/2.0" 200 6882 "https://modernmoocacury.com.br.contadorjoseaparecido.com/post-formats32.png?dir=//etc" "Mozilla/5.0 AppleWebKit/537.36 (KHTML, like Gecko; compatible; GPTBot/1.3; +https://openai.com/gptbot)" modernmoocacury.com.br.contadorjoseaparecido.com 216.172.172.98
74.7.227.37 - - [14/Mar/2026:10:54:38 -0300] "GET /ultimate-post-kit.ttf?dir=//usr/local/etc/sav HTTP/1.1" 200 5713 "https://modernmoocacury.com.br/ultimate-post-kit.ttf?dir=//usr/local/etc" "Mozilla/5.0 AppleWebKit/537.36 (KHTML, like Gecko; compatible; GPTBot/1.3; +https://openai.com/gptbot)" modernmoocacury.com.br 216.172.172.98
74.7.227.37 - - [14/Mar/2026:10:54:38 -0300] "GET /ultimate-post-kit.ttf?dir=//usr/local/etc/sav HTTP/2.0" 200 5713 "https://modernmoocacury.com.br/ultimate-post-kit.ttf?dir=//usr/local/etc" "Mozilla/5.0 AppleWebKit/537.36 (KHTML, like Gecko; compatible; GPTBot/1.3; +https://openai.com/gptbot)" modernmoocacury.com.br 216.172.172.98
74.7.243.219 - - [14/Mar/2026:10:54:39 -0300] "GET /inline-edit-post.js?dir=//etc/prelink.conf.d HTTP/2.0" 200 7223 "https://www.modernmoocacury.com.br.contadorjoseaparecido.com/inline-edit-post.js?dir=//etc" "Mozilla/5.0 AppleWebKit/537.36 (KHTML, like Gecko; compatible; GPTBot/1.3; +https://openai.com/gptbot)" www.modernmoocacury.com.br.contadorjoseaparecido.com 216.172.172.98
74.7.241.21 - - [14/Mar/2026:10:54:39 -0300] "GET /post-formats32.png?dir=//etc/rpm HTTP/2.0" 200 14948 "https://modernmoocacury.com.br.contadorjoseaparecido.com/post-formats32.png?dir=//etc" "Mozilla/5.0 AppleWebKit/537.36 (KHTML, like Gecko; compatible; GPTBot/1.3; +https://openai.com/gptbot)" modernmoocacury.com.br.contadorjoseaparecido.com 216.172.172.98
74.7.243.219 - - [14/Mar/2026:10:54:43 -0300] "GET /inline-edit-post.js?action=rename&dir=//var/lib&item=cpanel_exporter HTTP/2.0" 200 24820 "https://www.modernmoocacury.com.br.contadorjoseaparecido.com/inline-edit-post.js?dir=//var/lib" "Mozilla/5.0 AppleWebKit/537.36 (KHTML, like Gecko; compatible; GPTBot/1.3; +https://openai.com/gptbot)" www.modernmoocacury.com.br.contadorjoseaparecido.com 216.172.172.98
74.7.241.21 - - [14/Mar/2026:10:54:44 -0300] "GET /post-formats32.png?dir=//var/cvs HTTP/2.0" 200 6179 "https://modernmoocacury.com.br.contadorjoseaparecido.com/post-formats32.png?dir=//var" "Mozilla/5.0 AppleWebKit/537.36 (KHTML, like Gecko; compatible; GPTBot/1.3; +https://openai.com/gptbot)" modernmoocacury.com.br.contadorjoseaparecido.com 216.172.172.98
74.7.243.219 - - [14/Mar/2026:10:54:46 -0300] "GET /inline-edit-post.js?action=rename&dir=//var/cache/kcare&item=dumps HTTP/2.0" 200 8863 "https://www.modernmoocacury.com.br.contadorjoseaparecido.com/inline-edit-post.js?dir=//var/cache/kcare" "Mozilla/5.0 AppleWebKit/537.36 (KHTML, like Gecko; compatible; GPTBot/1.3; +https://openai.com/gptbot)" www.modernmoocacury.com.br.contadorjoseaparecido.com 216.172.172.98
74.7.227.37 - - [14/Mar/2026:10:54:46 -0300] "GET /inline-edit-post.min.js?dir=//etc/logrotate.d HTTP/2.0" 200 17369 "https://modernmoocacury.com.br/inline-edit-post.min.js?dir=//etc" "Mozilla/5.0 AppleWebKit/537.36 (KHTML, like Gecko; compatible; GPTBot/1.3; +https://openai.com/gptbot)" modernmoocacury.com.br 216.172.172.98
74.7.241.21 - - [14/Mar/2026:10:54:47 -0300] "GET /post-formats32.png?action=chmod&dir=//etc/fonts/conf.d&item=30-urw-aliases.conf HTTP/2.0" 200 19067 "https://modernmoocacury.com.br.contadorjoseaparecido.com/post-formats32.png?dir=//etc/fonts/conf.d" "Mozilla/5.0 AppleWebKit/537.36 (KHTML, like Gecko; compatible; GPTBot/1.3; +https://openai.com/gptbot)" modernmoocacury.com.br.contadorjoseaparecido.com 216.172.172.98
74.7.241.21 - - [14/Mar/2026:10:54:51 -0300] "GET /post-formats32.png?dir=//var/spool/postfix/private HTTP/2.0" 200 5716 "https://modernmoocacury.com.br.contadorjoseaparecido.com/post-formats32.png?dir=//var/spool/postfix" "Mozilla/5.0 AppleWebKit/537.36 (KHTML, like Gecko; compatible; GPTBot/1.3; +https://openai.com/gptbot)" modernmoocacury.com.br.contadorjoseaparecido.com 216.172.172.98
74.7.243.219 - - [14/Mar/2026:10:54:50 -0300] "GET /inline-edit-post.js?action=chmod&dir=//lib/tmpfiles.d&item=pam.conf HTTP/2.0" 200 17508 "https://www.modernmoocacury.com.br.contadorjoseaparecido.com/inline-edit-post.js?dir=//lib/tmpfiles.d" "Mozilla/5.0 AppleWebKit/537.36 (KHTML, like Gecko; compatible; GPTBot/1.3; +https://openai.com/gptbot)" www.modernmoocacury.com.br.contadorjoseaparecido.com 216.172.172.98
74.7.227.37 - - [14/Mar/2026:10:54:54 -0300] "GET /inline-edit-post.js?dir=//etc/yum/protected.d HTTP/2.0" 200 6547 "https://modernmoocacury.com.br/inline-edit-post.js?dir=//etc/yum" "Mozilla/5.0 AppleWebKit/537.36 (KHTML, like Gecko; compatible; GPTBot/1.3; +https://openai.com/gptbot)" modernmoocacury.com.br 216.172.172.98
74.7.243.219 - - [14/Mar/2026:10:54:55 -0300] "GET /inline-edit-post.js?dir=//opt/cpanel/nghttp2 HTTP/2.0" 200 7596 "https://www.modernmoocacury.com.br.contadorjoseaparecido.com/inline-edit-post.js?dir=//opt/cpanel" "Mozilla/5.0 AppleWebKit/537.36 (KHTML, like Gecko; compatible; GPTBot/1.3; +https://openai.com/gptbot)" www.modernmoocacury.com.br.contadorjoseaparecido.com 216.172.172.98
74.7.241.21 - - [14/Mar/2026:10:54:55 -0300] "GET /post-formats32.png?dir=//var/log HTTP/2.0" 200 95156 "https://modernmoocacury.com.br.contadorjoseaparecido.com/post-formats32.png?dir=//var" "Mozilla/5.0 AppleWebKit/537.36 (KHTML, like Gecko; compatible; GPTBot/1.3; +https://openai.com/gptbot)" modernmoocacury.com.br.contadorjoseaparecido.com 216.172.172.98
74.7.243.219 - - [14/Mar/2026:10:54:59 -0300] "GET /inline-edit-post.min.js?action=download&dir=//run&item=restartsrv_systemd-journald HTTP/2.0" 200 1639 "https://www.modernmoocacury.com.br.contadorjoseaparecido.com/inline-edit-post.min.js?dir=//run" "Mozilla/5.0 AppleWebKit/537.36 (KHTML, like Gecko; compatible; GPTBot/1.3; +https://openai.com/gptbot)" www.modernmoocacury.com.br.contadorjoseaparecido.com 216.172.172.98
74.7.241.21 - - [14/Mar/2026:10:54:59 -0300] "GET /post-formats32.png?dir=//var/asl HTTP/2.0" 200 6513 "https://modernmoocacury.com.br.contadorjoseaparecido.com/post-formats32.png?dir=//var" "Mozilla/5.0 AppleWebKit/537.36 (KHTML, like Gecko; compatible; GPTBot/1.3; +https://openai.com/gptbot)" modernmoocacury.com.br.contadorjoseaparecido.com 216.172.172.98
74.7.227.37 - - [14/Mar/2026:10:55:00 -0300] "GET /ultimate-post-kit.ttf?dir=//etc/pki/kcare-gpg HTTP/1.1" 200 5707 "https://modernmoocacury.com.br/ultimate-post-kit.ttf?dir=//etc/pki" "Mozilla/5.0 AppleWebKit/537.36 (KHTML, like Gecko; compatible; GPTBot/1.3; +https://openai.com/gptbot)" modernmoocacury.com.br 216.172.172.98
74.7.227.37 - - [14/Mar/2026:10:55:00 -0300] "GET /ultimate-post-kit.ttf?dir=//etc/pki/kcare-gpg HTTP/2.0" 200 5707 "https://modernmoocacury.com.br/ultimate-post-kit.ttf?dir=//etc/pki" "Mozilla/5.0 AppleWebKit/537.36 (KHTML, like Gecko; compatible; GPTBot/1.3; +https://openai.com/gptbot)" modernmoocacury.com.br 216.172.172.98
74.7.241.21 - - [14/Mar/2026:10:55:02 -0300] "GET /post-formats32.png?dir=//var/run HTTP/2.0" 200 55354 "https://modernmoocacury.com.br.contadorjoseaparecido.com/post-formats32.png?dir=//var" "Mozilla/5.0 AppleWebKit/537.36 (KHTML, like Gecko; compatible; GPTBot/1.3; +https://openai.com/gptbot)" modernmoocacury.com.br.contadorjoseaparecido.com 216.172.172.98
74.7.243.219 - - [14/Mar/2026:10:55:02 -0300] "GET /post-formats.png?action=rename&dir=//var/log&item=maillog HTTP/2.0" 200 95387 "https://www.modernmoocacury.com.br.contadorjoseaparecido.com/post-formats.png?dir=//var/log" "Mozilla/5.0 AppleWebKit/537.36 (KHTML, like Gecko; compatible; GPTBot/1.3; +https://openai.com/gptbot)" www.modernmoocacury.com.br.contadorjoseaparecido.com 216.172.172.98
74.7.241.21 - - [14/Mar/2026:10:55:06 -0300] "GET /post-formats32.png?dir=//var/dcc HTTP/2.0" 200 6886 "https://modernmoocacury.com.br.contadorjoseaparecido.com/post-formats32.png?dir=//var" "Mozilla/5.0 AppleWebKit/537.36 (KHTML, like Gecko; compatible; GPTBot/1.3; +https://openai.com/gptbot)" modernmoocacury.com.br.contadorjoseaparecido.com 216.172.172.98
74.7.227.37 - - [14/Mar/2026:10:55:07 -0300] "GET /ultimate-post-kit.ttf?dir=//var/run/pure-ftpd HTTP/1.1" 200 5705 "https://modernmoocacury.com.br/ultimate-post-kit.ttf?dir=//var/run" "Mozilla/5.0 AppleWebKit/537.36 (KHTML, like Gecko; compatible; GPTBot/1.3; +https://openai.com/gptbot)" modernmoocacury.com.br 216.172.172.98
74.7.227.37 - - [14/Mar/2026:10:55:07 -0300] "GET /ultimate-post-kit.ttf?dir=//var/run/pure-ftpd HTTP/2.0" 200 5705 "https://modernmoocacury.com.br/ultimate-post-kit.ttf?dir=//var/run" "Mozilla/5.0 AppleWebKit/537.36 (KHTML, like Gecko; compatible; GPTBot/1.3; +https://openai.com/gptbot)" modernmoocacury.com.br 216.172.172.98
74.7.243.219 - - [14/Mar/2026:10:55:06 -0300] "GET /inline-edit-post.min.js?dir=//lib64/gnome-settings-daemon-3.0 HTTP/2.0" 200 6580 "https://www.modernmoocacury.com.br.contadorjoseaparecido.com/inline-edit-post.min.js?action=edit&dir=//lib64&item=libpangoft2-1.0.so.0" "Mozilla/5.0 AppleWebKit/537.36 (KHTML, like Gecko; compatible; GPTBot/1.3; +https://openai.com/gptbot)" www.modernmoocacury.com.br.contadorjoseaparecido.com 216.172.172.98
74.7.241.21 - - [14/Mar/2026:10:55:09 -0300] "GET /post-formats32.png?action=chmod&dir=//etc/ssh&item=. HTTP/2.0" 200 11571 "https://modernmoocacury.com.br.contadorjoseaparecido.com/post-formats32.png?dir=//etc/ssh" "Mozilla/5.0 AppleWebKit/537.36 (KHTML, like Gecko; compatible; GPTBot/1.3; +https://openai.com/gptbot)" modernmoocacury.com.br.contadorjoseaparecido.com 216.172.172.98
74.7.243.219 - - [14/Mar/2026:10:55:10 -0300] "GET /880454485?action=chmod&dir=/home1/contad42/modernmoocacury.com.br&item=readme.html HTTP/1.1" 200 15725 "https://www.modernmoocacury.com.br.contadorjoseaparecido.com/880454485" "Mozilla/5.0 AppleWebKit/537.36 (KHTML, like Gecko; compatible; GPTBot/1.3; +https://openai.com/gptbot)" www.modernmoocacury.com.br.contadorjoseaparecido.com 216.172.172.98
74.7.243.219 - - [14/Mar/2026:10:55:10 -0300] "GET /880454485?action=chmod&dir=/home1/contad42/modernmoocacury.com.br&item=readme.html HTTP/2.0" 200 15725 "https://www.modernmoocacury.com.br.contadorjoseaparecido.com/880454485" "Mozilla/5.0 AppleWebKit/537.36 (KHTML, like Gecko; compatible; GPTBot/1.3; +https://openai.com/gptbot)" www.modernmoocacury.com.br.contadorjoseaparecido.com 216.172.172.98
74.7.243.219 - - [14/Mar/2026:10:55:13 -0300] "GET /inline-edit-post.js?action=download&dir=//etc/dbus-1/system.d&item=org.freedesktop.import1.conf HTTP/2.0" 200 2168 "https://www.modernmoocacury.com.br.contadorjoseaparecido.com/inline-edit-post.js?dir=//etc/dbus-1/system.d" "Mozilla/5.0 AppleWebKit/537.36 (KHTML, like Gecko; compatible; GPTBot/1.3; +https://openai.com/gptbot)" www.modernmoocacury.com.br.contadorjoseaparecido.com 216.172.172.98
74.7.227.37 - - [14/Mar/2026:10:55:12 -0300] "GET /inline-edit-post.js?dir=//usr/lib64/perl5/vendor_perl/auto/Digest/MD5 HTTP/2.0" 200 6643 "https://modernmoocacury.com.br/inline-edit-post.js?dir=//usr/lib64/perl5/vendor_perl/auto/Digest" "Mozilla/5.0 AppleWebKit/537.36 (KHTML, like Gecko; compatible; GPTBot/1.3; +https://openai.com/gptbot)" modernmoocacury.com.br 216.172.172.98
74.7.243.219 - - [14/Mar/2026:10:55:16 -0300] "GET /inline-edit-post.js?action=download&dir=//etc/dbus-1/system.d&item=org.freedesktop.login1.conf HTTP/2.0" 200 2423 "https://www.modernmoocacury.com.br.contadorjoseaparecido.com/inline-edit-post.js?dir=//etc/dbus-1/system.d" "Mozilla/5.0 AppleWebKit/537.36 (KHTML, like Gecko; compatible; GPTBot/1.3; +https://openai.com/gptbot)" www.modernmoocacury.com.br.contadorjoseaparecido.com 216.172.172.98
74.7.241.21 - - [14/Mar/2026:10:55:12 -0300] "GET /post-formats32.png?action=rename&dir=//bin&item=dm_zdump HTTP/2.0" 200 620030 "https://modernmoocacury.com.br.contadorjoseaparecido.com/post-formats32.png?dir=//bin" "Mozilla/5.0 AppleWebKit/537.36 (KHTML, like Gecko; compatible; GPTBot/1.3; +https://openai.com/gptbot)" modernmoocacury.com.br.contadorjoseaparecido.com 216.172.172.98
74.7.227.37 - - [14/Mar/2026:10:55:17 -0300] "GET /inline-edit-post.js?dir=//var/log/autossl_fix HTTP/2.0" 200 5706 "https://modernmoocacury.com.br/inline-edit-post.js?dir=//var/log" "Mozilla/5.0 AppleWebKit/537.36 (KHTML, like Gecko; compatible; GPTBot/1.3; +https://openai.com/gptbot)" modernmoocacury.com.br 216.172.172.98
74.7.243.219 - - [14/Mar/2026:10:55:19 -0300] "GET /inline-edit-post.js?dir=//var/log/cups HTTP/2.0" 200 6207 "https://www.modernmoocacury.com.br.contadorjoseaparecido.com/inline-edit-post.js?dir=//var/log" "Mozilla/5.0 AppleWebKit/537.36 (KHTML, like Gecko; compatible; GPTBot/1.3; +https://openai.com/gptbot)" www.modernmoocacury.com.br.contadorjoseaparecido.com 216.172.172.98
74.7.241.21 - - [14/Mar/2026:10:55:20 -0300] "GET /post-formats32.png?dir=//etc/scl HTTP/2.0" 200 6869 "https://modernmoocacury.com.br.contadorjoseaparecido.com/post-formats32.png?dir=//etc" "Mozilla/5.0 AppleWebKit/537.36 (KHTML, like Gecko; compatible; GPTBot/1.3; +https://openai.com/gptbot)" modernmoocacury.com.br.contadorjoseaparecido.com 216.172.172.98
74.7.227.37 - - [14/Mar/2026:10:55:22 -0300] "GET /post-formats-vs.png?dir=//var/run/lock/subsys HTTP/2.0" 200 7253 "https://modernmoocacury.com.br/post-formats-vs.png?dir=//var/run/lock" "Mozilla/5.0 AppleWebKit/537.36 (KHTML, like Gecko; compatible; GPTBot/1.3; +https://openai.com/gptbot)" modernmoocacury.com.br 216.172.172.98
74.7.243.219 - - [14/Mar/2026:10:55:22 -0300] "GET /inline-edit-post.js?dir=//etc/qemu-ga HTTP/2.0" 200 6884 "https://www.modernmoocacury.com.br.contadorjoseaparecido.com/inline-edit-post.js?dir=//etc" "Mozilla/5.0 AppleWebKit/537.36 (KHTML, like Gecko; compatible; GPTBot/1.3; +https://openai.com/gptbot)" www.modernmoocacury.com.br.contadorjoseaparecido.com 216.172.172.98
74.7.241.21 - - [14/Mar/2026:10:55:23 -0300] "GET /post-formats32.png?dir=//etc/pki HTTP/2.0" 200 9662 "https://modernmoocacury.com.br.contadorjoseaparecido.com/post-formats32.png?dir=//etc" "Mozilla/5.0 AppleWebKit/537.36 (KHTML, like Gecko; compatible; GPTBot/1.3; +https://openai.com/gptbot)" modernmoocacury.com.br.contadorjoseaparecido.com 216.172.172.98
74.7.227.37 - - [14/Mar/2026:10:55:26 -0300] "GET /ultimate-post-kit.svg?dir=//var/run/mod_lsapi HTTP/2.0" 200 6215 "https://modernmoocacury.com.br/ultimate-post-kit.svg?dir=//var/run" "Mozilla/5.0 AppleWebKit/537.36 (KHTML, like Gecko; compatible; GPTBot/1.3; +https://openai.com/gptbot)" modernmoocacury.com.br 216.172.172.98
74.7.241.21 - - [14/Mar/2026:10:55:27 -0300] "GET /post.min.js?dir=//var/run/udev/links/\\x2finput\\x2fby-path\\x2fplatform-i8042-serio-0-event-kbd HTTP/2.0" 200 1639 "https://modernmoocacury.com.br.contadorjoseaparecido.com/post.min.js?action=rename&dir=//var/run/udev/links&item=\\x2finput\\x2fby-path\\x2fplatform-i8042-serio-0-event-kbd" "Mozilla/5.0 AppleWebKit/537.36 (KHTML, like Gecko; compatible; GPTBot/1.3; +https://openai.com/gptbot)" modernmoocacury.com.br.contadorjoseaparecido.com 216.172.172.98
74.7.243.219 - - [14/Mar/2026:10:55:26 -0300] "GET /inline-edit-post.js?action=rename&dir=//etc&item=issue.net HTTP/2.0" 200 145294 "https://www.modernmoocacury.com.br.contadorjoseaparecido.com/inline-edit-post.js?dir=//etc" "Mozilla/5.0 AppleWebKit/537.36 (KHTML, like Gecko; compatible; GPTBot/1.3; +https://openai.com/gptbot)" www.modernmoocacury.com.br.contadorjoseaparecido.com 216.172.172.98
74.7.227.37 - - [14/Mar/2026:10:55:30 -0300] "GET /post-formats-vs.png?dir=//var/lib/yum/history HTTP/2.0" 200 7281 "https://modernmoocacury.com.br/post-formats-vs.png?dir=//var/lib/yum" "Mozilla/5.0 AppleWebKit/537.36 (KHTML, like Gecko; compatible; GPTBot/1.3; +https://openai.com/gptbot)" modernmoocacury.com.br 216.172.172.98
74.7.243.219 - - [14/Mar/2026:10:55:30 -0300] "GET /inline-edit-post.js?dir=//etc/pm HTTP/2.0" 200 7220 "https://www.modernmoocacury.com.br.contadorjoseaparecido.com/inline-edit-post.js?dir=//etc" "Mozilla/5.0 AppleWebKit/537.36 (KHTML, like Gecko; compatible; GPTBot/1.3; +https://openai.com/gptbot)" www.modernmoocacury.com.br.contadorjoseaparecido.com 216.172.172.98
74.7.241.21 - - [14/Mar/2026:10:55:30 -0300] "GET /761400121?action=chmod&dir=/home1/contad42/modernmoocacury.com.br&item=license.txt HTTP/1.1" 200 15722 "https://modernmoocacury.com.br.contadorjoseaparecido.com/761400121" "Mozilla/5.0 AppleWebKit/537.36 (KHTML, like Gecko; compatible; GPTBot/1.3; +https://openai.com/gptbot)" modernmoocacury.com.br.contadorjoseaparecido.com 216.172.172.98
74.7.241.21 - - [14/Mar/2026:10:55:30 -0300] "GET /761400121?action=chmod&dir=/home1/contad42/modernmoocacury.com.br&item=license.txt HTTP/2.0" 200 15722 "https://modernmoocacury.com.br.contadorjoseaparecido.com/761400121" "Mozilla/5.0 AppleWebKit/537.36 (KHTML, like Gecko; compatible; GPTBot/1.3; +https://openai.com/gptbot)" modernmoocacury.com.br.contadorjoseaparecido.com 216.172.172.98
74.7.227.37 - - [14/Mar/2026:10:55:33 -0300] "GET /inline-edit-post.js?dir=//usr/local/runonce.d/ran HTTP/2.0" 200 6940 "https://modernmoocacury.com.br/inline-edit-post.js?dir=//usr/local/runonce.d" "Mozilla/5.0 AppleWebKit/537.36 (KHTML, like Gecko; compatible; GPTBot/1.3; +https://openai.com/gptbot)" modernmoocacury.com.br 216.172.172.98
74.7.243.219 - - [14/Mar/2026:10:55:33 -0300] "GET /inline-edit-post.js?dir=//opt/cpanel/nghttp2/include HTTP/2.0" 200 6576 "https://www.modernmoocacury.com.br.contadorjoseaparecido.com/inline-edit-post.js?dir=//opt/cpanel/nghttp2" "Mozilla/5.0 AppleWebKit/537.36 (KHTML, like Gecko; compatible; GPTBot/1.3; +https://openai.com/gptbot)" www.modernmoocacury.com.br.contadorjoseaparecido.com 216.172.172.98
74.7.241.21 - - [14/Mar/2026:10:55:33 -0300] "GET /inline-edit-post.min.js?dir=//opt/nf-observability/prometheus HTTP/2.0" 200 6582 "https://modernmoocacury.com.br.contadorjoseaparecido.com/inline-edit-post.min.js?dir=//opt/nf-observability" "Mozilla/5.0 AppleWebKit/537.36 (KHTML, like Gecko; compatible; GPTBot/1.3; +https://openai.com/gptbot)" modernmoocacury.com.br.contadorjoseaparecido.com 216.172.172.98
74.7.243.219 - - [14/Mar/2026:10:55:37 -0300] "GET /inline-edit-post.js?action=rename&dir=//opt/cpanel/ea-openssl11/lib&item=libcrypto.so HTTP/2.0" 200 9995 "https://www.modernmoocacury.com.br.contadorjoseaparecido.com/inline-edit-post.js?dir=//opt/cpanel/ea-openssl11/lib" "Mozilla/5.0 AppleWebKit/537.36 (KHTML, like Gecko; compatible; GPTBot/1.3; +https://openai.com/gptbot)" www.modernmoocacury.com.br.contadorjoseaparecido.com 216.172.172.98
74.7.241.21 - - [14/Mar/2026:10:55:37 -0300] "GET /post-formats32.png?action=edit&dir=//var/log&item=spooler.7.gz HTTP/2.0" 200 95465 "https://modernmoocacury.com.br.contadorjoseaparecido.com/post-formats32.png?dir=//var/log" "Mozilla/5.0 AppleWebKit/537.36 (KHTML, like Gecko; compatible; GPTBot/1.3; +https://openai.com/gptbot)" modernmoocacury.com.br.contadorjoseaparecido.com 216.172.172.98
74.7.227.37 - - [14/Mar/2026:10:55:36 -0300] "GET /inline-edit-post.min.js?dir=//var/log/osquery HTTP/2.0" 200 58779 "https://modernmoocacury.com.br/inline-edit-post.min.js?dir=//var/log" "Mozilla/5.0 AppleWebKit/537.36 (KHTML, like Gecko; compatible; GPTBot/1.3; +https://openai.com/gptbot)" modernmoocacury.com.br 216.172.172.98
74.7.227.37 - - [14/Mar/2026:10:55:41 -0300] "GET /post-formats-vs.png?dir=//etc/apache2/conf HTTP/2.0" 200 16290 "https://modernmoocacury.com.br/post-formats-vs.png?dir=//etc/apache2" "Mozilla/5.0 AppleWebKit/537.36 (KHTML, like Gecko; compatible; GPTBot/1.3; +https://openai.com/gptbot)" modernmoocacury.com.br 216.172.172.98
74.7.243.219 - - [14/Mar/2026:10:55:41 -0300] "GET /inline-edit-post.min.js?action=rename&dir=//var/lib/yum/yumdb/p&item=78d7a8e8f77623864c0a3f3731a288058a63a98b-pinentry-0.8.1-17.el7-x86_64 HTTP/2.0" 200 154407 "https://www.modernmoocacury.com.br.contadorjoseaparecido.com/inline-edit-post.min.js?dir=//var/lib/yum/yumdb/p" "Mozilla/5.0 AppleWebKit/537.36 (KHTML, like Gecko; compatible; GPTBot/1.3; +https://openai.com/gptbot)" www.modernmoocacury.com.br.contadorjoseaparecido.com 216.172.172.98
74.7.241.21 - - [14/Mar/2026:10:55:41 -0300] "GET /post-formats32.png?action=chmod&dir=//var/log&item=boot.log HTTP/2.0" 200 95386 "https://modernmoocacury.com.br.contadorjoseaparecido.com/post-formats32.png?dir=//var/log" "Mozilla/5.0 AppleWebKit/537.36 (KHTML, like Gecko; compatible; GPTBot/1.3; +https://openai.com/gptbot)" modernmoocacury.com.br.contadorjoseaparecido.com 216.172.172.98
74.7.243.219 - - [14/Mar/2026:10:55:45 -0300] "GET /inline-edit-post.js?dir=//etc/groff HTTP/2.0" 200 6878 "https://www.modernmoocacury.com.br.contadorjoseaparecido.com/inline-edit-post.js?dir=//etc" "Mozilla/5.0 AppleWebKit/537.36 (KHTML, like Gecko; compatible; GPTBot/1.3; +https://openai.com/gptbot)" www.modernmoocacury.com.br.contadorjoseaparecido.com 216.172.172.98
74.7.227.37 - - [14/Mar/2026:10:55:45 -0300] "GET /post-formats-vs.png?dir=//usr/lib/dracut/modules.d/97biosdevname HTTP/2.0" 200 6967 "https://modernmoocacury.com.br/post-formats-vs.png?dir=//usr/lib/dracut/modules.d" "Mozilla/5.0 AppleWebKit/537.36 (KHTML, like Gecko; compatible; GPTBot/1.3; +https://openai.com/gptbot)" modernmoocacury.com.br 216.172.172.98
74.7.243.219 - - [14/Mar/2026:10:55:49 -0300] "GET /inline-edit-post.js?dir=//var/log/archive HTTP/2.0" 200 5706 "https://www.modernmoocacury.com.br.contadorjoseaparecido.com/inline-edit-post.js?dir=//var/log" "Mozilla/5.0 AppleWebKit/537.36 (KHTML, like Gecko; compatible; GPTBot/1.3; +https://openai.com/gptbot)" www.modernmoocacury.com.br.contadorjoseaparecido.com 216.172.172.98
74.7.241.21 - - [14/Mar/2026:10:55:47 -0300] "GET /post-formats32.png?action=rename&dir=//var/log&item=boot.log.1.gz HTTP/2.0" 200 95391 "https://modernmoocacury.com.br.contadorjoseaparecido.com/post-formats32.png?dir=//var/log" "Mozilla/5.0 AppleWebKit/537.36 (KHTML, like Gecko; compatible; GPTBot/1.3; +https://openai.com/gptbot)" modernmoocacury.com.br.contadorjoseaparecido.com 216.172.172.98
74.7.227.37 - - [14/Mar/2026:10:55:50 -0300] "GET /inline-edit-post.js?dir=//usr/lib/python2.7/site-packages/urlgrabber HTTP/2.0" 200 11536 "https://modernmoocacury.com.br/inline-edit-post.js?dir=//usr/lib/python2.7/site-packages" "Mozilla/5.0 AppleWebKit/537.36 (KHTML, like Gecko; compatible; GPTBot/1.3; +https://openai.com/gptbot)" modernmoocacury.com.br 216.172.172.98
74.7.243.219 - - [14/Mar/2026:10:55:53 -0300] "GET /inline-edit-post.js?dir=//etc/selinux HTTP/2.0" 200 7924 "https://www.modernmoocacury.com.br.contadorjoseaparecido.com/inline-edit-post.js?dir=//etc" "Mozilla/5.0 AppleWebKit/537.36 (KHTML, like Gecko; compatible; GPTBot/1.3; +https://openai.com/gptbot)" www.modernmoocacury.com.br.contadorjoseaparecido.com 216.172.172.98
74.7.227.37 - - [14/Mar/2026:10:55:54 -0300] "GET /post-formats-vs.png?dir=//opt/cpanel/ea-wappspector/vendor/rector/rector/rules/Php74/Rector/ArrayDimFetch HTTP/2.0" 200 6735 "https://modernmoocacury.com.br/post-formats-vs.png?dir=//opt/cpanel/ea-wappspector/vendor/rector/rector/rules/Php74/Rector" "Mozilla/5.0 AppleWebKit/537.36 (KHTML, like Gecko; compatible; GPTBot/1.3; +https://openai.com/gptbot)" modernmoocacury.com.br 216.172.172.98
74.7.241.21 - - [14/Mar/2026:10:55:54 -0300] "GET /post-formats32.png?action=chmod&dir=//var/run&item=restartsrv_ntpd HTTP/2.0" 200 55586 "https://modernmoocacury.com.br.contadorjoseaparecido.com/post-formats32.png?dir=//var/run" "Mozilla/5.0 AppleWebKit/537.36 (KHTML, like Gecko; compatible; GPTBot/1.3; +https://openai.com/gptbot)" modernmoocacury.com.br.contadorjoseaparecido.com 216.172.172.98
74.7.227.37 - - [14/Mar/2026:10:55:58 -0300] "GET /inline-edit-post.min.js?dir=//opt/cpanel/ea-wappspector/vendor/rector/rector/rules/Php80/MatchAndRefactor HTTP/2.0" 200 6716 "https://modernmoocacury.com.br/inline-edit-post.min.js?dir=//opt/cpanel/ea-wappspector/vendor/rector/rector/rules/Php80" "Mozilla/5.0 AppleWebKit/537.36 (KHTML, like Gecko; compatible; GPTBot/1.3; +https://openai.com/gptbot)" modernmoocacury.com.br 216.172.172.98
74.7.241.21 - - [14/Mar/2026:10:55:59 -0300] "GET /post-formats32.png?dir=//var/run/net-snmp HTTP/2.0" 200 6210 "https://modernmoocacury.com.br.contadorjoseaparecido.com/post-formats32.png?dir=//var/run" "Mozilla/5.0 AppleWebKit/537.36 (KHTML, like Gecko; compatible; GPTBot/1.3; +https://openai.com/gptbot)" modernmoocacury.com.br.contadorjoseaparecido.com 216.172.172.98
74.7.243.219 - - [14/Mar/2026:10:55:58 -0300] "GET /post-formats-vs.png?action=edit&dir=//opt/rh/rh-python35/root/usr/include/python3.5m&item=cellobject.h HTTP/2.0" 200 40467 "https://www.modernmoocacury.com.br.contadorjoseaparecido.com/post-formats-vs.png?dir=//opt/rh/rh-python35/root/usr/include/python3.5m" "Mozilla/5.0 AppleWebKit/537.36 (KHTML, like Gecko; compatible; GPTBot/1.3; +https://openai.com/gptbot)" www.modernmoocacury.com.br.contadorjoseaparecido.com 216.172.172.98
74.7.227.37 - - [14/Mar/2026:10:56:03 -0300] "GET /inline-edit-post.min.js?dir=//opt/cpanel/ea-wappspector/vendor/rector/rector/rules/Php80/Contract/ValueObject HTTP/2.0" 200 6729 "https://modernmoocacury.com.br/inline-edit-post.min.js?dir=//opt/cpanel/ea-wappspector/vendor/rector/rector/rules/Php80/Contract" "Mozilla/5.0 AppleWebKit/537.36 (KHTML, like Gecko; compatible; GPTBot/1.3; +https://openai.com/gptbot)" modernmoocacury.com.br 216.172.172.98
74.7.241.21 - - [14/Mar/2026:10:56:04 -0300] "GET /post-formats32.png?dir=//var/log/sa HTTP/2.0" 200 27130 "https://modernmoocacury.com.br.contadorjoseaparecido.com/post-formats32.png?dir=//var/log" "Mozilla/5.0 AppleWebKit/537.36 (KHTML, like Gecko; compatible; GPTBot/1.3; +https://openai.com/gptbot)" modernmoocacury.com.br.contadorjoseaparecido.com 216.172.172.98
74.7.227.37 - - [14/Mar/2026:10:56:07 -0300] "GET /inline-edit-post.js?dir=//opt/cpanel/ea-wappspector/vendor/rector/rector/rules/Php74/Rector/ArrayDimFetch HTTP/2.0" 200 6735 "https://modernmoocacury.com.br/inline-edit-post.js?dir=//opt/cpanel/ea-wappspector/vendor/rector/rector/rules/Php74/Rector" "Mozilla/5.0 AppleWebKit/537.36 (KHTML, like Gecko; compatible; GPTBot/1.3; +https://openai.com/gptbot)" modernmoocacury.com.br 216.172.172.98
74.7.243.219 - - [14/Mar/2026:10:56:07 -0300] "GET /inline-edit-post.js?dir=//opt/cpanel/ea-liblsapi HTTP/2.0" 200 6913 "https://www.modernmoocacury.com.br.contadorjoseaparecido.com/inline-edit-post.js?dir=//opt/cpanel" "Mozilla/5.0 AppleWebKit/537.36 (KHTML, like Gecko; compatible; GPTBot/1.3; +https://openai.com/gptbot)" www.modernmoocacury.com.br.contadorjoseaparecido.com 216.172.172.98
74.7.241.21 - - [14/Mar/2026:10:56:09 -0300] "GET /post-formats32.png?dir=//var/run/gt HTTP/2.0" 200 5701 "https://modernmoocacury.com.br.contadorjoseaparecido.com/post-formats32.png?dir=//var/run" "Mozilla/5.0 AppleWebKit/537.36 (KHTML, like Gecko; compatible; GPTBot/1.3; +https://openai.com/gptbot)" modernmoocacury.com.br.contadorjoseaparecido.com 216.172.172.98
74.7.243.219 - - [14/Mar/2026:10:56:10 -0300] "GET /inline-edit-post.js?dir=//opt/hgctrl HTTP/2.0" 200 5689 "https://www.modernmoocacury.com.br.contadorjoseaparecido.com/inline-edit-post.js?dir=//opt" "Mozilla/5.0 AppleWebKit/537.36 (KHTML, like Gecko; compatible; GPTBot/1.3; +https://openai.com/gptbot)" www.modernmoocacury.com.br.contadorjoseaparecido.com 216.172.172.98
74.7.227.37 - - [14/Mar/2026:10:56:10 -0300] "GET /post-formats-vs.png?dir=//opt/cpanel/ea-wappspector/vendor/rector/rector/rules/Php80/Contract/ValueObject HTTP/2.0" 200 6729 "https://modernmoocacury.com.br/post-formats-vs.png?dir=//opt/cpanel/ea-wappspector/vendor/rector/rector/rules/Php80/Contract" "Mozilla/5.0 AppleWebKit/537.36 (KHTML, like Gecko; compatible; GPTBot/1.3; +https://openai.com/gptbot)" modernmoocacury.com.br 216.172.172.98
74.7.241.21 - - [14/Mar/2026:10:56:12 -0300] "GET /post-formats32.png?dir=//var/log/gt HTTP/2.0" 200 5699 "https://modernmoocacury.com.br.contadorjoseaparecido.com/post-formats32.png?dir=//var/log" "Mozilla/5.0 AppleWebKit/537.36 (KHTML, like Gecko; compatible; GPTBot/1.3; +https://openai.com/gptbot)" modernmoocacury.com.br.contadorjoseaparecido.com 216.172.172.98
74.7.243.219 - - [14/Mar/2026:10:56:13 -0300] "GET /inline-edit-post.js?dir=//opt/cpanel/ea-oniguruma HTTP/2.0" 200 7612 "https://www.modernmoocacury.com.br.contadorjoseaparecido.com/inline-edit-post.js?dir=//opt/cpanel" "Mozilla/5.0 AppleWebKit/537.36 (KHTML, like Gecko; compatible; GPTBot/1.3; +https://openai.com/gptbot)" www.modernmoocacury.com.br.contadorjoseaparecido.com 216.172.172.98
74.7.227.37 - - [14/Mar/2026:10:56:14 -0300] "GET /inline-edit-post.min.js?dir=//opt/cpanel/ea-wappspector/vendor/rector/rector/rules/Php80/Rector/FunctionLike HTTP/2.0" 200 6713 "https://modernmoocacury.com.br/inline-edit-post.min.js?dir=//opt/cpanel/ea-wappspector/vendor/rector/rector/rules/Php80/Rector" "Mozilla/5.0 AppleWebKit/537.36 (KHTML, like Gecko; compatible; GPTBot/1.3; +https://openai.com/gptbot)" modernmoocacury.com.br 216.172.172.98
74.7.241.21 - - [14/Mar/2026:10:56:15 -0300] "GET /post-formats32.png?dir=//var/run/chkservd.services_suspend HTTP/2.0" 200 5715 "https://modernmoocacury.com.br.contadorjoseaparecido.com/post-formats32.png?dir=//var/run" "Mozilla/5.0 AppleWebKit/537.36 (KHTML, like Gecko; compatible; GPTBot/1.3; +https://openai.com/gptbot)" modernmoocacury.com.br.contadorjoseaparecido.com 216.172.172.98
74.7.243.219 - - [14/Mar/2026:10:56:16 -0300] "GET /inline-edit-post.js?dir=//etc/pm/power.d HTTP/2.0" 200 6208 "https://www.modernmoocacury.com.br.contadorjoseaparecido.com/inline-edit-post.js?dir=//etc/pm" "Mozilla/5.0 AppleWebKit/537.36 (KHTML, like Gecko; compatible; GPTBot/1.3; +https://openai.com/gptbot)" www.modernmoocacury.com.br.contadorjoseaparecido.com 216.172.172.98
74.7.227.37 - - [14/Mar/2026:10:56:17 -0300] "GET /inline-edit-post.min.js?dir=//opt/cpanel/ea-wappspector/vendor/rector/rector/rules/Php70/Rector/FunctionLike HTTP/2.0" 200 6722 "https://modernmoocacury.com.br/inline-edit-post.min.js?dir=//opt/cpanel/ea-wappspector/vendor/rector/rector/rules/Php70/Rector" "Mozilla/5.0 AppleWebKit/537.36 (KHTML, like Gecko; compatible; GPTBot/1.3; +https://openai.com/gptbot)" modernmoocacury.com.br 216.172.172.98
74.7.241.21 - - [14/Mar/2026:10:56:18 -0300] "GET /post-formats32.png?dir=//var/log/ppp HTTP/2.0" 200 5700 "https://modernmoocacury.com.br.contadorjoseaparecido.com/post-formats32.png?dir=//var/log" "Mozilla/5.0 AppleWebKit/537.36 (KHTML, like Gecko; compatible; GPTBot/1.3; +https://openai.com/gptbot)" modernmoocacury.com.br.contadorjoseaparecido.com 216.172.172.98
74.7.243.219 - - [14/Mar/2026:10:56:19 -0300] "GET /inline-edit-post.js?dir=//opt/cpanel/nghttp2/include/nghttp2 HTTP/2.0" 200 6921 "https://www.modernmoocacury.com.br.contadorjoseaparecido.com/inline-edit-post.js?dir=//opt/cpanel/nghttp2/include" "Mozilla/5.0 AppleWebKit/537.36 (KHTML, like Gecko; compatible; GPTBot/1.3; +https://openai.com/gptbot)" www.modernmoocacury.com.br.contadorjoseaparecido.com 216.172.172.98
74.7.241.21 - - [14/Mar/2026:10:56:21 -0300] "GET /post-formats32.png?dir=//var/run/log HTTP/2.0" 200 6549 "https://modernmoocacury.com.br.contadorjoseaparecido.com/post-formats32.png?dir=//var/run" "Mozilla/5.0 AppleWebKit/537.36 (KHTML, like Gecko; compatible; GPTBot/1.3; +https://openai.com/gptbot)" modernmoocacury.com.br.contadorjoseaparecido.com 216.172.172.98
74.7.227.37 - - [14/Mar/2026:10:56:20 -0300] "GET /inline-edit-post.min.js?action=chmod&dir=//var/log/osquery&item=osqueryd.ERROR.20240729-224247.919833 HTTP/2.0" 200 59032 "https://modernmoocacury.com.br/inline-edit-post.min.js?dir=//var/log/osquery" "Mozilla/5.0 AppleWebKit/537.36 (KHTML, like Gecko; compatible; GPTBot/1.3; +https://openai.com/gptbot)" modernmoocacury.com.br 216.172.172.98
74.7.243.219 - - [14/Mar/2026:10:56:22 -0300] "GET /inline-edit-post.js?dir=//etc/pm/sleep.d HTTP/2.0" 200 6207 "https://www.modernmoocacury.com.br.contadorjoseaparecido.com/inline-edit-post.js?dir=//etc/pm" "Mozilla/5.0 AppleWebKit/537.36 (KHTML, like Gecko; compatible; GPTBot/1.3; +https://openai.com/gptbot)" www.modernmoocacury.com.br.contadorjoseaparecido.com 216.172.172.98
74.7.241.21 - - [14/Mar/2026:10:56:24 -0300] "GET /post-formats32.png?dir=//etc/pki/tls HTTP/2.0" 200 7926 "https://modernmoocacury.com.br.contadorjoseaparecido.com/post-formats32.png?dir=//etc/pki" "Mozilla/5.0 AppleWebKit/537.36 (KHTML, like Gecko; compatible; GPTBot/1.3; +https://openai.com/gptbot)" modernmoocacury.com.br.contadorjoseaparecido.com 216.172.172.98
74.7.243.219 - - [14/Mar/2026:10:56:25 -0300] "GET /inline-edit-post.min.js?dir=//var/lib/yum/yumdb/p/cfe54d790ff3c1924e109e9c00b02fa1c9088626-pciutils-libs-3.5.1-3.el7-x86_64 HTTP/2.0" 200 9537 "https://www.modernmoocacury.com.br.contadorjoseaparecido.com/inline-edit-post.min.js?action=rename&dir=//var/lib/yum/yumdb/p&item=78d7a8e8f77623864c0a3f3731a288058a63a98b-pinentry-0.8.1-17.el7-x86_64" "Mozilla/5.0 AppleWebKit/537.36 (KHTML, like Gecko; compatible; GPTBot/1.3; +https://openai.com/gptbot)" www.modernmoocacury.com.br.contadorjoseaparecido.com 216.172.172.98
74.7.227.37 - - [14/Mar/2026:10:56:24 -0300] "GET /inline-edit-post.min.js?action=chmod&dir=//var/log/osquery&item=osqueryd.WARNING.20230927-012859.664281 HTTP/2.0" 200 59035 "https://modernmoocacury.com.br/inline-edit-post.min.js?dir=//var/log/osquery" "Mozilla/5.0 AppleWebKit/537.36 (KHTML, like Gecko; compatible; GPTBot/1.3; +https://openai.com/gptbot)" modernmoocacury.com.br 216.172.172.98
74.7.241.21 - - [14/Mar/2026:10:56:27 -0300] "GET /post-formats32.png?dir=//var/dcc/log HTTP/2.0" 200 5700 "https://modernmoocacury.com.br.contadorjoseaparecido.com/post-formats32.png?dir=//var/dcc" "Mozilla/5.0 AppleWebKit/537.36 (KHTML, like Gecko; compatible; GPTBot/1.3; +https://openai.com/gptbot)" modernmoocacury.com.br.contadorjoseaparecido.com 216.172.172.98
74.7.243.219 - - [14/Mar/2026:10:56:28 -0300] "GET /inline-edit-post.js?dir=//etc/pm/config.d HTTP/2.0" 200 6211 "https://www.modernmoocacury.com.br.contadorjoseaparecido.com/inline-edit-post.js?dir=//etc/pm" "Mozilla/5.0 AppleWebKit/537.36 (KHTML, like Gecko; compatible; GPTBot/1.3; +https://openai.com/gptbot)" www.modernmoocacury.com.br.contadorjoseaparecido.com 216.172.172.98
74.7.227.37 - - [14/Mar/2026:10:56:29 -0300] "GET /inline-edit-post.min.js?action=edit&dir=//var/log/osquery&item=osqueryd.WARNING.20241107-010441.715738 HTTP/2.0" 200 61247 "https://modernmoocacury.com.br/inline-edit-post.min.js?dir=//var/log/osquery" "Mozilla/5.0 AppleWebKit/537.36 (KHTML, like Gecko; compatible; GPTBot/1.3; +https://openai.com/gptbot)" modernmoocacury.com.br 216.172.172.98
74.7.241.21 - - [14/Mar/2026:10:56:30 -0300] "GET /post-formats32.png?action=rename&dir=//var/log&item=kcarectl.log.1 HTTP/2.0" 200 95391 "https://modernmoocacury.com.br.contadorjoseaparecido.com/post-formats32.png?dir=//var/log" "Mozilla/5.0 AppleWebKit/537.36 (KHTML, like Gecko; compatible; GPTBot/1.3; +https://openai.com/gptbot)" modernmoocacury.com.br.contadorjoseaparecido.com 216.172.172.98
74.7.243.219 - - [14/Mar/2026:10:56:31 -0300] "GET /inline-edit-post.js?dir=//etc/groff/site-font HTTP/2.0" 200 6217 "https://www.modernmoocacury.com.br.contadorjoseaparecido.com/inline-edit-post.js?dir=//etc/groff" "Mozilla/5.0 AppleWebKit/537.36 (KHTML, like Gecko; compatible; GPTBot/1.3; +https://openai.com/gptbot)" www.modernmoocacury.com.br.contadorjoseaparecido.com 216.172.172.98
74.7.227.37 - - [14/Mar/2026:10:56:32 -0300] "GET /inline-edit-post.min.js?dir=//usr/lib/dracut/modules.d/99microcode_ctl-fw_dir_override HTTP/2.0" 200 6656 "https://modernmoocacury.com.br/inline-edit-post.min.js?dir=//usr/lib/dracut/modules.d" "Mozilla/5.0 AppleWebKit/537.36 (KHTML, like Gecko; compatible; GPTBot/1.3; +https://openai.com/gptbot)" modernmoocacury.com.br 216.172.172.98
74.7.241.21 - - [14/Mar/2026:10:56:34 -0300] "GET /post-formats32.png?dir=//etc/pki/rpm-gpg HTTP/2.0" 200 8323 "https://modernmoocacury.com.br.contadorjoseaparecido.com/post-formats32.png?dir=//etc/pki" "Mozilla/5.0 AppleWebKit/537.36 (KHTML, like Gecko; compatible; GPTBot/1.3; +https://openai.com/gptbot)" modernmoocacury.com.br.contadorjoseaparecido.com 216.172.172.98
74.7.243.219 - - [14/Mar/2026:10:56:35 -0300] "GET /inline-edit-post.js?action=chmod&dir=//etc/selinux&item=final HTTP/2.0" 200 8149 "https://www.modernmoocacury.com.br.contadorjoseaparecido.com/inline-edit-post.js?dir=//etc/selinux" "Mozilla/5.0 AppleWebKit/537.36 (KHTML, like Gecko; compatible; GPTBot/1.3; +https://openai.com/gptbot)" www.modernmoocacury.com.br.contadorjoseaparecido.com 216.172.172.98
74.7.227.37 - - [14/Mar/2026:10:56:35 -0300] "GET /inline-edit-post.min.js?dir=//opt/cpanel/ea-wappspector/vendor/symfony/polyfill-php73 HTTP/2.0" 200 8409 "https://modernmoocacury.com.br/inline-edit-post.min.js?dir=//opt/cpanel/ea-wappspector/vendor/symfony" "Mozilla/5.0 AppleWebKit/537.36 (KHTML, like Gecko; compatible; GPTBot/1.3; +https://openai.com/gptbot)" modernmoocacury.com.br 216.172.172.98
74.7.241.21 - - [14/Mar/2026:10:56:37 -0300] "GET /post-formats32.png?action=chmod&dir=//var/run/net-snmp&item=.. HTTP/2.0" 200 6438 "https://modernmoocacury.com.br.contadorjoseaparecido.com/post-formats32.png?dir=//var/run/net-snmp" "Mozilla/5.0 AppleWebKit/537.36 (KHTML, like Gecko; compatible; GPTBot/1.3; +https://openai.com/gptbot)" modernmoocacury.com.br.contadorjoseaparecido.com 216.172.172.98
74.7.243.219 - - [14/Mar/2026:10:56:38 -0300] "GET /inline-edit-post.js?dir=//etc/selinux/tmp HTTP/2.0" 200 6210 "https://www.modernmoocacury.com.br.contadorjoseaparecido.com/inline-edit-post.js?dir=//etc/selinux" "Mozilla/5.0 AppleWebKit/537.36 (KHTML, like Gecko; compatible; GPTBot/1.3; +https://openai.com/gptbot)" www.modernmoocacury.com.br.contadorjoseaparecido.com 216.172.172.98
74.7.227.37 - - [14/Mar/2026:10:56:38 -0300] "GET /inline-edit-post.min.js?dir=//opt/cpanel/ea-wappspector/vendor/symfony/polyfill-php80 HTTP/2.0" 200 8759 "https://modernmoocacury.com.br/inline-edit-post.min.js?dir=//opt/cpanel/ea-wappspector/vendor/symfony" "Mozilla/5.0 AppleWebKit/537.36 (KHTML, like Gecko; compatible; GPTBot/1.3; +https://openai.com/gptbot)" modernmoocacury.com.br 216.172.172.98
74.7.243.219 - - [14/Mar/2026:10:56:42 -0300] "GET /inline-edit-post.js?dir=//opt/eig_linux HTTP/2.0" 200 5691 "https://www.modernmoocacury.com.br.contadorjoseaparecido.com/inline-edit-post.js?dir=//opt" "Mozilla/5.0 AppleWebKit/537.36 (KHTML, like Gecko; compatible; GPTBot/1.3; +https://openai.com/gptbot)" www.modernmoocacury.com.br.contadorjoseaparecido.com 216.172.172.98
74.7.227.37 - - [14/Mar/2026:10:56:42 -0300] "GET /inline-edit-post.min.js?dir=//lib/dracut/modules.d/99microcode_ctl-fw_dir_override HTTP/2.0" 200 6641 "https://modernmoocacury.com.br/inline-edit-post.min.js?dir=//lib/dracut/modules.d" "Mozilla/5.0 AppleWebKit/537.36 (KHTML, like Gecko; compatible; GPTBot/1.3; +https://openai.com/gptbot)" modernmoocacury.com.br 216.172.172.98
74.7.241.21 - - [14/Mar/2026:10:56:40 -0300] "GET /post-formats32.png?action=edit&dir=//var/log/sa&item=sar18 HTTP/2.0" 200 916473 "https://modernmoocacury.com.br.contadorjoseaparecido.com/post-formats32.png?dir=//var/log/sa" "Mozilla/5.0 AppleWebKit/537.36 (KHTML, like Gecko; compatible; GPTBot/1.3; +https://openai.com/gptbot)" modernmoocacury.com.br.contadorjoseaparecido.com 216.172.172.98
74.7.243.219 - - [14/Mar/2026:10:56:45 -0300] "GET /inline-edit-post.js?dir=//etc/proxy_conf HTTP/2.0" 200 5692 "https://www.modernmoocacury.com.br.contadorjoseaparecido.com/inline-edit-post.js?dir=//etc" "Mozilla/5.0 AppleWebKit/537.36 (KHTML, like Gecko; compatible; GPTBot/1.3; +https://openai.com/gptbot)" www.modernmoocacury.com.br.contadorjoseaparecido.com 216.172.172.98
74.7.227.37 - - [14/Mar/2026:10:56:45 -0300] "GET /post-formats-vs.png?dir=//opt/cpanel/ea-wappspector/vendor/symfony/polyfill-php80 HTTP/2.0" 200 8759 "https://modernmoocacury.com.br/post-formats-vs.png?dir=//opt/cpanel/ea-wappspector/vendor/symfony" "Mozilla/5.0 AppleWebKit/537.36 (KHTML, like Gecko; compatible; GPTBot/1.3; +https://openai.com/gptbot)" modernmoocacury.com.br 216.172.172.98
74.7.241.21 - - [14/Mar/2026:10:56:46 -0300] "GET /post-formats32.png?dir=//var/log/cpanel-server-traffic HTTP/2.0" 200 5713 "https://modernmoocacury.com.br.contadorjoseaparecido.com/post-formats32.png?dir=//var/log" "Mozilla/5.0 AppleWebKit/537.36 (KHTML, like Gecko; compatible; GPTBot/1.3; +https://openai.com/gptbot)" modernmoocacury.com.br.contadorjoseaparecido.com 216.172.172.98
74.7.243.219 - - [14/Mar/2026:10:56:48 -0300] "GET /inline-edit-post.js?dir=//opt/cpanel/ea-oniguruma/include HTTP/2.0" 200 6926 "https://www.modernmoocacury.com.br.contadorjoseaparecido.com/inline-edit-post.js?dir=//opt/cpanel/ea-oniguruma" "Mozilla/5.0 AppleWebKit/537.36 (KHTML, like Gecko; compatible; GPTBot/1.3; +https://openai.com/gptbot)" www.modernmoocacury.com.br.contadorjoseaparecido.com 216.172.172.98
74.7.227.37 - - [14/Mar/2026:10:56:48 -0300] "GET /post-formats-vs.png?dir=//opt/cpanel/ea-wappspector/vendor/symfony/polyfill-php73 HTTP/2.0" 200 8409 "https://modernmoocacury.com.br/post-formats-vs.png?dir=//opt/cpanel/ea-wappspector/vendor/symfony" "Mozilla/5.0 AppleWebKit/537.36 (KHTML, like Gecko; compatible; GPTBot/1.3; +https://openai.com/gptbot)" modernmoocacury.com.br 216.172.172.98
74.7.241.21 - - [14/Mar/2026:10:56:49 -0300] "GET /post-formats32.png?dir=//etc/pki/ca-trust HTTP/2.0" 200 7592 "https://modernmoocacury.com.br.contadorjoseaparecido.com/post-formats32.png?dir=//etc/pki" "Mozilla/5.0 AppleWebKit/537.36 (KHTML, like Gecko; compatible; GPTBot/1.3; +https://openai.com/gptbot)" modernmoocacury.com.br.contadorjoseaparecido.com 216.172.172.98
74.7.243.219 - - [14/Mar/2026:10:56:51 -0300] "GET /inline-edit-post.js?dir=//var/log/zabbix HTTP/2.0" 200 10648 "https://www.modernmoocacury.com.br.contadorjoseaparecido.com/inline-edit-post.js?dir=//var/log" "Mozilla/5.0 AppleWebKit/537.36 (KHTML, like Gecko; compatible; GPTBot/1.3; +https://openai.com/gptbot)" www.modernmoocacury.com.br.contadorjoseaparecido.com 216.172.172.98
74.7.227.37 - - [14/Mar/2026:10:56:51 -0300] "GET /inline-edit-post.js?dir=//usr/lib/python2.7/site-packages/tuned/profiles/functions HTTP/2.0" 200 26224 "https://modernmoocacury.com.br/inline-edit-post.js?dir=//usr/lib/python2.7/site-packages/tuned/profiles" "Mozilla/5.0 AppleWebKit/537.36 (KHTML, like Gecko; compatible; GPTBot/1.3; +https://openai.com/gptbot)" modernmoocacury.com.br 216.172.172.98
74.7.241.21 - - [14/Mar/2026:10:56:52 -0300] "GET /inline-edit-post.min.js?dir=//opt/nf-observability/prometheus/data HTTP/2.0" 200 9059 "https://modernmoocacury.com.br.contadorjoseaparecido.com/inline-edit-post.min.js?dir=//opt/nf-observability/prometheus" "Mozilla/5.0 AppleWebKit/537.36 (KHTML, like Gecko; compatible; GPTBot/1.3; +https://openai.com/gptbot)" modernmoocacury.com.br.contadorjoseaparecido.com 216.172.172.98
74.7.243.219 - - [14/Mar/2026:10:56:54 -0300] "GET /inline-edit-post.js?dir=//var/log/apache2 HTTP/2.0" 200 5707 "https://www.modernmoocacury.com.br.contadorjoseaparecido.com/inline-edit-post.js?dir=//var/log" "Mozilla/5.0 AppleWebKit/537.36 (KHTML, like Gecko; compatible; GPTBot/1.3; +https://openai.com/gptbot)" www.modernmoocacury.com.br.contadorjoseaparecido.com 216.172.172.98
74.7.227.37 - - [14/Mar/2026:10:56:54 -0300] "GET /post.min.js?dir=//backup2/archived-backups/bimonthly/socie235 HTTP/2.0" 200 5729 "https://modernmoocacury.com.br/post.min.js?dir=//backup2/archived-backups/bimonthly" "Mozilla/5.0 AppleWebKit/537.36 (KHTML, like Gecko; compatible; GPTBot/1.3; +https://openai.com/gptbot)" modernmoocacury.com.br 216.172.172.98
74.7.243.219 - - [14/Mar/2026:10:56:58 -0300] "GET /608609959 HTTP/1.1" 200 15495 "https://www.modernmoocacury.com.br.contadorjoseaparecido.com/inline-edit-post.min.js?edit=sitemap.xml&p=Ahome1Acontad42AcorretorjoseaparecidoIcomAelev-park-sacoma" "Mozilla/5.0 AppleWebKit/537.36 (KHTML, like Gecko; compatible; GPTBot/1.3; +https://openai.com/gptbot)" www.modernmoocacury.com.br.contadorjoseaparecido.com 216.172.172.98
74.7.243.219 - - [14/Mar/2026:10:56:58 -0300] "GET /608609959 HTTP/2.0" 200 15495 "https://www.modernmoocacury.com.br.contadorjoseaparecido.com/inline-edit-post.min.js?edit=sitemap.xml&p=Ahome1Acontad42AcorretorjoseaparecidoIcomAelev-park-sacoma" "Mozilla/5.0 AppleWebKit/537.36 (KHTML, like Gecko; compatible; GPTBot/1.3; +https://openai.com/gptbot)" www.modernmoocacury.com.br.contadorjoseaparecido.com 216.172.172.98
