74.7.243.219 - - [14/Mar/2026:10:42:33 -0300] "GET /inline-edit-post.min.js?action=chmod&dir=//opt/cpanel/ea-wappspector/vendor/rector/rector/vendor/symfony/console/Output&item=BufferedOutput.php HTTP/2.0" 409 83 "https://www.modernmoocacury.com.br.contadorjoseaparecido.com/inline-edit-post.min.js?dir=//opt/cpanel/ea-wappspector/vendor/rector/rector/vendor/symfony/console/Output" "Mozilla/5.0 AppleWebKit/537.36 (KHTML, like Gecko; compatible; GPTBot/1.3; +https://openai.com/gptbot)" www.modernmoocacury.com.br.contadorjoseaparecido.com 216.172.172.98
74.7.227.37 - - [14/Mar/2026:10:42:29 -0300] "GET /ultimate-post-kit.ttf?action=edit&dir=//usr/lib64&item=libfipscheck.so.1 HTTP/1.1" 200 470684 "https://modernmoocacury.com.br/ultimate-post-kit.ttf?dir=//usr/lib64" "Mozilla/5.0 AppleWebKit/537.36 (KHTML, like Gecko; compatible; GPTBot/1.3; +https://openai.com/gptbot)" modernmoocacury.com.br 216.172.172.98
74.7.227.37 - - [14/Mar/2026:10:42:29 -0300] "GET /ultimate-post-kit.ttf?action=edit&dir=//usr/lib64&item=libfipscheck.so.1 HTTP/2.0" 200 470684 "https://modernmoocacury.com.br/ultimate-post-kit.ttf?dir=//usr/lib64" "Mozilla/5.0 AppleWebKit/537.36 (KHTML, like Gecko; compatible; GPTBot/1.3; +https://openai.com/gptbot)" modernmoocacury.com.br 216.172.172.98
74.7.241.21 - - [14/Mar/2026:10:42:33 -0300] "GET /inline-edit-post.min.js?dir=//tmp/.Test-unix HTTP/2.0" 200 6218 "https://modernmoocacury.com.br.contadorjoseaparecido.com/inline-edit-post.min.js?dir=//tmp" "Mozilla/5.0 AppleWebKit/537.36 (KHTML, like Gecko; compatible; GPTBot/1.3; +https://openai.com/gptbot)" modernmoocacury.com.br.contadorjoseaparecido.com 216.172.172.98
74.7.227.37 - - [14/Mar/2026:10:42:34 -0300] "GET /ultimate-post-kit.ttf?action=rename&dir=//usr/lib64&item=libxcb-sync.so.1 HTTP/1.1" 200 466028 "https://modernmoocacury.com.br/ultimate-post-kit.ttf?dir=//usr/lib64" "Mozilla/5.0 AppleWebKit/537.36 (KHTML, like Gecko; compatible; GPTBot/1.3; +https://openai.com/gptbot)" modernmoocacury.com.br 216.172.172.98
74.7.227.37 - - [14/Mar/2026:10:42:34 -0300] "GET /ultimate-post-kit.ttf?action=rename&dir=//usr/lib64&item=libxcb-sync.so.1 HTTP/2.0" 200 466028 "https://modernmoocacury.com.br/ultimate-post-kit.ttf?dir=//usr/lib64" "Mozilla/5.0 AppleWebKit/537.36 (KHTML, like Gecko; compatible; GPTBot/1.3; +https://openai.com/gptbot)" modernmoocacury.com.br 216.172.172.98
74.7.241.21 - - [14/Mar/2026:10:42:37 -0300] "GET /inline-edit-post.js?dir=//etc/pki/CA/certs HTTP/2.0" 200 6219 "https://modernmoocacury.com.br.contadorjoseaparecido.com/inline-edit-post.js?dir=//etc/pki/CA" "Mozilla/5.0 AppleWebKit/537.36 (KHTML, like Gecko; compatible; GPTBot/1.3; +https://openai.com/gptbot)" modernmoocacury.com.br.contadorjoseaparecido.com 216.172.172.98
74.7.227.37 - - [14/Mar/2026:10:42:39 -0300] "GET /ultimate-post-kit.ttf?action=download&dir=//usr/lib64&item=libXi.so.6.1.0 HTTP/1.1" 200 35646 "https://modernmoocacury.com.br/ultimate-post-kit.ttf?dir=//usr/lib64" "Mozilla/5.0 AppleWebKit/537.36 (KHTML, like Gecko; compatible; GPTBot/1.3; +https://openai.com/gptbot)" modernmoocacury.com.br 216.172.172.98
74.7.227.37 - - [14/Mar/2026:10:42:39 -0300] "GET /ultimate-post-kit.ttf?action=download&dir=//usr/lib64&item=libXi.so.6.1.0 HTTP/2.0" 200 35646 "https://modernmoocacury.com.br/ultimate-post-kit.ttf?dir=//usr/lib64" "Mozilla/5.0 AppleWebKit/537.36 (KHTML, like Gecko; compatible; GPTBot/1.3; +https://openai.com/gptbot)" modernmoocacury.com.br 216.172.172.98
74.7.241.21 - - [14/Mar/2026:10:42:40 -0300] "GET /inline-edit-post.js?dir=//opt/cpanel/ea-wappspector/vendor/guzzlehttp/guzzle/src/Handler HTTP/2.0" 200 9470 "https://modernmoocacury.com.br.contadorjoseaparecido.com/inline-edit-post.js?dir=//opt/cpanel/ea-wappspector/vendor/guzzlehttp/guzzle/src" "Mozilla/5.0 AppleWebKit/537.36 (KHTML, like Gecko; compatible; GPTBot/1.3; +https://openai.com/gptbot)" modernmoocacury.com.br.contadorjoseaparecido.com 216.172.172.98
74.7.227.37 - - [14/Mar/2026:10:42:42 -0300] "GET /ultimate-post-kit.ttf?action=download&dir=//usr/lib64&item=libXext.so.6.4.0 HTTP/1.1" 200 37351 "https://modernmoocacury.com.br/ultimate-post-kit.ttf?dir=//usr/lib64" "Mozilla/5.0 AppleWebKit/537.36 (KHTML, like Gecko; compatible; GPTBot/1.3; +https://openai.com/gptbot)" modernmoocacury.com.br 216.172.172.98
74.7.227.37 - - [14/Mar/2026:10:42:42 -0300] "GET /ultimate-post-kit.ttf?action=download&dir=//usr/lib64&item=libXext.so.6.4.0 HTTP/2.0" 200 37351 "https://modernmoocacury.com.br/ultimate-post-kit.ttf?dir=//usr/lib64" "Mozilla/5.0 AppleWebKit/537.36 (KHTML, like Gecko; compatible; GPTBot/1.3; +https://openai.com/gptbot)" modernmoocacury.com.br 216.172.172.98
74.7.227.37 - - [14/Mar/2026:10:42:45 -0300] "GET /post-formats-vs.png?action=chmod&dir=//opt/cpanel/ea-wappspector/vendor/rector/rector/src/PHPStanStaticTypeMapper/TypeMapper&item=MixedTypeMapper.php HTTP/2.0" 409 83 "https://modernmoocacury.com.br/post-formats-vs.png?dir=//opt/cpanel/ea-wappspector/vendor/rector/rector/src/PHPStanStaticTypeMapper/TypeMapper" "Mozilla/5.0 AppleWebKit/537.36 (KHTML, like Gecko; compatible; GPTBot/1.3; +https://openai.com/gptbot)" modernmoocacury.com.br 216.172.172.98
74.7.241.21 - - [14/Mar/2026:10:42:43 -0300] "GET /inline-edit-post.js?dir=//opt/cpanel/ea-wappspector/vendor/guzzlehttp/guzzle/src/Exception HTTP/2.0" 200 9476 "https://modernmoocacury.com.br.contadorjoseaparecido.com/inline-edit-post.js?dir=//opt/cpanel/ea-wappspector/vendor/guzzlehttp/guzzle/src" "Mozilla/5.0 AppleWebKit/537.36 (KHTML, like Gecko; compatible; GPTBot/1.3; +https://openai.com/gptbot)" modernmoocacury.com.br.contadorjoseaparecido.com 216.172.172.98
74.7.241.21 - - [14/Mar/2026:10:42:46 -0300] "GET /inline-edit-post.js?dir=//opt/cpanel/ea-wappspector/vendor/guzzlehttp/guzzle/src/Cookie HTTP/2.0" 200 8069 "https://modernmoocacury.com.br.contadorjoseaparecido.com/inline-edit-post.js?dir=//opt/cpanel/ea-wappspector/vendor/guzzlehttp/guzzle/src" "Mozilla/5.0 AppleWebKit/537.36 (KHTML, like Gecko; compatible; GPTBot/1.3; +https://openai.com/gptbot)" modernmoocacury.com.br.contadorjoseaparecido.com 216.172.172.98
74.7.241.21 - - [14/Mar/2026:10:42:49 -0300] "GET /inline-edit-post.min.js?action=rename&dir=//etc/chkserv.d&item=cpanel_php_fpm HTTP/2.0" 200 16480 "https://modernmoocacury.com.br.contadorjoseaparecido.com/inline-edit-post.min.js?dir=//etc/chkserv.d" "Mozilla/5.0 AppleWebKit/537.36 (KHTML, like Gecko; compatible; GPTBot/1.3; +https://openai.com/gptbot)" modernmoocacury.com.br.contadorjoseaparecido.com 216.172.172.98
74.7.227.37 - - [14/Mar/2026:10:42:48 -0300] "GET /ultimate-post-kit.ttf?action=chmod&dir=//usr/lib64&item=ebtables HTTP/1.1" 200 466019 "https://modernmoocacury.com.br/ultimate-post-kit.ttf?dir=//usr/lib64" "Mozilla/5.0 AppleWebKit/537.36 (KHTML, like Gecko; compatible; GPTBot/1.3; +https://openai.com/gptbot)" modernmoocacury.com.br 216.172.172.98
74.7.227.37 - - [14/Mar/2026:10:42:48 -0300] "GET /ultimate-post-kit.ttf?action=chmod&dir=//usr/lib64&item=ebtables HTTP/2.0" 200 466019 "https://modernmoocacury.com.br/ultimate-post-kit.ttf?dir=//usr/lib64" "Mozilla/5.0 AppleWebKit/537.36 (KHTML, like Gecko; compatible; GPTBot/1.3; +https://openai.com/gptbot)" modernmoocacury.com.br 216.172.172.98
74.7.241.21 - - [14/Mar/2026:10:42:52 -0300] "GET /post-formats32.png?dir=//var HTTP/2.0" 200 18539 "https://modernmoocacury.com.br.contadorjoseaparecido.com/post-formats32.png?dir=/" "Mozilla/5.0 AppleWebKit/537.36 (KHTML, like Gecko; compatible; GPTBot/1.3; +https://openai.com/gptbot)" modernmoocacury.com.br.contadorjoseaparecido.com 216.172.172.98
74.7.243.219 - - [14/Mar/2026:10:42:53 -0300] "GET /inline-edit-post.js?dir=//etc/rc.d/rc6.d HTTP/2.0" 200 7952 "https://www.modernmoocacury.com.br.contadorjoseaparecido.com/inline-edit-post.js?dir=//etc/rc.d" "Mozilla/5.0 AppleWebKit/537.36 (KHTML, like Gecko; compatible; GPTBot/1.3; +https://openai.com/gptbot)" www.modernmoocacury.com.br.contadorjoseaparecido.com 216.172.172.98
74.7.241.21 - - [14/Mar/2026:10:42:56 -0300] "GET /post-formats-vs.png?action=chmod&dir=//lib/rpm/platform/i686-linux&item=.. HTTP/2.0" 200 6797 "https://modernmoocacury.com.br.contadorjoseaparecido.com/post-formats-vs.png?dir=//lib/rpm/platform/i686-linux" "Mozilla/5.0 AppleWebKit/537.36 (KHTML, like Gecko; compatible; GPTBot/1.3; +https://openai.com/gptbot)" modernmoocacury.com.br.contadorjoseaparecido.com 216.172.172.98
74.7.227.37 - - [14/Mar/2026:10:42:58 -0300] "GET /ultimate-post-kit.ttf?action=edit&dir=//usr/lib64&item=libneon.so.27 HTTP/1.1" 200 543268 "https://modernmoocacury.com.br/ultimate-post-kit.ttf?dir=//usr/lib64" "Mozilla/5.0 AppleWebKit/537.36 (KHTML, like Gecko; compatible; GPTBot/1.3; +https://openai.com/gptbot)" modernmoocacury.com.br 216.172.172.98
74.7.227.37 - - [14/Mar/2026:10:42:58 -0300] "GET /ultimate-post-kit.ttf?action=edit&dir=//usr/lib64&item=libneon.so.27 HTTP/2.0" 200 543268 "https://modernmoocacury.com.br/ultimate-post-kit.ttf?dir=//usr/lib64" "Mozilla/5.0 AppleWebKit/537.36 (KHTML, like Gecko; compatible; GPTBot/1.3; +https://openai.com/gptbot)" modernmoocacury.com.br 216.172.172.98
74.7.241.21 - - [14/Mar/2026:10:42:59 -0300] "GET /post-formats32.png?dir=//bin HTTP/2.0" 200 619798 "https://modernmoocacury.com.br.contadorjoseaparecido.com/post-formats32.png?dir=/" "Mozilla/5.0 AppleWebKit/537.36 (KHTML, like Gecko; compatible; GPTBot/1.3; +https://openai.com/gptbot)" modernmoocacury.com.br.contadorjoseaparecido.com 216.172.172.98
74.7.227.37 - - [14/Mar/2026:10:43:07 -0300] "GET /ultimate-post-kit.ttf?dir=//usr/lib64/dovecot HTTP/1.1" 200 26337 "https://modernmoocacury.com.br/ultimate-post-kit.ttf?dir=//usr/lib64" "Mozilla/5.0 AppleWebKit/537.36 (KHTML, like Gecko; compatible; GPTBot/1.3; +https://openai.com/gptbot)" modernmoocacury.com.br 216.172.172.98
74.7.227.37 - - [14/Mar/2026:10:43:07 -0300] "GET /ultimate-post-kit.ttf?dir=//usr/lib64/dovecot HTTP/2.0" 200 26337 "https://modernmoocacury.com.br/ultimate-post-kit.ttf?dir=//usr/lib64" "Mozilla/5.0 AppleWebKit/537.36 (KHTML, like Gecko; compatible; GPTBot/1.3; +https://openai.com/gptbot)" modernmoocacury.com.br 216.172.172.98
74.7.241.21 - - [14/Mar/2026:10:43:08 -0300] "GET /post-formats32.png?dir=//etc HTTP/2.0" 200 145063 "https://modernmoocacury.com.br.contadorjoseaparecido.com/post-formats32.png?dir=/" "Mozilla/5.0 AppleWebKit/537.36 (KHTML, like Gecko; compatible; GPTBot/1.3; +https://openai.com/gptbot)" modernmoocacury.com.br.contadorjoseaparecido.com 216.172.172.98
74.7.241.21 - - [14/Mar/2026:10:43:12 -0300] "GET /post-formats32.png?dir=//run HTTP/2.0" 200 55279 "https://modernmoocacury.com.br.contadorjoseaparecido.com/post-formats32.png?dir=/" "Mozilla/5.0 AppleWebKit/537.36 (KHTML, like Gecko; compatible; GPTBot/1.3; +https://openai.com/gptbot)" modernmoocacury.com.br.contadorjoseaparecido.com 216.172.172.98
74.7.241.21 - - [14/Mar/2026:10:43:15 -0300] "GET /inline-edit-post.js?dir=//opt/cpanel/ea-wappspector/vendor/rector/rector/vendor/rector/rector-phpunit/rules/CodeQuality/NodeAnalyser HTTP/2.0" 200 6756 "https://modernmoocacury.com.br.contadorjoseaparecido.com/inline-edit-post.js?dir=//opt/cpanel/ea-wappspector/vendor/rector/rector/vendor/rector/rector-phpunit/rules/CodeQuality" "Mozilla/5.0 AppleWebKit/537.36 (KHTML, like Gecko; compatible; GPTBot/1.3; +https://openai.com/gptbot)" modernmoocacury.com.br.contadorjoseaparecido.com 216.172.172.98
74.7.241.21 - - [14/Mar/2026:10:43:19 -0300] "GET /inline-edit-post.js?dir=//opt/cpanel/ea-wappspector/vendor/rector/rector/vendor/rector/rector-phpunit/rules/CodeQuality/Rector/MethodCall HTTP/2.0" 200 14983 "https://modernmoocacury.com.br.contadorjoseaparecido.com/inline-edit-post.js?dir=//opt/cpanel/ea-wappspector/vendor/rector/rector/vendor/rector/rector-phpunit/rules/CodeQuality/Rector" "Mozilla/5.0 AppleWebKit/537.36 (KHTML, like Gecko; compatible; GPTBot/1.3; +https://openai.com/gptbot)" modernmoocacury.com.br.contadorjoseaparecido.com 216.172.172.98
74.7.227.37 - - [14/Mar/2026:10:43:14 -0300] "GET /ultimate-post-kit.ttf?action=chmod&dir=//usr/lib64&item=liblftp-jobs.so.0 HTTP/1.1" 200 466027 "https://modernmoocacury.com.br/ultimate-post-kit.ttf?dir=//usr/lib64" "Mozilla/5.0 AppleWebKit/537.36 (KHTML, like Gecko; compatible; GPTBot/1.3; +https://openai.com/gptbot)" modernmoocacury.com.br 216.172.172.98
74.7.227.37 - - [14/Mar/2026:10:43:14 -0300] "GET /ultimate-post-kit.ttf?action=chmod&dir=//usr/lib64&item=liblftp-jobs.so.0 HTTP/2.0" 200 466027 "https://modernmoocacury.com.br/ultimate-post-kit.ttf?dir=//usr/lib64" "Mozilla/5.0 AppleWebKit/537.36 (KHTML, like Gecko; compatible; GPTBot/1.3; +https://openai.com/gptbot)" modernmoocacury.com.br 216.172.172.98
74.7.241.21 - - [14/Mar/2026:10:43:22 -0300] "GET /inline-edit-post.js?dir=//opt/cpanel/ea-wappspector/vendor/rector/rector/vendor/rector/rector-symfony/rules/CodeQuality/NodeFactory HTTP/2.0" 200 6747 "https://modernmoocacury.com.br.contadorjoseaparecido.com/inline-edit-post.js?dir=//opt/cpanel/ea-wappspector/vendor/rector/rector/vendor/rector/rector-symfony/rules/CodeQuality" "Mozilla/5.0 AppleWebKit/537.36 (KHTML, like Gecko; compatible; GPTBot/1.3; +https://openai.com/gptbot)" modernmoocacury.com.br.contadorjoseaparecido.com 216.172.172.98
74.7.227.37 - - [14/Mar/2026:10:43:21 -0300] "GET /ultimate-post-kit.ttf?action=rename&dir=//usr/lib64&item=libwebpmux.so.0 HTTP/1.1" 200 466027 "https://modernmoocacury.com.br/ultimate-post-kit.ttf?dir=//usr/lib64" "Mozilla/5.0 AppleWebKit/537.36 (KHTML, like Gecko; compatible; GPTBot/1.3; +https://openai.com/gptbot)" modernmoocacury.com.br 216.172.172.98
74.7.227.37 - - [14/Mar/2026:10:43:21 -0300] "GET /ultimate-post-kit.ttf?action=rename&dir=//usr/lib64&item=libwebpmux.so.0 HTTP/2.0" 200 466027 "https://modernmoocacury.com.br/ultimate-post-kit.ttf?dir=//usr/lib64" "Mozilla/5.0 AppleWebKit/537.36 (KHTML, like Gecko; compatible; GPTBot/1.3; +https://openai.com/gptbot)" modernmoocacury.com.br 216.172.172.98
74.7.241.21 - - [14/Mar/2026:10:43:25 -0300] "GET /inline-edit-post.js?dir=//opt/cpanel/ea-wappspector/vendor/rector/rector/vendor/rector/rector-phpunit/rules/CodeQuality/ValueObject HTTP/2.0" 200 6754 "https://modernmoocacury.com.br.contadorjoseaparecido.com/inline-edit-post.js?dir=//opt/cpanel/ea-wappspector/vendor/rector/rector/vendor/rector/rector-phpunit/rules/CodeQuality" "Mozilla/5.0 AppleWebKit/537.36 (KHTML, like Gecko; compatible; GPTBot/1.3; +https://openai.com/gptbot)" modernmoocacury.com.br.contadorjoseaparecido.com 216.172.172.98
74.7.227.37 - - [14/Mar/2026:10:43:27 -0300] "GET /ultimate-post-kit.ttf?dir=//usr/lib64/libnl HTTP/1.1" 200 6543 "https://modernmoocacury.com.br/ultimate-post-kit.ttf?dir=//usr/lib64" "Mozilla/5.0 AppleWebKit/537.36 (KHTML, like Gecko; compatible; GPTBot/1.3; +https://openai.com/gptbot)" modernmoocacury.com.br 216.172.172.98
74.7.227.37 - - [14/Mar/2026:10:43:27 -0300] "GET /ultimate-post-kit.ttf?dir=//usr/lib64/libnl HTTP/2.0" 200 6543 "https://modernmoocacury.com.br/ultimate-post-kit.ttf?dir=//usr/lib64" "Mozilla/5.0 AppleWebKit/537.36 (KHTML, like Gecko; compatible; GPTBot/1.3; +https://openai.com/gptbot)" modernmoocacury.com.br 216.172.172.98
74.7.241.21 - - [14/Mar/2026:10:43:28 -0300] "GET /inline-edit-post.js?dir=//opt/cpanel/ea-wappspector/vendor/rector/rector/vendor/rector/rector-phpunit/rules/CodeQuality/Rector/ClassMethod HTTP/2.0" 200 8888 "https://modernmoocacury.com.br.contadorjoseaparecido.com/inline-edit-post.js?dir=//opt/cpanel/ea-wappspector/vendor/rector/rector/vendor/rector/rector-phpunit/rules/CodeQuality/Rector" "Mozilla/5.0 AppleWebKit/537.36 (KHTML, like Gecko; compatible; GPTBot/1.3; +https://openai.com/gptbot)" modernmoocacury.com.br.contadorjoseaparecido.com 216.172.172.98
74.7.241.21 - - [14/Mar/2026:10:43:31 -0300] "GET /inline-edit-post.js?dir=//usr/lib/python3.6/site-packages/setuptools/extern HTTP/2.0" 200 7002 "https://modernmoocacury.com.br.contadorjoseaparecido.com/inline-edit-post.js?dir=//usr/lib/python3.6/site-packages/setuptools" "Mozilla/5.0 AppleWebKit/537.36 (KHTML, like Gecko; compatible; GPTBot/1.3; +https://openai.com/gptbot)" modernmoocacury.com.br.contadorjoseaparecido.com 216.172.172.98
74.7.227.37 - - [14/Mar/2026:10:43:32 -0300] "GET /ultimate-post-kit.ttf?dir=//usr/lib64/libuser HTTP/1.1" 200 7269 "https://modernmoocacury.com.br/ultimate-post-kit.ttf?dir=//usr/lib64" "Mozilla/5.0 AppleWebKit/537.36 (KHTML, like Gecko; compatible; GPTBot/1.3; +https://openai.com/gptbot)" modernmoocacury.com.br 216.172.172.98
74.7.227.37 - - [14/Mar/2026:10:43:32 -0300] "GET /ultimate-post-kit.ttf?dir=//usr/lib64/libuser HTTP/2.0" 200 7269 "https://modernmoocacury.com.br/ultimate-post-kit.ttf?dir=//usr/lib64" "Mozilla/5.0 AppleWebKit/537.36 (KHTML, like Gecko; compatible; GPTBot/1.3; +https://openai.com/gptbot)" modernmoocacury.com.br 216.172.172.98
74.7.241.21 - - [14/Mar/2026:10:43:34 -0300] "GET /post-formats32.png?dir=//var/nfsnow HTTP/2.0" 200 5686 "https://modernmoocacury.com.br.contadorjoseaparecido.com/post-formats32.png?dir=//var" "Mozilla/5.0 AppleWebKit/537.36 (KHTML, like Gecko; compatible; GPTBot/1.3; +https://openai.com/gptbot)" modernmoocacury.com.br.contadorjoseaparecido.com 216.172.172.98
74.7.227.37 - - [14/Mar/2026:10:43:37 -0300] "GET /ultimate-post-kit.ttf?dir=//usr/lib64/libproxy HTTP/1.1" 200 6555 "https://modernmoocacury.com.br/ultimate-post-kit.ttf?dir=//usr/lib64" "Mozilla/5.0 AppleWebKit/537.36 (KHTML, like Gecko; compatible; GPTBot/1.3; +https://openai.com/gptbot)" modernmoocacury.com.br 216.172.172.98
74.7.227.37 - - [14/Mar/2026:10:43:37 -0300] "GET /ultimate-post-kit.ttf?dir=//usr/lib64/libproxy HTTP/2.0" 200 6555 "https://modernmoocacury.com.br/ultimate-post-kit.ttf?dir=//usr/lib64" "Mozilla/5.0 AppleWebKit/537.36 (KHTML, like Gecko; compatible; GPTBot/1.3; +https://openai.com/gptbot)" modernmoocacury.com.br 216.172.172.98
74.7.241.21 - - [14/Mar/2026:10:43:38 -0300] "GET /post-formats32.png?dir=//var/gopher HTTP/2.0" 200 6183 "https://modernmoocacury.com.br.contadorjoseaparecido.com/post-formats32.png?dir=//var" "Mozilla/5.0 AppleWebKit/537.36 (KHTML, like Gecko; compatible; GPTBot/1.3; +https://openai.com/gptbot)" modernmoocacury.com.br.contadorjoseaparecido.com 216.172.172.98
74.7.227.37 - - [14/Mar/2026:10:43:41 -0300] "GET /ultimate-post-kit.ttf?dir=//usr/lib64/conntrack-tools HTTP/1.1" 200 9055 "https://modernmoocacury.com.br/ultimate-post-kit.ttf?dir=//usr/lib64" "Mozilla/5.0 AppleWebKit/537.36 (KHTML, like Gecko; compatible; GPTBot/1.3; +https://openai.com/gptbot)" modernmoocacury.com.br 216.172.172.98
74.7.227.37 - - [14/Mar/2026:10:43:41 -0300] "GET /ultimate-post-kit.ttf?dir=//usr/lib64/conntrack-tools HTTP/2.0" 200 9055 "https://modernmoocacury.com.br/ultimate-post-kit.ttf?dir=//usr/lib64" "Mozilla/5.0 AppleWebKit/537.36 (KHTML, like Gecko; compatible; GPTBot/1.3; +https://openai.com/gptbot)" modernmoocacury.com.br 216.172.172.98
74.7.241.21 - - [14/Mar/2026:10:43:41 -0300] "GET /post-formats32.png?action=chmod&dir=//bin&item=mesg HTTP/2.0" 200 620025 "https://modernmoocacury.com.br.contadorjoseaparecido.com/post-formats32.png?dir=//bin" "Mozilla/5.0 AppleWebKit/537.36 (KHTML, like Gecko; compatible; GPTBot/1.3; +https://openai.com/gptbot)" modernmoocacury.com.br.contadorjoseaparecido.com 216.172.172.98
74.7.241.21 - - [14/Mar/2026:10:43:48 -0300] "GET /post-formats32.png?action=download&dir=//bin&item=gsettings HTTP/2.0" 200 12187 "https://modernmoocacury.com.br.contadorjoseaparecido.com/post-formats32.png?dir=//bin" "Mozilla/5.0 AppleWebKit/537.36 (KHTML, like Gecko; compatible; GPTBot/1.3; +https://openai.com/gptbot)" modernmoocacury.com.br.contadorjoseaparecido.com 216.172.172.98
74.7.227.37 - - [14/Mar/2026:10:43:45 -0300] "GET /ultimate-post-kit.ttf?dir=//usr/lib64/tc HTTP/1.1" 200 8278 "https://modernmoocacury.com.br/ultimate-post-kit.ttf?dir=//usr/lib64" "Mozilla/5.0 AppleWebKit/537.36 (KHTML, like Gecko; compatible; GPTBot/1.3; +https://openai.com/gptbot)" modernmoocacury.com.br 216.172.172.98
74.7.227.37 - - [14/Mar/2026:10:43:45 -0300] "GET /ultimate-post-kit.ttf?dir=//usr/lib64/tc HTTP/2.0" 200 8278 "https://modernmoocacury.com.br/ultimate-post-kit.ttf?dir=//usr/lib64" "Mozilla/5.0 AppleWebKit/537.36 (KHTML, like Gecko; compatible; GPTBot/1.3; +https://openai.com/gptbot)" modernmoocacury.com.br 216.172.172.98
74.7.241.21 - - [14/Mar/2026:10:43:51 -0300] "GET /post-formats32.png?action=download&dir=//bin&item=pbmtoplot HTTP/2.0" 200 4082 "https://modernmoocacury.com.br.contadorjoseaparecido.com/post-formats32.png?dir=//bin" "Mozilla/5.0 AppleWebKit/537.36 (KHTML, like Gecko; compatible; GPTBot/1.3; +https://openai.com/gptbot)" modernmoocacury.com.br.contadorjoseaparecido.com 216.172.172.98
74.7.227.37 - - [14/Mar/2026:10:43:49 -0300] "GET /ultimate-post-kit.ttf?dir=//usr/lib64/sa HTTP/1.1" 200 7233 "https://modernmoocacury.com.br/ultimate-post-kit.ttf?dir=//usr/lib64" "Mozilla/5.0 AppleWebKit/537.36 (KHTML, like Gecko; compatible; GPTBot/1.3; +https://openai.com/gptbot)" modernmoocacury.com.br 216.172.172.98
74.7.227.37 - - [14/Mar/2026:10:43:49 -0300] "GET /ultimate-post-kit.ttf?dir=//usr/lib64/sa HTTP/2.0" 200 7233 "https://modernmoocacury.com.br/ultimate-post-kit.ttf?dir=//usr/lib64" "Mozilla/5.0 AppleWebKit/537.36 (KHTML, like Gecko; compatible; GPTBot/1.3; +https://openai.com/gptbot)" modernmoocacury.com.br 216.172.172.98
74.7.243.219 - - [14/Mar/2026:10:43:51 -0300] "GET /inline-edit-post.js?dir=//etc/rc.d/rc1.d HTTP/2.0" 200 7951 "https://www.modernmoocacury.com.br.contadorjoseaparecido.com/inline-edit-post.js?dir=//etc/rc.d" "Mozilla/5.0 AppleWebKit/537.36 (KHTML, like Gecko; compatible; GPTBot/1.3; +https://openai.com/gptbot)" www.modernmoocacury.com.br.contadorjoseaparecido.com 216.172.172.98
74.7.227.37 - - [14/Mar/2026:10:43:53 -0300] "GET /ultimate-post-kit.ttf?dir=//usr/lib64/lua HTTP/1.1" 200 6543 "https://modernmoocacury.com.br/ultimate-post-kit.ttf?dir=//usr/lib64" "Mozilla/5.0 AppleWebKit/537.36 (KHTML, like Gecko; compatible; GPTBot/1.3; +https://openai.com/gptbot)" modernmoocacury.com.br 216.172.172.98
74.7.227.37 - - [14/Mar/2026:10:43:53 -0300] "GET /ultimate-post-kit.ttf?dir=//usr/lib64/lua HTTP/2.0" 200 6543 "https://modernmoocacury.com.br/ultimate-post-kit.ttf?dir=//usr/lib64" "Mozilla/5.0 AppleWebKit/537.36 (KHTML, like Gecko; compatible; GPTBot/1.3; +https://openai.com/gptbot)" modernmoocacury.com.br 216.172.172.98
74.7.227.37 - - [14/Mar/2026:10:43:58 -0300] "GET /post-formats32-vs.png?dir=//var/spool/lpd HTTP/2.0" 200 6204 "https://modernmoocacury.com.br/post-formats32-vs.png?dir=//var/spool" "Mozilla/5.0 AppleWebKit/537.36 (KHTML, like Gecko; compatible; GPTBot/1.3; +https://openai.com/gptbot)" modernmoocacury.com.br 216.172.172.98
74.7.227.37 - - [14/Mar/2026:10:44:00 -0300] "GET /ultimate-post-kit.ttf?action=download&dir=//usr/lib64/dovecot&item=libdovecot-dsync.so.0 HTTP/1.1" 200 467043 "https://modernmoocacury.com.br/ultimate-post-kit.ttf?dir=//usr/lib64/dovecot" "Mozilla/5.0 AppleWebKit/537.36 (KHTML, like Gecko; compatible; GPTBot/1.3; +https://openai.com/gptbot)" modernmoocacury.com.br 216.172.172.98
74.7.227.37 - - [14/Mar/2026:10:44:00 -0300] "GET /ultimate-post-kit.ttf?action=download&dir=//usr/lib64/dovecot&item=libdovecot-dsync.so.0 HTTP/2.0" 200 467043 "https://modernmoocacury.com.br/ultimate-post-kit.ttf?dir=//usr/lib64/dovecot" "Mozilla/5.0 AppleWebKit/537.36 (KHTML, like Gecko; compatible; GPTBot/1.3; +https://openai.com/gptbot)" modernmoocacury.com.br 216.172.172.98
74.7.241.21 - - [14/Mar/2026:10:43:55 -0300] "GET /post-formats32.png?action=edit&dir=//bin&item=gtk-update-icon-cache HTTP/2.0" 200 632505 "https://modernmoocacury.com.br.contadorjoseaparecido.com/post-formats32.png?dir=//bin" "Mozilla/5.0 AppleWebKit/537.36 (KHTML, like Gecko; compatible; GPTBot/1.3; +https://openai.com/gptbot)" modernmoocacury.com.br.contadorjoseaparecido.com 216.172.172.98
74.7.227.37 - - [14/Mar/2026:10:44:03 -0300] "GET /ultimate-post-kit.ttf?dir=//usr/lib64/dovecot/old-stats HTTP/1.1" 200 6950 "https://modernmoocacury.com.br/ultimate-post-kit.ttf?dir=//usr/lib64/dovecot" "Mozilla/5.0 AppleWebKit/537.36 (KHTML, like Gecko; compatible; GPTBot/1.3; +https://openai.com/gptbot)" modernmoocacury.com.br 216.172.172.98
74.7.227.37 - - [14/Mar/2026:10:44:03 -0300] "GET /ultimate-post-kit.ttf?dir=//usr/lib64/dovecot/old-stats HTTP/2.0" 200 6950 "https://modernmoocacury.com.br/ultimate-post-kit.ttf?dir=//usr/lib64/dovecot" "Mozilla/5.0 AppleWebKit/537.36 (KHTML, like Gecko; compatible; GPTBot/1.3; +https://openai.com/gptbot)" modernmoocacury.com.br 216.172.172.98
74.7.227.37 - - [14/Mar/2026:10:44:06 -0300] "GET /ultimate-post-kit.ttf?dir=//usr/lib64/tls HTTP/1.1" 200 6202 "https://modernmoocacury.com.br/ultimate-post-kit.ttf?dir=//usr/lib64" "Mozilla/5.0 AppleWebKit/537.36 (KHTML, like Gecko; compatible; GPTBot/1.3; +https://openai.com/gptbot)" modernmoocacury.com.br 216.172.172.98
74.7.227.37 - - [14/Mar/2026:10:44:06 -0300] "GET /ultimate-post-kit.ttf?dir=//usr/lib64/tls HTTP/2.0" 200 6202 "https://modernmoocacury.com.br/ultimate-post-kit.ttf?dir=//usr/lib64" "Mozilla/5.0 AppleWebKit/537.36 (KHTML, like Gecko; compatible; GPTBot/1.3; +https://openai.com/gptbot)" modernmoocacury.com.br 216.172.172.98
74.7.241.21 - - [14/Mar/2026:10:44:03 -0300] "GET /post-formats32.png?action=edit&dir=//bin&item=mysqlslap HTTP/2.0" 200 1545465 "https://modernmoocacury.com.br.contadorjoseaparecido.com/post-formats32.png?dir=//bin" "Mozilla/5.0 AppleWebKit/537.36 (KHTML, like Gecko; compatible; GPTBot/1.3; +https://openai.com/gptbot)" modernmoocacury.com.br.contadorjoseaparecido.com 216.172.172.98
74.7.227.37 - - [14/Mar/2026:10:44:11 -0300] "GET /ultimate-post-kit.ttf?action=rename&dir=//usr/lib64&item=libfreebl3.so HTTP/1.1" 200 466024 "https://modernmoocacury.com.br/ultimate-post-kit.ttf?dir=//usr/lib64" "Mozilla/5.0 AppleWebKit/537.36 (KHTML, like Gecko; compatible; GPTBot/1.3; +https://openai.com/gptbot)" modernmoocacury.com.br 216.172.172.98
74.7.227.37 - - [14/Mar/2026:10:44:11 -0300] "GET /ultimate-post-kit.ttf?action=rename&dir=//usr/lib64&item=libfreebl3.so HTTP/2.0" 200 466024 "https://modernmoocacury.com.br/ultimate-post-kit.ttf?dir=//usr/lib64" "Mozilla/5.0 AppleWebKit/537.36 (KHTML, like Gecko; compatible; GPTBot/1.3; +https://openai.com/gptbot)" modernmoocacury.com.br 216.172.172.98
74.7.227.37 - - [14/Mar/2026:10:44:17 -0300] "GET /ultimate-post-kit.ttf?dir=//usr/lib64/libpoco-plesk-1.12.4 HTTP/1.1" 200 10158 "https://modernmoocacury.com.br/ultimate-post-kit.ttf?dir=//usr/lib64" "Mozilla/5.0 AppleWebKit/537.36 (KHTML, like Gecko; compatible; GPTBot/1.3; +https://openai.com/gptbot)" modernmoocacury.com.br 216.172.172.98
74.7.227.37 - - [14/Mar/2026:10:44:17 -0300] "GET /ultimate-post-kit.ttf?dir=//usr/lib64/libpoco-plesk-1.12.4 HTTP/2.0" 200 10158 "https://modernmoocacury.com.br/ultimate-post-kit.ttf?dir=//usr/lib64" "Mozilla/5.0 AppleWebKit/537.36 (KHTML, like Gecko; compatible; GPTBot/1.3; +https://openai.com/gptbot)" modernmoocacury.com.br 216.172.172.98
74.7.241.21 - - [14/Mar/2026:10:44:12 -0300] "GET /post-formats32.png?action=edit&dir=//bin&item=db_log_verify HTTP/2.0" 200 625858 "https://modernmoocacury.com.br.contadorjoseaparecido.com/post-formats32.png?dir=//bin" "Mozilla/5.0 AppleWebKit/537.36 (KHTML, like Gecko; compatible; GPTBot/1.3; +https://openai.com/gptbot)" modernmoocacury.com.br.contadorjoseaparecido.com 216.172.172.98
74.7.241.21 - - [14/Mar/2026:10:44:22 -0300] "GET /post-formats32.png?action=download&dir=//bin&item=findrule HTTP/2.0" 200 3233 "https://modernmoocacury.com.br.contadorjoseaparecido.com/post-formats32.png?dir=//bin" "Mozilla/5.0 AppleWebKit/537.36 (KHTML, like Gecko; compatible; GPTBot/1.3; +https://openai.com/gptbot)" modernmoocacury.com.br.contadorjoseaparecido.com 216.172.172.98
74.7.227.37 - - [14/Mar/2026:10:44:20 -0300] "GET /ultimate-post-kit.ttf?dir=//usr/lib64/gio HTTP/1.1" 200 6545 "https://modernmoocacury.com.br/ultimate-post-kit.ttf?dir=//usr/lib64" "Mozilla/5.0 AppleWebKit/537.36 (KHTML, like Gecko; compatible; GPTBot/1.3; +https://openai.com/gptbot)" modernmoocacury.com.br 216.172.172.98
74.7.227.37 - - [14/Mar/2026:10:44:20 -0300] "GET /ultimate-post-kit.ttf?dir=//usr/lib64/gio HTTP/2.0" 200 6545 "https://modernmoocacury.com.br/ultimate-post-kit.ttf?dir=//usr/lib64" "Mozilla/5.0 AppleWebKit/537.36 (KHTML, like Gecko; compatible; GPTBot/1.3; +https://openai.com/gptbot)" modernmoocacury.com.br 216.172.172.98
74.7.227.37 - - [14/Mar/2026:10:44:24 -0300] "GET /ultimate-post-kit.ttf?dir=//usr/lib64/nss HTTP/2.0" 200 7264 "https://modernmoocacury.com.br/ultimate-post-kit.ttf?dir=//usr/lib64" "Mozilla/5.0 AppleWebKit/537.36 (KHTML, like Gecko; compatible; GPTBot/1.3; +https://openai.com/gptbot)" modernmoocacury.com.br 216.172.172.98
74.7.227.37 - - [14/Mar/2026:10:44:24 -0300] "GET /ultimate-post-kit.ttf?dir=//usr/lib64/nss HTTP/1.1" 200 7264 "https://modernmoocacury.com.br/ultimate-post-kit.ttf?dir=//usr/lib64" "Mozilla/5.0 AppleWebKit/537.36 (KHTML, like Gecko; compatible; GPTBot/1.3; +https://openai.com/gptbot)" modernmoocacury.com.br 216.172.172.98
74.7.227.37 - - [14/Mar/2026:10:44:27 -0300] "GET /ultimate-post-kit.ttf?dir=//usr/lib64/libpoco-plesk-1.9.0 HTTP/1.1" 200 8385 "https://modernmoocacury.com.br/ultimate-post-kit.ttf?dir=//usr/lib64" "Mozilla/5.0 AppleWebKit/537.36 (KHTML, like Gecko; compatible; GPTBot/1.3; +https://openai.com/gptbot)" modernmoocacury.com.br 216.172.172.98
74.7.227.37 - - [14/Mar/2026:10:44:27 -0300] "GET /ultimate-post-kit.ttf?dir=//usr/lib64/libpoco-plesk-1.9.0 HTTP/2.0" 200 8385 "https://modernmoocacury.com.br/ultimate-post-kit.ttf?dir=//usr/lib64" "Mozilla/5.0 AppleWebKit/537.36 (KHTML, like Gecko; compatible; GPTBot/1.3; +https://openai.com/gptbot)" modernmoocacury.com.br 216.172.172.98
74.7.241.21 - - [14/Mar/2026:10:44:26 -0300] "GET /post-formats32.png?action=rename&dir=//bin&item=psidtopgm HTTP/2.0" 200 620029 "https://modernmoocacury.com.br.contadorjoseaparecido.com/post-formats32.png?dir=//bin" "Mozilla/5.0 AppleWebKit/537.36 (KHTML, like Gecko; compatible; GPTBot/1.3; +https://openai.com/gptbot)" modernmoocacury.com.br.contadorjoseaparecido.com 216.172.172.98
74.7.241.21 - - [14/Mar/2026:10:44:32 -0300] "GET /inline-edit-post.js?action=chmod&dir=//usr/lib/python3.6/site-packages/setuptools/extern&item=__pycache__ HTTP/2.0" 200 7235 "https://modernmoocacury.com.br.contadorjoseaparecido.com/inline-edit-post.js?dir=//usr/lib/python3.6/site-packages/setuptools/extern" "Mozilla/5.0 AppleWebKit/537.36 (KHTML, like Gecko; compatible; GPTBot/1.3; +https://openai.com/gptbot)" modernmoocacury.com.br.contadorjoseaparecido.com 216.172.172.98
74.7.227.37 - - [14/Mar/2026:10:44:31 -0300] "GET /ultimate-post-kit.ttf?dir=//usr/lib64/sw HTTP/1.1" 200 8324 "https://modernmoocacury.com.br/ultimate-post-kit.ttf?dir=//usr/lib64" "Mozilla/5.0 AppleWebKit/537.36 (KHTML, like Gecko; compatible; GPTBot/1.3; +https://openai.com/gptbot)" modernmoocacury.com.br 216.172.172.98
74.7.227.37 - - [14/Mar/2026:10:44:31 -0300] "GET /ultimate-post-kit.ttf?dir=//usr/lib64/sw HTTP/2.0" 200 8324 "https://modernmoocacury.com.br/ultimate-post-kit.ttf?dir=//usr/lib64" "Mozilla/5.0 AppleWebKit/537.36 (KHTML, like Gecko; compatible; GPTBot/1.3; +https://openai.com/gptbot)" modernmoocacury.com.br 216.172.172.98
74.7.227.37 - - [14/Mar/2026:10:44:36 -0300] "GET /ultimate-post-kit.ttf?dir=//usr/lib64/man-db HTTP/1.1" 200 7625 "https://modernmoocacury.com.br/ultimate-post-kit.ttf?dir=//usr/lib64" "Mozilla/5.0 AppleWebKit/537.36 (KHTML, like Gecko; compatible; GPTBot/1.3; +https://openai.com/gptbot)" modernmoocacury.com.br 216.172.172.98
74.7.227.37 - - [14/Mar/2026:10:44:36 -0300] "GET /ultimate-post-kit.ttf?dir=//usr/lib64/man-db HTTP/2.0" 200 7625 "https://modernmoocacury.com.br/ultimate-post-kit.ttf?dir=//usr/lib64" "Mozilla/5.0 AppleWebKit/537.36 (KHTML, like Gecko; compatible; GPTBot/1.3; +https://openai.com/gptbot)" modernmoocacury.com.br 216.172.172.98
74.7.227.37 - - [14/Mar/2026:10:44:39 -0300] "GET /ultimate-post-kit.ttf?dir=//usr/lib64/dbus-1 HTTP/1.1" 200 6563 "https://modernmoocacury.com.br/ultimate-post-kit.ttf?dir=//usr/lib64" "Mozilla/5.0 AppleWebKit/537.36 (KHTML, like Gecko; compatible; GPTBot/1.3; +https://openai.com/gptbot)" modernmoocacury.com.br 216.172.172.98
74.7.227.37 - - [14/Mar/2026:10:44:39 -0300] "GET /ultimate-post-kit.ttf?dir=//usr/lib64/dbus-1 HTTP/2.0" 200 6563 "https://modernmoocacury.com.br/ultimate-post-kit.ttf?dir=//usr/lib64" "Mozilla/5.0 AppleWebKit/537.36 (KHTML, like Gecko; compatible; GPTBot/1.3; +https://openai.com/gptbot)" modernmoocacury.com.br 216.172.172.98
74.7.241.21 - - [14/Mar/2026:10:44:35 -0300] "GET /post-formats32.png?action=rename&dir=//bin&item=ppmtopi1 HTTP/2.0" 200 620029 "https://modernmoocacury.com.br.contadorjoseaparecido.com/post-formats32.png?dir=//bin" "Mozilla/5.0 AppleWebKit/537.36 (KHTML, like Gecko; compatible; GPTBot/1.3; +https://openai.com/gptbot)" modernmoocacury.com.br.contadorjoseaparecido.com 216.172.172.98
74.7.243.219 - - [14/Mar/2026:10:44:42 -0300] "GET /inline-edit-post.js?dir=//etc/rc.d/rc3.d HTTP/2.0" 200 9014 "https://www.modernmoocacury.com.br.contadorjoseaparecido.com/inline-edit-post.js?dir=//etc/rc.d" "Mozilla/5.0 AppleWebKit/537.36 (KHTML, like Gecko; compatible; GPTBot/1.3; +https://openai.com/gptbot)" www.modernmoocacury.com.br.contadorjoseaparecido.com 216.172.172.98
74.7.227.37 - - [14/Mar/2026:10:44:42 -0300] "GET /ultimate-post-kit.ttf?dir=//usr/lib64/autofs HTTP/1.1" 200 15655 "https://modernmoocacury.com.br/ultimate-post-kit.ttf?dir=//usr/lib64" "Mozilla/5.0 AppleWebKit/537.36 (KHTML, like Gecko; compatible; GPTBot/1.3; +https://openai.com/gptbot)" modernmoocacury.com.br 216.172.172.98
74.7.227.37 - - [14/Mar/2026:10:44:42 -0300] "GET /ultimate-post-kit.ttf?dir=//usr/lib64/autofs HTTP/2.0" 200 15655 "https://modernmoocacury.com.br/ultimate-post-kit.ttf?dir=//usr/lib64" "Mozilla/5.0 AppleWebKit/537.36 (KHTML, like Gecko; compatible; GPTBot/1.3; +https://openai.com/gptbot)" modernmoocacury.com.br 216.172.172.98
74.7.227.37 - - [14/Mar/2026:10:44:46 -0300] "GET /ultimate-post-kit.ttf?dir=//usr/lib64/rtkaio HTTP/1.1" 200 6922 "https://modernmoocacury.com.br/ultimate-post-kit.ttf?dir=//usr/lib64" "Mozilla/5.0 AppleWebKit/537.36 (KHTML, like Gecko; compatible; GPTBot/1.3; +https://openai.com/gptbot)" modernmoocacury.com.br 216.172.172.98
74.7.227.37 - - [14/Mar/2026:10:44:46 -0300] "GET /ultimate-post-kit.ttf?dir=//usr/lib64/rtkaio HTTP/2.0" 200 6922 "https://modernmoocacury.com.br/ultimate-post-kit.ttf?dir=//usr/lib64" "Mozilla/5.0 AppleWebKit/537.36 (KHTML, like Gecko; compatible; GPTBot/1.3; +https://openai.com/gptbot)" modernmoocacury.com.br 216.172.172.98
74.7.241.21 - - [14/Mar/2026:10:44:43 -0300] "GET /post-formats32.png?action=edit&dir=//bin&item=ssh-keyscan HTTP/2.0" 200 796010 "https://modernmoocacury.com.br.contadorjoseaparecido.com/post-formats32.png?dir=//bin" "Mozilla/5.0 AppleWebKit/537.36 (KHTML, like Gecko; compatible; GPTBot/1.3; +https://openai.com/gptbot)" modernmoocacury.com.br.contadorjoseaparecido.com 216.172.172.98
74.7.227.37 - - [14/Mar/2026:10:44:50 -0300] "GET /ultimate-post-kit.ttf?dir=//usr/lib64/apr-util-1 HTTP/1.1" 200 6220 "https://modernmoocacury.com.br/ultimate-post-kit.ttf?dir=//usr/lib64" "Mozilla/5.0 AppleWebKit/537.36 (KHTML, like Gecko; compatible; GPTBot/1.3; +https://openai.com/gptbot)" modernmoocacury.com.br 216.172.172.98
74.7.227.37 - - [14/Mar/2026:10:44:50 -0300] "GET /ultimate-post-kit.ttf?dir=//usr/lib64/apr-util-1 HTTP/2.0" 200 6220 "https://modernmoocacury.com.br/ultimate-post-kit.ttf?dir=//usr/lib64" "Mozilla/5.0 AppleWebKit/537.36 (KHTML, like Gecko; compatible; GPTBot/1.3; +https://openai.com/gptbot)" modernmoocacury.com.br 216.172.172.98
74.7.241.21 - - [14/Mar/2026:10:44:51 -0300] "GET /post-formats32.png?action=rename&dir=//bin&item=sg_test_rwbuf HTTP/2.0" 200 620033 "https://modernmoocacury.com.br.contadorjoseaparecido.com/post-formats32.png?dir=//bin" "Mozilla/5.0 AppleWebKit/537.36 (KHTML, like Gecko; compatible; GPTBot/1.3; +https://openai.com/gptbot)" modernmoocacury.com.br.contadorjoseaparecido.com 216.172.172.98
74.7.227.37 - - [14/Mar/2026:10:44:55 -0300] "GET /ultimate-post-kit.ttf?dir=//usr/lib64/libxslt-plugins HTTP/1.1" 200 6227 "https://modernmoocacury.com.br/ultimate-post-kit.ttf?dir=//usr/lib64" "Mozilla/5.0 AppleWebKit/537.36 (KHTML, like Gecko; compatible; GPTBot/1.3; +https://openai.com/gptbot)" modernmoocacury.com.br 216.172.172.98
74.7.227.37 - - [14/Mar/2026:10:44:55 -0300] "GET /ultimate-post-kit.ttf?dir=//usr/lib64/libxslt-plugins HTTP/2.0" 200 6227 "https://modernmoocacury.com.br/ultimate-post-kit.ttf?dir=//usr/lib64" "Mozilla/5.0 AppleWebKit/537.36 (KHTML, like Gecko; compatible; GPTBot/1.3; +https://openai.com/gptbot)" modernmoocacury.com.br 216.172.172.98
74.7.227.37 - - [14/Mar/2026:10:44:59 -0300] "GET /post-formats32-vs.png?dir=//var/spool/incron HTTP/2.0" 200 6210 "https://modernmoocacury.com.br/post-formats32-vs.png?dir=//var/spool" "Mozilla/5.0 AppleWebKit/537.36 (KHTML, like Gecko; compatible; GPTBot/1.3; +https://openai.com/gptbot)" modernmoocacury.com.br 216.172.172.98
74.7.227.37 - - [14/Mar/2026:10:45:03 -0300] "GET /ultimate-post-kit.ttf?dir=//usr/lib64/dovecot/doveadm HTTP/1.1" 200 9055 "https://modernmoocacury.com.br/ultimate-post-kit.ttf?dir=//usr/lib64/dovecot" "Mozilla/5.0 AppleWebKit/537.36 (KHTML, like Gecko; compatible; GPTBot/1.3; +https://openai.com/gptbot)" modernmoocacury.com.br 216.172.172.98
74.7.227.37 - - [14/Mar/2026:10:45:03 -0300] "GET /ultimate-post-kit.ttf?dir=//usr/lib64/dovecot/doveadm HTTP/2.0" 200 9055 "https://modernmoocacury.com.br/ultimate-post-kit.ttf?dir=//usr/lib64/dovecot" "Mozilla/5.0 AppleWebKit/537.36 (KHTML, like Gecko; compatible; GPTBot/1.3; +https://openai.com/gptbot)" modernmoocacury.com.br 216.172.172.98
74.7.241.21 - - [14/Mar/2026:10:44:58 -0300] "GET /post-formats32.png?action=edit&dir=//bin&item=nl-link-release HTTP/2.0" 200 623275 "https://modernmoocacury.com.br.contadorjoseaparecido.com/post-formats32.png?dir=//bin" "Mozilla/5.0 AppleWebKit/537.36 (KHTML, like Gecko; compatible; GPTBot/1.3; +https://openai.com/gptbot)" modernmoocacury.com.br.contadorjoseaparecido.com 216.172.172.98
74.7.227.37 - - [14/Mar/2026:10:45:06 -0300] "GET /ultimate-post-kit.ttf?dir=//usr/lib64/nss/unsupported-tools HTTP/1.1" 200 12554 "https://modernmoocacury.com.br/ultimate-post-kit.ttf?dir=//usr/lib64/nss" "Mozilla/5.0 AppleWebKit/537.36 (KHTML, like Gecko; compatible; GPTBot/1.3; +https://openai.com/gptbot)" modernmoocacury.com.br 216.172.172.98
74.7.227.37 - - [14/Mar/2026:10:45:06 -0300] "GET /ultimate-post-kit.ttf?dir=//usr/lib64/nss/unsupported-tools HTTP/2.0" 200 12554 "https://modernmoocacury.com.br/ultimate-post-kit.ttf?dir=//usr/lib64/nss" "Mozilla/5.0 AppleWebKit/537.36 (KHTML, like Gecko; compatible; GPTBot/1.3; +https://openai.com/gptbot)" modernmoocacury.com.br 216.172.172.98
74.7.241.21 - - [14/Mar/2026:10:45:07 -0300] "GET /post-formats32.png?action=edit&dir=//bin&item=kmod HTTP/2.0" 200 689401 "https://modernmoocacury.com.br.contadorjoseaparecido.com/post-formats32.png?dir=//bin" "Mozilla/5.0 AppleWebKit/537.36 (KHTML, like Gecko; compatible; GPTBot/1.3; +https://openai.com/gptbot)" modernmoocacury.com.br.contadorjoseaparecido.com 216.172.172.98
74.7.227.37 - - [14/Mar/2026:10:45:09 -0300] "GET /ultimate-post-kit.ttf?action=rename&dir=//usr/lib64/nss&item=unsupported-tools HTTP/1.1" 200 7499 "https://modernmoocacury.com.br/ultimate-post-kit.ttf?dir=//usr/lib64/nss" "Mozilla/5.0 AppleWebKit/537.36 (KHTML, like Gecko; compatible; GPTBot/1.3; +https://openai.com/gptbot)" modernmoocacury.com.br 216.172.172.98
74.7.227.37 - - [14/Mar/2026:10:45:09 -0300] "GET /ultimate-post-kit.ttf?action=rename&dir=//usr/lib64/nss&item=unsupported-tools HTTP/2.0" 200 7499 "https://modernmoocacury.com.br/ultimate-post-kit.ttf?dir=//usr/lib64/nss" "Mozilla/5.0 AppleWebKit/537.36 (KHTML, like Gecko; compatible; GPTBot/1.3; +https://openai.com/gptbot)" modernmoocacury.com.br 216.172.172.98
74.7.227.37 - - [14/Mar/2026:10:45:13 -0300] "GET /ultimate-post-kit.ttf?dir=//usr/lib64/tk8.5 HTTP/1.1" 200 6545 "https://modernmoocacury.com.br/ultimate-post-kit.ttf?dir=//usr/lib64" "Mozilla/5.0 AppleWebKit/537.36 (KHTML, like Gecko; compatible; GPTBot/1.3; +https://openai.com/gptbot)" modernmoocacury.com.br 216.172.172.98
74.7.227.37 - - [14/Mar/2026:10:45:12 -0300] "GET /ultimate-post-kit.ttf?dir=//usr/lib64/tk8.5 HTTP/2.0" 200 6545 "https://modernmoocacury.com.br/ultimate-post-kit.ttf?dir=//usr/lib64" "Mozilla/5.0 AppleWebKit/537.36 (KHTML, like Gecko; compatible; GPTBot/1.3; +https://openai.com/gptbot)" modernmoocacury.com.br 216.172.172.98
74.7.241.21 - - [14/Mar/2026:10:45:12 -0300] "GET /post-formats32.png?action=rename&dir=//bin&item=sum HTTP/2.0" 200 620026 "https://modernmoocacury.com.br.contadorjoseaparecido.com/post-formats32.png?dir=//bin" "Mozilla/5.0 AppleWebKit/537.36 (KHTML, like Gecko; compatible; GPTBot/1.3; +https://openai.com/gptbot)" modernmoocacury.com.br.contadorjoseaparecido.com 216.172.172.98
74.7.227.37 - - [14/Mar/2026:10:45:16 -0300] "GET /ultimate-post-kit.ttf?dir=//usr/lib64/audit HTTP/1.1" 200 6558 "https://modernmoocacury.com.br/ultimate-post-kit.ttf?dir=//usr/lib64" "Mozilla/5.0 AppleWebKit/537.36 (KHTML, like Gecko; compatible; GPTBot/1.3; +https://openai.com/gptbot)" modernmoocacury.com.br 216.172.172.98
74.7.227.37 - - [14/Mar/2026:10:45:16 -0300] "GET /ultimate-post-kit.ttf?dir=//usr/lib64/audit HTTP/2.0" 200 6558 "https://modernmoocacury.com.br/ultimate-post-kit.ttf?dir=//usr/lib64" "Mozilla/5.0 AppleWebKit/537.36 (KHTML, like Gecko; compatible; GPTBot/1.3; +https://openai.com/gptbot)" modernmoocacury.com.br 216.172.172.98
74.7.227.37 - - [14/Mar/2026:10:45:20 -0300] "GET /inline-edit-post.js?dir=//opt/cpanel/ea-wappspector/vendor/rector/rector/vendor/doctrine/inflector/lib/Doctrine/Inflector/Rules HTTP/2.0" 200 11289 "https://modernmoocacury.com.br/inline-edit-post.js?dir=//opt/cpanel/ea-wappspector/vendor/rector/rector/vendor/doctrine/inflector/lib/Doctrine/Inflector" "Mozilla/5.0 AppleWebKit/537.36 (KHTML, like Gecko; compatible; GPTBot/1.3; +https://openai.com/gptbot)" modernmoocacury.com.br 216.172.172.98
74.7.241.21 - - [14/Mar/2026:10:45:19 -0300] "GET /post-formats32.png?action=chmod&dir=//bin&item=pgmtopbm HTTP/2.0" 200 620028 "https://modernmoocacury.com.br.contadorjoseaparecido.com/post-formats32.png?dir=//bin" "Mozilla/5.0 AppleWebKit/537.36 (KHTML, like Gecko; compatible; GPTBot/1.3; +https://openai.com/gptbot)" modernmoocacury.com.br.contadorjoseaparecido.com 216.172.172.98
74.7.227.37 - - [14/Mar/2026:10:45:23 -0300] "GET /ultimate-post-kit.ttf?action=chmod&dir=//usr/lib64/autofs&item=lookup_dir.so HTTP/1.1" 200 15887 "https://modernmoocacury.com.br/ultimate-post-kit.ttf?dir=//usr/lib64/autofs" "Mozilla/5.0 AppleWebKit/537.36 (KHTML, like Gecko; compatible; GPTBot/1.3; +https://openai.com/gptbot)" modernmoocacury.com.br 216.172.172.98
74.7.227.37 - - [14/Mar/2026:10:45:23 -0300] "GET /ultimate-post-kit.ttf?action=chmod&dir=//usr/lib64/autofs&item=lookup_dir.so HTTP/2.0" 200 15887 "https://modernmoocacury.com.br/ultimate-post-kit.ttf?dir=//usr/lib64/autofs" "Mozilla/5.0 AppleWebKit/537.36 (KHTML, like Gecko; compatible; GPTBot/1.3; +https://openai.com/gptbot)" modernmoocacury.com.br 216.172.172.98
74.7.227.37 - - [14/Mar/2026:10:45:26 -0300] "GET /inline-edit-post.min.js?dir=//opt/cpanel/ea-wappspector/vendor/rector/rector/src/BetterPhpDocParser/PhpDocNodeVisitor HTTP/2.0" 200 8492 "https://modernmoocacury.com.br/inline-edit-post.min.js?dir=//opt/cpanel/ea-wappspector/vendor/rector/rector/src/BetterPhpDocParser" "Mozilla/5.0 AppleWebKit/537.36 (KHTML, like Gecko; compatible; GPTBot/1.3; +https://openai.com/gptbot)" modernmoocacury.com.br 216.172.172.98
74.7.243.219 - - [14/Mar/2026:10:45:28 -0300] "GET /inline-edit-post.js?dir=//etc/rc.d/rc0.d HTTP/2.0" 200 7951 "https://www.modernmoocacury.com.br.contadorjoseaparecido.com/inline-edit-post.js?dir=//etc/rc.d" "Mozilla/5.0 AppleWebKit/537.36 (KHTML, like Gecko; compatible; GPTBot/1.3; +https://openai.com/gptbot)" www.modernmoocacury.com.br.contadorjoseaparecido.com 216.172.172.98
74.7.241.21 - - [14/Mar/2026:10:45:25 -0300] "GET /post-formats32.png?action=chmod&dir=//bin&item=pnmtoplainpnm HTTP/2.0" 200 620030 "https://modernmoocacury.com.br.contadorjoseaparecido.com/post-formats32.png?dir=//bin" "Mozilla/5.0 AppleWebKit/537.36 (KHTML, like Gecko; compatible; GPTBot/1.3; +https://openai.com/gptbot)" modernmoocacury.com.br.contadorjoseaparecido.com 216.172.172.98
74.7.227.37 - - [14/Mar/2026:10:45:30 -0300] "GET /post.min.js?dir=//backup2/archived-backups/bimonthly/strat442 HTTP/2.0" 200 5729 "https://modernmoocacury.com.br/post.min.js?dir=//backup2/archived-backups/bimonthly" "Mozilla/5.0 AppleWebKit/537.36 (KHTML, like Gecko; compatible; GPTBot/1.3; +https://openai.com/gptbot)" modernmoocacury.com.br 216.172.172.98
74.7.227.37 - - [14/Mar/2026:10:45:34 -0300] "GET /ultimate-post-kit.ttf?action=chmod&dir=//usr/lib64/libxslt-plugins&item=.. HTTP/1.1" 200 6455 "https://modernmoocacury.com.br/ultimate-post-kit.ttf?dir=//usr/lib64/libxslt-plugins" "Mozilla/5.0 AppleWebKit/537.36 (KHTML, like Gecko; compatible; GPTBot/1.3; +https://openai.com/gptbot)" modernmoocacury.com.br 216.172.172.98
74.7.227.37 - - [14/Mar/2026:10:45:34 -0300] "GET /ultimate-post-kit.ttf?action=chmod&dir=//usr/lib64/libxslt-plugins&item=.. HTTP/2.0" 200 6455 "https://modernmoocacury.com.br/ultimate-post-kit.ttf?dir=//usr/lib64/libxslt-plugins" "Mozilla/5.0 AppleWebKit/537.36 (KHTML, like Gecko; compatible; GPTBot/1.3; +https://openai.com/gptbot)" modernmoocacury.com.br 216.172.172.98
74.7.241.21 - - [14/Mar/2026:10:45:32 -0300] "GET /post-formats32.png?action=edit&dir=//bin&item=yumdownloader HTTP/2.0" 200 624264 "https://modernmoocacury.com.br.contadorjoseaparecido.com/post-formats32.png?dir=//bin" "Mozilla/5.0 AppleWebKit/537.36 (KHTML, like Gecko; compatible; GPTBot/1.3; +https://openai.com/gptbot)" modernmoocacury.com.br.contadorjoseaparecido.com 216.172.172.98
74.7.227.37 - - [14/Mar/2026:10:45:38 -0300] "GET /inline-edit-post.min.js?dir=//usr/lib/rpm/platform/alphaev56-linux HTTP/2.0" 200 6597 "https://modernmoocacury.com.br/inline-edit-post.min.js?dir=//usr/lib/rpm/platform" "Mozilla/5.0 AppleWebKit/537.36 (KHTML, like Gecko; compatible; GPTBot/1.3; +https://openai.com/gptbot)" modernmoocacury.com.br 216.172.172.98
74.7.227.37 - - [14/Mar/2026:10:45:41 -0300] "GET /inline-edit-post.min.js?dir=//usr/lib/rpm/platform/alphaev67-linux HTTP/2.0" 200 6597 "https://modernmoocacury.com.br/inline-edit-post.min.js?dir=//usr/lib/rpm/platform" "Mozilla/5.0 AppleWebKit/537.36 (KHTML, like Gecko; compatible; GPTBot/1.3; +https://openai.com/gptbot)" modernmoocacury.com.br 216.172.172.98
74.7.241.21 - - [14/Mar/2026:10:45:40 -0300] "GET /post-formats32.png?action=chmod&dir=//bin&item=pnmsplit HTTP/2.0" 200 620027 "https://modernmoocacury.com.br.contadorjoseaparecido.com/post-formats32.png?dir=//bin" "Mozilla/5.0 AppleWebKit/537.36 (KHTML, like Gecko; compatible; GPTBot/1.3; +https://openai.com/gptbot)" modernmoocacury.com.br.contadorjoseaparecido.com 216.172.172.98
74.7.227.37 - - [14/Mar/2026:10:45:45 -0300] "GET /inline-edit-post.min.js?dir=//lib/python2.7/site-packages/backports HTTP/2.0" 200 7665 "https://modernmoocacury.com.br/inline-edit-post.min.js?dir=//lib/python2.7/site-packages" "Mozilla/5.0 AppleWebKit/537.36 (KHTML, like Gecko; compatible; GPTBot/1.3; +https://openai.com/gptbot)" modernmoocacury.com.br 216.172.172.98
74.7.227.37 - - [14/Mar/2026:10:45:48 -0300] "GET /inline-edit-post.js?dir=//usr/lib/python2.7/site-packages/backports HTTP/2.0" 200 7683 "https://modernmoocacury.com.br/inline-edit-post.js?dir=//usr/lib/python2.7/site-packages" "Mozilla/5.0 AppleWebKit/537.36 (KHTML, like Gecko; compatible; GPTBot/1.3; +https://openai.com/gptbot)" modernmoocacury.com.br 216.172.172.98
74.7.241.21 - - [14/Mar/2026:10:45:47 -0300] "GET /post-formats32.png?action=chmod&dir=//bin&item=mailstat HTTP/2.0" 200 620027 "https://modernmoocacury.com.br.contadorjoseaparecido.com/post-formats32.png?dir=//bin" "Mozilla/5.0 AppleWebKit/537.36 (KHTML, like Gecko; compatible; GPTBot/1.3; +https://openai.com/gptbot)" modernmoocacury.com.br.contadorjoseaparecido.com 216.172.172.98
74.7.227.37 - - [14/Mar/2026:10:45:52 -0300] "GET /inline-edit-post.js?dir=//usr/lib/python3.6/site-packages/packaging HTTP/2.0" 200 9774 "https://modernmoocacury.com.br/inline-edit-post.js?dir=//usr/lib/python3.6/site-packages" "Mozilla/5.0 AppleWebKit/537.36 (KHTML, like Gecko; compatible; GPTBot/1.3; +https://openai.com/gptbot)" modernmoocacury.com.br 216.172.172.98
74.7.227.37 - - [14/Mar/2026:10:45:55 -0300] "GET /ultimate-post-kit.ttf?dir=//var/lost+found HTTP/1.1" 200 1639 "https://modernmoocacury.com.br/ultimate-post-kit.ttf?dir=//var" "Mozilla/5.0 AppleWebKit/537.36 (KHTML, like Gecko; compatible; GPTBot/1.3; +https://openai.com/gptbot)" modernmoocacury.com.br 216.172.172.98
74.7.227.37 - - [14/Mar/2026:10:45:55 -0300] "GET /ultimate-post-kit.ttf?dir=//var/lost+found HTTP/2.0" 200 1639 "https://modernmoocacury.com.br/ultimate-post-kit.ttf?dir=//var" "Mozilla/5.0 AppleWebKit/537.36 (KHTML, like Gecko; compatible; GPTBot/1.3; +https://openai.com/gptbot)" modernmoocacury.com.br 216.172.172.98
74.7.227.37 - - [14/Mar/2026:10:45:58 -0300] "GET /inline-edit-post.js?action=download&dir=//opt/cpanel/ea-wappspector/vendor/rector/rector/vendor/doctrine/inflector/lib/Doctrine/Inflector/Rules&item=Transformations.php HTTP/2.0" 409 83 "https://modernmoocacury.com.br/inline-edit-post.js?dir=//opt/cpanel/ea-wappspector/vendor/rector/rector/vendor/doctrine/inflector/lib/Doctrine/Inflector/Rules" "Mozilla/5.0 AppleWebKit/537.36 (KHTML, like Gecko; compatible; GPTBot/1.3; +https://openai.com/gptbot)" modernmoocacury.com.br 216.172.172.98
