74.7.243.219 - - [14/Mar/2026:09:25:37 -0300] "GET /334558692?action=chmod&dir=/home1/contad42/modernmoocacury.com.br&item=images HTTP/1.1" 200 15721 "https://www.modernmoocacury.com.br.contadorjoseaparecido.com/334558692" "Mozilla/5.0 AppleWebKit/537.36 (KHTML, like Gecko; compatible; GPTBot/1.3; +https://openai.com/gptbot)" www.modernmoocacury.com.br.contadorjoseaparecido.com 216.172.172.98
74.7.243.219 - - [14/Mar/2026:09:25:37 -0300] "GET /334558692?action=chmod&dir=/home1/contad42/modernmoocacury.com.br&item=images HTTP/2.0" 200 15721 "https://www.modernmoocacury.com.br.contadorjoseaparecido.com/334558692" "Mozilla/5.0 AppleWebKit/537.36 (KHTML, like Gecko; compatible; GPTBot/1.3; +https://openai.com/gptbot)" www.modernmoocacury.com.br.contadorjoseaparecido.com 216.172.172.98
74.7.227.37 - - [14/Mar/2026:09:25:39 -0300] "GET /inline-edit-post.js?dir=//run/screen HTTP/2.0" 200 6537 "https://modernmoocacury.com.br/inline-edit-post.js?dir=//run" "Mozilla/5.0 AppleWebKit/537.36 (KHTML, like Gecko; compatible; GPTBot/1.3; +https://openai.com/gptbot)" modernmoocacury.com.br 216.172.172.98
74.7.243.219 - - [14/Mar/2026:09:25:53 -0300] "GET /334558692?action=rename&dir=/home1/contad42/modernmoocacury.com.br&item=wp-trackback.php HTTP/2.0" 409 83 "https://www.modernmoocacury.com.br.contadorjoseaparecido.com/334558692" "Mozilla/5.0 AppleWebKit/537.36 (KHTML, like Gecko; compatible; GPTBot/1.3; +https://openai.com/gptbot)" www.modernmoocacury.com.br.contadorjoseaparecido.com 216.172.172.98
74.7.243.219 - - [14/Mar/2026:09:25:59 -0300] "GET /369054600?action=chmod&dir=/home1/contad42/modernmoocacury.com.br&item=wp-settings.php HTTP/2.0" 409 83 "https://www.modernmoocacury.com.br.contadorjoseaparecido.com/369054600" "Mozilla/5.0 AppleWebKit/537.36 (KHTML, like Gecko; compatible; GPTBot/1.3; +https://openai.com/gptbot)" www.modernmoocacury.com.br.contadorjoseaparecido.com 216.172.172.98
74.7.241.21 - - [14/Mar/2026:09:25:52 -0300] "GET /inline-edit-post.js?dir=//usr/local/apache/conf/userdata/std HTTP/2.0" 200 6603 "https://modernmoocacury.com.br.contadorjoseaparecido.com/inline-edit-post.js?dir=//usr/local/apache/conf/userdata" "Mozilla/5.0 AppleWebKit/537.36 (KHTML, like Gecko; compatible; GPTBot/1.3; +https://openai.com/gptbot)" modernmoocacury.com.br.contadorjoseaparecido.com 216.172.172.98
74.7.243.219 - - [14/Mar/2026:09:26:08 -0300] "GET /755152542?action=edit&dir=/home1/contad42/modernmoocacury.com.br&item=wp-trackback.php HTTP/2.0" 409 83 "https://www.modernmoocacury.com.br.contadorjoseaparecido.com/755152542" "Mozilla/5.0 AppleWebKit/537.36 (KHTML, like Gecko; compatible; GPTBot/1.3; +https://openai.com/gptbot)" www.modernmoocacury.com.br.contadorjoseaparecido.com 216.172.172.98
74.7.227.37 - - [14/Mar/2026:09:26:05 -0300] "GET /inline-edit-post.js?dir=//usr/games HTTP/2.0" 200 6184 "https://modernmoocacury.com.br/inline-edit-post.js?dir=//usr" "Mozilla/5.0 AppleWebKit/537.36 (KHTML, like Gecko; compatible; GPTBot/1.3; +https://openai.com/gptbot)" modernmoocacury.com.br 216.172.172.98
74.7.241.21 - - [14/Mar/2026:09:26:08 -0300] "GET /inline-edit-post.js?dir=//usr/local/apache/conf/userdata/ssl HTTP/2.0" 200 6604 "https://modernmoocacury.com.br.contadorjoseaparecido.com/inline-edit-post.js?dir=//usr/local/apache/conf/userdata" "Mozilla/5.0 AppleWebKit/537.36 (KHTML, like Gecko; compatible; GPTBot/1.3; +https://openai.com/gptbot)" modernmoocacury.com.br.contadorjoseaparecido.com 216.172.172.98
74.7.241.21 - - [14/Mar/2026:09:26:25 -0300] "GET /inline-edit-post.js?dir=//usr/lib/firmware/meson/vdec HTTP/2.0" 200 11443 "https://modernmoocacury.com.br.contadorjoseaparecido.com/inline-edit-post.js?dir=//usr/lib/firmware/meson" "Mozilla/5.0 AppleWebKit/537.36 (KHTML, like Gecko; compatible; GPTBot/1.3; +https://openai.com/gptbot)" modernmoocacury.com.br.contadorjoseaparecido.com 216.172.172.98
74.7.227.37 - - [14/Mar/2026:09:26:27 -0300] "GET /inline-edit-post.js?dir=//run/sudo HTTP/2.0" 200 5681 "https://modernmoocacury.com.br/inline-edit-post.js?dir=//run" "Mozilla/5.0 AppleWebKit/537.36 (KHTML, like Gecko; compatible; GPTBot/1.3; +https://openai.com/gptbot)" modernmoocacury.com.br 216.172.172.98
74.7.243.219 - - [14/Mar/2026:09:26:37 -0300] "GET /992337621 HTTP/1.1" 200 15494 "https://www.modernmoocacury.com.br.contadorjoseaparecido.com/inline-edit-post.min.js?edit=sitemap.xml&p=Ahome1Acontad42AcorretorjoseaparecidoIcomAelev-park-sacoma" "Mozilla/5.0 AppleWebKit/537.36 (KHTML, like Gecko; compatible; GPTBot/1.3; +https://openai.com/gptbot)" www.modernmoocacury.com.br.contadorjoseaparecido.com 216.172.172.98
74.7.243.219 - - [14/Mar/2026:09:26:37 -0300] "GET /992337621 HTTP/2.0" 200 15494 "https://www.modernmoocacury.com.br.contadorjoseaparecido.com/inline-edit-post.min.js?edit=sitemap.xml&p=Ahome1Acontad42AcorretorjoseaparecidoIcomAelev-park-sacoma" "Mozilla/5.0 AppleWebKit/537.36 (KHTML, like Gecko; compatible; GPTBot/1.3; +https://openai.com/gptbot)" www.modernmoocacury.com.br.contadorjoseaparecido.com 216.172.172.98
74.7.241.21 - - [14/Mar/2026:09:26:40 -0300] "GET /inline-edit-post.js?dir=//usr/lib/firmware/slicoss HTTP/2.0" 200 7969 "https://modernmoocacury.com.br.contadorjoseaparecido.com/inline-edit-post.js?dir=//usr/lib/firmware" "Mozilla/5.0 AppleWebKit/537.36 (KHTML, like Gecko; compatible; GPTBot/1.3; +https://openai.com/gptbot)" modernmoocacury.com.br.contadorjoseaparecido.com 216.172.172.98
74.7.227.37 - - [14/Mar/2026:09:26:50 -0300] "GET /inline-edit-post.js?dir=//usr/sbin HTTP/2.0" 200 185780 "https://modernmoocacury.com.br/inline-edit-post.js?dir=//usr" "Mozilla/5.0 AppleWebKit/537.36 (KHTML, like Gecko; compatible; GPTBot/1.3; +https://openai.com/gptbot)" modernmoocacury.com.br 216.172.172.98
74.7.241.21 - - [14/Mar/2026:09:27:00 -0300] "GET /inline-edit-post.js?dir=//usr/lib/firmware/netronome HTTP/2.0" 200 11841 "https://modernmoocacury.com.br.contadorjoseaparecido.com/inline-edit-post.js?dir=//usr/lib/firmware" "Mozilla/5.0 AppleWebKit/537.36 (KHTML, like Gecko; compatible; GPTBot/1.3; +https://openai.com/gptbot)" modernmoocacury.com.br.contadorjoseaparecido.com 216.172.172.98
74.7.227.37 - - [14/Mar/2026:09:27:12 -0300] "GET /inline-edit-post.js?dir=//run/udev/links HTTP/2.0" 200 17577 "https://modernmoocacury.com.br/inline-edit-post.js?dir=//run/udev" "Mozilla/5.0 AppleWebKit/537.36 (KHTML, like Gecko; compatible; GPTBot/1.3; +https://openai.com/gptbot)" modernmoocacury.com.br 216.172.172.98
74.7.241.21 - - [14/Mar/2026:09:27:14 -0300] "GET /inline-edit-post.js?dir=//usr/lib/firmware/rtlwifi HTTP/2.0" 200 19100 "https://modernmoocacury.com.br.contadorjoseaparecido.com/inline-edit-post.js?dir=//usr/lib/firmware" "Mozilla/5.0 AppleWebKit/537.36 (KHTML, like Gecko; compatible; GPTBot/1.3; +https://openai.com/gptbot)" modernmoocacury.com.br.contadorjoseaparecido.com 216.172.172.98
74.7.227.37 - - [14/Mar/2026:09:27:26 -0300] "GET /inline-edit-post.js?dir=//run/udev/data HTTP/2.0" 200 90178 "https://modernmoocacury.com.br/inline-edit-post.js?dir=//run/udev" "Mozilla/5.0 AppleWebKit/537.36 (KHTML, like Gecko; compatible; GPTBot/1.3; +https://openai.com/gptbot)" modernmoocacury.com.br 216.172.172.98
74.7.241.21 - - [14/Mar/2026:09:27:29 -0300] "GET /inline-edit-post.js?dir=//usr/lib/firmware/mwlwifi HTTP/2.0" 200 6937 "https://modernmoocacury.com.br.contadorjoseaparecido.com/inline-edit-post.js?dir=//usr/lib/firmware" "Mozilla/5.0 AppleWebKit/537.36 (KHTML, like Gecko; compatible; GPTBot/1.3; +https://openai.com/gptbot)" modernmoocacury.com.br.contadorjoseaparecido.com 216.172.172.98
74.7.243.219 - - [14/Mar/2026:09:27:37 -0300] "GET /505814657 HTTP/1.1" 200 15494 "https://www.modernmoocacury.com.br.contadorjoseaparecido.com/inline-edit-post.min.js?edit=sitemap.xml&p=Ahome1Acontad42AcorretorjoseaparecidoIcomAelev-park-sacoma" "Mozilla/5.0 AppleWebKit/537.36 (KHTML, like Gecko; compatible; GPTBot/1.3; +https://openai.com/gptbot)" www.modernmoocacury.com.br.contadorjoseaparecido.com 216.172.172.98
74.7.243.219 - - [14/Mar/2026:09:27:37 -0300] "GET /505814657 HTTP/2.0" 200 15494 "https://www.modernmoocacury.com.br.contadorjoseaparecido.com/inline-edit-post.min.js?edit=sitemap.xml&p=Ahome1Acontad42AcorretorjoseaparecidoIcomAelev-park-sacoma" "Mozilla/5.0 AppleWebKit/537.36 (KHTML, like Gecko; compatible; GPTBot/1.3; +https://openai.com/gptbot)" www.modernmoocacury.com.br.contadorjoseaparecido.com 216.172.172.98
74.7.227.37 - - [14/Mar/2026:09:27:46 -0300] "GET /inline-edit-post.js?dir=//run/mod_lsapi HTTP/2.0" 200 6192 "https://modernmoocacury.com.br/inline-edit-post.js?dir=//run" "Mozilla/5.0 AppleWebKit/537.36 (KHTML, like Gecko; compatible; GPTBot/1.3; +https://openai.com/gptbot)" modernmoocacury.com.br 216.172.172.98
74.7.241.21 - - [14/Mar/2026:09:27:49 -0300] "GET /inline-edit-post.js?dir=//usr/lib/firmware/updates HTTP/2.0" 200 6235 "https://modernmoocacury.com.br.contadorjoseaparecido.com/inline-edit-post.js?dir=//usr/lib/firmware" "Mozilla/5.0 AppleWebKit/537.36 (KHTML, like Gecko; compatible; GPTBot/1.3; +https://openai.com/gptbot)" modernmoocacury.com.br.contadorjoseaparecido.com 216.172.172.98
74.7.227.37 - - [14/Mar/2026:09:27:59 -0300] "GET /inline-edit-post.js?dir=//tmp/lost+found HTTP/2.0" 200 1639 "https://modernmoocacury.com.br/inline-edit-post.js?dir=//tmp" "Mozilla/5.0 AppleWebKit/537.36 (KHTML, like Gecko; compatible; GPTBot/1.3; +https://openai.com/gptbot)" modernmoocacury.com.br 216.172.172.98
74.7.241.21 - - [14/Mar/2026:09:28:04 -0300] "GET /inline-edit-post.js?dir=//usr/lib/firmware/ea HTTP/2.0" 200 16173 "https://modernmoocacury.com.br.contadorjoseaparecido.com/inline-edit-post.js?dir=//usr/lib/firmware" "Mozilla/5.0 AppleWebKit/537.36 (KHTML, like Gecko; compatible; GPTBot/1.3; +https://openai.com/gptbot)" modernmoocacury.com.br.contadorjoseaparecido.com 216.172.172.98
74.7.227.37 - - [14/Mar/2026:09:28:14 -0300] "GET /inline-edit-post.js?dir=//run/clamd.scan HTTP/2.0" 200 5690 "https://modernmoocacury.com.br/inline-edit-post.js?dir=//run" "Mozilla/5.0 AppleWebKit/537.36 (KHTML, like Gecko; compatible; GPTBot/1.3; +https://openai.com/gptbot)" modernmoocacury.com.br 216.172.172.98
74.7.241.21 - - [14/Mar/2026:09:28:17 -0300] "GET /inline-edit-post.js?dir=//usr/lib/firmware/atusb HTTP/2.0" 200 7277 "https://modernmoocacury.com.br.contadorjoseaparecido.com/inline-edit-post.js?dir=//usr/lib/firmware" "Mozilla/5.0 AppleWebKit/537.36 (KHTML, like Gecko; compatible; GPTBot/1.3; +https://openai.com/gptbot)" modernmoocacury.com.br.contadorjoseaparecido.com 216.172.172.98
74.7.243.219 - - [14/Mar/2026:09:28:35 -0300] "GET /236394313?dir=/home1/contad42 HTTP/1.1" 200 35421 "https://www.modernmoocacury.com.br.contadorjoseaparecido.com/236394313" "Mozilla/5.0 AppleWebKit/537.36 (KHTML, like Gecko; compatible; GPTBot/1.3; +https://openai.com/gptbot)" www.modernmoocacury.com.br.contadorjoseaparecido.com 216.172.172.98
74.7.243.219 - - [14/Mar/2026:09:28:35 -0300] "GET /236394313?dir=/home1/contad42 HTTP/2.0" 200 35421 "https://www.modernmoocacury.com.br.contadorjoseaparecido.com/236394313" "Mozilla/5.0 AppleWebKit/537.36 (KHTML, like Gecko; compatible; GPTBot/1.3; +https://openai.com/gptbot)" www.modernmoocacury.com.br.contadorjoseaparecido.com 216.172.172.98
74.7.227.37 - - [14/Mar/2026:09:28:29 -0300] "GET /inline-edit-post.js?dir=//usr/lib64 HTTP/2.0" 200 465799 "https://modernmoocacury.com.br/inline-edit-post.js?dir=//usr" "Mozilla/5.0 AppleWebKit/537.36 (KHTML, like Gecko; compatible; GPTBot/1.3; +https://openai.com/gptbot)" modernmoocacury.com.br 216.172.172.98
74.7.241.21 - - [14/Mar/2026:09:28:36 -0300] "GET /inline-edit-post.js?dir=//usr/local/apache/modules HTTP/2.0" 200 32414 "https://modernmoocacury.com.br.contadorjoseaparecido.com/inline-edit-post.js?dir=//usr/local/apache" "Mozilla/5.0 AppleWebKit/537.36 (KHTML, like Gecko; compatible; GPTBot/1.3; +https://openai.com/gptbot)" modernmoocacury.com.br.contadorjoseaparecido.com 216.172.172.98
74.7.227.37 - - [14/Mar/2026:09:28:58 -0300] "GET /inline-edit-post.js?dir=//run/mod_fcgid HTTP/2.0" 200 5691 "https://modernmoocacury.com.br/inline-edit-post.js?dir=//run" "Mozilla/5.0 AppleWebKit/537.36 (KHTML, like Gecko; compatible; GPTBot/1.3; +https://openai.com/gptbot)" modernmoocacury.com.br 216.172.172.98
74.7.241.21 - - [14/Mar/2026:09:28:59 -0300] "GET /inline-edit-post.js?dir=//usr/local/apache/conf/userdata/std/2_4 HTTP/2.0" 200 6627 "https://modernmoocacury.com.br.contadorjoseaparecido.com/inline-edit-post.js?dir=//usr/local/apache/conf/userdata/std" "Mozilla/5.0 AppleWebKit/537.36 (KHTML, like Gecko; compatible; GPTBot/1.3; +https://openai.com/gptbot)" modernmoocacury.com.br.contadorjoseaparecido.com 216.172.172.98
74.7.227.37 - - [14/Mar/2026:09:29:14 -0300] "GET /inline-edit-post.js?dir=//run/gt HTTP/2.0" 200 5684 "https://modernmoocacury.com.br/inline-edit-post.js?dir=//run" "Mozilla/5.0 AppleWebKit/537.36 (KHTML, like Gecko; compatible; GPTBot/1.3; +https://openai.com/gptbot)" modernmoocacury.com.br 216.172.172.98
74.7.241.21 - - [14/Mar/2026:09:29:15 -0300] "GET /inline-edit-post.js?dir=//usr/local/apache/conf/userdata/ssl/2_4 HTTP/2.0" 200 6628 "https://modernmoocacury.com.br.contadorjoseaparecido.com/inline-edit-post.js?dir=//usr/local/apache/conf/userdata/ssl" "Mozilla/5.0 AppleWebKit/537.36 (KHTML, like Gecko; compatible; GPTBot/1.3; +https://openai.com/gptbot)" modernmoocacury.com.br.contadorjoseaparecido.com 216.172.172.98
74.7.243.219 - - [14/Mar/2026:09:29:27 -0300] "GET /870671959 HTTP/1.1" 200 15494 "https://www.modernmoocacury.com.br.contadorjoseaparecido.com/inline-edit-post.min.js?edit=sitemap.xml&p=Ahome1Acontad42AcorretorjoseaparecidoIcomAelev-park-sacoma" "Mozilla/5.0 AppleWebKit/537.36 (KHTML, like Gecko; compatible; GPTBot/1.3; +https://openai.com/gptbot)" www.modernmoocacury.com.br.contadorjoseaparecido.com 216.172.172.98
74.7.243.219 - - [14/Mar/2026:09:29:27 -0300] "GET /870671959 HTTP/2.0" 200 15494 "https://www.modernmoocacury.com.br.contadorjoseaparecido.com/inline-edit-post.min.js?edit=sitemap.xml&p=Ahome1Acontad42AcorretorjoseaparecidoIcomAelev-park-sacoma" "Mozilla/5.0 AppleWebKit/537.36 (KHTML, like Gecko; compatible; GPTBot/1.3; +https://openai.com/gptbot)" www.modernmoocacury.com.br.contadorjoseaparecido.com 216.172.172.98
74.7.227.37 - - [14/Mar/2026:09:29:28 -0300] "GET /inline-edit-post.js?dir=//usr/local HTTP/2.0" 200 12454 "https://modernmoocacury.com.br/inline-edit-post.js?dir=//usr" "Mozilla/5.0 AppleWebKit/537.36 (KHTML, like Gecko; compatible; GPTBot/1.3; +https://openai.com/gptbot)" modernmoocacury.com.br 216.172.172.98
74.7.241.21 - - [14/Mar/2026:09:29:30 -0300] "GET /inline-edit-post.js?dir=//usr/lib/firmware/amd-ucode HTTP/2.0" 200 8342 "https://modernmoocacury.com.br.contadorjoseaparecido.com/inline-edit-post.js?dir=//usr/lib/firmware" "Mozilla/5.0 AppleWebKit/537.36 (KHTML, like Gecko; compatible; GPTBot/1.3; +https://openai.com/gptbot)" modernmoocacury.com.br.contadorjoseaparecido.com 216.172.172.98
74.7.227.37 - - [14/Mar/2026:09:29:44 -0300] "GET /inline-edit-post.js?dir=//run/chkservd.services_suspend HTTP/2.0" 200 5705 "https://modernmoocacury.com.br/inline-edit-post.js?dir=//run" "Mozilla/5.0 AppleWebKit/537.36 (KHTML, like Gecko; compatible; GPTBot/1.3; +https://openai.com/gptbot)" modernmoocacury.com.br 216.172.172.98
74.7.241.21 - - [14/Mar/2026:09:29:48 -0300] "GET /inline-edit-post.js?dir=//usr/lib/firmware/microchip HTTP/2.0" 200 6967 "https://modernmoocacury.com.br.contadorjoseaparecido.com/inline-edit-post.js?dir=//usr/lib/firmware" "Mozilla/5.0 AppleWebKit/537.36 (KHTML, like Gecko; compatible; GPTBot/1.3; +https://openai.com/gptbot)" modernmoocacury.com.br.contadorjoseaparecido.com 216.172.172.98
74.7.241.21 - - [14/Mar/2026:09:30:05 -0300] "GET /inline-edit-post.js?dir=//usr/lib/firmware/netronome/nic-sriov HTTP/2.0" 200 10527 "https://modernmoocacury.com.br.contadorjoseaparecido.com/inline-edit-post.js?dir=//usr/lib/firmware/netronome" "Mozilla/5.0 AppleWebKit/537.36 (KHTML, like Gecko; compatible; GPTBot/1.3; +https://openai.com/gptbot)" modernmoocacury.com.br.contadorjoseaparecido.com 216.172.172.98
74.7.227.37 - - [14/Mar/2026:09:30:02 -0300] "GET /inline-edit-post.js?action=edit&dir=//usr/sbin&item=quotaon HTTP/2.0" 200 219828 "https://modernmoocacury.com.br/inline-edit-post.js?dir=//usr/sbin" "Mozilla/5.0 AppleWebKit/537.36 (KHTML, like Gecko; compatible; GPTBot/1.3; +https://openai.com/gptbot)" modernmoocacury.com.br 216.172.172.98
74.7.243.219 - - [14/Mar/2026:09:30:13 -0300] "GET /922686460 HTTP/1.1" 200 15494 "https://www.modernmoocacury.com.br.contadorjoseaparecido.com/inline-edit-post.min.js?edit=sitemap.xml&p=Ahome1Acontad42AcorretorjoseaparecidoIcomAelev-park-sacoma" "Mozilla/5.0 AppleWebKit/537.36 (KHTML, like Gecko; compatible; GPTBot/1.3; +https://openai.com/gptbot)" www.modernmoocacury.com.br.contadorjoseaparecido.com 216.172.172.98
74.7.243.219 - - [14/Mar/2026:09:30:13 -0300] "GET /922686460 HTTP/2.0" 200 15494 "https://www.modernmoocacury.com.br.contadorjoseaparecido.com/inline-edit-post.min.js?edit=sitemap.xml&p=Ahome1Acontad42AcorretorjoseaparecidoIcomAelev-park-sacoma" "Mozilla/5.0 AppleWebKit/537.36 (KHTML, like Gecko; compatible; GPTBot/1.3; +https://openai.com/gptbot)" www.modernmoocacury.com.br.contadorjoseaparecido.com 216.172.172.98
74.7.241.21 - - [14/Mar/2026:09:30:19 -0300] "GET /inline-edit-post.js?action=edit&dir=//usr/lib/firmware/rtlwifi&item=rtl8821aefw_wowlan.bin HTTP/2.0" 200 29995 "https://modernmoocacury.com.br.contadorjoseaparecido.com/inline-edit-post.js?dir=//usr/lib/firmware/rtlwifi" "Mozilla/5.0 AppleWebKit/537.36 (KHTML, like Gecko; compatible; GPTBot/1.3; +https://openai.com/gptbot)" modernmoocacury.com.br.contadorjoseaparecido.com 216.172.172.98
74.7.227.37 - - [14/Mar/2026:09:30:26 -0300] "GET /inline-edit-post.js?action=chmod&dir=//usr/sbin&item=nl-class-add HTTP/2.0" 200 186010 "https://modernmoocacury.com.br/inline-edit-post.js?dir=//usr/sbin" "Mozilla/5.0 AppleWebKit/537.36 (KHTML, like Gecko; compatible; GPTBot/1.3; +https://openai.com/gptbot)" modernmoocacury.com.br 216.172.172.98
74.7.241.21 - - [14/Mar/2026:09:30:41 -0300] "GET /inline-edit-post.js?action=download&dir=//usr/lib/firmware/mwlwifi&item=88W8897.bin HTTP/2.0" 200 350381 "https://modernmoocacury.com.br.contadorjoseaparecido.com/inline-edit-post.js?dir=//usr/lib/firmware/mwlwifi" "Mozilla/5.0 AppleWebKit/537.36 (KHTML, like Gecko; compatible; GPTBot/1.3; +https://openai.com/gptbot)" modernmoocacury.com.br.contadorjoseaparecido.com 216.172.172.98
74.7.227.37 - - [14/Mar/2026:09:30:51 -0300] "GET /inline-edit-post.js?action=chmod&dir=//run/udev/data&item=c4:30 HTTP/2.0" 200 90404 "https://modernmoocacury.com.br/inline-edit-post.js?dir=//run/udev/data" "Mozilla/5.0 AppleWebKit/537.36 (KHTML, like Gecko; compatible; GPTBot/1.3; +https://openai.com/gptbot)" modernmoocacury.com.br 216.172.172.98
74.7.241.21 - - [14/Mar/2026:09:30:53 -0300] "GET /inline-edit-post.js?dir=//usr/lib/firmware/netronome/nic HTTP/2.0" 200 10508 "https://modernmoocacury.com.br.contadorjoseaparecido.com/inline-edit-post.js?dir=//usr/lib/firmware/netronome" "Mozilla/5.0 AppleWebKit/537.36 (KHTML, like Gecko; compatible; GPTBot/1.3; +https://openai.com/gptbot)" modernmoocacury.com.br.contadorjoseaparecido.com 216.172.172.98
74.7.243.219 - - [14/Mar/2026:09:30:53 -0300] "GET /581127053 HTTP/1.1" 200 15494 "https://www.modernmoocacury.com.br.contadorjoseaparecido.com/inline-edit-post.min.js?edit=sitemap.xml&p=Ahome1Acontad42AcorretorjoseaparecidoIcomAelev-park-sacoma" "Mozilla/5.0 AppleWebKit/537.36 (KHTML, like Gecko; compatible; GPTBot/1.3; +https://openai.com/gptbot)" www.modernmoocacury.com.br.contadorjoseaparecido.com 216.172.172.98
74.7.243.219 - - [14/Mar/2026:09:30:53 -0300] "GET /581127053 HTTP/2.0" 200 15494 "https://www.modernmoocacury.com.br.contadorjoseaparecido.com/inline-edit-post.min.js?edit=sitemap.xml&p=Ahome1Acontad42AcorretorjoseaparecidoIcomAelev-park-sacoma" "Mozilla/5.0 AppleWebKit/537.36 (KHTML, like Gecko; compatible; GPTBot/1.3; +https://openai.com/gptbot)" www.modernmoocacury.com.br.contadorjoseaparecido.com 216.172.172.98
74.7.241.21 - - [14/Mar/2026:09:31:11 -0300] "GET /inline-edit-post.js?action=rename&dir=//usr/lib/firmware/ea&item=mona_361_dsp.fw HTTP/2.0" 200 16409 "https://modernmoocacury.com.br.contadorjoseaparecido.com/inline-edit-post.js?dir=//usr/lib/firmware/ea" "Mozilla/5.0 AppleWebKit/537.36 (KHTML, like Gecko; compatible; GPTBot/1.3; +https://openai.com/gptbot)" modernmoocacury.com.br.contadorjoseaparecido.com 216.172.172.98
74.7.227.37 - - [14/Mar/2026:09:31:09 -0300] "GET /inline-edit-post.js?action=edit&dir=//usr/sbin&item=sfdisk HTTP/2.0" 200 224534 "https://modernmoocacury.com.br/inline-edit-post.js?dir=//usr/sbin" "Mozilla/5.0 AppleWebKit/537.36 (KHTML, like Gecko; compatible; GPTBot/1.3; +https://openai.com/gptbot)" modernmoocacury.com.br 216.172.172.98
74.7.241.21 - - [14/Mar/2026:09:31:25 -0300] "GET /inline-edit-post.js?dir=//usr/lib/firmware/netronome/flower HTTP/2.0" 200 16895 "https://modernmoocacury.com.br.contadorjoseaparecido.com/inline-edit-post.js?dir=//usr/lib/firmware/netronome" "Mozilla/5.0 AppleWebKit/537.36 (KHTML, like Gecko; compatible; GPTBot/1.3; +https://openai.com/gptbot)" modernmoocacury.com.br.contadorjoseaparecido.com 216.172.172.98
74.7.243.219 - - [14/Mar/2026:09:31:31 -0300] "GET /615786468 HTTP/1.1" 200 15494 "https://www.modernmoocacury.com.br.contadorjoseaparecido.com/inline-edit-post.min.js?edit=sitemap.xml&p=Ahome1Acontad42AcorretorjoseaparecidoIcomAelev-park-sacoma" "Mozilla/5.0 AppleWebKit/537.36 (KHTML, like Gecko; compatible; GPTBot/1.3; +https://openai.com/gptbot)" www.modernmoocacury.com.br.contadorjoseaparecido.com 216.172.172.98
74.7.243.219 - - [14/Mar/2026:09:31:31 -0300] "GET /615786468 HTTP/2.0" 200 15494 "https://www.modernmoocacury.com.br.contadorjoseaparecido.com/inline-edit-post.min.js?edit=sitemap.xml&p=Ahome1Acontad42AcorretorjoseaparecidoIcomAelev-park-sacoma" "Mozilla/5.0 AppleWebKit/537.36 (KHTML, like Gecko; compatible; GPTBot/1.3; +https://openai.com/gptbot)" www.modernmoocacury.com.br.contadorjoseaparecido.com 216.172.172.98
74.7.227.37 - - [14/Mar/2026:09:31:33 -0300] "GET /inline-edit-post.js?action=rename&dir=//usr/sbin&item=blockip HTTP/2.0" 200 186010 "https://modernmoocacury.com.br/inline-edit-post.js?dir=//usr/sbin" "Mozilla/5.0 AppleWebKit/537.36 (KHTML, like Gecko; compatible; GPTBot/1.3; +https://openai.com/gptbot)" modernmoocacury.com.br 216.172.172.98
74.7.227.37 - - [14/Mar/2026:09:31:48 -0300] "GET /inline-edit-post.js?action=download&dir=//usr/sbin&item=auditctl HTTP/2.0" 200 21176 "https://modernmoocacury.com.br/inline-edit-post.js?dir=//usr/sbin" "Mozilla/5.0 AppleWebKit/537.36 (KHTML, like Gecko; compatible; GPTBot/1.3; +https://openai.com/gptbot)" modernmoocacury.com.br 216.172.172.98
74.7.241.21 - - [14/Mar/2026:09:31:45 -0300] "GET /inline-edit-post.js?dir=//usr/lib/firmware/netronome/bpf HTTP/2.0" 200 10498 "https://modernmoocacury.com.br.contadorjoseaparecido.com/inline-edit-post.js?dir=//usr/lib/firmware/netronome" "Mozilla/5.0 AppleWebKit/537.36 (KHTML, like Gecko; compatible; GPTBot/1.3; +https://openai.com/gptbot)" modernmoocacury.com.br.contadorjoseaparecido.com 216.172.172.98
74.7.227.37 - - [14/Mar/2026:09:31:57 -0300] "GET /inline-edit-post.js?action=download&dir=//usr/lib64&item=libICE.so.6 HTTP/2.0" 200 51090 "https://modernmoocacury.com.br/inline-edit-post.js?dir=//usr/lib64" "Mozilla/5.0 AppleWebKit/537.36 (KHTML, like Gecko; compatible; GPTBot/1.3; +https://openai.com/gptbot)" modernmoocacury.com.br 216.172.172.98
74.7.241.21 - - [14/Mar/2026:09:31:59 -0300] "GET /inline-edit-post.js?action=chmod&dir=//usr/lib/firmware/rtlwifi&item=rtl8822befw.bin HTTP/2.0" 200 19334 "https://modernmoocacury.com.br.contadorjoseaparecido.com/inline-edit-post.js?dir=//usr/lib/firmware/rtlwifi" "Mozilla/5.0 AppleWebKit/537.36 (KHTML, like Gecko; compatible; GPTBot/1.3; +https://openai.com/gptbot)" modernmoocacury.com.br.contadorjoseaparecido.com 216.172.172.98
74.7.243.219 - - [14/Mar/2026:09:32:07 -0300] "GET /327382183 HTTP/1.1" 200 15494 "https://www.modernmoocacury.com.br.contadorjoseaparecido.com/inline-edit-post.min.js?edit=sitemap.xml&p=Ahome1Acontad42AcorretorjoseaparecidoIcomAelev-park-sacoma" "Mozilla/5.0 AppleWebKit/537.36 (KHTML, like Gecko; compatible; GPTBot/1.3; +https://openai.com/gptbot)" www.modernmoocacury.com.br.contadorjoseaparecido.com 216.172.172.98
74.7.243.219 - - [14/Mar/2026:09:32:07 -0300] "GET /327382183 HTTP/2.0" 200 15494 "https://www.modernmoocacury.com.br.contadorjoseaparecido.com/inline-edit-post.min.js?edit=sitemap.xml&p=Ahome1Acontad42AcorretorjoseaparecidoIcomAelev-park-sacoma" "Mozilla/5.0 AppleWebKit/537.36 (KHTML, like Gecko; compatible; GPTBot/1.3; +https://openai.com/gptbot)" www.modernmoocacury.com.br.contadorjoseaparecido.com 216.172.172.98
74.7.241.21 - - [14/Mar/2026:09:32:15 -0300] "GET /inline-edit-post.js?dir=//usr/lib/firmware/mellanox HTTP/2.0" 200 10521 "https://modernmoocacury.com.br.contadorjoseaparecido.com/inline-edit-post.js?dir=//usr/lib/firmware" "Mozilla/5.0 AppleWebKit/537.36 (KHTML, like Gecko; compatible; GPTBot/1.3; +https://openai.com/gptbot)" modernmoocacury.com.br.contadorjoseaparecido.com 216.172.172.98
74.7.227.37 - - [14/Mar/2026:09:32:13 -0300] "GET /inline-edit-post.js?action=rename&dir=//usr/lib64&item=libexpat.so.1.6.0 HTTP/2.0" 200 466029 "https://modernmoocacury.com.br/inline-edit-post.js?dir=//usr/lib64" "Mozilla/5.0 AppleWebKit/537.36 (KHTML, like Gecko; compatible; GPTBot/1.3; +https://openai.com/gptbot)" modernmoocacury.com.br 216.172.172.98
74.7.241.21 - - [14/Mar/2026:09:32:32 -0300] "GET /inline-edit-post.js?dir=//usr/lib/firmware/adaptec HTTP/2.0" 200 6926 "https://modernmoocacury.com.br.contadorjoseaparecido.com/inline-edit-post.js?dir=//usr/lib/firmware" "Mozilla/5.0 AppleWebKit/537.36 (KHTML, like Gecko; compatible; GPTBot/1.3; +https://openai.com/gptbot)" modernmoocacury.com.br.contadorjoseaparecido.com 216.172.172.98
74.7.243.219 - - [14/Mar/2026:09:32:35 -0300] "GET /537519472 HTTP/1.1" 200 15494 "https://www.modernmoocacury.com.br.contadorjoseaparecido.com/inline-edit-post.min.js?edit=sitemap.xml&p=Ahome1Acontad42AcorretorjoseaparecidoIcomAelev-park-sacoma" "Mozilla/5.0 AppleWebKit/537.36 (KHTML, like Gecko; compatible; GPTBot/1.3; +https://openai.com/gptbot)" www.modernmoocacury.com.br.contadorjoseaparecido.com 216.172.172.98
74.7.243.219 - - [14/Mar/2026:09:32:35 -0300] "GET /537519472 HTTP/2.0" 200 15494 "https://www.modernmoocacury.com.br.contadorjoseaparecido.com/inline-edit-post.min.js?edit=sitemap.xml&p=Ahome1Acontad42AcorretorjoseaparecidoIcomAelev-park-sacoma" "Mozilla/5.0 AppleWebKit/537.36 (KHTML, like Gecko; compatible; GPTBot/1.3; +https://openai.com/gptbot)" www.modernmoocacury.com.br.contadorjoseaparecido.com 216.172.172.98
74.7.227.37 - - [14/Mar/2026:09:32:35 -0300] "GET /inline-edit-post.js?action=rename&dir=//usr/lib64&item=libnetfilter_conntrack.so.3.6.0 HTTP/2.0" 200 466037 "https://modernmoocacury.com.br/inline-edit-post.js?dir=//usr/lib64" "Mozilla/5.0 AppleWebKit/537.36 (KHTML, like Gecko; compatible; GPTBot/1.3; +https://openai.com/gptbot)" modernmoocacury.com.br 216.172.172.98
74.7.241.21 - - [14/Mar/2026:09:32:48 -0300] "GET /inline-edit-post.js?dir=//usr/lib/firmware/cadence HTTP/2.0" 200 6577 "https://modernmoocacury.com.br.contadorjoseaparecido.com/inline-edit-post.js?dir=//usr/lib/firmware" "Mozilla/5.0 AppleWebKit/537.36 (KHTML, like Gecko; compatible; GPTBot/1.3; +https://openai.com/gptbot)" modernmoocacury.com.br.contadorjoseaparecido.com 216.172.172.98
74.7.227.37 - - [14/Mar/2026:09:33:02 -0300] "GET /inline-edit-post.js?action=chmod&dir=//usr/lib64&item=libtcmalloc_minimal.so.4.4.5 HTTP/2.0" 200 466034 "https://modernmoocacury.com.br/inline-edit-post.js?dir=//usr/lib64" "Mozilla/5.0 AppleWebKit/537.36 (KHTML, like Gecko; compatible; GPTBot/1.3; +https://openai.com/gptbot)" modernmoocacury.com.br 216.172.172.98
74.7.243.219 - - [14/Mar/2026:09:33:06 -0300] "GET /338376808 HTTP/1.1" 200 15494 "https://www.modernmoocacury.com.br.contadorjoseaparecido.com/inline-edit-post.min.js?edit=sitemap.xml&p=Ahome1Acontad42AcorretorjoseaparecidoIcomAelev-park-sacoma" "Mozilla/5.0 AppleWebKit/537.36 (KHTML, like Gecko; compatible; GPTBot/1.3; +https://openai.com/gptbot)" www.modernmoocacury.com.br.contadorjoseaparecido.com 216.172.172.98
74.7.243.219 - - [14/Mar/2026:09:33:06 -0300] "GET /338376808 HTTP/2.0" 200 15494 "https://www.modernmoocacury.com.br.contadorjoseaparecido.com/inline-edit-post.min.js?edit=sitemap.xml&p=Ahome1Acontad42AcorretorjoseaparecidoIcomAelev-park-sacoma" "Mozilla/5.0 AppleWebKit/537.36 (KHTML, like Gecko; compatible; GPTBot/1.3; +https://openai.com/gptbot)" www.modernmoocacury.com.br.contadorjoseaparecido.com 216.172.172.98
74.7.241.21 - - [14/Mar/2026:09:33:15 -0300] "GET /inline-edit-post.js?action=edit&dir=//usr/lib/firmware/netronome/nic-sriov&item=nic_AMDA0097-0001_4x10_1x40.nffw HTTP/2.0" 200 823846 "https://modernmoocacury.com.br.contadorjoseaparecido.com/inline-edit-post.js?dir=//usr/lib/firmware/netronome/nic-sriov" "Mozilla/5.0 AppleWebKit/537.36 (KHTML, like Gecko; compatible; GPTBot/1.3; +https://openai.com/gptbot)" modernmoocacury.com.br.contadorjoseaparecido.com 216.172.172.98
74.7.227.37 - - [14/Mar/2026:09:33:29 -0300] "GET /inline-edit-post.js?action=edit&dir=//usr/lib64&item=libevent_openssl-2.0.so.5 HTTP/2.0" 200 476201 "https://modernmoocacury.com.br/inline-edit-post.js?dir=//usr/lib64" "Mozilla/5.0 AppleWebKit/537.36 (KHTML, like Gecko; compatible; GPTBot/1.3; +https://openai.com/gptbot)" modernmoocacury.com.br 216.172.172.98
74.7.243.219 - - [14/Mar/2026:09:33:32 -0300] "GET /727506097 HTTP/1.1" 200 15494 "https://www.modernmoocacury.com.br.contadorjoseaparecido.com/inline-edit-post.min.js?edit=sitemap.xml&p=Ahome1Acontad42AcorretorjoseaparecidoIcomAelev-park-sacoma" "Mozilla/5.0 AppleWebKit/537.36 (KHTML, like Gecko; compatible; GPTBot/1.3; +https://openai.com/gptbot)" www.modernmoocacury.com.br.contadorjoseaparecido.com 216.172.172.98
74.7.243.219 - - [14/Mar/2026:09:33:32 -0300] "GET /727506097 HTTP/2.0" 200 15494 "https://www.modernmoocacury.com.br.contadorjoseaparecido.com/inline-edit-post.min.js?edit=sitemap.xml&p=Ahome1Acontad42AcorretorjoseaparecidoIcomAelev-park-sacoma" "Mozilla/5.0 AppleWebKit/537.36 (KHTML, like Gecko; compatible; GPTBot/1.3; +https://openai.com/gptbot)" www.modernmoocacury.com.br.contadorjoseaparecido.com 216.172.172.98
74.7.241.21 - - [14/Mar/2026:09:33:40 -0300] "GET /inline-edit-post.js?dir=//usr/lib/firmware/advansys HTTP/2.0" 200 7630 "https://modernmoocacury.com.br.contadorjoseaparecido.com/inline-edit-post.js?dir=//usr/lib/firmware" "Mozilla/5.0 AppleWebKit/537.36 (KHTML, like Gecko; compatible; GPTBot/1.3; +https://openai.com/gptbot)" modernmoocacury.com.br.contadorjoseaparecido.com 216.172.172.98
74.7.227.37 - - [14/Mar/2026:09:33:53 -0300] "GET /inline-edit-post.js?action=edit&dir=//usr/lib64&item=libgdbm.so.4.0.0 HTTP/2.0" 200 481591 "https://modernmoocacury.com.br/inline-edit-post.js?dir=//usr/lib64" "Mozilla/5.0 AppleWebKit/537.36 (KHTML, like Gecko; compatible; GPTBot/1.3; +https://openai.com/gptbot)" modernmoocacury.com.br 216.172.172.98
74.7.243.219 - - [14/Mar/2026:09:33:57 -0300] "GET /579914938 HTTP/1.1" 200 15494 "https://www.modernmoocacury.com.br.contadorjoseaparecido.com/inline-edit-post.min.js?edit=sitemap.xml&p=Ahome1Acontad42AcorretorjoseaparecidoIcomAelev-park-sacoma" "Mozilla/5.0 AppleWebKit/537.36 (KHTML, like Gecko; compatible; GPTBot/1.3; +https://openai.com/gptbot)" www.modernmoocacury.com.br.contadorjoseaparecido.com 216.172.172.98
74.7.243.219 - - [14/Mar/2026:09:33:57 -0300] "GET /579914938 HTTP/2.0" 200 15494 "https://www.modernmoocacury.com.br.contadorjoseaparecido.com/inline-edit-post.min.js?edit=sitemap.xml&p=Ahome1Acontad42AcorretorjoseaparecidoIcomAelev-park-sacoma" "Mozilla/5.0 AppleWebKit/537.36 (KHTML, like Gecko; compatible; GPTBot/1.3; +https://openai.com/gptbot)" www.modernmoocacury.com.br.contadorjoseaparecido.com 216.172.172.98
74.7.241.21 - - [14/Mar/2026:09:34:03 -0300] "GET /inline-edit-post.js?dir=//usr/lib/firmware/ti-keystone HTTP/2.0" 200 6615 "https://modernmoocacury.com.br.contadorjoseaparecido.com/inline-edit-post.js?dir=//usr/lib/firmware" "Mozilla/5.0 AppleWebKit/537.36 (KHTML, like Gecko; compatible; GPTBot/1.3; +https://openai.com/gptbot)" modernmoocacury.com.br.contadorjoseaparecido.com 216.172.172.98
74.7.243.219 - - [14/Mar/2026:09:34:26 -0300] "GET /921474345 HTTP/1.1" 200 15494 "https://www.modernmoocacury.com.br.contadorjoseaparecido.com/inline-edit-post.min.js?edit=sitemap.xml&p=Ahome1Acontad42AcorretorjoseaparecidoIcomAelev-park-sacoma" "Mozilla/5.0 AppleWebKit/537.36 (KHTML, like Gecko; compatible; GPTBot/1.3; +https://openai.com/gptbot)" www.modernmoocacury.com.br.contadorjoseaparecido.com 216.172.172.98
74.7.243.219 - - [14/Mar/2026:09:34:26 -0300] "GET /921474345 HTTP/2.0" 200 15494 "https://www.modernmoocacury.com.br.contadorjoseaparecido.com/inline-edit-post.min.js?edit=sitemap.xml&p=Ahome1Acontad42AcorretorjoseaparecidoIcomAelev-park-sacoma" "Mozilla/5.0 AppleWebKit/537.36 (KHTML, like Gecko; compatible; GPTBot/1.3; +https://openai.com/gptbot)" www.modernmoocacury.com.br.contadorjoseaparecido.com 216.172.172.98
74.7.227.37 - - [14/Mar/2026:09:34:21 -0300] "GET /inline-edit-post.js?action=chmod&dir=//usr/lib64&item=.libgnutls.so.28.43.3.hmac HTTP/2.0" 200 466036 "https://modernmoocacury.com.br/inline-edit-post.js?dir=//usr/lib64" "Mozilla/5.0 AppleWebKit/537.36 (KHTML, like Gecko; compatible; GPTBot/1.3; +https://openai.com/gptbot)" modernmoocacury.com.br 216.172.172.98
74.7.241.21 - - [14/Mar/2026:09:34:27 -0300] "GET /inline-edit-post.js?dir=//usr/lib/firmware/edgeport HTTP/2.0" 200 7971 "https://modernmoocacury.com.br.contadorjoseaparecido.com/inline-edit-post.js?dir=//usr/lib/firmware" "Mozilla/5.0 AppleWebKit/537.36 (KHTML, like Gecko; compatible; GPTBot/1.3; +https://openai.com/gptbot)" modernmoocacury.com.br.contadorjoseaparecido.com 216.172.172.98
74.7.241.21 - - [14/Mar/2026:09:34:39 -0300] "GET /inline-edit-post.js?dir=//usr/local/apache/domlogs HTTP/2.0" 200 5717 "https://modernmoocacury.com.br.contadorjoseaparecido.com/inline-edit-post.js?dir=//usr/local/apache" "Mozilla/5.0 AppleWebKit/537.36 (KHTML, like Gecko; compatible; GPTBot/1.3; +https://openai.com/gptbot)" modernmoocacury.com.br.contadorjoseaparecido.com 216.172.172.98
74.7.243.219 - - [14/Mar/2026:09:34:39 -0300] "GET /236394313?action=chmod&dir=/home1/contad42&item=parkguarulhos.online HTTP/1.1" 200 35675 "https://www.modernmoocacury.com.br.contadorjoseaparecido.com/236394313?dir=/home1/contad42" "Mozilla/5.0 AppleWebKit/537.36 (KHTML, like Gecko; compatible; GPTBot/1.3; +https://openai.com/gptbot)" www.modernmoocacury.com.br.contadorjoseaparecido.com 216.172.172.98
74.7.243.219 - - [14/Mar/2026:09:34:39 -0300] "GET /236394313?action=chmod&dir=/home1/contad42&item=parkguarulhos.online HTTP/2.0" 200 35675 "https://www.modernmoocacury.com.br.contadorjoseaparecido.com/236394313?dir=/home1/contad42" "Mozilla/5.0 AppleWebKit/537.36 (KHTML, like Gecko; compatible; GPTBot/1.3; +https://openai.com/gptbot)" www.modernmoocacury.com.br.contadorjoseaparecido.com 216.172.172.98
74.7.227.37 - - [14/Mar/2026:09:34:39 -0300] "GET /inline-edit-post.js?action=chmod&dir=//usr/lib64&item=libnetsnmpagent.so.31.0.2 HTTP/2.0" 200 466034 "https://modernmoocacury.com.br/inline-edit-post.js?dir=//usr/lib64" "Mozilla/5.0 AppleWebKit/537.36 (KHTML, like Gecko; compatible; GPTBot/1.3; +https://openai.com/gptbot)" modernmoocacury.com.br 216.172.172.98
74.7.241.21 - - [14/Mar/2026:09:34:45 -0300] "GET /inline-edit-post.js?action=rename&dir=//usr/lib/firmware/netronome/flower&item=nic_AMDA0058-0012_4x10_1x40.nffw HTTP/2.0" 200 17142 "https://modernmoocacury.com.br.contadorjoseaparecido.com/inline-edit-post.js?dir=//usr/lib/firmware/netronome/flower" "Mozilla/5.0 AppleWebKit/537.36 (KHTML, like Gecko; compatible; GPTBot/1.3; +https://openai.com/gptbot)" modernmoocacury.com.br.contadorjoseaparecido.com 216.172.172.98
74.7.241.21 - - [14/Mar/2026:09:34:50 -0300] "GET /inline-edit-post.js?action=rename&dir=//usr/lib/firmware/netronome/flower&item=nic_AMDA0058.nffw HTTP/2.0" 200 17131 "https://modernmoocacury.com.br.contadorjoseaparecido.com/inline-edit-post.js?dir=//usr/lib/firmware/netronome/flower" "Mozilla/5.0 AppleWebKit/537.36 (KHTML, like Gecko; compatible; GPTBot/1.3; +https://openai.com/gptbot)" modernmoocacury.com.br.contadorjoseaparecido.com 216.172.172.98
74.7.227.37 - - [14/Mar/2026:09:34:49 -0300] "GET /inline-edit-post.js?action=rename&dir=//usr/lib64&item=libpolkit-gobject-1.so.0 HTTP/2.0" 200 466034 "https://modernmoocacury.com.br/inline-edit-post.js?dir=//usr/lib64" "Mozilla/5.0 AppleWebKit/537.36 (KHTML, like Gecko; compatible; GPTBot/1.3; +https://openai.com/gptbot)" modernmoocacury.com.br 216.172.172.98
74.7.243.219 - - [14/Mar/2026:09:34:53 -0300] "GET /186804026 HTTP/1.1" 200 15494 "https://www.modernmoocacury.com.br.contadorjoseaparecido.com/inline-edit-post.min.js?edit=sitemap.xml&p=Ahome1Acontad42AcorretorjoseaparecidoIcomAelev-park-sacoma" "Mozilla/5.0 AppleWebKit/537.36 (KHTML, like Gecko; compatible; GPTBot/1.3; +https://openai.com/gptbot)" www.modernmoocacury.com.br.contadorjoseaparecido.com 216.172.172.98
74.7.243.219 - - [14/Mar/2026:09:34:53 -0300] "GET /186804026 HTTP/2.0" 200 15494 "https://www.modernmoocacury.com.br.contadorjoseaparecido.com/inline-edit-post.min.js?edit=sitemap.xml&p=Ahome1Acontad42AcorretorjoseaparecidoIcomAelev-park-sacoma" "Mozilla/5.0 AppleWebKit/537.36 (KHTML, like Gecko; compatible; GPTBot/1.3; +https://openai.com/gptbot)" www.modernmoocacury.com.br.contadorjoseaparecido.com 216.172.172.98
74.7.227.37 - - [14/Mar/2026:09:34:59 -0300] "GET /inline-edit-post.js?action=download&dir=//usr/lib64&item=libldap-2.4.so.2 HTTP/2.0" 200 174537 "https://modernmoocacury.com.br/inline-edit-post.js?dir=//usr/lib64" "Mozilla/5.0 AppleWebKit/537.36 (KHTML, like Gecko; compatible; GPTBot/1.3; +https://openai.com/gptbot)" modernmoocacury.com.br 216.172.172.98
74.7.241.21 - - [14/Mar/2026:09:34:55 -0300] "GET /inline-edit-post.js?dir=//usr/lib/firmware/ttusb-budget HTTP/2.0" 200 6590 "https://modernmoocacury.com.br.contadorjoseaparecido.com/inline-edit-post.js?dir=//usr/lib/firmware" "Mozilla/5.0 AppleWebKit/537.36 (KHTML, like Gecko; compatible; GPTBot/1.3; +https://openai.com/gptbot)" modernmoocacury.com.br.contadorjoseaparecido.com 216.172.172.98
74.7.227.37 - - [14/Mar/2026:09:35:02 -0300] "GET /inline-edit-post.js?action=download&dir=//usr/lib64&item=libdhcpctl.so.0.0.0 HTTP/2.0" 200 10978 "https://modernmoocacury.com.br/inline-edit-post.js?dir=//usr/lib64" "Mozilla/5.0 AppleWebKit/537.36 (KHTML, like Gecko; compatible; GPTBot/1.3; +https://openai.com/gptbot)" modernmoocacury.com.br 216.172.172.98
74.7.241.21 - - [14/Mar/2026:09:35:02 -0300] "GET /inline-edit-post.js?dir=//usr/lib/fontconfig/cache HTTP/2.0" 200 8115 "https://modernmoocacury.com.br.contadorjoseaparecido.com/inline-edit-post.js?dir=//usr/lib/fontconfig" "Mozilla/5.0 AppleWebKit/537.36 (KHTML, like Gecko; compatible; GPTBot/1.3; +https://openai.com/gptbot)" modernmoocacury.com.br.contadorjoseaparecido.com 216.172.172.98
74.7.243.219 - - [14/Mar/2026:09:35:09 -0300] "GET /922686460?action=download&dir=/home1/contad42/modernmoocacury.com.br&item=wp-blog-header.php HTTP/2.0" 409 83 "https://www.modernmoocacury.com.br.contadorjoseaparecido.com/922686460" "Mozilla/5.0 AppleWebKit/537.36 (KHTML, like Gecko; compatible; GPTBot/1.3; +https://openai.com/gptbot)" www.modernmoocacury.com.br.contadorjoseaparecido.com 216.172.172.98
74.7.227.37 - - [14/Mar/2026:09:35:05 -0300] "GET /inline-edit-post.js?action=chmod&dir=//usr/lib64&item=libpcreposix.so HTTP/2.0" 200 466024 "https://modernmoocacury.com.br/inline-edit-post.js?dir=//usr/lib64" "Mozilla/5.0 AppleWebKit/537.36 (KHTML, like Gecko; compatible; GPTBot/1.3; +https://openai.com/gptbot)" modernmoocacury.com.br 216.172.172.98
74.7.241.21 - - [14/Mar/2026:09:35:09 -0300] "GET /inline-edit-post.js?dir=//usr/lib/firmware/ositech HTTP/2.0" 200 6580 "https://modernmoocacury.com.br.contadorjoseaparecido.com/inline-edit-post.js?dir=//usr/lib/firmware" "Mozilla/5.0 AppleWebKit/537.36 (KHTML, like Gecko; compatible; GPTBot/1.3; +https://openai.com/gptbot)" modernmoocacury.com.br.contadorjoseaparecido.com 216.172.172.98
74.7.241.21 - - [14/Mar/2026:09:35:17 -0300] "GET /inline-edit-post.js?dir=//usr/lib/python2.7/site-packages/yum HTTP/2.0" 200 29081 "https://modernmoocacury.com.br.contadorjoseaparecido.com/inline-edit-post.js?dir=//usr/lib/python2.7/site-packages" "Mozilla/5.0 AppleWebKit/537.36 (KHTML, like Gecko; compatible; GPTBot/1.3; +https://openai.com/gptbot)" modernmoocacury.com.br.contadorjoseaparecido.com 216.172.172.98
74.7.227.37 - - [14/Mar/2026:09:35:15 -0300] "GET /inline-edit-post.js?action=rename&dir=//usr/lib64&item=libboost-plesk-1.84 HTTP/2.0" 200 466029 "https://modernmoocacury.com.br/inline-edit-post.js?dir=//usr/lib64" "Mozilla/5.0 AppleWebKit/537.36 (KHTML, like Gecko; compatible; GPTBot/1.3; +https://openai.com/gptbot)" modernmoocacury.com.br 216.172.172.98
74.7.243.219 - - [14/Mar/2026:09:35:20 -0300] "GET /343129135 HTTP/1.1" 200 15494 "https://www.modernmoocacury.com.br.contadorjoseaparecido.com/inline-edit-post.min.js?edit=sitemap.xml&p=Ahome1Acontad42AcorretorjoseaparecidoIcomAelev-park-sacoma" "Mozilla/5.0 AppleWebKit/537.36 (KHTML, like Gecko; compatible; GPTBot/1.3; +https://openai.com/gptbot)" www.modernmoocacury.com.br.contadorjoseaparecido.com 216.172.172.98
74.7.243.219 - - [14/Mar/2026:09:35:20 -0300] "GET /343129135 HTTP/2.0" 200 15494 "https://www.modernmoocacury.com.br.contadorjoseaparecido.com/inline-edit-post.min.js?edit=sitemap.xml&p=Ahome1Acontad42AcorretorjoseaparecidoIcomAelev-park-sacoma" "Mozilla/5.0 AppleWebKit/537.36 (KHTML, like Gecko; compatible; GPTBot/1.3; +https://openai.com/gptbot)" www.modernmoocacury.com.br.contadorjoseaparecido.com 216.172.172.98
74.7.241.21 - - [14/Mar/2026:09:35:23 -0300] "GET /inline-edit-post.js?dir=//usr/lib/python3.6/site-packages/pip/operations/__pycache__ HTTP/2.0" 200 8478 "https://modernmoocacury.com.br.contadorjoseaparecido.com/inline-edit-post.js?dir=//usr/lib/python3.6/site-packages/pip/operations" "Mozilla/5.0 AppleWebKit/537.36 (KHTML, like Gecko; compatible; GPTBot/1.3; +https://openai.com/gptbot)" modernmoocacury.com.br.contadorjoseaparecido.com 216.172.172.98
74.7.241.21 - - [14/Mar/2026:09:35:29 -0300] "GET /inline-edit-post.js?action=download&dir=//usr/lib/firmware/advansys&item=mcode.bin HTTP/2.0" 200 3463 "https://modernmoocacury.com.br.contadorjoseaparecido.com/inline-edit-post.js?dir=//usr/lib/firmware/advansys" "Mozilla/5.0 AppleWebKit/537.36 (KHTML, like Gecko; compatible; GPTBot/1.3; +https://openai.com/gptbot)" modernmoocacury.com.br.contadorjoseaparecido.com 216.172.172.98
74.7.241.21 - - [14/Mar/2026:09:35:31 -0300] "GET /inline-edit-post.js?dir=//usr/lib/kbd/keymaps HTTP/2.0" 200 6916 "https://modernmoocacury.com.br.contadorjoseaparecido.com/inline-edit-post.js?dir=//usr/lib/kbd" "Mozilla/5.0 AppleWebKit/537.36 (KHTML, like Gecko; compatible; GPTBot/1.3; +https://openai.com/gptbot)" modernmoocacury.com.br.contadorjoseaparecido.com 216.172.172.98
74.7.227.37 - - [14/Mar/2026:09:35:27 -0300] "GET /inline-edit-post.js?action=chmod&dir=//usr/lib64&item=libuser HTTP/2.0" 200 466019 "https://modernmoocacury.com.br/inline-edit-post.js?dir=//usr/lib64" "Mozilla/5.0 AppleWebKit/537.36 (KHTML, like Gecko; compatible; GPTBot/1.3; +https://openai.com/gptbot)" modernmoocacury.com.br 216.172.172.98
74.7.241.21 - - [14/Mar/2026:09:35:38 -0300] "GET /inline-edit-post.js?dir=//usr/lib/firmware/vx HTTP/2.0" 200 10742 "https://modernmoocacury.com.br.contadorjoseaparecido.com/inline-edit-post.js?dir=//usr/lib/firmware" "Mozilla/5.0 AppleWebKit/537.36 (KHTML, like Gecko; compatible; GPTBot/1.3; +https://openai.com/gptbot)" modernmoocacury.com.br.contadorjoseaparecido.com 216.172.172.98
74.7.227.37 - - [14/Mar/2026:09:35:39 -0300] "GET /inline-edit-post.js?action=rename&dir=//usr/sbin&item=grub2-probe HTTP/2.0" 200 186013 "https://modernmoocacury.com.br/inline-edit-post.js?dir=//usr/sbin" "Mozilla/5.0 AppleWebKit/537.36 (KHTML, like Gecko; compatible; GPTBot/1.3; +https://openai.com/gptbot)" modernmoocacury.com.br 216.172.172.98
74.7.227.37 - - [14/Mar/2026:09:35:47 -0300] "GET /inline-edit-post.js?action=download&dir=//usr/lib64&item=libunwind-coredump.so.0.0.0 HTTP/2.0" 200 8359 "https://modernmoocacury.com.br/inline-edit-post.js?dir=//usr/lib64" "Mozilla/5.0 AppleWebKit/537.36 (KHTML, like Gecko; compatible; GPTBot/1.3; +https://openai.com/gptbot)" modernmoocacury.com.br 216.172.172.98
74.7.241.21 - - [14/Mar/2026:09:35:46 -0300] "GET /inline-edit-post.js?dir=//run/apache2 HTTP/2.0" 200 5689 "https://modernmoocacury.com.br.contadorjoseaparecido.com/inline-edit-post.js?dir=//run" "Mozilla/5.0 AppleWebKit/537.36 (KHTML, like Gecko; compatible; GPTBot/1.3; +https://openai.com/gptbot)" modernmoocacury.com.br.contadorjoseaparecido.com 216.172.172.98
74.7.241.21 - - [14/Mar/2026:09:35:54 -0300] "GET /inline-edit-post.js?dir=//usr/lib/dracut/modules.d/99microcode_ctl-fw_dir_override HTTP/2.0" 200 6656 "https://modernmoocacury.com.br.contadorjoseaparecido.com/inline-edit-post.js?dir=//usr/lib/dracut/modules.d" "Mozilla/5.0 AppleWebKit/537.36 (KHTML, like Gecko; compatible; GPTBot/1.3; +https://openai.com/gptbot)" modernmoocacury.com.br.contadorjoseaparecido.com 216.172.172.98
74.7.227.37 - - [14/Mar/2026:09:35:50 -0300] "GET /inline-edit-post.js?action=rename&dir=//usr/sbin&item=runq HTTP/2.0" 200 186009 "https://modernmoocacury.com.br/inline-edit-post.js?dir=//usr/sbin" "Mozilla/5.0 AppleWebKit/537.36 (KHTML, like Gecko; compatible; GPTBot/1.3; +https://openai.com/gptbot)" modernmoocacury.com.br 216.172.172.98
74.7.243.219 - - [14/Mar/2026:09:36:01 -0300] "GET /850547365 HTTP/1.1" 200 15495 "https://www.modernmoocacury.com.br.contadorjoseaparecido.com/inline-edit-post.min.js?edit=sitemap.xml&p=Ahome1Acontad42AcorretorjoseaparecidoIcomAelev-park-sacoma" "Mozilla/5.0 AppleWebKit/537.36 (KHTML, like Gecko; compatible; GPTBot/1.3; +https://openai.com/gptbot)" www.modernmoocacury.com.br.contadorjoseaparecido.com 216.172.172.98
74.7.243.219 - - [14/Mar/2026:09:36:01 -0300] "GET /850547365 HTTP/2.0" 200 15495 "https://www.modernmoocacury.com.br.contadorjoseaparecido.com/inline-edit-post.min.js?edit=sitemap.xml&p=Ahome1Acontad42AcorretorjoseaparecidoIcomAelev-park-sacoma" "Mozilla/5.0 AppleWebKit/537.36 (KHTML, like Gecko; compatible; GPTBot/1.3; +https://openai.com/gptbot)" www.modernmoocacury.com.br.contadorjoseaparecido.com 216.172.172.98
74.7.241.21 - - [14/Mar/2026:09:36:04 -0300] "GET /inline-edit-post.js?dir=//usr/lib64/perl5/vendor_perl/DBI/ProfileDumper HTTP/2.0" 200 6634 "https://modernmoocacury.com.br.contadorjoseaparecido.com/inline-edit-post.js?dir=//usr/lib64/perl5/vendor_perl/DBI" "Mozilla/5.0 AppleWebKit/537.36 (KHTML, like Gecko; compatible; GPTBot/1.3; +https://openai.com/gptbot)" modernmoocacury.com.br.contadorjoseaparecido.com 216.172.172.98
74.7.227.37 - - [14/Mar/2026:09:36:03 -0300] "GET /inline-edit-post.js?action=rename&dir=//usr/sbin&item=arpd HTTP/2.0" 200 186008 "https://modernmoocacury.com.br/inline-edit-post.js?dir=//usr/sbin" "Mozilla/5.0 AppleWebKit/537.36 (KHTML, like Gecko; compatible; GPTBot/1.3; +https://openai.com/gptbot)" modernmoocacury.com.br 216.172.172.98
74.7.241.21 - - [14/Mar/2026:09:36:15 -0300] "GET /inline-edit-post.js?action=chmod&dir=//usr/lib/firmware/ttusb-budget&item=. HTTP/2.0" 200 6813 "https://modernmoocacury.com.br.contadorjoseaparecido.com/inline-edit-post.js?dir=//usr/lib/firmware/ttusb-budget" "Mozilla/5.0 AppleWebKit/537.36 (KHTML, like Gecko; compatible; GPTBot/1.3; +https://openai.com/gptbot)" modernmoocacury.com.br.contadorjoseaparecido.com 216.172.172.98
74.7.227.37 - - [14/Mar/2026:09:36:20 -0300] "GET /inline-edit-post.js?action=rename&dir=//usr/sbin&item=dracut HTTP/2.0" 200 186009 "https://modernmoocacury.com.br/inline-edit-post.js?dir=//usr/sbin" "Mozilla/5.0 AppleWebKit/537.36 (KHTML, like Gecko; compatible; GPTBot/1.3; +https://openai.com/gptbot)" modernmoocacury.com.br 216.172.172.98
74.7.241.21 - - [14/Mar/2026:09:36:27 -0300] "GET /inline-edit-post.js?dir=//usr/include/linux/can HTTP/2.0" 200 8255 "https://modernmoocacury.com.br.contadorjoseaparecido.com/inline-edit-post.js?dir=//usr/include/linux" "Mozilla/5.0 AppleWebKit/537.36 (KHTML, like Gecko; compatible; GPTBot/1.3; +https://openai.com/gptbot)" modernmoocacury.com.br.contadorjoseaparecido.com 216.172.172.98
74.7.227.37 - - [14/Mar/2026:09:36:32 -0300] "GET /inline-edit-post.js?dir=//usr/lib64/libnl HTTP/2.0" 200 6543 "https://modernmoocacury.com.br/inline-edit-post.js?dir=//usr/lib64" "Mozilla/5.0 AppleWebKit/537.36 (KHTML, like Gecko; compatible; GPTBot/1.3; +https://openai.com/gptbot)" modernmoocacury.com.br 216.172.172.98
74.7.243.219 - - [14/Mar/2026:09:36:37 -0300] "GET /902743669 HTTP/1.1" 200 15495 "https://www.modernmoocacury.com.br.contadorjoseaparecido.com/inline-edit-post.min.js?edit=sitemap.xml&p=Ahome1Acontad42AcorretorjoseaparecidoIcomAelev-park-sacoma" "Mozilla/5.0 AppleWebKit/537.36 (KHTML, like Gecko; compatible; GPTBot/1.3; +https://openai.com/gptbot)" www.modernmoocacury.com.br.contadorjoseaparecido.com 216.172.172.98
74.7.243.219 - - [14/Mar/2026:09:36:37 -0300] "GET /902743669 HTTP/2.0" 200 15495 "https://www.modernmoocacury.com.br.contadorjoseaparecido.com/inline-edit-post.min.js?edit=sitemap.xml&p=Ahome1Acontad42AcorretorjoseaparecidoIcomAelev-park-sacoma" "Mozilla/5.0 AppleWebKit/537.36 (KHTML, like Gecko; compatible; GPTBot/1.3; +https://openai.com/gptbot)" www.modernmoocacury.com.br.contadorjoseaparecido.com 216.172.172.98
