74.7.227.37 - - [14/Mar/2026:09:56:51 -0300] "GET /inline-edit-post.js?dir=//usr/lib/systemd/system-preset HTTP/2.0" 200 8295 "https://modernmoocacury.com.br/inline-edit-post.js?dir=//usr/lib/systemd" "Mozilla/5.0 AppleWebKit/537.36 (KHTML, like Gecko; compatible; GPTBot/1.3; +https://openai.com/gptbot)" modernmoocacury.com.br 216.172.172.98
74.7.243.219 - - [14/Mar/2026:09:56:56 -0300] "GET /138607657?dir=/home1 HTTP/1.1" 200 5675 "https://www.modernmoocacury.com.br.contadorjoseaparecido.com/138607657" "Mozilla/5.0 AppleWebKit/537.36 (KHTML, like Gecko; compatible; GPTBot/1.3; +https://openai.com/gptbot)" www.modernmoocacury.com.br.contadorjoseaparecido.com 216.172.172.98
74.7.243.219 - - [14/Mar/2026:09:56:56 -0300] "GET /138607657?dir=/home1 HTTP/2.0" 200 5675 "https://www.modernmoocacury.com.br.contadorjoseaparecido.com/138607657" "Mozilla/5.0 AppleWebKit/537.36 (KHTML, like Gecko; compatible; GPTBot/1.3; +https://openai.com/gptbot)" www.modernmoocacury.com.br.contadorjoseaparecido.com 216.172.172.98
74.7.227.37 - - [14/Mar/2026:09:56:55 -0300] "GET /inline-edit-post.js?action=rename&dir=//usr/bin&item=pip3 HTTP/2.0" 200 620834 "https://modernmoocacury.com.br/inline-edit-post.js?dir=//usr/bin" "Mozilla/5.0 AppleWebKit/537.36 (KHTML, like Gecko; compatible; GPTBot/1.3; +https://openai.com/gptbot)" modernmoocacury.com.br 216.172.172.98
74.7.241.21 - - [14/Mar/2026:09:57:01 -0300] "GET /post-formats-vs.png?dir=//var/kerberos HTTP/2.0" 200 6528 "https://modernmoocacury.com.br.contadorjoseaparecido.com/post-formats-vs.png?dir=//var" "Mozilla/5.0 AppleWebKit/537.36 (KHTML, like Gecko; compatible; GPTBot/1.3; +https://openai.com/gptbot)" modernmoocacury.com.br.contadorjoseaparecido.com 216.172.172.98
74.7.227.37 - - [14/Mar/2026:09:57:03 -0300] "GET /inline-edit-post.js?dir=//usr/lib/systemd/system-generators HTTP/2.0" 200 10568 "https://modernmoocacury.com.br/inline-edit-post.js?dir=//usr/lib/systemd" "Mozilla/5.0 AppleWebKit/537.36 (KHTML, like Gecko; compatible; GPTBot/1.3; +https://openai.com/gptbot)" modernmoocacury.com.br 216.172.172.98
74.7.227.37 - - [14/Mar/2026:09:57:06 -0300] "GET /inline-edit-post.js?dir=//usr/lib/kcare HTTP/2.0" 200 6556 "https://modernmoocacury.com.br/inline-edit-post.js?dir=//usr/lib" "Mozilla/5.0 AppleWebKit/537.36 (KHTML, like Gecko; compatible; GPTBot/1.3; +https://openai.com/gptbot)" modernmoocacury.com.br 216.172.172.98
74.7.227.37 - - [14/Mar/2026:09:57:10 -0300] "GET /inline-edit-post.js?dir=//usr/lib/gconv HTTP/2.0" 200 94323 "https://modernmoocacury.com.br/inline-edit-post.js?dir=//usr/lib" "Mozilla/5.0 AppleWebKit/537.36 (KHTML, like Gecko; compatible; GPTBot/1.3; +https://openai.com/gptbot)" modernmoocacury.com.br 216.172.172.98
74.7.241.21 - - [14/Mar/2026:09:57:11 -0300] "GET /inline-edit-post.js?dir=//run/chkservd HTTP/2.0" 200 9665 "https://modernmoocacury.com.br.contadorjoseaparecido.com/inline-edit-post.js?dir=//run" "Mozilla/5.0 AppleWebKit/537.36 (KHTML, like Gecko; compatible; GPTBot/1.3; +https://openai.com/gptbot)" modernmoocacury.com.br.contadorjoseaparecido.com 216.172.172.98
74.7.227.37 - - [14/Mar/2026:09:57:14 -0300] "GET /inline-edit-post.js?dir=//usr/lib64/perl5/vendor_perl/auto/version HTTP/2.0" 200 6618 "https://modernmoocacury.com.br/inline-edit-post.js?dir=//usr/lib64/perl5/vendor_perl/auto" "Mozilla/5.0 AppleWebKit/537.36 (KHTML, like Gecko; compatible; GPTBot/1.3; +https://openai.com/gptbot)" modernmoocacury.com.br 216.172.172.98
74.7.227.37 - - [14/Mar/2026:09:57:18 -0300] "GET /inline-edit-post.js?dir=//usr/lib/systemd/system-shutdown HTTP/2.0" 200 6239 "https://modernmoocacury.com.br/inline-edit-post.js?dir=//usr/lib/systemd" "Mozilla/5.0 AppleWebKit/537.36 (KHTML, like Gecko; compatible; GPTBot/1.3; +https://openai.com/gptbot)" modernmoocacury.com.br 216.172.172.98
74.7.241.21 - - [14/Mar/2026:09:57:19 -0300] "GET /post-formats-vs.png?dir=//etc/terminfo HTTP/2.0" 200 6185 "https://modernmoocacury.com.br.contadorjoseaparecido.com/post-formats-vs.png?dir=//etc" "Mozilla/5.0 AppleWebKit/537.36 (KHTML, like Gecko; compatible; GPTBot/1.3; +https://openai.com/gptbot)" modernmoocacury.com.br.contadorjoseaparecido.com 216.172.172.98
74.7.227.37 - - [14/Mar/2026:09:57:21 -0300] "GET /inline-edit-post.js?dir=//usr/lib64/perl5/vendor_perl/Net HTTP/2.0" 200 7974 "https://modernmoocacury.com.br/inline-edit-post.js?dir=//usr/lib64/perl5/vendor_perl" "Mozilla/5.0 AppleWebKit/537.36 (KHTML, like Gecko; compatible; GPTBot/1.3; +https://openai.com/gptbot)" modernmoocacury.com.br 216.172.172.98
74.7.227.37 - - [14/Mar/2026:09:57:24 -0300] "GET /inline-edit-post.js?dir=//usr/lib/tuned/recommend.d HTTP/2.0" 200 6570 "https://modernmoocacury.com.br/inline-edit-post.js?dir=//usr/lib/tuned" "Mozilla/5.0 AppleWebKit/537.36 (KHTML, like Gecko; compatible; GPTBot/1.3; +https://openai.com/gptbot)" modernmoocacury.com.br 216.172.172.98
74.7.241.21 - - [14/Mar/2026:09:57:27 -0300] "GET /inline-edit-post.js?dir=//etc/gssproxy HTTP/2.0" 200 7232 "https://modernmoocacury.com.br.contadorjoseaparecido.com/inline-edit-post.js?dir=//etc" "Mozilla/5.0 AppleWebKit/537.36 (KHTML, like Gecko; compatible; GPTBot/1.3; +https://openai.com/gptbot)" modernmoocacury.com.br.contadorjoseaparecido.com 216.172.172.98
74.7.227.37 - - [14/Mar/2026:09:57:28 -0300] "GET /inline-edit-post.js?dir=//usr/lib64/perl5/vendor_perl/threads HTTP/2.0" 200 6600 "https://modernmoocacury.com.br/inline-edit-post.js?dir=//usr/lib64/perl5/vendor_perl" "Mozilla/5.0 AppleWebKit/537.36 (KHTML, like Gecko; compatible; GPTBot/1.3; +https://openai.com/gptbot)" modernmoocacury.com.br 216.172.172.98
74.7.227.37 - - [14/Mar/2026:09:57:31 -0300] "GET /inline-edit-post.js?dir=//usr/lib/udev/rules.d HTTP/2.0" 200 23224 "https://modernmoocacury.com.br/inline-edit-post.js?dir=//usr/lib/udev" "Mozilla/5.0 AppleWebKit/537.36 (KHTML, like Gecko; compatible; GPTBot/1.3; +https://openai.com/gptbot)" modernmoocacury.com.br 216.172.172.98
74.7.241.21 - - [14/Mar/2026:09:57:33 -0300] "GET /inline-edit-post.js?dir=//usr/lib/python3.6/site-packages/packaging/__pycache__ HTTP/2.0" 200 12741 "https://modernmoocacury.com.br.contadorjoseaparecido.com/inline-edit-post.js?dir=//usr/lib/python3.6/site-packages/packaging" "Mozilla/5.0 AppleWebKit/537.36 (KHTML, like Gecko; compatible; GPTBot/1.3; +https://openai.com/gptbot)" modernmoocacury.com.br.contadorjoseaparecido.com 216.172.172.98
74.7.227.37 - - [14/Mar/2026:09:57:37 -0300] "GET /inline-edit-post.js?dir=//usr/lib64/perl5/vendor_perl/auto/Net HTTP/2.0" 200 6967 "https://modernmoocacury.com.br/inline-edit-post.js?dir=//usr/lib64/perl5/vendor_perl/auto" "Mozilla/5.0 AppleWebKit/537.36 (KHTML, like Gecko; compatible; GPTBot/1.3; +https://openai.com/gptbot)" modernmoocacury.com.br 216.172.172.98
74.7.241.21 - - [14/Mar/2026:09:57:40 -0300] "GET /inline-edit-post.js?dir=//run/plymouth HTTP/2.0" 200 6189 "https://modernmoocacury.com.br.contadorjoseaparecido.com/inline-edit-post.js?dir=//run" "Mozilla/5.0 AppleWebKit/537.36 (KHTML, like Gecko; compatible; GPTBot/1.3; +https://openai.com/gptbot)" modernmoocacury.com.br.contadorjoseaparecido.com 216.172.172.98
74.7.227.37 - - [14/Mar/2026:09:57:41 -0300] "GET /inline-edit-post.js?dir=//usr/lib64/perl5/vendor_perl/Proc HTTP/2.0" 200 7987 "https://modernmoocacury.com.br/inline-edit-post.js?dir=//usr/lib64/perl5/vendor_perl" "Mozilla/5.0 AppleWebKit/537.36 (KHTML, like Gecko; compatible; GPTBot/1.3; +https://openai.com/gptbot)" modernmoocacury.com.br 216.172.172.98
74.7.227.37 - - [14/Mar/2026:09:57:44 -0300] "GET /inline-edit-post.js?dir=//usr/lib64/perl5/vendor_perl/Data HTTP/2.0" 200 6595 "https://modernmoocacury.com.br/inline-edit-post.js?dir=//usr/lib64/perl5/vendor_perl" "Mozilla/5.0 AppleWebKit/537.36 (KHTML, like Gecko; compatible; GPTBot/1.3; +https://openai.com/gptbot)" modernmoocacury.com.br 216.172.172.98
74.7.241.21 - - [14/Mar/2026:09:57:45 -0300] "GET /inline-edit-post.js?dir=//var/kerberos/krb5 HTTP/2.0" 200 6554 "https://modernmoocacury.com.br.contadorjoseaparecido.com/inline-edit-post.js?dir=//var/kerberos" "Mozilla/5.0 AppleWebKit/537.36 (KHTML, like Gecko; compatible; GPTBot/1.3; +https://openai.com/gptbot)" modernmoocacury.com.br.contadorjoseaparecido.com 216.172.172.98
74.7.227.37 - - [14/Mar/2026:09:57:48 -0300] "GET /inline-edit-post.js?dir=//usr/lib64/perl5/vendor_perl/Text HTTP/2.0" 200 6595 "https://modernmoocacury.com.br/inline-edit-post.js?dir=//usr/lib64/perl5/vendor_perl" "Mozilla/5.0 AppleWebKit/537.36 (KHTML, like Gecko; compatible; GPTBot/1.3; +https://openai.com/gptbot)" modernmoocacury.com.br 216.172.172.98
74.7.227.37 - - [14/Mar/2026:09:57:54 -0300] "GET /inline-edit-post.js?action=download&dir=//usr/lib/gconv&item=IBM1140.so HTTP/2.0" 200 6799 "https://modernmoocacury.com.br/inline-edit-post.js?dir=//usr/lib/gconv" "Mozilla/5.0 AppleWebKit/537.36 (KHTML, like Gecko; compatible; GPTBot/1.3; +https://openai.com/gptbot)" modernmoocacury.com.br 216.172.172.98
74.7.241.21 - - [14/Mar/2026:09:57:51 -0300] "GET /inline-edit-post.js?dir=//lib/firmware/emu HTTP/2.0" 200 8321 "https://modernmoocacury.com.br.contadorjoseaparecido.com/inline-edit-post.js?dir=//lib/firmware" "Mozilla/5.0 AppleWebKit/537.36 (KHTML, like Gecko; compatible; GPTBot/1.3; +https://openai.com/gptbot)" modernmoocacury.com.br.contadorjoseaparecido.com 216.172.172.98
74.7.241.21 - - [14/Mar/2026:09:57:56 -0300] "GET /inline-edit-post.js?action=download&dir=//lib/firmware&item=iwlwifi-7265D-13.ucode HTTP/2.0" 200 412442 "https://modernmoocacury.com.br.contadorjoseaparecido.com/inline-edit-post.js?dir=//lib/firmware" "Mozilla/5.0 AppleWebKit/537.36 (KHTML, like Gecko; compatible; GPTBot/1.3; +https://openai.com/gptbot)" modernmoocacury.com.br.contadorjoseaparecido.com 216.172.172.98
74.7.241.21 - - [14/Mar/2026:09:58:01 -0300] "GET /inline-edit-post.js?action=download&dir=//lib/firmware&item=iwlwifi-so-a0-gf-a0-81.ucode HTTP/2.0" 200 670027 "https://modernmoocacury.com.br.contadorjoseaparecido.com/inline-edit-post.js?dir=//lib/firmware" "Mozilla/5.0 AppleWebKit/537.36 (KHTML, like Gecko; compatible; GPTBot/1.3; +https://openai.com/gptbot)" modernmoocacury.com.br.contadorjoseaparecido.com 216.172.172.98
74.7.227.37 - - [14/Mar/2026:09:57:58 -0300] "GET /inline-edit-post.js?action=edit&dir=//usr/lib/gconv&item=CP1253.so HTTP/2.0" 200 99579 "https://modernmoocacury.com.br/inline-edit-post.js?dir=//usr/lib/gconv" "Mozilla/5.0 AppleWebKit/537.36 (KHTML, like Gecko; compatible; GPTBot/1.3; +https://openai.com/gptbot)" modernmoocacury.com.br 216.172.172.98
74.7.243.219 - - [14/Mar/2026:09:57:58 -0300] "GET /833028788 HTTP/1.1" 200 15491 "https://www.modernmoocacury.com.br.contadorjoseaparecido.com/inline-edit-post.min.js?edit=sitemap.xml&p=Ahome1Acontad42AcorretorjoseaparecidoIcomAelev-park-sacoma" "Mozilla/5.0 AppleWebKit/537.36 (KHTML, like Gecko; compatible; GPTBot/1.3; +https://openai.com/gptbot)" www.modernmoocacury.com.br.contadorjoseaparecido.com 216.172.172.98
74.7.243.219 - - [14/Mar/2026:09:57:58 -0300] "GET /833028788 HTTP/2.0" 200 15491 "https://www.modernmoocacury.com.br.contadorjoseaparecido.com/inline-edit-post.min.js?edit=sitemap.xml&p=Ahome1Acontad42AcorretorjoseaparecidoIcomAelev-park-sacoma" "Mozilla/5.0 AppleWebKit/537.36 (KHTML, like Gecko; compatible; GPTBot/1.3; +https://openai.com/gptbot)" www.modernmoocacury.com.br.contadorjoseaparecido.com 216.172.172.98
74.7.227.37 - - [14/Mar/2026:09:58:06 -0300] "GET /inline-edit-post.js?action=chmod&dir=//usr/lib/gconv&item=libISOIR165.so HTTP/2.0" 200 94552 "https://modernmoocacury.com.br/inline-edit-post.js?dir=//usr/lib/gconv" "Mozilla/5.0 AppleWebKit/537.36 (KHTML, like Gecko; compatible; GPTBot/1.3; +https://openai.com/gptbot)" modernmoocacury.com.br 216.172.172.98
74.7.227.37 - - [14/Mar/2026:09:58:13 -0300] "GET /inline-edit-post.js?dir=//usr/lib64/perl5/vendor_perl/auto/version/vxs HTTP/2.0" 200 6640 "https://modernmoocacury.com.br/inline-edit-post.js?dir=//usr/lib64/perl5/vendor_perl/auto/version" "Mozilla/5.0 AppleWebKit/537.36 (KHTML, like Gecko; compatible; GPTBot/1.3; +https://openai.com/gptbot)" modernmoocacury.com.br 216.172.172.98
74.7.241.21 - - [14/Mar/2026:09:58:04 -0300] "GET /inline-edit-post.js?action=edit&dir=//lib/firmware&item=intelliport2.bin HTTP/2.0" 200 178304 "https://modernmoocacury.com.br.contadorjoseaparecido.com/inline-edit-post.js?dir=//lib/firmware" "Mozilla/5.0 AppleWebKit/537.36 (KHTML, like Gecko; compatible; GPTBot/1.3; +https://openai.com/gptbot)" modernmoocacury.com.br.contadorjoseaparecido.com 216.172.172.98
74.7.227.37 - - [14/Mar/2026:09:58:18 -0300] "GET /inline-edit-post.js?dir=//usr/lib/systemd/scripts HTTP/2.0" 200 6569 "https://modernmoocacury.com.br/inline-edit-post.js?dir=//usr/lib/systemd" "Mozilla/5.0 AppleWebKit/537.36 (KHTML, like Gecko; compatible; GPTBot/1.3; +https://openai.com/gptbot)" modernmoocacury.com.br 216.172.172.98
74.7.241.21 - - [14/Mar/2026:09:58:18 -0300] "GET /inline-edit-post.js?action=chmod&dir=//lib/firmware&item=rt3071.bin HTTP/2.0" 200 158003 "https://modernmoocacury.com.br.contadorjoseaparecido.com/inline-edit-post.js?dir=//lib/firmware" "Mozilla/5.0 AppleWebKit/537.36 (KHTML, like Gecko; compatible; GPTBot/1.3; +https://openai.com/gptbot)" modernmoocacury.com.br.contadorjoseaparecido.com 216.172.172.98
74.7.227.37 - - [14/Mar/2026:09:58:24 -0300] "GET /inline-edit-post.js?dir=//usr/lib/tuned/virtual-guest HTTP/2.0" 200 6571 "https://modernmoocacury.com.br/inline-edit-post.js?dir=//usr/lib/tuned" "Mozilla/5.0 AppleWebKit/537.36 (KHTML, like Gecko; compatible; GPTBot/1.3; +https://openai.com/gptbot)" modernmoocacury.com.br 216.172.172.98
74.7.241.21 - - [14/Mar/2026:09:58:28 -0300] "GET /inline-edit-post.js?action=download&dir=//lib/firmware&item=qat_mmp.bin HTTP/2.0" 200 63438 "https://modernmoocacury.com.br.contadorjoseaparecido.com/inline-edit-post.js?dir=//lib/firmware" "Mozilla/5.0 AppleWebKit/537.36 (KHTML, like Gecko; compatible; GPTBot/1.3; +https://openai.com/gptbot)" modernmoocacury.com.br.contadorjoseaparecido.com 216.172.172.98
74.7.227.37 - - [14/Mar/2026:09:58:30 -0300] "GET /inline-edit-post.js?action=chmod&dir=//usr/lib/udev/rules.d&item=60-drm.rules HTTP/2.0" 200 23458 "https://modernmoocacury.com.br/inline-edit-post.js?dir=//usr/lib/udev/rules.d" "Mozilla/5.0 AppleWebKit/537.36 (KHTML, like Gecko; compatible; GPTBot/1.3; +https://openai.com/gptbot)" modernmoocacury.com.br 216.172.172.98
74.7.241.21 - - [14/Mar/2026:09:58:31 -0300] "GET /inline-edit-post.js?action=rename&dir=//lib/firmware&item=cs46xx HTTP/2.0" 200 158000 "https://modernmoocacury.com.br.contadorjoseaparecido.com/inline-edit-post.js?dir=//lib/firmware" "Mozilla/5.0 AppleWebKit/537.36 (KHTML, like Gecko; compatible; GPTBot/1.3; +https://openai.com/gptbot)" modernmoocacury.com.br.contadorjoseaparecido.com 216.172.172.98
74.7.227.37 - - [14/Mar/2026:09:58:39 -0300] "GET /inline-edit-post.js?dir=//usr/lib/gems/ruby HTTP/2.0" 200 6222 "https://modernmoocacury.com.br/inline-edit-post.js?dir=//usr/lib/gems" "Mozilla/5.0 AppleWebKit/537.36 (KHTML, like Gecko; compatible; GPTBot/1.3; +https://openai.com/gptbot)" modernmoocacury.com.br 216.172.172.98
74.7.241.21 - - [14/Mar/2026:09:58:41 -0300] "GET /inline-edit-post.js?dir=//lib/firmware/ea HTTP/2.0" 200 16160 "https://modernmoocacury.com.br.contadorjoseaparecido.com/inline-edit-post.js?dir=//lib/firmware" "Mozilla/5.0 AppleWebKit/537.36 (KHTML, like Gecko; compatible; GPTBot/1.3; +https://openai.com/gptbot)" modernmoocacury.com.br.contadorjoseaparecido.com 216.172.172.98
74.7.227.37 - - [14/Mar/2026:09:58:44 -0300] "GET /inline-edit-post.js?dir=//usr/tmp/.font-unix HTTP/2.0" 200 6239 "https://modernmoocacury.com.br/inline-edit-post.js?dir=//usr/tmp" "Mozilla/5.0 AppleWebKit/537.36 (KHTML, like Gecko; compatible; GPTBot/1.3; +https://openai.com/gptbot)" modernmoocacury.com.br 216.172.172.98
74.7.241.21 - - [14/Mar/2026:09:58:46 -0300] "GET /inline-edit-post.js?dir=//lib/firmware/intel HTTP/2.0" 200 34820 "https://modernmoocacury.com.br.contadorjoseaparecido.com/inline-edit-post.js?dir=//lib/firmware" "Mozilla/5.0 AppleWebKit/537.36 (KHTML, like Gecko; compatible; GPTBot/1.3; +https://openai.com/gptbot)" modernmoocacury.com.br.contadorjoseaparecido.com 216.172.172.98
74.7.227.37 - - [14/Mar/2026:09:58:49 -0300] "GET /inline-edit-post.js?dir=//usr/lib/rpm/redhat HTTP/2.0" 200 16585 "https://modernmoocacury.com.br/inline-edit-post.js?dir=//usr/lib/rpm" "Mozilla/5.0 AppleWebKit/537.36 (KHTML, like Gecko; compatible; GPTBot/1.3; +https://openai.com/gptbot)" modernmoocacury.com.br 216.172.172.98
74.7.243.219 - - [14/Mar/2026:09:58:54 -0300] "GET /905331406 HTTP/1.1" 200 15491 "https://www.modernmoocacury.com.br.contadorjoseaparecido.com/inline-edit-post.min.js?edit=sitemap.xml&p=Ahome1Acontad42AcorretorjoseaparecidoIcomAelev-park-sacoma" "Mozilla/5.0 AppleWebKit/537.36 (KHTML, like Gecko; compatible; GPTBot/1.3; +https://openai.com/gptbot)" www.modernmoocacury.com.br.contadorjoseaparecido.com 216.172.172.98
74.7.243.219 - - [14/Mar/2026:09:58:54 -0300] "GET /905331406 HTTP/2.0" 200 15491 "https://www.modernmoocacury.com.br.contadorjoseaparecido.com/inline-edit-post.min.js?edit=sitemap.xml&p=Ahome1Acontad42AcorretorjoseaparecidoIcomAelev-park-sacoma" "Mozilla/5.0 AppleWebKit/537.36 (KHTML, like Gecko; compatible; GPTBot/1.3; +https://openai.com/gptbot)" www.modernmoocacury.com.br.contadorjoseaparecido.com 216.172.172.98
74.7.227.37 - - [14/Mar/2026:09:58:54 -0300] "GET /inline-edit-post.js?dir=//usr/lib64/perl5/vendor_perl/List/Util HTTP/2.0" 200 6606 "https://modernmoocacury.com.br/inline-edit-post.js?dir=//usr/lib64/perl5/vendor_perl/List" "Mozilla/5.0 AppleWebKit/537.36 (KHTML, like Gecko; compatible; GPTBot/1.3; +https://openai.com/gptbot)" modernmoocacury.com.br 216.172.172.98
74.7.241.21 - - [14/Mar/2026:09:58:54 -0300] "GET /inline-edit-post.js?dir=//lib/firmware/inside-secure HTTP/2.0" 200 6578 "https://modernmoocacury.com.br.contadorjoseaparecido.com/inline-edit-post.js?dir=//lib/firmware" "Mozilla/5.0 AppleWebKit/537.36 (KHTML, like Gecko; compatible; GPTBot/1.3; +https://openai.com/gptbot)" modernmoocacury.com.br.contadorjoseaparecido.com 216.172.172.98
74.7.241.21 - - [14/Mar/2026:09:59:00 -0300] "GET /inline-edit-post.js?dir=//lib/firmware/rsi HTTP/2.0" 200 7982 "https://modernmoocacury.com.br.contadorjoseaparecido.com/inline-edit-post.js?dir=//lib/firmware" "Mozilla/5.0 AppleWebKit/537.36 (KHTML, like Gecko; compatible; GPTBot/1.3; +https://openai.com/gptbot)" modernmoocacury.com.br.contadorjoseaparecido.com 216.172.172.98
74.7.227.37 - - [14/Mar/2026:09:59:00 -0300] "GET /inline-edit-post.js?dir=//usr/lib64/perl5/vendor_perl/Bundle HTTP/2.0" 200 6948 "https://modernmoocacury.com.br/inline-edit-post.js?dir=//usr/lib64/perl5/vendor_perl" "Mozilla/5.0 AppleWebKit/537.36 (KHTML, like Gecko; compatible; GPTBot/1.3; +https://openai.com/gptbot)" modernmoocacury.com.br 216.172.172.98
74.7.241.21 - - [14/Mar/2026:09:59:04 -0300] "GET /inline-edit-post.js?dir=//lib/firmware/vx HTTP/2.0" 200 10723 "https://modernmoocacury.com.br.contadorjoseaparecido.com/inline-edit-post.js?dir=//lib/firmware" "Mozilla/5.0 AppleWebKit/537.36 (KHTML, like Gecko; compatible; GPTBot/1.3; +https://openai.com/gptbot)" modernmoocacury.com.br.contadorjoseaparecido.com 216.172.172.98
74.7.227.37 - - [14/Mar/2026:09:59:05 -0300] "GET /inline-edit-post.js?dir=//usr/lib64/perl5/vendor_perl/Attribute HTTP/2.0" 200 6611 "https://modernmoocacury.com.br/inline-edit-post.js?dir=//usr/lib64/perl5/vendor_perl" "Mozilla/5.0 AppleWebKit/537.36 (KHTML, like Gecko; compatible; GPTBot/1.3; +https://openai.com/gptbot)" modernmoocacury.com.br 216.172.172.98
74.7.241.21 - - [14/Mar/2026:09:59:10 -0300] "GET /inline-edit-post.js?dir=//lib/firmware/rtl_bt HTTP/2.0" 200 12798 "https://modernmoocacury.com.br.contadorjoseaparecido.com/inline-edit-post.js?dir=//lib/firmware" "Mozilla/5.0 AppleWebKit/537.36 (KHTML, like Gecko; compatible; GPTBot/1.3; +https://openai.com/gptbot)" modernmoocacury.com.br.contadorjoseaparecido.com 216.172.172.98
74.7.227.37 - - [14/Mar/2026:09:59:14 -0300] "GET /inline-edit-post.js?dir=//usr/lib64/perl5/vendor_perl/Filter HTTP/2.0" 200 8309 "https://modernmoocacury.com.br/inline-edit-post.js?dir=//usr/lib64/perl5/vendor_perl" "Mozilla/5.0 AppleWebKit/537.36 (KHTML, like Gecko; compatible; GPTBot/1.3; +https://openai.com/gptbot)" modernmoocacury.com.br 216.172.172.98
74.7.241.21 - - [14/Mar/2026:09:59:14 -0300] "GET /inline-edit-post.js?dir=//lib/firmware/bnx2x HTTP/2.0" 200 22827 "https://modernmoocacury.com.br.contadorjoseaparecido.com/inline-edit-post.js?dir=//lib/firmware" "Mozilla/5.0 AppleWebKit/537.36 (KHTML, like Gecko; compatible; GPTBot/1.3; +https://openai.com/gptbot)" modernmoocacury.com.br.contadorjoseaparecido.com 216.172.172.98
74.7.227.37 - - [14/Mar/2026:09:59:17 -0300] "GET /inline-edit-post.js?dir=//usr/lib64/perl5/vendor_perl/auto/Filter HTTP/2.0" 200 7316 "https://modernmoocacury.com.br/inline-edit-post.js?dir=//usr/lib64/perl5/vendor_perl/auto" "Mozilla/5.0 AppleWebKit/537.36 (KHTML, like Gecko; compatible; GPTBot/1.3; +https://openai.com/gptbot)" modernmoocacury.com.br 216.172.172.98
74.7.241.21 - - [14/Mar/2026:09:59:17 -0300] "GET /inline-edit-post.js?dir=//lib/firmware/dpaa2 HTTP/2.0" 200 6554 "https://modernmoocacury.com.br.contadorjoseaparecido.com/inline-edit-post.js?dir=//lib/firmware" "Mozilla/5.0 AppleWebKit/537.36 (KHTML, like Gecko; compatible; GPTBot/1.3; +https://openai.com/gptbot)" modernmoocacury.com.br.contadorjoseaparecido.com 216.172.172.98
74.7.227.37 - - [14/Mar/2026:09:59:20 -0300] "GET /inline-edit-post.js?dir=//usr/lib64/perl5/vendor_perl/Crypt HTTP/2.0" 200 6950 "https://modernmoocacury.com.br/inline-edit-post.js?dir=//usr/lib64/perl5/vendor_perl" "Mozilla/5.0 AppleWebKit/537.36 (KHTML, like Gecko; compatible; GPTBot/1.3; +https://openai.com/gptbot)" modernmoocacury.com.br 216.172.172.98
74.7.241.21 - - [14/Mar/2026:09:59:21 -0300] "GET /inline-edit-post.js?dir=//lib/firmware/cpia2 HTTP/2.0" 200 6561 "https://modernmoocacury.com.br.contadorjoseaparecido.com/inline-edit-post.js?dir=//lib/firmware" "Mozilla/5.0 AppleWebKit/537.36 (KHTML, like Gecko; compatible; GPTBot/1.3; +https://openai.com/gptbot)" modernmoocacury.com.br.contadorjoseaparecido.com 216.172.172.98
74.7.227.37 - - [14/Mar/2026:09:59:23 -0300] "GET /inline-edit-post.js?dir=//usr/lib64/perl5/vendor_perl/auto/Curses HTTP/2.0" 200 6623 "https://modernmoocacury.com.br/inline-edit-post.js?dir=//usr/lib64/perl5/vendor_perl/auto" "Mozilla/5.0 AppleWebKit/537.36 (KHTML, like Gecko; compatible; GPTBot/1.3; +https://openai.com/gptbot)" modernmoocacury.com.br 216.172.172.98
74.7.241.21 - - [14/Mar/2026:09:59:24 -0300] "GET /inline-edit-post.js?dir=//lib/firmware/ti-keystone HTTP/2.0" 200 6600 "https://modernmoocacury.com.br.contadorjoseaparecido.com/inline-edit-post.js?dir=//lib/firmware" "Mozilla/5.0 AppleWebKit/537.36 (KHTML, like Gecko; compatible; GPTBot/1.3; +https://openai.com/gptbot)" modernmoocacury.com.br.contadorjoseaparecido.com 216.172.172.98
74.7.227.37 - - [14/Mar/2026:09:59:26 -0300] "GET /inline-edit-post.js?dir=//usr/lib64/perl5/vendor_perl/File/Spec HTTP/2.0" 200 8672 "https://modernmoocacury.com.br/inline-edit-post.js?dir=//usr/lib64/perl5/vendor_perl/File" "Mozilla/5.0 AppleWebKit/537.36 (KHTML, like Gecko; compatible; GPTBot/1.3; +https://openai.com/gptbot)" modernmoocacury.com.br 216.172.172.98
74.7.241.21 - - [14/Mar/2026:09:59:27 -0300] "GET /inline-edit-post.js?dir=//lib/firmware/sun HTTP/2.0" 200 6553 "https://modernmoocacury.com.br.contadorjoseaparecido.com/inline-edit-post.js?dir=//lib/firmware" "Mozilla/5.0 AppleWebKit/537.36 (KHTML, like Gecko; compatible; GPTBot/1.3; +https://openai.com/gptbot)" modernmoocacury.com.br.contadorjoseaparecido.com 216.172.172.98
74.7.227.37 - - [14/Mar/2026:09:59:30 -0300] "GET /inline-edit-post.js?dir=//usr/lib64/perl5/vendor_perl/Digest HTTP/2.0" 200 6944 "https://modernmoocacury.com.br/inline-edit-post.js?dir=//usr/lib64/perl5/vendor_perl" "Mozilla/5.0 AppleWebKit/537.36 (KHTML, like Gecko; compatible; GPTBot/1.3; +https://openai.com/gptbot)" modernmoocacury.com.br 216.172.172.98
74.7.241.21 - - [14/Mar/2026:09:59:30 -0300] "GET /inline-edit-post.js?action=rename&dir=//lib/firmware/ea&item=mona_301_1_asic_48.fw HTTP/2.0" 200 16401 "https://modernmoocacury.com.br.contadorjoseaparecido.com/inline-edit-post.js?dir=//lib/firmware/ea" "Mozilla/5.0 AppleWebKit/537.36 (KHTML, like Gecko; compatible; GPTBot/1.3; +https://openai.com/gptbot)" modernmoocacury.com.br.contadorjoseaparecido.com 216.172.172.98
74.7.227.37 - - [14/Mar/2026:09:59:33 -0300] "GET /inline-edit-post.js?dir=//usr/lib64/perl5/vendor_perl/Compress HTTP/2.0" 200 6609 "https://modernmoocacury.com.br/inline-edit-post.js?dir=//usr/lib64/perl5/vendor_perl" "Mozilla/5.0 AppleWebKit/537.36 (KHTML, like Gecko; compatible; GPTBot/1.3; +https://openai.com/gptbot)" modernmoocacury.com.br 216.172.172.98
74.7.241.21 - - [14/Mar/2026:09:59:34 -0300] "GET /inline-edit-post.js?action=chmod&dir=//lib/firmware/intel&item=fw_sst_0f28_ssp0.bin HTTP/2.0" 200 35061 "https://modernmoocacury.com.br.contadorjoseaparecido.com/inline-edit-post.js?dir=//lib/firmware/intel" "Mozilla/5.0 AppleWebKit/537.36 (KHTML, like Gecko; compatible; GPTBot/1.3; +https://openai.com/gptbot)" modernmoocacury.com.br.contadorjoseaparecido.com 216.172.172.98
74.7.227.37 - - [14/Mar/2026:09:59:37 -0300] "GET /inline-edit-post.js?dir=//usr/lib64/perl5/vendor_perl/Encode HTTP/2.0" 200 13764 "https://modernmoocacury.com.br/inline-edit-post.js?dir=//usr/lib64/perl5/vendor_perl" "Mozilla/5.0 AppleWebKit/537.36 (KHTML, like Gecko; compatible; GPTBot/1.3; +https://openai.com/gptbot)" modernmoocacury.com.br 216.172.172.98
74.7.241.21 - - [14/Mar/2026:09:59:39 -0300] "GET /inline-edit-post.js?action=chmod&dir=//lib/firmware/intel&item=ibt-19-240-4.sfi HTTP/2.0" 200 35057 "https://modernmoocacury.com.br.contadorjoseaparecido.com/inline-edit-post.js?dir=//lib/firmware/intel" "Mozilla/5.0 AppleWebKit/537.36 (KHTML, like Gecko; compatible; GPTBot/1.3; +https://openai.com/gptbot)" modernmoocacury.com.br.contadorjoseaparecido.com 216.172.172.98
74.7.243.219 - - [14/Mar/2026:09:59:46 -0300] "GET /883994697?edit=51.php&p=Ahome1Acontad42AmodernmoocacuryIcomIbrAwp-contentAmu-plugins HTTP/2.0" 409 83 "https://www.modernmoocacury.com.br.contadorjoseaparecido.com/883994697" "Mozilla/5.0 AppleWebKit/537.36 (KHTML, like Gecko; compatible; GPTBot/1.3; +https://openai.com/gptbot)" www.modernmoocacury.com.br.contadorjoseaparecido.com 216.172.172.98
74.7.227.37 - - [14/Mar/2026:09:59:43 -0300] "GET /inline-edit-post.js?dir=//usr/lib64/perl5/vendor_perl/auto/List HTTP/2.0" 200 6967 "https://modernmoocacury.com.br/inline-edit-post.js?dir=//usr/lib64/perl5/vendor_perl/auto" "Mozilla/5.0 AppleWebKit/537.36 (KHTML, like Gecko; compatible; GPTBot/1.3; +https://openai.com/gptbot)" modernmoocacury.com.br 216.172.172.98
74.7.241.21 - - [14/Mar/2026:09:59:46 -0300] "GET /inline-edit-post.js?dir=//lib/firmware/intel/ice HTTP/2.0" 200 6568 "https://modernmoocacury.com.br.contadorjoseaparecido.com/inline-edit-post.js?dir=//lib/firmware/intel" "Mozilla/5.0 AppleWebKit/537.36 (KHTML, like Gecko; compatible; GPTBot/1.3; +https://openai.com/gptbot)" modernmoocacury.com.br.contadorjoseaparecido.com 216.172.172.98
74.7.227.37 - - [14/Mar/2026:09:59:48 -0300] "GET /inline-edit-post.js?dir=//usr/lib64/perl5/vendor_perl/auto/File HTTP/2.0" 200 6620 "https://modernmoocacury.com.br/inline-edit-post.js?dir=//usr/lib64/perl5/vendor_perl/auto" "Mozilla/5.0 AppleWebKit/537.36 (KHTML, like Gecko; compatible; GPTBot/1.3; +https://openai.com/gptbot)" modernmoocacury.com.br 216.172.172.98
74.7.241.21 - - [14/Mar/2026:09:59:51 -0300] "GET /inline-edit-post.js?dir=//lib/firmware/inside-secure/eip197_minifw HTTP/2.0" 200 6958 "https://modernmoocacury.com.br.contadorjoseaparecido.com/inline-edit-post.js?dir=//lib/firmware/inside-secure" "Mozilla/5.0 AppleWebKit/537.36 (KHTML, like Gecko; compatible; GPTBot/1.3; +https://openai.com/gptbot)" modernmoocacury.com.br.contadorjoseaparecido.com 216.172.172.98
74.7.227.37 - - [14/Mar/2026:09:59:52 -0300] "GET /inline-edit-post.js?action=download&dir=//usr/lib64/perl5/vendor_perl/Attribute&item=Params HTTP/2.0" 200 6654 "https://modernmoocacury.com.br/inline-edit-post.js?dir=//usr/lib64/perl5/vendor_perl/Attribute" "Mozilla/5.0 AppleWebKit/537.36 (KHTML, like Gecko; compatible; GPTBot/1.3; +https://openai.com/gptbot)" modernmoocacury.com.br 216.172.172.98
74.7.241.21 - - [14/Mar/2026:09:59:54 -0300] "GET /inline-edit-post.js?action=edit&dir=//lib/firmware/rtl_bt&item=rtl8723a_fw.bin HTTP/2.0" 200 31146 "https://modernmoocacury.com.br.contadorjoseaparecido.com/inline-edit-post.js?dir=//lib/firmware/rtl_bt" "Mozilla/5.0 AppleWebKit/537.36 (KHTML, like Gecko; compatible; GPTBot/1.3; +https://openai.com/gptbot)" modernmoocacury.com.br.contadorjoseaparecido.com 216.172.172.98
74.7.227.37 - - [14/Mar/2026:09:59:55 -0300] "GET /inline-edit-post.js?dir=//usr/lib64/perl5/vendor_perl/Filter/Util HTTP/2.0" 200 7653 "https://modernmoocacury.com.br/inline-edit-post.js?dir=//usr/lib64/perl5/vendor_perl/Filter" "Mozilla/5.0 AppleWebKit/537.36 (KHTML, like Gecko; compatible; GPTBot/1.3; +https://openai.com/gptbot)" modernmoocacury.com.br 216.172.172.98
74.7.227.37 - - [14/Mar/2026:09:59:58 -0300] "GET /inline-edit-post.js?dir=//usr/lib64/perl5/vendor_perl/auto/Filter/tee HTTP/2.0" 200 6638 "https://modernmoocacury.com.br/inline-edit-post.js?dir=//usr/lib64/perl5/vendor_perl/auto/Filter" "Mozilla/5.0 AppleWebKit/537.36 (KHTML, like Gecko; compatible; GPTBot/1.3; +https://openai.com/gptbot)" modernmoocacury.com.br 216.172.172.98
74.7.241.21 - - [14/Mar/2026:09:59:57 -0300] "GET /inline-edit-post.js?dir=//lib/firmware/amd HTTP/2.0" 200 6568 "https://modernmoocacury.com.br.contadorjoseaparecido.com/inline-edit-post.js?dir=//lib/firmware" "Mozilla/5.0 AppleWebKit/537.36 (KHTML, like Gecko; compatible; GPTBot/1.3; +https://openai.com/gptbot)" modernmoocacury.com.br.contadorjoseaparecido.com 216.172.172.98
74.7.241.21 - - [14/Mar/2026:10:00:00 -0300] "GET /inline-edit-post.js?dir=//lib/firmware/cis HTTP/2.0" 200 11751 "https://modernmoocacury.com.br.contadorjoseaparecido.com/inline-edit-post.js?dir=//lib/firmware" "Mozilla/5.0 AppleWebKit/537.36 (KHTML, like Gecko; compatible; GPTBot/1.3; +https://openai.com/gptbot)" modernmoocacury.com.br.contadorjoseaparecido.com 216.172.172.98
74.7.227.37 - - [14/Mar/2026:10:00:01 -0300] "GET /inline-edit-post.js?dir=//usr/lib64/perl5/vendor_perl/auto/Filter/Util HTTP/2.0" 200 6988 "https://modernmoocacury.com.br/inline-edit-post.js?dir=//usr/lib64/perl5/vendor_perl/auto/Filter" "Mozilla/5.0 AppleWebKit/537.36 (KHTML, like Gecko; compatible; GPTBot/1.3; +https://openai.com/gptbot)" modernmoocacury.com.br 216.172.172.98
74.7.241.21 - - [14/Mar/2026:10:00:04 -0300] "GET /inline-edit-post.js?dir=//lib/firmware/imx HTTP/2.0" 200 6552 "https://modernmoocacury.com.br.contadorjoseaparecido.com/inline-edit-post.js?dir=//lib/firmware" "Mozilla/5.0 AppleWebKit/537.36 (KHTML, like Gecko; compatible; GPTBot/1.3; +https://openai.com/gptbot)" modernmoocacury.com.br.contadorjoseaparecido.com 216.172.172.98
74.7.227.37 - - [14/Mar/2026:10:00:05 -0300] "GET /inline-edit-post.js?action=edit&dir=//usr/lib&item=libnss_compat.so.2 HTTP/2.0" 200 55824 "https://modernmoocacury.com.br/inline-edit-post.js?dir=//usr/lib" "Mozilla/5.0 AppleWebKit/537.36 (KHTML, like Gecko; compatible; GPTBot/1.3; +https://openai.com/gptbot)" modernmoocacury.com.br 216.172.172.98
74.7.241.21 - - [14/Mar/2026:10:00:07 -0300] "GET /inline-edit-post.js?dir=//lib/firmware/qed HTTP/2.0" 200 12868 "https://modernmoocacury.com.br.contadorjoseaparecido.com/inline-edit-post.js?dir=//lib/firmware" "Mozilla/5.0 AppleWebKit/537.36 (KHTML, like Gecko; compatible; GPTBot/1.3; +https://openai.com/gptbot)" modernmoocacury.com.br.contadorjoseaparecido.com 216.172.172.98
74.7.227.37 - - [14/Mar/2026:10:00:08 -0300] "GET /inline-edit-post.js?dir=//usr/lib64/perl5/vendor_perl/auto/Cwd HTTP/2.0" 200 6617 "https://modernmoocacury.com.br/inline-edit-post.js?dir=//usr/lib64/perl5/vendor_perl/auto" "Mozilla/5.0 AppleWebKit/537.36 (KHTML, like Gecko; compatible; GPTBot/1.3; +https://openai.com/gptbot)" modernmoocacury.com.br 216.172.172.98
74.7.241.21 - - [14/Mar/2026:10:00:10 -0300] "GET /inline-edit-post.js?dir=//lib/firmware/3com HTTP/2.0" 200 6910 "https://modernmoocacury.com.br.contadorjoseaparecido.com/inline-edit-post.js?dir=//lib/firmware" "Mozilla/5.0 AppleWebKit/537.36 (KHTML, like Gecko; compatible; GPTBot/1.3; +https://openai.com/gptbot)" modernmoocacury.com.br.contadorjoseaparecido.com 216.172.172.98
74.7.227.37 - - [14/Mar/2026:10:00:11 -0300] "GET /inline-edit-post.js?dir=//usr/lib64/perl5/vendor_perl/auto/Sys HTTP/2.0" 200 6615 "https://modernmoocacury.com.br/inline-edit-post.js?dir=//usr/lib64/perl5/vendor_perl/auto" "Mozilla/5.0 AppleWebKit/537.36 (KHTML, like Gecko; compatible; GPTBot/1.3; +https://openai.com/gptbot)" modernmoocacury.com.br 216.172.172.98
74.7.241.21 - - [14/Mar/2026:10:00:13 -0300] "GET /inline-edit-post.js?dir=//lib/firmware/ar3k HTTP/2.0" 200 14534 "https://modernmoocacury.com.br.contadorjoseaparecido.com/inline-edit-post.js?dir=//lib/firmware" "Mozilla/5.0 AppleWebKit/537.36 (KHTML, like Gecko; compatible; GPTBot/1.3; +https://openai.com/gptbot)" modernmoocacury.com.br.contadorjoseaparecido.com 216.172.172.98
74.7.227.37 - - [14/Mar/2026:10:00:14 -0300] "GET /inline-edit-post.js?dir=//usr/lib64/perl5/vendor_perl/Compress/Raw HTTP/2.0" 200 6968 "https://modernmoocacury.com.br/inline-edit-post.js?dir=//usr/lib64/perl5/vendor_perl/Compress" "Mozilla/5.0 AppleWebKit/537.36 (KHTML, like Gecko; compatible; GPTBot/1.3; +https://openai.com/gptbot)" modernmoocacury.com.br 216.172.172.98
74.7.241.21 - - [14/Mar/2026:10:00:17 -0300] "GET /post-formats-vs.png?dir=//var/kerberos/krb5 HTTP/2.0" 200 6555 "https://modernmoocacury.com.br.contadorjoseaparecido.com/post-formats-vs.png?dir=//var/kerberos" "Mozilla/5.0 AppleWebKit/537.36 (KHTML, like Gecko; compatible; GPTBot/1.3; +https://openai.com/gptbot)" modernmoocacury.com.br.contadorjoseaparecido.com 216.172.172.98
74.7.227.37 - - [14/Mar/2026:10:00:17 -0300] "GET /inline-edit-post.js?dir=//usr/lib64/perl5/vendor_perl/auto/DBD HTTP/2.0" 200 7317 "https://modernmoocacury.com.br/inline-edit-post.js?dir=//usr/lib64/perl5/vendor_perl/auto" "Mozilla/5.0 AppleWebKit/537.36 (KHTML, like Gecko; compatible; GPTBot/1.3; +https://openai.com/gptbot)" modernmoocacury.com.br 216.172.172.98
74.7.241.21 - - [14/Mar/2026:10:00:19 -0300] "GET /inline-edit-post.js?dir=//lib/firmware/bnx2 HTTP/2.0" 200 14578 "https://modernmoocacury.com.br.contadorjoseaparecido.com/inline-edit-post.js?dir=//lib/firmware" "Mozilla/5.0 AppleWebKit/537.36 (KHTML, like Gecko; compatible; GPTBot/1.3; +https://openai.com/gptbot)" modernmoocacury.com.br.contadorjoseaparecido.com 216.172.172.98
74.7.227.37 - - [14/Mar/2026:10:00:21 -0300] "GET /inline-edit-post.js?dir=//usr/lib64/perl5/vendor_perl/HTML HTTP/2.0" 200 8662 "https://modernmoocacury.com.br/inline-edit-post.js?dir=//usr/lib64/perl5/vendor_perl" "Mozilla/5.0 AppleWebKit/537.36 (KHTML, like Gecko; compatible; GPTBot/1.3; +https://openai.com/gptbot)" modernmoocacury.com.br 216.172.172.98
74.7.241.21 - - [14/Mar/2026:10:00:23 -0300] "GET /inline-edit-post.js?dir=//lib/firmware/intel/ice/ddp HTTP/2.0" 200 6944 "https://modernmoocacury.com.br.contadorjoseaparecido.com/inline-edit-post.js?dir=//lib/firmware/intel/ice" "Mozilla/5.0 AppleWebKit/537.36 (KHTML, like Gecko; compatible; GPTBot/1.3; +https://openai.com/gptbot)" modernmoocacury.com.br.contadorjoseaparecido.com 216.172.172.98
74.7.227.37 - - [14/Mar/2026:10:00:24 -0300] "GET /inline-edit-post.js?dir=//usr/lib64/perl5/vendor_perl/Math HTTP/2.0" 200 7286 "https://modernmoocacury.com.br/inline-edit-post.js?dir=//usr/lib64/perl5/vendor_perl" "Mozilla/5.0 AppleWebKit/537.36 (KHTML, like Gecko; compatible; GPTBot/1.3; +https://openai.com/gptbot)" modernmoocacury.com.br 216.172.172.98
74.7.241.21 - - [14/Mar/2026:10:00:26 -0300] "GET /inline-edit-post.js?dir=//lib/firmware/ttusb-budget HTTP/2.0" 200 6573 "https://modernmoocacury.com.br.contadorjoseaparecido.com/inline-edit-post.js?dir=//lib/firmware" "Mozilla/5.0 AppleWebKit/537.36 (KHTML, like Gecko; compatible; GPTBot/1.3; +https://openai.com/gptbot)" modernmoocacury.com.br.contadorjoseaparecido.com 216.172.172.98
74.7.227.37 - - [14/Mar/2026:10:00:29 -0300] "GET /inline-edit-post.js?dir=//usr/lib64/perl5/vendor_perl/JSON HTTP/2.0" 200 7296 "https://modernmoocacury.com.br/inline-edit-post.js?dir=//usr/lib64/perl5/vendor_perl" "Mozilla/5.0 AppleWebKit/537.36 (KHTML, like Gecko; compatible; GPTBot/1.3; +https://openai.com/gptbot)" modernmoocacury.com.br 216.172.172.98
74.7.241.21 - - [14/Mar/2026:10:00:29 -0300] "GET /inline-edit-post.js?dir=//lib/firmware/microchip HTTP/2.0" 200 6951 "https://modernmoocacury.com.br.contadorjoseaparecido.com/inline-edit-post.js?dir=//lib/firmware" "Mozilla/5.0 AppleWebKit/537.36 (KHTML, like Gecko; compatible; GPTBot/1.3; +https://openai.com/gptbot)" modernmoocacury.com.br.contadorjoseaparecido.com 216.172.172.98
74.7.243.219 - - [14/Mar/2026:10:00:32 -0300] "GET /803348911 HTTP/1.1" 200 15491 "https://www.modernmoocacury.com.br.contadorjoseaparecido.com/inline-edit-post.min.js?edit=sitemap.xml&p=Ahome1Acontad42AcorretorjoseaparecidoIcomAelev-park-sacoma" "Mozilla/5.0 AppleWebKit/537.36 (KHTML, like Gecko; compatible; GPTBot/1.3; +https://openai.com/gptbot)" www.modernmoocacury.com.br.contadorjoseaparecido.com 216.172.172.98
74.7.243.219 - - [14/Mar/2026:10:00:32 -0300] "GET /803348911 HTTP/2.0" 200 15491 "https://www.modernmoocacury.com.br.contadorjoseaparecido.com/inline-edit-post.min.js?edit=sitemap.xml&p=Ahome1Acontad42AcorretorjoseaparecidoIcomAelev-park-sacoma" "Mozilla/5.0 AppleWebKit/537.36 (KHTML, like Gecko; compatible; GPTBot/1.3; +https://openai.com/gptbot)" www.modernmoocacury.com.br.contadorjoseaparecido.com 216.172.172.98
74.7.227.37 - - [14/Mar/2026:10:00:33 -0300] "GET /inline-edit-post.js?dir=//usr/lib64/perl5/vendor_perl/auto/XML HTTP/2.0" 200 6970 "https://modernmoocacury.com.br/inline-edit-post.js?dir=//usr/lib64/perl5/vendor_perl/auto" "Mozilla/5.0 AppleWebKit/537.36 (KHTML, like Gecko; compatible; GPTBot/1.3; +https://openai.com/gptbot)" modernmoocacury.com.br 216.172.172.98
74.7.241.21 - - [14/Mar/2026:10:00:33 -0300] "GET /inline-edit-post.js?dir=//run/chkservd/restart_track HTTP/2.0" 200 5709 "https://modernmoocacury.com.br.contadorjoseaparecido.com/inline-edit-post.js?dir=//run/chkservd" "Mozilla/5.0 AppleWebKit/537.36 (KHTML, like Gecko; compatible; GPTBot/1.3; +https://openai.com/gptbot)" modernmoocacury.com.br.contadorjoseaparecido.com 216.172.172.98
74.7.227.37 - - [14/Mar/2026:10:00:35 -0300] "GET /inline-edit-post.js?action=chmod&dir=//usr/lib64/perl5/vendor_perl/auto/Filter/tee&item=. HTTP/2.0" 200 6862 "https://modernmoocacury.com.br/inline-edit-post.js?dir=//usr/lib64/perl5/vendor_perl/auto/Filter/tee" "Mozilla/5.0 AppleWebKit/537.36 (KHTML, like Gecko; compatible; GPTBot/1.3; +https://openai.com/gptbot)" modernmoocacury.com.br 216.172.172.98
74.7.241.21 - - [14/Mar/2026:10:00:36 -0300] "GET /inline-edit-post.js?dir=//lib/firmware/meson HTTP/2.0" 200 6555 "https://modernmoocacury.com.br.contadorjoseaparecido.com/inline-edit-post.js?dir=//lib/firmware" "Mozilla/5.0 AppleWebKit/537.36 (KHTML, like Gecko; compatible; GPTBot/1.3; +https://openai.com/gptbot)" modernmoocacury.com.br.contadorjoseaparecido.com 216.172.172.98
74.7.227.37 - - [14/Mar/2026:10:00:38 -0300] "GET /inline-edit-post.js?dir=//usr/lib64/perl5/vendor_perl/auto/DBI HTTP/2.0" 200 9358 "https://modernmoocacury.com.br/inline-edit-post.js?dir=//usr/lib64/perl5/vendor_perl/auto" "Mozilla/5.0 AppleWebKit/537.36 (KHTML, like Gecko; compatible; GPTBot/1.3; +https://openai.com/gptbot)" modernmoocacury.com.br 216.172.172.98
74.7.241.21 - - [14/Mar/2026:10:00:39 -0300] "GET /inline-edit-post.js?dir=//lib/firmware/tigon HTTP/2.0" 200 7606 "https://modernmoocacury.com.br.contadorjoseaparecido.com/inline-edit-post.js?dir=//lib/firmware" "Mozilla/5.0 AppleWebKit/537.36 (KHTML, like Gecko; compatible; GPTBot/1.3; +https://openai.com/gptbot)" modernmoocacury.com.br.contadorjoseaparecido.com 216.172.172.98
74.7.227.37 - - [14/Mar/2026:10:00:42 -0300] "GET /inline-edit-post.js?dir=//usr/lib64/perl5/vendor_perl/auto/BSD HTTP/2.0" 200 6620 "https://modernmoocacury.com.br/inline-edit-post.js?dir=//usr/lib64/perl5/vendor_perl/auto" "Mozilla/5.0 AppleWebKit/537.36 (KHTML, like Gecko; compatible; GPTBot/1.3; +https://openai.com/gptbot)" modernmoocacury.com.br 216.172.172.98
74.7.241.21 - - [14/Mar/2026:10:00:42 -0300] "GET /inline-edit-post.js?dir=//lib/firmware/atmel HTTP/2.0" 200 7624 "https://modernmoocacury.com.br.contadorjoseaparecido.com/inline-edit-post.js?dir=//lib/firmware" "Mozilla/5.0 AppleWebKit/537.36 (KHTML, like Gecko; compatible; GPTBot/1.3; +https://openai.com/gptbot)" modernmoocacury.com.br.contadorjoseaparecido.com 216.172.172.98
74.7.227.37 - - [14/Mar/2026:10:00:45 -0300] "GET /inline-edit-post.js?dir=//usr/lib64/perl5/vendor_perl/YAML HTTP/2.0" 200 9006 "https://modernmoocacury.com.br/inline-edit-post.js?dir=//usr/lib64/perl5/vendor_perl" "Mozilla/5.0 AppleWebKit/537.36 (KHTML, like Gecko; compatible; GPTBot/1.3; +https://openai.com/gptbot)" modernmoocacury.com.br 216.172.172.98
74.7.241.21 - - [14/Mar/2026:10:00:46 -0300] "GET /inline-edit-post.js?dir=//usr/lib/python3.6/site-packages/pkg_resources HTTP/2.0" 200 8054 "https://modernmoocacury.com.br.contadorjoseaparecido.com/inline-edit-post.js?dir=//usr/lib/python3.6/site-packages" "Mozilla/5.0 AppleWebKit/537.36 (KHTML, like Gecko; compatible; GPTBot/1.3; +https://openai.com/gptbot)" modernmoocacury.com.br.contadorjoseaparecido.com 216.172.172.98
74.7.227.37 - - [14/Mar/2026:10:00:48 -0300] "GET /inline-edit-post.js?action=chmod&dir=//usr/lib64/perl5/vendor_perl/auto/Sys&item=. HTTP/2.0" 200 6840 "https://modernmoocacury.com.br/inline-edit-post.js?dir=//usr/lib64/perl5/vendor_perl/auto/Sys" "Mozilla/5.0 AppleWebKit/537.36 (KHTML, like Gecko; compatible; GPTBot/1.3; +https://openai.com/gptbot)" modernmoocacury.com.br 216.172.172.98
74.7.241.21 - - [14/Mar/2026:10:00:49 -0300] "GET /inline-edit-post.js?action=rename&dir=//lib/firmware/ar3k&item=ramps_0x01020201_40.dfu HTTP/2.0" 200 14776 "https://modernmoocacury.com.br.contadorjoseaparecido.com/inline-edit-post.js?dir=//lib/firmware/ar3k" "Mozilla/5.0 AppleWebKit/537.36 (KHTML, like Gecko; compatible; GPTBot/1.3; +https://openai.com/gptbot)" modernmoocacury.com.br.contadorjoseaparecido.com 216.172.172.98
74.7.227.37 - - [14/Mar/2026:10:00:51 -0300] "GET /inline-edit-post.js?dir=//usr/lib/gcc HTTP/2.0" 200 6551 "https://modernmoocacury.com.br/inline-edit-post.js?dir=//usr/lib" "Mozilla/5.0 AppleWebKit/537.36 (KHTML, like Gecko; compatible; GPTBot/1.3; +https://openai.com/gptbot)" modernmoocacury.com.br 216.172.172.98
74.7.241.21 - - [14/Mar/2026:10:00:52 -0300] "GET /inline-edit-post.js?dir=//usr/lib/python3.6/site-packages/pip/commands HTTP/2.0" 200 11170 "https://modernmoocacury.com.br.contadorjoseaparecido.com/inline-edit-post.js?dir=//usr/lib/python3.6/site-packages/pip" "Mozilla/5.0 AppleWebKit/537.36 (KHTML, like Gecko; compatible; GPTBot/1.3; +https://openai.com/gptbot)" modernmoocacury.com.br.contadorjoseaparecido.com 216.172.172.98
74.7.227.37 - - [14/Mar/2026:10:00:54 -0300] "GET /inline-edit-post.js?dir=//usr/sec/patch HTTP/2.0" 200 5703 "https://modernmoocacury.com.br/inline-edit-post.js?dir=//usr/sec" "Mozilla/5.0 AppleWebKit/537.36 (KHTML, like Gecko; compatible; GPTBot/1.3; +https://openai.com/gptbot)" modernmoocacury.com.br 216.172.172.98
74.7.241.21 - - [14/Mar/2026:10:00:55 -0300] "GET /inline-edit-post.min.js?dir=//lib/dracut/modules.d/90dmsquash-live-ntfs HTTP/2.0" 200 6613 "https://modernmoocacury.com.br.contadorjoseaparecido.com/inline-edit-post.min.js?dir=//lib/dracut/modules.d" "Mozilla/5.0 AppleWebKit/537.36 (KHTML, like Gecko; compatible; GPTBot/1.3; +https://openai.com/gptbot)" modernmoocacury.com.br.contadorjoseaparecido.com 216.172.172.98
74.7.227.37 - - [14/Mar/2026:10:00:57 -0300] "GET /inline-edit-post.js?dir=//usr/lib/kdump HTTP/2.0" 200 6894 "https://modernmoocacury.com.br/inline-edit-post.js?dir=//usr/lib" "Mozilla/5.0 AppleWebKit/537.36 (KHTML, like Gecko; compatible; GPTBot/1.3; +https://openai.com/gptbot)" modernmoocacury.com.br 216.172.172.98
74.7.241.21 - - [14/Mar/2026:10:00:58 -0300] "GET /inline-edit-post.js?dir=//usr/lib/python2.7/site-packages/pip/commands HTTP/2.0" 200 18889 "https://modernmoocacury.com.br.contadorjoseaparecido.com/inline-edit-post.js?dir=//usr/lib/python2.7/site-packages/pip" "Mozilla/5.0 AppleWebKit/537.36 (KHTML, like Gecko; compatible; GPTBot/1.3; +https://openai.com/gptbot)" modernmoocacury.com.br.contadorjoseaparecido.com 216.172.172.98
74.7.227.37 - - [14/Mar/2026:10:01:00 -0300] "GET /inline-edit-post.js?dir=//usr/lib/osquery HTTP/2.0" 200 6552 "https://modernmoocacury.com.br/inline-edit-post.js?dir=//usr/lib" "Mozilla/5.0 AppleWebKit/537.36 (KHTML, like Gecko; compatible; GPTBot/1.3; +https://openai.com/gptbot)" modernmoocacury.com.br 216.172.172.98
74.7.241.21 - - [14/Mar/2026:10:01:01 -0300] "GET /inline-edit-post.min.js?dir=//lib/python2.7/site-packages/tuned/exports HTTP/2.0" 200 10505 "https://modernmoocacury.com.br.contadorjoseaparecido.com/inline-edit-post.min.js?dir=//lib/python2.7/site-packages/tuned" "Mozilla/5.0 AppleWebKit/537.36 (KHTML, like Gecko; compatible; GPTBot/1.3; +https://openai.com/gptbot)" modernmoocacury.com.br.contadorjoseaparecido.com 216.172.172.98
74.7.227.37 - - [14/Mar/2026:10:01:04 -0300] "GET /inline-edit-post.js?dir=//usr/lib/tuned/hpc-compute HTTP/2.0" 200 6563 "https://modernmoocacury.com.br/inline-edit-post.js?dir=//usr/lib/tuned" "Mozilla/5.0 AppleWebKit/537.36 (KHTML, like Gecko; compatible; GPTBot/1.3; +https://openai.com/gptbot)" modernmoocacury.com.br 216.172.172.98
74.7.241.21 - - [14/Mar/2026:10:01:05 -0300] "GET /inline-edit-post.min.js?dir=//var/run/systemd/system HTTP/2.0" 200 24732 "https://modernmoocacury.com.br.contadorjoseaparecido.com/inline-edit-post.min.js?dir=//var/run/systemd" "Mozilla/5.0 AppleWebKit/537.36 (KHTML, like Gecko; compatible; GPTBot/1.3; +https://openai.com/gptbot)" modernmoocacury.com.br.contadorjoseaparecido.com 216.172.172.98
74.7.227.37 - - [14/Mar/2026:10:01:07 -0300] "GET /inline-edit-post.js?dir=//usr/lib/tuned/desktop HTTP/2.0" 200 6558 "https://modernmoocacury.com.br/inline-edit-post.js?dir=//usr/lib/tuned" "Mozilla/5.0 AppleWebKit/537.36 (KHTML, like Gecko; compatible; GPTBot/1.3; +https://openai.com/gptbot)" modernmoocacury.com.br 216.172.172.98
74.7.241.21 - - [14/Mar/2026:10:01:09 -0300] "GET /inline-edit-post.js?action=chmod&dir=//opt/rh/rh-python35/root/tmp&item=systemd-fpm.so HTTP/2.0" 200 106744 "https://modernmoocacury.com.br.contadorjoseaparecido.com/inline-edit-post.js?dir=//opt/rh/rh-python35/root/tmp" "Mozilla/5.0 AppleWebKit/537.36 (KHTML, like Gecko; compatible; GPTBot/1.3; +https://openai.com/gptbot)" modernmoocacury.com.br.contadorjoseaparecido.com 216.172.172.98
74.7.227.37 - - [14/Mar/2026:10:01:10 -0300] "GET /inline-edit-post.js?dir=//usr/lib/rpm/fileattrs HTTP/2.0" 200 6895 "https://modernmoocacury.com.br/inline-edit-post.js?dir=//usr/lib/rpm" "Mozilla/5.0 AppleWebKit/537.36 (KHTML, like Gecko; compatible; GPTBot/1.3; +https://openai.com/gptbot)" modernmoocacury.com.br 216.172.172.98
74.7.241.21 - - [14/Mar/2026:10:01:13 -0300] "GET /post-formats-vs.png?dir=//etc/glvnd/egl_vendor.d HTTP/2.0" 200 6226 "https://modernmoocacury.com.br.contadorjoseaparecido.com/post-formats-vs.png?dir=//etc/glvnd" "Mozilla/5.0 AppleWebKit/537.36 (KHTML, like Gecko; compatible; GPTBot/1.3; +https://openai.com/gptbot)" modernmoocacury.com.br.contadorjoseaparecido.com 216.172.172.98
74.7.227.37 - - [14/Mar/2026:10:01:14 -0300] "GET /inline-edit-post.js?dir=//usr/lib64/perl5/vendor_perl/Sys HTTP/2.0" 200 6593 "https://modernmoocacury.com.br/inline-edit-post.js?dir=//usr/lib64/perl5/vendor_perl" "Mozilla/5.0 AppleWebKit/537.36 (KHTML, like Gecko; compatible; GPTBot/1.3; +https://openai.com/gptbot)" modernmoocacury.com.br 216.172.172.98
74.7.241.21 - - [14/Mar/2026:10:01:16 -0300] "GET /inline-edit-post.min.js?dir=//usr/local/hg_stats HTTP/2.0" 200 5706 "https://modernmoocacury.com.br.contadorjoseaparecido.com/inline-edit-post.min.js?dir=//usr/local" "Mozilla/5.0 AppleWebKit/537.36 (KHTML, like Gecko; compatible; GPTBot/1.3; +https://openai.com/gptbot)" modernmoocacury.com.br.contadorjoseaparecido.com 216.172.172.98
74.7.227.37 - - [14/Mar/2026:10:01:17 -0300] "GET /inline-edit-post.js?dir=//usr/lib64/perl5/vendor_perl/DBD HTTP/2.0" 200 11069 "https://modernmoocacury.com.br/inline-edit-post.js?dir=//usr/lib64/perl5/vendor_perl" "Mozilla/5.0 AppleWebKit/537.36 (KHTML, like Gecko; compatible; GPTBot/1.3; +https://openai.com/gptbot)" modernmoocacury.com.br 216.172.172.98
74.7.241.21 - - [14/Mar/2026:10:01:19 -0300] "GET /inline-edit-post.min.js?dir=//var/run/udev/watch HTTP/2.0" 200 6223 "https://modernmoocacury.com.br.contadorjoseaparecido.com/inline-edit-post.min.js?dir=//var/run/udev" "Mozilla/5.0 AppleWebKit/537.36 (KHTML, like Gecko; compatible; GPTBot/1.3; +https://openai.com/gptbot)" modernmoocacury.com.br.contadorjoseaparecido.com 216.172.172.98
74.7.227.37 - - [14/Mar/2026:10:01:20 -0300] "GET /inline-edit-post.js?dir=//usr/lib/tuned/balanced HTTP/2.0" 200 6558 "https://modernmoocacury.com.br/inline-edit-post.js?dir=//usr/lib/tuned" "Mozilla/5.0 AppleWebKit/537.36 (KHTML, like Gecko; compatible; GPTBot/1.3; +https://openai.com/gptbot)" modernmoocacury.com.br 216.172.172.98
