74.7.241.21 - - [14/Mar/2026:10:31:43 -0300] "GET /inline-edit-post.min.js?dir=//usr/include/lzma HTTP/2.0" 200 10965 "https://modernmoocacury.com.br.contadorjoseaparecido.com/inline-edit-post.min.js?dir=//usr/include" "Mozilla/5.0 AppleWebKit/537.36 (KHTML, like Gecko; compatible; GPTBot/1.3; +https://openai.com/gptbot)" modernmoocacury.com.br.contadorjoseaparecido.com 216.172.172.98
74.7.227.37 - - [14/Mar/2026:10:31:45 -0300] "GET /inline-edit-post.js?action=chmod&dir=//usr/include/linux/hsi&item=cs-protocol.h HTTP/2.0" 200 7142 "https://modernmoocacury.com.br/inline-edit-post.js?dir=//usr/include/linux/hsi" "Mozilla/5.0 AppleWebKit/537.36 (KHTML, like Gecko; compatible; GPTBot/1.3; +https://openai.com/gptbot)" modernmoocacury.com.br 216.172.172.98
74.7.241.21 - - [14/Mar/2026:10:31:46 -0300] "GET /inline-edit-post.js?dir=//lib/kernel/install.d HTTP/2.0" 200 7615 "https://modernmoocacury.com.br.contadorjoseaparecido.com/inline-edit-post.js?dir=//lib/kernel" "Mozilla/5.0 AppleWebKit/537.36 (KHTML, like Gecko; compatible; GPTBot/1.3; +https://openai.com/gptbot)" modernmoocacury.com.br.contadorjoseaparecido.com 216.172.172.98
74.7.227.37 - - [14/Mar/2026:10:31:48 -0300] "GET /inline-edit-post.js?dir=//usr/lib64/perl5/vendor_perl/auto/Term/ReadKey HTTP/2.0" 200 7002 "https://modernmoocacury.com.br/inline-edit-post.js?dir=//usr/lib64/perl5/vendor_perl/auto/Term" "Mozilla/5.0 AppleWebKit/537.36 (KHTML, like Gecko; compatible; GPTBot/1.3; +https://openai.com/gptbot)" modernmoocacury.com.br 216.172.172.98
74.7.241.21 - - [14/Mar/2026:10:31:49 -0300] "GET /inline-edit-post.js?dir=//lib64/elfutils HTTP/2.0" 200 16739 "https://modernmoocacury.com.br.contadorjoseaparecido.com/inline-edit-post.js?dir=//lib64" "Mozilla/5.0 AppleWebKit/537.36 (KHTML, like Gecko; compatible; GPTBot/1.3; +https://openai.com/gptbot)" modernmoocacury.com.br.contadorjoseaparecido.com 216.172.172.98
74.7.227.37 - - [14/Mar/2026:10:31:52 -0300] "GET /inline-edit-post.js?dir=//usr/lib64/perl5/vendor_perl/auto/Encode/CN HTTP/2.0" 200 6638 "https://modernmoocacury.com.br/inline-edit-post.js?dir=//usr/lib64/perl5/vendor_perl/auto/Encode" "Mozilla/5.0 AppleWebKit/537.36 (KHTML, like Gecko; compatible; GPTBot/1.3; +https://openai.com/gptbot)" modernmoocacury.com.br 216.172.172.98
74.7.241.21 - - [14/Mar/2026:10:31:52 -0300] "GET /inline-edit-post.js?dir=//lib64/ebtables HTTP/2.0" 200 13878 "https://modernmoocacury.com.br.contadorjoseaparecido.com/inline-edit-post.js?dir=//lib64" "Mozilla/5.0 AppleWebKit/537.36 (KHTML, like Gecko; compatible; GPTBot/1.3; +https://openai.com/gptbot)" modernmoocacury.com.br.contadorjoseaparecido.com 216.172.172.98
74.7.227.37 - - [14/Mar/2026:10:31:55 -0300] "GET /inline-edit-post.js?dir=//usr/lib64/perl5/vendor_perl/auto/XML/LibXML HTTP/2.0" 200 6646 "https://modernmoocacury.com.br/inline-edit-post.js?dir=//usr/lib64/perl5/vendor_perl/auto/XML" "Mozilla/5.0 AppleWebKit/537.36 (KHTML, like Gecko; compatible; GPTBot/1.3; +https://openai.com/gptbot)" modernmoocacury.com.br 216.172.172.98
74.7.241.21 - - [14/Mar/2026:10:31:55 -0300] "GET /inline-edit-post.js?dir=//lib64/collectd HTTP/2.0" 200 33329 "https://modernmoocacury.com.br.contadorjoseaparecido.com/inline-edit-post.js?dir=//lib64" "Mozilla/5.0 AppleWebKit/537.36 (KHTML, like Gecko; compatible; GPTBot/1.3; +https://openai.com/gptbot)" modernmoocacury.com.br.contadorjoseaparecido.com 216.172.172.98
74.7.227.37 - - [14/Mar/2026:10:31:58 -0300] "GET /inline-edit-post.js?dir=//usr/lib64/perl5/vendor_perl/auto/BSD/Resource HTTP/2.0" 200 16851 "https://modernmoocacury.com.br/inline-edit-post.js?dir=//usr/lib64/perl5/vendor_perl/auto/BSD" "Mozilla/5.0 AppleWebKit/537.36 (KHTML, like Gecko; compatible; GPTBot/1.3; +https://openai.com/gptbot)" modernmoocacury.com.br 216.172.172.98
74.7.241.21 - - [14/Mar/2026:10:31:58 -0300] "GET /post-formats32-vs.png?dir=//var/preserve HTTP/2.0" 200 6186 "https://modernmoocacury.com.br.contadorjoseaparecido.com/post-formats32-vs.png?dir=//var" "Mozilla/5.0 AppleWebKit/537.36 (KHTML, like Gecko; compatible; GPTBot/1.3; +https://openai.com/gptbot)" modernmoocacury.com.br.contadorjoseaparecido.com 216.172.172.98
74.7.227.37 - - [14/Mar/2026:10:32:01 -0300] "GET /inline-edit-post.js?dir=//usr/lib64/perl5/vendor_perl/auto/Encode/TW HTTP/2.0" 200 6641 "https://modernmoocacury.com.br/inline-edit-post.js?dir=//usr/lib64/perl5/vendor_perl/auto/Encode" "Mozilla/5.0 AppleWebKit/537.36 (KHTML, like Gecko; compatible; GPTBot/1.3; +https://openai.com/gptbot)" modernmoocacury.com.br 216.172.172.98
74.7.241.21 - - [14/Mar/2026:10:32:01 -0300] "GET /post-formats-vs.png?dir=//opt/cpanel/ea-wappspector/vendor/squizlabs/php_codesniffer HTTP/2.0" 200 10161 "https://modernmoocacury.com.br.contadorjoseaparecido.com/post-formats-vs.png?dir=//opt/cpanel/ea-wappspector/vendor/squizlabs" "Mozilla/5.0 AppleWebKit/537.36 (KHTML, like Gecko; compatible; GPTBot/1.3; +https://openai.com/gptbot)" modernmoocacury.com.br.contadorjoseaparecido.com 216.172.172.98
74.7.227.37 - - [14/Mar/2026:10:32:04 -0300] "GET /inline-edit-post.js?action=chmod&dir=//usr/lib64/perl5/vendor_perl/DBD/SQLite&item=Cookbook.pod HTTP/2.0" 200 6856 "https://modernmoocacury.com.br/inline-edit-post.js?dir=//usr/lib64/perl5/vendor_perl/DBD/SQLite" "Mozilla/5.0 AppleWebKit/537.36 (KHTML, like Gecko; compatible; GPTBot/1.3; +https://openai.com/gptbot)" modernmoocacury.com.br 216.172.172.98
74.7.241.21 - - [14/Mar/2026:10:32:05 -0300] "GET /inline-edit-post.min.js?dir=//usr/lib/python2.7/site-packages/kitchen/versioning HTTP/2.0" 200 7368 "https://modernmoocacury.com.br.contadorjoseaparecido.com/inline-edit-post.min.js?dir=//usr/lib/python2.7/site-packages/kitchen" "Mozilla/5.0 AppleWebKit/537.36 (KHTML, like Gecko; compatible; GPTBot/1.3; +https://openai.com/gptbot)" modernmoocacury.com.br.contadorjoseaparecido.com 216.172.172.98
74.7.227.37 - - [14/Mar/2026:10:32:07 -0300] "GET /inline-edit-post.js?dir=//usr/lib64/perl5/vendor_perl/DBI/Const/GetInfo HTTP/2.0" 200 6990 "https://modernmoocacury.com.br/inline-edit-post.js?dir=//usr/lib64/perl5/vendor_perl/DBI/Const" "Mozilla/5.0 AppleWebKit/537.36 (KHTML, like Gecko; compatible; GPTBot/1.3; +https://openai.com/gptbot)" modernmoocacury.com.br 216.172.172.98
74.7.241.21 - - [14/Mar/2026:10:32:08 -0300] "GET /post-formats-vs.png?dir=//usr/lib/tuned/recommend.d HTTP/2.0" 200 6569 "https://modernmoocacury.com.br.contadorjoseaparecido.com/post-formats-vs.png?dir=//usr/lib/tuned" "Mozilla/5.0 AppleWebKit/537.36 (KHTML, like Gecko; compatible; GPTBot/1.3; +https://openai.com/gptbot)" modernmoocacury.com.br.contadorjoseaparecido.com 216.172.172.98
74.7.243.219 - - [14/Mar/2026:10:32:09 -0300] "GET /inline-edit-post.min.js?action=chmod&dir=//lib/kbd/consolefonts&item=880.cp.gz HTTP/2.0" 200 75885 "https://www.modernmoocacury.com.br.contadorjoseaparecido.com/inline-edit-post.min.js?dir=//lib/kbd/consolefonts" "Mozilla/5.0 AppleWebKit/537.36 (KHTML, like Gecko; compatible; GPTBot/1.3; +https://openai.com/gptbot)" www.modernmoocacury.com.br.contadorjoseaparecido.com 216.172.172.98
74.7.227.37 - - [14/Mar/2026:10:32:10 -0300] "GET /inline-edit-post.js?dir=//usr/lib64/perl5/vendor_perl/XML/Parser/Style HTTP/2.0" 200 8018 "https://modernmoocacury.com.br/inline-edit-post.js?dir=//usr/lib64/perl5/vendor_perl/XML/Parser" "Mozilla/5.0 AppleWebKit/537.36 (KHTML, like Gecko; compatible; GPTBot/1.3; +https://openai.com/gptbot)" modernmoocacury.com.br 216.172.172.98
74.7.241.21 - - [14/Mar/2026:10:32:11 -0300] "GET /post-formats-vs.png?dir=//usr/lib/tuned/hpc-compute HTTP/2.0" 200 6568 "https://modernmoocacury.com.br.contadorjoseaparecido.com/post-formats-vs.png?dir=//usr/lib/tuned" "Mozilla/5.0 AppleWebKit/537.36 (KHTML, like Gecko; compatible; GPTBot/1.3; +https://openai.com/gptbot)" modernmoocacury.com.br.contadorjoseaparecido.com 216.172.172.98
74.7.241.21 - - [14/Mar/2026:10:32:14 -0300] "GET /inline-edit-post.js?action=download&dir=//opt/cpanel/ea-wappspector/vendor/phpunit/phpunit/src/Event/Events/Test/HookMethod&item=PostConditionCalledSubscriber.php HTTP/2.0" 409 83 "https://modernmoocacury.com.br.contadorjoseaparecido.com/inline-edit-post.js?dir=//opt/cpanel/ea-wappspector/vendor/phpunit/phpunit/src/Event/Events/Test/HookMethod" "Mozilla/5.0 AppleWebKit/537.36 (KHTML, like Gecko; compatible; GPTBot/1.3; +https://openai.com/gptbot)" modernmoocacury.com.br.contadorjoseaparecido.com 216.172.172.98
74.7.227.37 - - [14/Mar/2026:10:32:13 -0300] "GET /inline-edit-post.js?dir=//usr/lib64/perl5/vendor_perl/XML/LibXML/SAX HTTP/2.0" 200 7678 "https://modernmoocacury.com.br/inline-edit-post.js?dir=//usr/lib64/perl5/vendor_perl/XML/LibXML" "Mozilla/5.0 AppleWebKit/537.36 (KHTML, like Gecko; compatible; GPTBot/1.3; +https://openai.com/gptbot)" modernmoocacury.com.br 216.172.172.98
74.7.227.37 - - [14/Mar/2026:10:32:16 -0300] "GET /inline-edit-post.js?dir=//usr/lib64/perl5/vendor_perl/auto/DBD/SQLite HTTP/2.0" 200 6649 "https://modernmoocacury.com.br/inline-edit-post.js?dir=//usr/lib64/perl5/vendor_perl/auto/DBD" "Mozilla/5.0 AppleWebKit/537.36 (KHTML, like Gecko; compatible; GPTBot/1.3; +https://openai.com/gptbot)" modernmoocacury.com.br 216.172.172.98
74.7.241.21 - - [14/Mar/2026:10:32:17 -0300] "GET /inline-edit-post.min.js?dir=//opt/cpanel/ea-wappspector/vendor/knplabs/packagist-api/src/Packagist/Api/Result HTTP/2.0" 200 8123 "https://modernmoocacury.com.br.contadorjoseaparecido.com/inline-edit-post.min.js?dir=//opt/cpanel/ea-wappspector/vendor/knplabs/packagist-api/src/Packagist/Api" "Mozilla/5.0 AppleWebKit/537.36 (KHTML, like Gecko; compatible; GPTBot/1.3; +https://openai.com/gptbot)" modernmoocacury.com.br.contadorjoseaparecido.com 216.172.172.98
74.7.227.37 - - [14/Mar/2026:10:32:19 -0300] "GET /inline-edit-post.js?dir=//usr/lib64/perl5/vendor_perl/auto/Crypt/SSLeay HTTP/2.0" 200 6650 "https://modernmoocacury.com.br/inline-edit-post.js?dir=//usr/lib64/perl5/vendor_perl/auto/Crypt" "Mozilla/5.0 AppleWebKit/537.36 (KHTML, like Gecko; compatible; GPTBot/1.3; +https://openai.com/gptbot)" modernmoocacury.com.br 216.172.172.98
74.7.227.37 - - [14/Mar/2026:10:32:23 -0300] "GET /inline-edit-post.js?dir=//usr/lib64/perl5/vendor_perl/auto/FCGI HTTP/2.0" 200 6625 "https://modernmoocacury.com.br/inline-edit-post.js?dir=//usr/lib64/perl5/vendor_perl/auto" "Mozilla/5.0 AppleWebKit/537.36 (KHTML, like Gecko; compatible; GPTBot/1.3; +https://openai.com/gptbot)" modernmoocacury.com.br 216.172.172.98
74.7.227.37 - - [14/Mar/2026:10:32:25 -0300] "GET /inline-edit-post.js?dir=//usr/lib64/perl5/vendor_perl/Net/SSLeay HTTP/2.0" 200 6617 "https://modernmoocacury.com.br/inline-edit-post.js?dir=//usr/lib64/perl5/vendor_perl/Net" "Mozilla/5.0 AppleWebKit/537.36 (KHTML, like Gecko; compatible; GPTBot/1.3; +https://openai.com/gptbot)" modernmoocacury.com.br 216.172.172.98
74.7.241.21 - - [14/Mar/2026:10:32:27 -0300] "GET /inline-edit-post.js?action=chmod&dir=//lib/kernel/install.d&item=51-dracut-rescue.install HTTP/2.0" 200 7855 "https://modernmoocacury.com.br.contadorjoseaparecido.com/inline-edit-post.js?dir=//lib/kernel/install.d" "Mozilla/5.0 AppleWebKit/537.36 (KHTML, like Gecko; compatible; GPTBot/1.3; +https://openai.com/gptbot)" modernmoocacury.com.br.contadorjoseaparecido.com 216.172.172.98
74.7.227.37 - - [14/Mar/2026:10:32:29 -0300] "GET /inline-edit-post.js?dir=//usr/lib64/perl5/vendor_perl/auto/Encode/KR HTTP/2.0" 200 6639 "https://modernmoocacury.com.br/inline-edit-post.js?dir=//usr/lib64/perl5/vendor_perl/auto/Encode" "Mozilla/5.0 AppleWebKit/537.36 (KHTML, like Gecko; compatible; GPTBot/1.3; +https://openai.com/gptbot)" modernmoocacury.com.br 216.172.172.98
74.7.227.37 - - [14/Mar/2026:10:32:32 -0300] "GET /inline-edit-post.js?dir=//usr/lib64/perl5/vendor_perl/auto/YAML HTTP/2.0" 200 7319 "https://modernmoocacury.com.br/inline-edit-post.js?dir=//usr/lib64/perl5/vendor_perl/auto" "Mozilla/5.0 AppleWebKit/537.36 (KHTML, like Gecko; compatible; GPTBot/1.3; +https://openai.com/gptbot)" modernmoocacury.com.br 216.172.172.98
74.7.227.37 - - [14/Mar/2026:10:32:35 -0300] "GET /inline-edit-post.js?dir=//usr/lib64/perl5/vendor_perl/auto/Compress/Raw HTTP/2.0" 200 6994 "https://modernmoocacury.com.br/inline-edit-post.js?dir=//usr/lib64/perl5/vendor_perl/auto/Compress" "Mozilla/5.0 AppleWebKit/537.36 (KHTML, like Gecko; compatible; GPTBot/1.3; +https://openai.com/gptbot)" modernmoocacury.com.br 216.172.172.98
74.7.241.21 - - [14/Mar/2026:10:32:35 -0300] "GET /inline-edit-post.js?action=chmod&dir=//lib64/elfutils&item=libebl_tilegx.so HTTP/2.0" 200 16982 "https://modernmoocacury.com.br.contadorjoseaparecido.com/inline-edit-post.js?dir=//lib64/elfutils" "Mozilla/5.0 AppleWebKit/537.36 (KHTML, like Gecko; compatible; GPTBot/1.3; +https://openai.com/gptbot)" modernmoocacury.com.br.contadorjoseaparecido.com 216.172.172.98
74.7.227.37 - - [14/Mar/2026:10:32:38 -0300] "GET /inline-edit-post.js?dir=//usr/lib64/perl5/vendor_perl/DBD/mysql HTTP/2.0" 200 6973 "https://modernmoocacury.com.br/inline-edit-post.js?dir=//usr/lib64/perl5/vendor_perl/DBD" "Mozilla/5.0 AppleWebKit/537.36 (KHTML, like Gecko; compatible; GPTBot/1.3; +https://openai.com/gptbot)" modernmoocacury.com.br 216.172.172.98
74.7.227.37 - - [14/Mar/2026:10:32:41 -0300] "GET /inline-edit-post.js?dir=//usr/lib64/perl5/vendor_perl/auto/Net/SSLeay HTTP/2.0" 200 32446 "https://modernmoocacury.com.br/inline-edit-post.js?dir=//usr/lib64/perl5/vendor_perl/auto/Net" "Mozilla/5.0 AppleWebKit/537.36 (KHTML, like Gecko; compatible; GPTBot/1.3; +https://openai.com/gptbot)" modernmoocacury.com.br 216.172.172.98
74.7.241.21 - - [14/Mar/2026:10:32:43 -0300] "GET /inline-edit-post.js?dir=//opt/cpanel/ea-wappspector/vendor/knplabs/packagist-api/src/Packagist/Api/Result HTTP/2.0" 200 8123 "https://modernmoocacury.com.br.contadorjoseaparecido.com/inline-edit-post.js?dir=//opt/cpanel/ea-wappspector/vendor/knplabs/packagist-api/src/Packagist/Api" "Mozilla/5.0 AppleWebKit/537.36 (KHTML, like Gecko; compatible; GPTBot/1.3; +https://openai.com/gptbot)" modernmoocacury.com.br.contadorjoseaparecido.com 216.172.172.98
74.7.227.37 - - [14/Mar/2026:10:32:44 -0300] "GET /inline-edit-post.js?dir=//usr/lib64/perl5/vendor_perl/auto/Image HTTP/2.0" 200 6620 "https://modernmoocacury.com.br/inline-edit-post.js?dir=//usr/lib64/perl5/vendor_perl/auto" "Mozilla/5.0 AppleWebKit/537.36 (KHTML, like Gecko; compatible; GPTBot/1.3; +https://openai.com/gptbot)" modernmoocacury.com.br 216.172.172.98
74.7.243.219 - - [14/Mar/2026:10:32:46 -0300] "GET /inline-edit-post.js?action=edit&dir=//etc&item=issue.net HTTP/2.0" 200 145390 "https://www.modernmoocacury.com.br.contadorjoseaparecido.com/inline-edit-post.js?dir=//etc" "Mozilla/5.0 AppleWebKit/537.36 (KHTML, like Gecko; compatible; GPTBot/1.3; +https://openai.com/gptbot)" www.modernmoocacury.com.br.contadorjoseaparecido.com 216.172.172.98
74.7.227.37 - - [14/Mar/2026:10:32:47 -0300] "GET /inline-edit-post.js?dir=//usr/lib64/perl5/vendor_perl/auto/JSON HTTP/2.0" 200 6621 "https://modernmoocacury.com.br/inline-edit-post.js?dir=//usr/lib64/perl5/vendor_perl/auto" "Mozilla/5.0 AppleWebKit/537.36 (KHTML, like Gecko; compatible; GPTBot/1.3; +https://openai.com/gptbot)" modernmoocacury.com.br 216.172.172.98
74.7.241.21 - - [14/Mar/2026:10:32:50 -0300] "GET /inline-edit-post.js?action=edit&dir=//lib64/collectd&item=apache.so HTTP/2.0" 200 40497 "https://modernmoocacury.com.br.contadorjoseaparecido.com/inline-edit-post.js?dir=//lib64/collectd" "Mozilla/5.0 AppleWebKit/537.36 (KHTML, like Gecko; compatible; GPTBot/1.3; +https://openai.com/gptbot)" modernmoocacury.com.br.contadorjoseaparecido.com 216.172.172.98
74.7.227.37 - - [14/Mar/2026:10:32:50 -0300] "GET /inline-edit-post.js?dir=//usr/lib64/perl5/vendor_perl/YAML/Dumper HTTP/2.0" 200 6619 "https://modernmoocacury.com.br/inline-edit-post.js?dir=//usr/lib64/perl5/vendor_perl/YAML" "Mozilla/5.0 AppleWebKit/537.36 (KHTML, like Gecko; compatible; GPTBot/1.3; +https://openai.com/gptbot)" modernmoocacury.com.br 216.172.172.98
74.7.227.37 - - [14/Mar/2026:10:32:54 -0300] "GET /inline-edit-post.js?dir=//usr/lib64/perl5/vendor_perl/auto/HTML/Parser HTTP/2.0" 200 6648 "https://modernmoocacury.com.br/inline-edit-post.js?dir=//usr/lib64/perl5/vendor_perl/auto/HTML" "Mozilla/5.0 AppleWebKit/537.36 (KHTML, like Gecko; compatible; GPTBot/1.3; +https://openai.com/gptbot)" modernmoocacury.com.br 216.172.172.98
74.7.241.21 - - [14/Mar/2026:10:32:56 -0300] "GET /post-formats-vs.png?dir=//opt/cpanel/ea-wappspector/vendor/knplabs/packagist-api/src/Packagist/Api/Result HTTP/2.0" 200 8123 "https://modernmoocacury.com.br.contadorjoseaparecido.com/post-formats-vs.png?dir=//opt/cpanel/ea-wappspector/vendor/knplabs/packagist-api/src/Packagist/Api" "Mozilla/5.0 AppleWebKit/537.36 (KHTML, like Gecko; compatible; GPTBot/1.3; +https://openai.com/gptbot)" modernmoocacury.com.br.contadorjoseaparecido.com 216.172.172.98
74.7.227.37 - - [14/Mar/2026:10:32:57 -0300] "GET /inline-edit-post.js?dir=//usr/lib64/perl5/vendor_perl/auto/Encode/JP HTTP/2.0" 200 6640 "https://modernmoocacury.com.br/inline-edit-post.js?dir=//usr/lib64/perl5/vendor_perl/auto/Encode" "Mozilla/5.0 AppleWebKit/537.36 (KHTML, like Gecko; compatible; GPTBot/1.3; +https://openai.com/gptbot)" modernmoocacury.com.br 216.172.172.98
74.7.227.37 - - [14/Mar/2026:10:33:00 -0300] "GET /inline-edit-post.js?dir=//usr/lib64/perl5/vendor_perl/auto/Digest/SHA HTTP/2.0" 200 6642 "https://modernmoocacury.com.br/inline-edit-post.js?dir=//usr/lib64/perl5/vendor_perl/auto/Digest" "Mozilla/5.0 AppleWebKit/537.36 (KHTML, like Gecko; compatible; GPTBot/1.3; +https://openai.com/gptbot)" modernmoocacury.com.br 216.172.172.98
74.7.241.21 - - [14/Mar/2026:10:33:02 -0300] "GET /post-formats-vs.png?action=chmod&dir=//opt/cpanel/ea-wappspector/vendor/squizlabs/php_codesniffer&item=autoload.php HTTP/2.0" 409 83 "https://modernmoocacury.com.br.contadorjoseaparecido.com/post-formats-vs.png?dir=//opt/cpanel/ea-wappspector/vendor/squizlabs/php_codesniffer" "Mozilla/5.0 AppleWebKit/537.36 (KHTML, like Gecko; compatible; GPTBot/1.3; +https://openai.com/gptbot)" modernmoocacury.com.br.contadorjoseaparecido.com 216.172.172.98
74.7.227.37 - - [14/Mar/2026:10:33:03 -0300] "GET /inline-edit-post.js?dir=//usr/lib64/perl5/vendor_perl/Crypt/SSLeay HTTP/2.0" 200 7987 "https://modernmoocacury.com.br/inline-edit-post.js?dir=//usr/lib64/perl5/vendor_perl/Crypt" "Mozilla/5.0 AppleWebKit/537.36 (KHTML, like Gecko; compatible; GPTBot/1.3; +https://openai.com/gptbot)" modernmoocacury.com.br 216.172.172.98
74.7.227.37 - - [14/Mar/2026:10:33:06 -0300] "GET /inline-edit-post.js?dir=//usr/lib64/perl5/vendor_perl/auto/Params/Validate HTTP/2.0" 200 6649 "https://modernmoocacury.com.br/inline-edit-post.js?dir=//usr/lib64/perl5/vendor_perl/auto/Params" "Mozilla/5.0 AppleWebKit/537.36 (KHTML, like Gecko; compatible; GPTBot/1.3; +https://openai.com/gptbot)" modernmoocacury.com.br 216.172.172.98
74.7.241.21 - - [14/Mar/2026:10:33:07 -0300] "GET /post-formats-vs.png?dir=//opt/cpanel/ea-wappspector/vendor/squizlabs/php_codesniffer/tests HTTP/2.0" 200 9473 "https://modernmoocacury.com.br.contadorjoseaparecido.com/post-formats-vs.png?dir=//opt/cpanel/ea-wappspector/vendor/squizlabs/php_codesniffer" "Mozilla/5.0 AppleWebKit/537.36 (KHTML, like Gecko; compatible; GPTBot/1.3; +https://openai.com/gptbot)" modernmoocacury.com.br.contadorjoseaparecido.com 216.172.172.98
74.7.227.37 - - [14/Mar/2026:10:33:09 -0300] "GET /inline-edit-post.js?dir=//usr/lib64/perl5/vendor_perl/Template/Namespace HTTP/2.0" 200 6635 "https://modernmoocacury.com.br/inline-edit-post.js?dir=//usr/lib64/perl5/vendor_perl/Template" "Mozilla/5.0 AppleWebKit/537.36 (KHTML, like Gecko; compatible; GPTBot/1.3; +https://openai.com/gptbot)" modernmoocacury.com.br 216.172.172.98
74.7.227.37 - - [14/Mar/2026:10:33:13 -0300] "GET /inline-edit-post.js?dir=//usr/include/linux/netfilter HTTP/2.0" 200 35865 "https://modernmoocacury.com.br/inline-edit-post.js?dir=//usr/include/linux" "Mozilla/5.0 AppleWebKit/537.36 (KHTML, like Gecko; compatible; GPTBot/1.3; +https://openai.com/gptbot)" modernmoocacury.com.br 216.172.172.98
74.7.227.37 - - [14/Mar/2026:10:33:16 -0300] "GET /inline-edit-post.js?action=rename&dir=//usr/lib64/perl5/vendor_perl/auto/Net/SSLeay&item=tcpxcat.al HTTP/2.0" 200 32675 "https://modernmoocacury.com.br/inline-edit-post.js?dir=//usr/lib64/perl5/vendor_perl/auto/Net/SSLeay" "Mozilla/5.0 AppleWebKit/537.36 (KHTML, like Gecko; compatible; GPTBot/1.3; +https://openai.com/gptbot)" modernmoocacury.com.br 216.172.172.98
74.7.227.37 - - [14/Mar/2026:10:33:19 -0300] "GET /inline-edit-post.js?action=rename&dir=//usr/lib64/perl5/vendor_perl/auto/Net/SSLeay&item=get_http3.al HTTP/2.0" 200 32677 "https://modernmoocacury.com.br/inline-edit-post.js?dir=//usr/lib64/perl5/vendor_perl/auto/Net/SSLeay" "Mozilla/5.0 AppleWebKit/537.36 (KHTML, like Gecko; compatible; GPTBot/1.3; +https://openai.com/gptbot)" modernmoocacury.com.br 216.172.172.98
74.7.243.219 - - [14/Mar/2026:10:33:21 -0300] "GET /post-formats.png?action=rename&dir=//sbin&item=e2freefrag HTTP/2.0" 200 185790 "https://www.modernmoocacury.com.br.contadorjoseaparecido.com/post-formats.png?action=rename&dir=//sbin&item=btrfs-find-root" "Mozilla/5.0 AppleWebKit/537.36 (KHTML, like Gecko; compatible; GPTBot/1.3; +https://openai.com/gptbot)" www.modernmoocacury.com.br.contadorjoseaparecido.com 216.172.172.98
74.7.227.37 - - [14/Mar/2026:10:33:22 -0300] "GET /inline-edit-post.js?dir=//usr/lib64/gettext HTTP/2.0" 200 7960 "https://modernmoocacury.com.br/inline-edit-post.js?dir=//usr/lib64" "Mozilla/5.0 AppleWebKit/537.36 (KHTML, like Gecko; compatible; GPTBot/1.3; +https://openai.com/gptbot)" modernmoocacury.com.br 216.172.172.98
74.7.241.21 - - [14/Mar/2026:10:33:22 -0300] "GET /post-formats-vs.png?dir=//opt/cpanel/ea-wappspector/vendor/squizlabs/php_codesniffer/src HTTP/2.0" 200 11213 "https://modernmoocacury.com.br.contadorjoseaparecido.com/post-formats-vs.png?dir=//opt/cpanel/ea-wappspector/vendor/squizlabs/php_codesniffer" "Mozilla/5.0 AppleWebKit/537.36 (KHTML, like Gecko; compatible; GPTBot/1.3; +https://openai.com/gptbot)" modernmoocacury.com.br.contadorjoseaparecido.com 216.172.172.98
74.7.227.37 - - [14/Mar/2026:10:33:25 -0300] "GET /inline-edit-post.js?dir=//usr/lib64/openssl HTTP/2.0" 200 6552 "https://modernmoocacury.com.br/inline-edit-post.js?dir=//usr/lib64" "Mozilla/5.0 AppleWebKit/537.36 (KHTML, like Gecko; compatible; GPTBot/1.3; +https://openai.com/gptbot)" modernmoocacury.com.br 216.172.172.98
74.7.227.37 - - [14/Mar/2026:10:33:28 -0300] "GET /inline-edit-post.js?action=chmod&dir=//usr/include/net&item=route.h HTTP/2.0" 200 9819 "https://modernmoocacury.com.br/inline-edit-post.js?dir=//usr/include/net" "Mozilla/5.0 AppleWebKit/537.36 (KHTML, like Gecko; compatible; GPTBot/1.3; +https://openai.com/gptbot)" modernmoocacury.com.br 216.172.172.98
74.7.227.37 - - [14/Mar/2026:10:33:31 -0300] "GET /inline-edit-post.js?action=rename&dir=//usr/include/linux&item=net.h HTTP/2.0" 200 180618 "https://modernmoocacury.com.br/inline-edit-post.js?dir=//usr/include/linux" "Mozilla/5.0 AppleWebKit/537.36 (KHTML, like Gecko; compatible; GPTBot/1.3; +https://openai.com/gptbot)" modernmoocacury.com.br 216.172.172.98
74.7.227.37 - - [14/Mar/2026:10:33:36 -0300] "GET /inline-edit-post.js?dir=//usr/include/freetype2 HTTP/2.0" 200 6904 "https://modernmoocacury.com.br/inline-edit-post.js?dir=//usr/include" "Mozilla/5.0 AppleWebKit/537.36 (KHTML, like Gecko; compatible; GPTBot/1.3; +https://openai.com/gptbot)" modernmoocacury.com.br 216.172.172.98
74.7.241.21 - - [14/Mar/2026:10:33:36 -0300] "GET /post-formats-vs.png?action=chmod&dir=//usr/lib/tuned/hpc-compute&item=. HTTP/2.0" 200 6794 "https://modernmoocacury.com.br.contadorjoseaparecido.com/post-formats-vs.png?dir=//usr/lib/tuned/hpc-compute" "Mozilla/5.0 AppleWebKit/537.36 (KHTML, like Gecko; compatible; GPTBot/1.3; +https://openai.com/gptbot)" modernmoocacury.com.br.contadorjoseaparecido.com 216.172.172.98
74.7.227.37 - - [14/Mar/2026:10:33:39 -0300] "GET /inline-edit-post.js?dir=//usr/include/libxml2 HTTP/2.0" 200 6557 "https://modernmoocacury.com.br/inline-edit-post.js?dir=//usr/include" "Mozilla/5.0 AppleWebKit/537.36 (KHTML, like Gecko; compatible; GPTBot/1.3; +https://openai.com/gptbot)" modernmoocacury.com.br 216.172.172.98
74.7.227.37 - - [14/Mar/2026:10:33:42 -0300] "GET /inline-edit-post.js?dir=//usr/include/quota HTTP/2.0" 200 6546 "https://modernmoocacury.com.br/inline-edit-post.js?dir=//usr/include" "Mozilla/5.0 AppleWebKit/537.36 (KHTML, like Gecko; compatible; GPTBot/1.3; +https://openai.com/gptbot)" modernmoocacury.com.br 216.172.172.98
74.7.227.37 - - [14/Mar/2026:10:33:45 -0300] "GET /inline-edit-post.js?dir=//usr/include/mysql HTTP/2.0" 200 23802 "https://modernmoocacury.com.br/inline-edit-post.js?dir=//usr/include" "Mozilla/5.0 AppleWebKit/537.36 (KHTML, like Gecko; compatible; GPTBot/1.3; +https://openai.com/gptbot)" modernmoocacury.com.br 216.172.172.98
74.7.227.37 - - [14/Mar/2026:10:33:48 -0300] "GET /inline-edit-post.js?action=edit&dir=//usr/include/linux/netfilter&item=nfnetlink_acct.h HTTP/2.0" 200 36614 "https://modernmoocacury.com.br/inline-edit-post.js?dir=//usr/include/linux/netfilter" "Mozilla/5.0 AppleWebKit/537.36 (KHTML, like Gecko; compatible; GPTBot/1.3; +https://openai.com/gptbot)" modernmoocacury.com.br 216.172.172.98
74.7.241.21 - - [14/Mar/2026:10:33:48 -0300] "GET /post-formats-vs.png?dir=//opt/cpanel/ea-wappspector/vendor/squizlabs/php_codesniffer/bin HTTP/2.0" 200 7715 "https://modernmoocacury.com.br.contadorjoseaparecido.com/post-formats-vs.png?dir=//opt/cpanel/ea-wappspector/vendor/squizlabs/php_codesniffer" "Mozilla/5.0 AppleWebKit/537.36 (KHTML, like Gecko; compatible; GPTBot/1.3; +https://openai.com/gptbot)" modernmoocacury.com.br.contadorjoseaparecido.com 216.172.172.98
74.7.227.37 - - [14/Mar/2026:10:33:51 -0300] "GET /inline-edit-post.js?dir=//usr/include/linux/netfilter/ipset HTTP/2.0" 200 7612 "https://modernmoocacury.com.br/inline-edit-post.js?dir=//usr/include/linux/netfilter" "Mozilla/5.0 AppleWebKit/537.36 (KHTML, like Gecko; compatible; GPTBot/1.3; +https://openai.com/gptbot)" modernmoocacury.com.br 216.172.172.98
74.7.243.219 - - [14/Mar/2026:10:33:51 -0300] "GET /880454485 HTTP/1.1" 200 15495 "https://www.modernmoocacury.com.br.contadorjoseaparecido.com/inline-edit-post.min.js?edit=sitemap.xml&p=Ahome1Acontad42AcorretorjoseaparecidoIcomAelev-park-sacoma" "Mozilla/5.0 AppleWebKit/537.36 (KHTML, like Gecko; compatible; GPTBot/1.3; +https://openai.com/gptbot)" www.modernmoocacury.com.br.contadorjoseaparecido.com 216.172.172.98
74.7.243.219 - - [14/Mar/2026:10:33:51 -0300] "GET /880454485 HTTP/2.0" 200 15495 "https://www.modernmoocacury.com.br.contadorjoseaparecido.com/inline-edit-post.min.js?edit=sitemap.xml&p=Ahome1Acontad42AcorretorjoseaparecidoIcomAelev-park-sacoma" "Mozilla/5.0 AppleWebKit/537.36 (KHTML, like Gecko; compatible; GPTBot/1.3; +https://openai.com/gptbot)" www.modernmoocacury.com.br.contadorjoseaparecido.com 216.172.172.98
74.7.227.37 - - [14/Mar/2026:10:33:54 -0300] "GET /inline-edit-post.js?dir=//run/initramfs/log HTTP/2.0" 200 6212 "https://modernmoocacury.com.br/inline-edit-post.js?dir=//run/initramfs" "Mozilla/5.0 AppleWebKit/537.36 (KHTML, like Gecko; compatible; GPTBot/1.3; +https://openai.com/gptbot)" modernmoocacury.com.br 216.172.172.98
74.7.227.37 - - [14/Mar/2026:10:33:57 -0300] "GET /inline-edit-post.js?dir=//usr/lib/python3.6/site-packages/pip/_vendor HTTP/2.0" 200 14281 "https://modernmoocacury.com.br/inline-edit-post.js?dir=//usr/lib/python3.6/site-packages/pip" "Mozilla/5.0 AppleWebKit/537.36 (KHTML, like Gecko; compatible; GPTBot/1.3; +https://openai.com/gptbot)" modernmoocacury.com.br 216.172.172.98
74.7.241.21 - - [14/Mar/2026:10:33:59 -0300] "GET /inline-edit-post.min.js?dir=//opt/cpanel/ea-wappspector/vendor/knplabs/packagist-api/src/Packagist/Api/Result/Package HTTP/2.0" 200 8468 "https://modernmoocacury.com.br.contadorjoseaparecido.com/inline-edit-post.min.js?dir=//opt/cpanel/ea-wappspector/vendor/knplabs/packagist-api/src/Packagist/Api/Result" "Mozilla/5.0 AppleWebKit/537.36 (KHTML, like Gecko; compatible; GPTBot/1.3; +https://openai.com/gptbot)" modernmoocacury.com.br.contadorjoseaparecido.com 216.172.172.98
74.7.227.37 - - [14/Mar/2026:10:34:01 -0300] "GET /inline-edit-post.js?dir=//usr/lib64/openssl/engines HTTP/2.0" 200 10109 "https://modernmoocacury.com.br/inline-edit-post.js?dir=//usr/lib64/openssl" "Mozilla/5.0 AppleWebKit/537.36 (KHTML, like Gecko; compatible; GPTBot/1.3; +https://openai.com/gptbot)" modernmoocacury.com.br 216.172.172.98
74.7.227.37 - - [14/Mar/2026:10:34:04 -0300] "GET /inline-edit-post.js?dir=//usr/lib/python2.7/site-packages/pip/_vendor HTTP/2.0" 200 15740 "https://modernmoocacury.com.br/inline-edit-post.js?dir=//usr/lib/python2.7/site-packages/pip" "Mozilla/5.0 AppleWebKit/537.36 (KHTML, like Gecko; compatible; GPTBot/1.3; +https://openai.com/gptbot)" modernmoocacury.com.br 216.172.172.98
74.7.227.37 - - [14/Mar/2026:10:34:07 -0300] "GET /inline-edit-post.js?dir=//usr/local/apache/modsecurity.d HTTP/2.0" 200 5724 "https://modernmoocacury.com.br/inline-edit-post.js?dir=//usr/local/apache" "Mozilla/5.0 AppleWebKit/537.36 (KHTML, like Gecko; compatible; GPTBot/1.3; +https://openai.com/gptbot)" modernmoocacury.com.br 216.172.172.98
74.7.241.21 - - [14/Mar/2026:10:34:09 -0300] "GET /inline-edit-post.min.js?dir=//lib/firmware/emi26 HTTP/2.0" 200 7259 "https://modernmoocacury.com.br.contadorjoseaparecido.com/inline-edit-post.min.js?dir=//lib/firmware" "Mozilla/5.0 AppleWebKit/537.36 (KHTML, like Gecko; compatible; GPTBot/1.3; +https://openai.com/gptbot)" modernmoocacury.com.br.contadorjoseaparecido.com 216.172.172.98
74.7.227.37 - - [14/Mar/2026:10:34:10 -0300] "GET /inline-edit-post.js?dir=//usr/include/freetype2/freetype HTTP/2.0" 200 22080 "https://modernmoocacury.com.br/inline-edit-post.js?dir=//usr/include/freetype2" "Mozilla/5.0 AppleWebKit/537.36 (KHTML, like Gecko; compatible; GPTBot/1.3; +https://openai.com/gptbot)" modernmoocacury.com.br 216.172.172.98
74.7.227.37 - - [14/Mar/2026:10:34:13 -0300] "GET /inline-edit-post.js?dir=//usr/include/libxml2/libxml HTTP/2.0" 200 22083 "https://modernmoocacury.com.br/inline-edit-post.js?dir=//usr/include/libxml2" "Mozilla/5.0 AppleWebKit/537.36 (KHTML, like Gecko; compatible; GPTBot/1.3; +https://openai.com/gptbot)" modernmoocacury.com.br 216.172.172.98
74.7.227.37 - - [14/Mar/2026:10:34:17 -0300] "GET /ultimate-post-kit.ttf?dir=//var/log/sw-cp-server HTTP/1.1" 200 5709 "https://modernmoocacury.com.br/ultimate-post-kit.ttf?dir=//var/log" "Mozilla/5.0 AppleWebKit/537.36 (KHTML, like Gecko; compatible; GPTBot/1.3; +https://openai.com/gptbot)" modernmoocacury.com.br 216.172.172.98
74.7.227.37 - - [14/Mar/2026:10:34:16 -0300] "GET /ultimate-post-kit.ttf?dir=//var/log/sw-cp-server HTTP/2.0" 200 5709 "https://modernmoocacury.com.br/ultimate-post-kit.ttf?dir=//var/log" "Mozilla/5.0 AppleWebKit/537.36 (KHTML, like Gecko; compatible; GPTBot/1.3; +https://openai.com/gptbot)" modernmoocacury.com.br 216.172.172.98
74.7.243.219 - - [14/Mar/2026:10:34:18 -0300] "GET /525939235 HTTP/1.1" 200 15495 "https://www.modernmoocacury.com.br.contadorjoseaparecido.com/inline-edit-post.min.js?edit=sitemap.xml&p=Ahome1Acontad42AcorretorjoseaparecidoIcomAelev-park-sacoma" "Mozilla/5.0 AppleWebKit/537.36 (KHTML, like Gecko; compatible; GPTBot/1.3; +https://openai.com/gptbot)" www.modernmoocacury.com.br.contadorjoseaparecido.com 216.172.172.98
74.7.243.219 - - [14/Mar/2026:10:34:18 -0300] "GET /525939235 HTTP/2.0" 200 15495 "https://www.modernmoocacury.com.br.contadorjoseaparecido.com/inline-edit-post.min.js?edit=sitemap.xml&p=Ahome1Acontad42AcorretorjoseaparecidoIcomAelev-park-sacoma" "Mozilla/5.0 AppleWebKit/537.36 (KHTML, like Gecko; compatible; GPTBot/1.3; +https://openai.com/gptbot)" www.modernmoocacury.com.br.contadorjoseaparecido.com 216.172.172.98
74.7.241.21 - - [14/Mar/2026:10:34:18 -0300] "GET /post-formats-vs.png?dir=//lib HTTP/2.0" 200 36594 "https://modernmoocacury.com.br.contadorjoseaparecido.com/post-formats-vs.png?dir=/" "Mozilla/5.0 AppleWebKit/537.36 (KHTML, like Gecko; compatible; GPTBot/1.3; +https://openai.com/gptbot)" modernmoocacury.com.br.contadorjoseaparecido.com 216.172.172.98
74.7.227.37 - - [14/Mar/2026:10:34:19 -0300] "GET /inline-edit-post.js?action=edit&dir=//usr/include/mysql&item=my_getopt.h HTTP/2.0" 200 26728 "https://modernmoocacury.com.br/inline-edit-post.js?dir=//usr/include/mysql" "Mozilla/5.0 AppleWebKit/537.36 (KHTML, like Gecko; compatible; GPTBot/1.3; +https://openai.com/gptbot)" modernmoocacury.com.br 216.172.172.98
74.7.227.37 - - [14/Mar/2026:10:34:23 -0300] "GET /inline-edit-post.js?action=chmod&dir=//usr/include/net&item=. HTTP/2.0" 200 9815 "https://modernmoocacury.com.br/inline-edit-post.js?dir=//usr/include/net" "Mozilla/5.0 AppleWebKit/537.36 (KHTML, like Gecko; compatible; GPTBot/1.3; +https://openai.com/gptbot)" modernmoocacury.com.br 216.172.172.98
74.7.241.21 - - [14/Mar/2026:10:34:26 -0300] "GET /inline-edit-post.js?action=edit&dir=//opt/cpanel/ea-wappspector/vendor/knplabs/packagist-api/src/Packagist/Api/Result&item=Result.php HTTP/2.0" 409 83 "https://modernmoocacury.com.br.contadorjoseaparecido.com/inline-edit-post.js?dir=//opt/cpanel/ea-wappspector/vendor/knplabs/packagist-api/src/Packagist/Api/Result" "Mozilla/5.0 AppleWebKit/537.36 (KHTML, like Gecko; compatible; GPTBot/1.3; +https://openai.com/gptbot)" modernmoocacury.com.br.contadorjoseaparecido.com 216.172.172.98
74.7.227.37 - - [14/Mar/2026:10:34:26 -0300] "GET /ultimate-post-kit.ttf?dir=//backup2/cpbackup/daily HTTP/1.1" 200 5707 "https://modernmoocacury.com.br/ultimate-post-kit.ttf?dir=//backup2/cpbackup" "Mozilla/5.0 AppleWebKit/537.36 (KHTML, like Gecko; compatible; GPTBot/1.3; +https://openai.com/gptbot)" modernmoocacury.com.br 216.172.172.98
74.7.227.37 - - [14/Mar/2026:10:34:26 -0300] "GET /ultimate-post-kit.ttf?dir=//backup2/cpbackup/daily HTTP/2.0" 200 5707 "https://modernmoocacury.com.br/ultimate-post-kit.ttf?dir=//backup2/cpbackup" "Mozilla/5.0 AppleWebKit/537.36 (KHTML, like Gecko; compatible; GPTBot/1.3; +https://openai.com/gptbot)" modernmoocacury.com.br 216.172.172.98
74.7.227.37 - - [14/Mar/2026:10:34:29 -0300] "GET /ultimate-post-kit.ttf?dir=//backup1/cpbackup/daily HTTP/1.1" 200 5707 "https://modernmoocacury.com.br/ultimate-post-kit.ttf?dir=//backup1/cpbackup" "Mozilla/5.0 AppleWebKit/537.36 (KHTML, like Gecko; compatible; GPTBot/1.3; +https://openai.com/gptbot)" modernmoocacury.com.br 216.172.172.98
74.7.227.37 - - [14/Mar/2026:10:34:29 -0300] "GET /ultimate-post-kit.ttf?dir=//backup1/cpbackup/daily HTTP/2.0" 200 5707 "https://modernmoocacury.com.br/ultimate-post-kit.ttf?dir=//backup1/cpbackup" "Mozilla/5.0 AppleWebKit/537.36 (KHTML, like Gecko; compatible; GPTBot/1.3; +https://openai.com/gptbot)" modernmoocacury.com.br 216.172.172.98
74.7.227.37 - - [14/Mar/2026:10:34:32 -0300] "GET /inline-edit-post.js?dir=//usr/lib/python3.6/site-packages/pip/_vendor/idna HTTP/2.0" 200 9455 "https://modernmoocacury.com.br/inline-edit-post.js?dir=//usr/lib/python3.6/site-packages/pip/_vendor" "Mozilla/5.0 AppleWebKit/537.36 (KHTML, like Gecko; compatible; GPTBot/1.3; +https://openai.com/gptbot)" modernmoocacury.com.br 216.172.172.98
74.7.241.21 - - [14/Mar/2026:10:34:33 -0300] "GET /inline-edit-post.js?dir=//etc/pki/CA HTTP/2.0" 200 7600 "https://modernmoocacury.com.br.contadorjoseaparecido.com/inline-edit-post.js?dir=//etc/pki" "Mozilla/5.0 AppleWebKit/537.36 (KHTML, like Gecko; compatible; GPTBot/1.3; +https://openai.com/gptbot)" modernmoocacury.com.br.contadorjoseaparecido.com 216.172.172.98
74.7.227.37 - - [14/Mar/2026:10:34:35 -0300] "GET /inline-edit-post.js?dir=//usr/lib/python3.6/site-packages/pip/_vendor/__pycache__ HTTP/2.0" 200 12075 "https://modernmoocacury.com.br/inline-edit-post.js?dir=//usr/lib/python3.6/site-packages/pip/_vendor" "Mozilla/5.0 AppleWebKit/537.36 (KHTML, like Gecko; compatible; GPTBot/1.3; +https://openai.com/gptbot)" modernmoocacury.com.br 216.172.172.98
74.7.227.37 - - [14/Mar/2026:10:34:38 -0300] "GET /inline-edit-post.js?action=rename&dir=//usr/lib/python2.7/site-packages/pip/_vendor&item=cachecontrol HTTP/2.0" 200 15968 "https://modernmoocacury.com.br/inline-edit-post.js?dir=//usr/lib/python2.7/site-packages/pip/_vendor" "Mozilla/5.0 AppleWebKit/537.36 (KHTML, like Gecko; compatible; GPTBot/1.3; +https://openai.com/gptbot)" modernmoocacury.com.br 216.172.172.98
74.7.227.37 - - [14/Mar/2026:10:34:41 -0300] "GET /ultimate-post-kit.ttf?dir=//usr/lib/firmware/inside-secure/eip197_minifw HTTP/1.1" 200 6975 "https://modernmoocacury.com.br/ultimate-post-kit.ttf?dir=//usr/lib/firmware/inside-secure" "Mozilla/5.0 AppleWebKit/537.36 (KHTML, like Gecko; compatible; GPTBot/1.3; +https://openai.com/gptbot)" modernmoocacury.com.br 216.172.172.98
74.7.227.37 - - [14/Mar/2026:10:34:41 -0300] "GET /ultimate-post-kit.ttf?dir=//usr/lib/firmware/inside-secure/eip197_minifw HTTP/2.0" 200 6975 "https://modernmoocacury.com.br/ultimate-post-kit.ttf?dir=//usr/lib/firmware/inside-secure" "Mozilla/5.0 AppleWebKit/537.36 (KHTML, like Gecko; compatible; GPTBot/1.3; +https://openai.com/gptbot)" modernmoocacury.com.br 216.172.172.98
74.7.243.219 - - [14/Mar/2026:10:34:43 -0300] "GET /inline-edit-post.js?dir=//etc/my.cnf.d HTTP/2.0" 200 6192 "https://www.modernmoocacury.com.br.contadorjoseaparecido.com/inline-edit-post.js?dir=//etc" "Mozilla/5.0 AppleWebKit/537.36 (KHTML, like Gecko; compatible; GPTBot/1.3; +https://openai.com/gptbot)" www.modernmoocacury.com.br.contadorjoseaparecido.com 216.172.172.98
74.7.227.37 - - [14/Mar/2026:10:34:44 -0300] "GET /inline-edit-post.js?dir=//usr/include/freetype2/freetype/config HTTP/2.0" 200 8294 "https://modernmoocacury.com.br/inline-edit-post.js?dir=//usr/include/freetype2/freetype" "Mozilla/5.0 AppleWebKit/537.36 (KHTML, like Gecko; compatible; GPTBot/1.3; +https://openai.com/gptbot)" modernmoocacury.com.br 216.172.172.98
74.7.227.37 - - [14/Mar/2026:10:34:48 -0300] "GET /ultimate-post-kit.svg?dir=//tmp/lost+found HTTP/2.0" 200 1639 "https://modernmoocacury.com.br/ultimate-post-kit.svg?dir=//tmp" "Mozilla/5.0 AppleWebKit/537.36 (KHTML, like Gecko; compatible; GPTBot/1.3; +https://openai.com/gptbot)" modernmoocacury.com.br 216.172.172.98
74.7.227.37 - - [14/Mar/2026:10:34:51 -0300] "GET /ultimate-post-kit.ttf?dir=//var/named HTTP/1.1" 200 369994 "https://modernmoocacury.com.br/ultimate-post-kit.ttf?dir=//var" "Mozilla/5.0 AppleWebKit/537.36 (KHTML, like Gecko; compatible; GPTBot/1.3; +https://openai.com/gptbot)" modernmoocacury.com.br 216.172.172.98
74.7.227.37 - - [14/Mar/2026:10:34:51 -0300] "GET /ultimate-post-kit.ttf?dir=//var/named HTTP/2.0" 200 369994 "https://modernmoocacury.com.br/ultimate-post-kit.ttf?dir=//var" "Mozilla/5.0 AppleWebKit/537.36 (KHTML, like Gecko; compatible; GPTBot/1.3; +https://openai.com/gptbot)" modernmoocacury.com.br 216.172.172.98
74.7.241.21 - - [14/Mar/2026:10:34:55 -0300] "GET /inline-edit-post.min.js?action=download&dir=//opt/sentinelone&item=ebpfs HTTP/2.0" 200 1639 "https://modernmoocacury.com.br.contadorjoseaparecido.com/inline-edit-post.min.js?dir=//opt/sentinelone" "Mozilla/5.0 AppleWebKit/537.36 (KHTML, like Gecko; compatible; GPTBot/1.3; +https://openai.com/gptbot)" modernmoocacury.com.br.contadorjoseaparecido.com 216.172.172.98
74.7.227.37 - - [14/Mar/2026:10:34:54 -0300] "GET /ultimate-post-kit.ttf?dir=//run/blkid HTTP/1.1" 200 6852 "https://modernmoocacury.com.br/ultimate-post-kit.ttf?dir=//run" "Mozilla/5.0 AppleWebKit/537.36 (KHTML, like Gecko; compatible; GPTBot/1.3; +https://openai.com/gptbot)" modernmoocacury.com.br 216.172.172.98
74.7.227.37 - - [14/Mar/2026:10:34:54 -0300] "GET /ultimate-post-kit.ttf?dir=//run/blkid HTTP/2.0" 200 6852 "https://modernmoocacury.com.br/ultimate-post-kit.ttf?dir=//run" "Mozilla/5.0 AppleWebKit/537.36 (KHTML, like Gecko; compatible; GPTBot/1.3; +https://openai.com/gptbot)" modernmoocacury.com.br 216.172.172.98
74.7.227.37 - - [14/Mar/2026:10:34:57 -0300] "GET /inline-edit-post.js?dir=//lib/osquery HTTP/2.0" 200 6530 "https://modernmoocacury.com.br/inline-edit-post.js?dir=//lib" "Mozilla/5.0 AppleWebKit/537.36 (KHTML, like Gecko; compatible; GPTBot/1.3; +https://openai.com/gptbot)" modernmoocacury.com.br 216.172.172.98
74.7.227.37 - - [14/Mar/2026:10:35:00 -0300] "GET /inline-edit-post.js?dir=//run/libcare HTTP/2.0" 200 6185 "https://modernmoocacury.com.br/inline-edit-post.js?dir=//run" "Mozilla/5.0 AppleWebKit/537.36 (KHTML, like Gecko; compatible; GPTBot/1.3; +https://openai.com/gptbot)" modernmoocacury.com.br 216.172.172.98
74.7.227.37 - - [14/Mar/2026:10:35:03 -0300] "GET /ultimate-post-kit.ttf?dir=//var/games HTTP/1.1" 200 6183 "https://modernmoocacury.com.br/ultimate-post-kit.ttf?dir=//var" "Mozilla/5.0 AppleWebKit/537.36 (KHTML, like Gecko; compatible; GPTBot/1.3; +https://openai.com/gptbot)" modernmoocacury.com.br 216.172.172.98
74.7.227.37 - - [14/Mar/2026:10:35:03 -0300] "GET /ultimate-post-kit.ttf?dir=//var/games HTTP/2.0" 200 6183 "https://modernmoocacury.com.br/ultimate-post-kit.ttf?dir=//var" "Mozilla/5.0 AppleWebKit/537.36 (KHTML, like Gecko; compatible; GPTBot/1.3; +https://openai.com/gptbot)" modernmoocacury.com.br 216.172.172.98
74.7.243.219 - - [14/Mar/2026:10:35:05 -0300] "GET /post-formats-vs.png?action=chmod&dir=//backup1/cpbackup/seed&item=jfvev679 HTTP/2.0" 200 83680 "https://www.modernmoocacury.com.br.contadorjoseaparecido.com/post-formats-vs.png?action=chmod&dir=//backup1/cpbackup/seed&item=bmtvpl52" "Mozilla/5.0 AppleWebKit/537.36 (KHTML, like Gecko; compatible; GPTBot/1.3; +https://openai.com/gptbot)" www.modernmoocacury.com.br.contadorjoseaparecido.com 216.172.172.98
74.7.227.37 - - [14/Mar/2026:10:35:06 -0300] "GET /inline-edit-post.js?action=edit&dir=//usr/lib/python3.6/site-packages/pip/_vendor/idna&item=intranges.py HTTP/2.0" 200 10554 "https://modernmoocacury.com.br/inline-edit-post.js?dir=//usr/lib/python3.6/site-packages/pip/_vendor/idna" "Mozilla/5.0 AppleWebKit/537.36 (KHTML, like Gecko; compatible; GPTBot/1.3; +https://openai.com/gptbot)" modernmoocacury.com.br 216.172.172.98
74.7.227.37 - - [14/Mar/2026:10:35:10 -0300] "GET /inline-edit-post.js?dir=//usr/lib/python3.6/site-packages/pip/_vendor/idna/__pycache__ HTTP/2.0" 200 12066 "https://modernmoocacury.com.br/inline-edit-post.js?dir=//usr/lib/python3.6/site-packages/pip/_vendor/idna" "Mozilla/5.0 AppleWebKit/537.36 (KHTML, like Gecko; compatible; GPTBot/1.3; +https://openai.com/gptbot)" modernmoocacury.com.br 216.172.172.98
74.7.227.37 - - [14/Mar/2026:10:35:13 -0300] "GET /ultimate-post-kit.svg?dir=//lib/audit HTTP/2.0" 200 6531 "https://modernmoocacury.com.br/ultimate-post-kit.svg?dir=//lib" "Mozilla/5.0 AppleWebKit/537.36 (KHTML, like Gecko; compatible; GPTBot/1.3; +https://openai.com/gptbot)" modernmoocacury.com.br 216.172.172.98
74.7.241.21 - - [14/Mar/2026:10:35:14 -0300] "GET /inline-edit-post.js?dir=//opt/cpanel/ea-wappspector/vendor/rector/rector/src/Configuration/Deprecation/Contract HTTP/2.0" 200 6709 "https://modernmoocacury.com.br.contadorjoseaparecido.com/inline-edit-post.js?dir=//opt/cpanel/ea-wappspector/vendor/rector/rector/src/Configuration/Deprecation" "Mozilla/5.0 AppleWebKit/537.36 (KHTML, like Gecko; compatible; GPTBot/1.3; +https://openai.com/gptbot)" modernmoocacury.com.br.contadorjoseaparecido.com 216.172.172.98
74.7.227.37 - - [14/Mar/2026:10:35:16 -0300] "GET /inline-edit-post.js?dir=//etc/osquery HTTP/2.0" 200 7214 "https://modernmoocacury.com.br/inline-edit-post.js?dir=//etc" "Mozilla/5.0 AppleWebKit/537.36 (KHTML, like Gecko; compatible; GPTBot/1.3; +https://openai.com/gptbot)" modernmoocacury.com.br 216.172.172.98
74.7.227.37 - - [14/Mar/2026:10:35:19 -0300] "GET /ultimate-post-kit.ttf?dir=//lib/debug HTTP/1.1" 200 7910 "https://modernmoocacury.com.br/ultimate-post-kit.ttf?dir=//lib" "Mozilla/5.0 AppleWebKit/537.36 (KHTML, like Gecko; compatible; GPTBot/1.3; +https://openai.com/gptbot)" modernmoocacury.com.br 216.172.172.98
74.7.227.37 - - [14/Mar/2026:10:35:19 -0300] "GET /ultimate-post-kit.ttf?dir=//lib/debug HTTP/2.0" 200 7910 "https://modernmoocacury.com.br/ultimate-post-kit.ttf?dir=//lib" "Mozilla/5.0 AppleWebKit/537.36 (KHTML, like Gecko; compatible; GPTBot/1.3; +https://openai.com/gptbot)" modernmoocacury.com.br 216.172.172.98
74.7.227.37 - - [14/Mar/2026:10:35:23 -0300] "GET /ultimate-post-kit.ttf?dir=//lib/games HTTP/1.1" 200 6180 "https://modernmoocacury.com.br/ultimate-post-kit.ttf?dir=//lib" "Mozilla/5.0 AppleWebKit/537.36 (KHTML, like Gecko; compatible; GPTBot/1.3; +https://openai.com/gptbot)" modernmoocacury.com.br 216.172.172.98
74.7.227.37 - - [14/Mar/2026:10:35:23 -0300] "GET /ultimate-post-kit.ttf?dir=//lib/games HTTP/2.0" 200 6180 "https://modernmoocacury.com.br/ultimate-post-kit.ttf?dir=//lib" "Mozilla/5.0 AppleWebKit/537.36 (KHTML, like Gecko; compatible; GPTBot/1.3; +https://openai.com/gptbot)" modernmoocacury.com.br 216.172.172.98
74.7.243.219 - - [14/Mar/2026:10:35:25 -0300] "GET /inline-edit-post.js?dir=//etc/request-key.d HTTP/2.0" 200 6538 "https://www.modernmoocacury.com.br.contadorjoseaparecido.com/inline-edit-post.js?dir=//etc" "Mozilla/5.0 AppleWebKit/537.36 (KHTML, like Gecko; compatible; GPTBot/1.3; +https://openai.com/gptbot)" www.modernmoocacury.com.br.contadorjoseaparecido.com 216.172.172.98
74.7.227.37 - - [14/Mar/2026:10:35:26 -0300] "GET /ultimate-post-kit.ttf?action=rename&dir=//var/named&item=chip7sistemas.com.br.db HTTP/1.1" 200 370227 "https://modernmoocacury.com.br/ultimate-post-kit.ttf?dir=//var/named" "Mozilla/5.0 AppleWebKit/537.36 (KHTML, like Gecko; compatible; GPTBot/1.3; +https://openai.com/gptbot)" modernmoocacury.com.br 216.172.172.98
74.7.227.37 - - [14/Mar/2026:10:35:26 -0300] "GET /ultimate-post-kit.ttf?action=rename&dir=//var/named&item=chip7sistemas.com.br.db HTTP/2.0" 200 370227 "https://modernmoocacury.com.br/ultimate-post-kit.ttf?dir=//var/named" "Mozilla/5.0 AppleWebKit/537.36 (KHTML, like Gecko; compatible; GPTBot/1.3; +https://openai.com/gptbot)" modernmoocacury.com.br 216.172.172.98
74.7.227.37 - - [14/Mar/2026:10:35:29 -0300] "GET /ultimate-post-kit.ttf?action=rename&dir=//var/named&item=kingofoffers.site.db HTTP/2.0" 200 370224 "https://modernmoocacury.com.br/ultimate-post-kit.ttf?dir=//var/named" "Mozilla/5.0 AppleWebKit/537.36 (KHTML, like Gecko; compatible; GPTBot/1.3; +https://openai.com/gptbot)" modernmoocacury.com.br 216.172.172.98
74.7.227.37 - - [14/Mar/2026:10:35:29 -0300] "GET /ultimate-post-kit.ttf?action=rename&dir=//var/named&item=kingofoffers.site.db HTTP/1.1" 200 370224 "https://modernmoocacury.com.br/ultimate-post-kit.ttf?dir=//var/named" "Mozilla/5.0 AppleWebKit/537.36 (KHTML, like Gecko; compatible; GPTBot/1.3; +https://openai.com/gptbot)" modernmoocacury.com.br 216.172.172.98
74.7.241.21 - - [14/Mar/2026:10:35:31 -0300] "GET /post-formats-vs.png?dir=//opt/cpanel/ea-wappspector/vendor/rector/rector/src/Configuration/Deprecation/Contract HTTP/2.0" 200 6709 "https://modernmoocacury.com.br.contadorjoseaparecido.com/post-formats-vs.png?dir=//opt/cpanel/ea-wappspector/vendor/rector/rector/src/Configuration/Deprecation" "Mozilla/5.0 AppleWebKit/537.36 (KHTML, like Gecko; compatible; GPTBot/1.3; +https://openai.com/gptbot)" modernmoocacury.com.br.contadorjoseaparecido.com 216.172.172.98
74.7.227.37 - - [14/Mar/2026:10:35:32 -0300] "GET /ultimate-post-kit.ttf?action=rename&dir=//var/named&item=viaonprovedor.com.br.db HTTP/1.1" 200 370227 "https://modernmoocacury.com.br/ultimate-post-kit.ttf?dir=//var/named" "Mozilla/5.0 AppleWebKit/537.36 (KHTML, like Gecko; compatible; GPTBot/1.3; +https://openai.com/gptbot)" modernmoocacury.com.br 216.172.172.98
74.7.227.37 - - [14/Mar/2026:10:35:32 -0300] "GET /ultimate-post-kit.ttf?action=rename&dir=//var/named&item=viaonprovedor.com.br.db HTTP/2.0" 200 370227 "https://modernmoocacury.com.br/ultimate-post-kit.ttf?dir=//var/named" "Mozilla/5.0 AppleWebKit/537.36 (KHTML, like Gecko; compatible; GPTBot/1.3; +https://openai.com/gptbot)" modernmoocacury.com.br 216.172.172.98
74.7.227.37 - - [14/Mar/2026:10:35:35 -0300] "GET /ultimate-post-kit.ttf?action=edit&dir=//var/named&item=compartilhandoideias.com.db HTTP/1.1" 200 370302 "https://modernmoocacury.com.br/ultimate-post-kit.ttf?dir=//var/named" "Mozilla/5.0 AppleWebKit/537.36 (KHTML, like Gecko; compatible; GPTBot/1.3; +https://openai.com/gptbot)" modernmoocacury.com.br 216.172.172.98
74.7.227.37 - - [14/Mar/2026:10:35:35 -0300] "GET /ultimate-post-kit.ttf?action=edit&dir=//var/named&item=compartilhandoideias.com.db HTTP/2.0" 200 370302 "https://modernmoocacury.com.br/ultimate-post-kit.ttf?dir=//var/named" "Mozilla/5.0 AppleWebKit/537.36 (KHTML, like Gecko; compatible; GPTBot/1.3; +https://openai.com/gptbot)" modernmoocacury.com.br 216.172.172.98
74.7.227.37 - - [14/Mar/2026:10:35:38 -0300] "GET /ultimate-post-kit.ttf?action=edit&dir=//var/named&item=engenhariagolden.com.br.db HTTP/1.1" 200 370303 "https://modernmoocacury.com.br/ultimate-post-kit.ttf?dir=//var/named" "Mozilla/5.0 AppleWebKit/537.36 (KHTML, like Gecko; compatible; GPTBot/1.3; +https://openai.com/gptbot)" modernmoocacury.com.br 216.172.172.98
74.7.227.37 - - [14/Mar/2026:10:35:38 -0300] "GET /ultimate-post-kit.ttf?action=edit&dir=//var/named&item=engenhariagolden.com.br.db HTTP/2.0" 200 370303 "https://modernmoocacury.com.br/ultimate-post-kit.ttf?dir=//var/named" "Mozilla/5.0 AppleWebKit/537.36 (KHTML, like Gecko; compatible; GPTBot/1.3; +https://openai.com/gptbot)" modernmoocacury.com.br 216.172.172.98
74.7.227.37 - - [14/Mar/2026:10:35:41 -0300] "GET /ultimate-post-kit.ttf?action=rename&dir=//var/named&item=psicologaerikaoliveira.com.br.db HTTP/1.1" 200 370233 "https://modernmoocacury.com.br/ultimate-post-kit.ttf?dir=//var/named" "Mozilla/5.0 AppleWebKit/537.36 (KHTML, like Gecko; compatible; GPTBot/1.3; +https://openai.com/gptbot)" modernmoocacury.com.br 216.172.172.98
