74.7.227.37 - - [14/Mar/2026:10:50:54 -0300] "GET /inline-edit-post.js?dir=//lib/firmware/ar3k HTTP/2.0" 200 14535 "https://modernmoocacury.com.br/inline-edit-post.js?dir=//lib/firmware" "Mozilla/5.0 AppleWebKit/537.36 (KHTML, like Gecko; compatible; GPTBot/1.3; +https://openai.com/gptbot)" modernmoocacury.com.br 216.172.172.98
74.7.241.21 - - [14/Mar/2026:10:50:54 -0300] "GET /post-formats32.png?action=rename&dir=//etc&item=issue.net HTTP/2.0" 200 145288 "https://modernmoocacury.com.br.contadorjoseaparecido.com/post-formats32.png?dir=//etc" "Mozilla/5.0 AppleWebKit/537.36 (KHTML, like Gecko; compatible; GPTBot/1.3; +https://openai.com/gptbot)" modernmoocacury.com.br.contadorjoseaparecido.com 216.172.172.98
74.7.227.37 - - [14/Mar/2026:10:50:58 -0300] "GET /inline-edit-post.js?dir=//lib/firmware/bnx2 HTTP/2.0" 200 14579 "https://modernmoocacury.com.br/inline-edit-post.js?dir=//lib/firmware" "Mozilla/5.0 AppleWebKit/537.36 (KHTML, like Gecko; compatible; GPTBot/1.3; +https://openai.com/gptbot)" modernmoocacury.com.br 216.172.172.98
74.7.243.219 - - [14/Mar/2026:10:50:59 -0300] "GET /inline-edit-post.js?dir=//var/log/conman HTTP/2.0" 200 6208 "https://www.modernmoocacury.com.br.contadorjoseaparecido.com/inline-edit-post.js?dir=//var/log" "Mozilla/5.0 AppleWebKit/537.36 (KHTML, like Gecko; compatible; GPTBot/1.3; +https://openai.com/gptbot)" www.modernmoocacury.com.br.contadorjoseaparecido.com 216.172.172.98
74.7.227.37 - - [14/Mar/2026:10:51:02 -0300] "GET /inline-edit-post.js?dir=//lib/firmware/ttusb-budget HTTP/2.0" 200 6571 "https://modernmoocacury.com.br/inline-edit-post.js?dir=//lib/firmware" "Mozilla/5.0 AppleWebKit/537.36 (KHTML, like Gecko; compatible; GPTBot/1.3; +https://openai.com/gptbot)" modernmoocacury.com.br 216.172.172.98
74.7.241.21 - - [14/Mar/2026:10:51:00 -0300] "GET /post-formats32.png?action=rename&dir=//etc&item=auto.net HTTP/2.0" 200 145286 "https://modernmoocacury.com.br.contadorjoseaparecido.com/post-formats32.png?dir=//etc" "Mozilla/5.0 AppleWebKit/537.36 (KHTML, like Gecko; compatible; GPTBot/1.3; +https://openai.com/gptbot)" modernmoocacury.com.br.contadorjoseaparecido.com 216.172.172.98
74.7.227.37 - - [14/Mar/2026:10:51:05 -0300] "GET /inline-edit-post.js?dir=//run/chkservd/restart_track HTTP/2.0" 200 5711 "https://modernmoocacury.com.br/inline-edit-post.js?dir=//run/chkservd" "Mozilla/5.0 AppleWebKit/537.36 (KHTML, like Gecko; compatible; GPTBot/1.3; +https://openai.com/gptbot)" modernmoocacury.com.br 216.172.172.98
74.7.241.21 - - [14/Mar/2026:10:51:06 -0300] "GET /post-formats32.png?dir=//var/db HTTP/2.0" 200 7219 "https://modernmoocacury.com.br.contadorjoseaparecido.com/post-formats32.png?dir=//var" "Mozilla/5.0 AppleWebKit/537.36 (KHTML, like Gecko; compatible; GPTBot/1.3; +https://openai.com/gptbot)" modernmoocacury.com.br.contadorjoseaparecido.com 216.172.172.98
74.7.241.21 - - [14/Mar/2026:10:51:09 -0300] "GET /post-formats32.png?dir=//etc/pm HTTP/2.0" 200 7218 "https://modernmoocacury.com.br.contadorjoseaparecido.com/post-formats32.png?dir=//etc" "Mozilla/5.0 AppleWebKit/537.36 (KHTML, like Gecko; compatible; GPTBot/1.3; +https://openai.com/gptbot)" modernmoocacury.com.br.contadorjoseaparecido.com 216.172.172.98
74.7.243.219 - - [14/Mar/2026:10:51:09 -0300] "GET /inline-edit-post.js?dir=//opt/cpanel/ea-openssl HTTP/2.0" 200 7943 "https://www.modernmoocacury.com.br.contadorjoseaparecido.com/inline-edit-post.js?dir=//opt/cpanel" "Mozilla/5.0 AppleWebKit/537.36 (KHTML, like Gecko; compatible; GPTBot/1.3; +https://openai.com/gptbot)" www.modernmoocacury.com.br.contadorjoseaparecido.com 216.172.172.98
74.7.227.37 - - [14/Mar/2026:10:51:08 -0300] "GET /inline-edit-post.js?dir=//lib/firmware/microchip HTTP/2.0" 200 6952 "https://modernmoocacury.com.br/inline-edit-post.js?dir=//lib/firmware" "Mozilla/5.0 AppleWebKit/537.36 (KHTML, like Gecko; compatible; GPTBot/1.3; +https://openai.com/gptbot)" modernmoocacury.com.br 216.172.172.98
74.7.227.37 - - [14/Mar/2026:10:51:12 -0300] "GET /inline-edit-post.js?dir=//lib/firmware/meson HTTP/2.0" 200 6554 "https://modernmoocacury.com.br/inline-edit-post.js?dir=//lib/firmware" "Mozilla/5.0 AppleWebKit/537.36 (KHTML, like Gecko; compatible; GPTBot/1.3; +https://openai.com/gptbot)" modernmoocacury.com.br 216.172.172.98
74.7.241.21 - - [14/Mar/2026:10:51:12 -0300] "GET /post-formats32.png?dir=//var/yp HTTP/2.0" 200 6177 "https://modernmoocacury.com.br.contadorjoseaparecido.com/post-formats32.png?dir=//var" "Mozilla/5.0 AppleWebKit/537.36 (KHTML, like Gecko; compatible; GPTBot/1.3; +https://openai.com/gptbot)" modernmoocacury.com.br.contadorjoseaparecido.com 216.172.172.98
74.7.227.37 - - [14/Mar/2026:10:51:15 -0300] "GET /inline-edit-post.js?dir=//lib/firmware/atmel HTTP/2.0" 200 7625 "https://modernmoocacury.com.br/inline-edit-post.js?dir=//lib/firmware" "Mozilla/5.0 AppleWebKit/537.36 (KHTML, like Gecko; compatible; GPTBot/1.3; +https://openai.com/gptbot)" modernmoocacury.com.br 216.172.172.98
74.7.241.21 - - [14/Mar/2026:10:51:15 -0300] "GET /post-formats32.png?dir=//etc/gt HTTP/2.0" 200 7198 "https://modernmoocacury.com.br.contadorjoseaparecido.com/post-formats32.png?dir=//etc" "Mozilla/5.0 AppleWebKit/537.36 (KHTML, like Gecko; compatible; GPTBot/1.3; +https://openai.com/gptbot)" modernmoocacury.com.br.contadorjoseaparecido.com 216.172.172.98
74.7.243.219 - - [14/Mar/2026:10:51:17 -0300] "GET /inline-edit-post.js?action=chmod&dir=//etc/rc.d/init.d&item=README HTTP/2.0" 200 10258 "https://www.modernmoocacury.com.br.contadorjoseaparecido.com/inline-edit-post.js?dir=//etc/rc.d/init.d" "Mozilla/5.0 AppleWebKit/537.36 (KHTML, like Gecko; compatible; GPTBot/1.3; +https://openai.com/gptbot)" www.modernmoocacury.com.br.contadorjoseaparecido.com 216.172.172.98
74.7.241.21 - - [14/Mar/2026:10:51:18 -0300] "GET /post-formats32.png?dir=//etc/rbld.d/lists HTTP/2.0" 200 6545 "https://modernmoocacury.com.br.contadorjoseaparecido.com/post-formats32.png?dir=//etc/rbld.d" "Mozilla/5.0 AppleWebKit/537.36 (KHTML, like Gecko; compatible; GPTBot/1.3; +https://openai.com/gptbot)" modernmoocacury.com.br.contadorjoseaparecido.com 216.172.172.98
74.7.227.37 - - [14/Mar/2026:10:51:18 -0300] "GET /inline-edit-post.js?dir=//lib/firmware/tigon HTTP/2.0" 200 7606 "https://modernmoocacury.com.br/inline-edit-post.js?dir=//lib/firmware" "Mozilla/5.0 AppleWebKit/537.36 (KHTML, like Gecko; compatible; GPTBot/1.3; +https://openai.com/gptbot)" modernmoocacury.com.br 216.172.172.98
74.7.241.21 - - [14/Mar/2026:10:51:22 -0300] "GET /post-formats32.png?dir=//etc/rc.d HTTP/2.0" 200 9283 "https://modernmoocacury.com.br.contadorjoseaparecido.com/post-formats32.png?dir=//etc" "Mozilla/5.0 AppleWebKit/537.36 (KHTML, like Gecko; compatible; GPTBot/1.3; +https://openai.com/gptbot)" modernmoocacury.com.br.contadorjoseaparecido.com 216.172.172.98
74.7.227.37 - - [14/Mar/2026:10:51:23 -0300] "GET /post-formats-vs.png?dir=//etc/terminfo HTTP/2.0" 200 6186 "https://modernmoocacury.com.br/post-formats-vs.png?dir=//etc" "Mozilla/5.0 AppleWebKit/537.36 (KHTML, like Gecko; compatible; GPTBot/1.3; +https://openai.com/gptbot)" modernmoocacury.com.br 216.172.172.98
74.7.241.21 - - [14/Mar/2026:10:51:25 -0300] "GET /post-formats32.png?dir=//etc/rwtab.d HTTP/2.0" 200 7194 "https://modernmoocacury.com.br.contadorjoseaparecido.com/post-formats32.png?dir=//etc" "Mozilla/5.0 AppleWebKit/537.36 (KHTML, like Gecko; compatible; GPTBot/1.3; +https://openai.com/gptbot)" modernmoocacury.com.br.contadorjoseaparecido.com 216.172.172.98
74.7.243.219 - - [14/Mar/2026:10:51:25 -0300] "GET /inline-edit-post.js?dir=//etc/tuned/recommend.d HTTP/2.0" 200 6222 "https://www.modernmoocacury.com.br.contadorjoseaparecido.com/inline-edit-post.js?dir=//etc/tuned" "Mozilla/5.0 AppleWebKit/537.36 (KHTML, like Gecko; compatible; GPTBot/1.3; +https://openai.com/gptbot)" www.modernmoocacury.com.br.contadorjoseaparecido.com 216.172.172.98
74.7.227.37 - - [14/Mar/2026:10:51:26 -0300] "GET /inline-edit-post.js?dir=//usr/lib/python3.6/site-packages/pip/commands HTTP/2.0" 200 11171 "https://modernmoocacury.com.br/inline-edit-post.js?dir=//usr/lib/python3.6/site-packages/pip" "Mozilla/5.0 AppleWebKit/537.36 (KHTML, like Gecko; compatible; GPTBot/1.3; +https://openai.com/gptbot)" modernmoocacury.com.br 216.172.172.98
74.7.241.21 - - [14/Mar/2026:10:51:28 -0300] "GET /post-formats32.png?dir=//etc/clamd.d HTTP/2.0" 200 6517 "https://modernmoocacury.com.br.contadorjoseaparecido.com/post-formats32.png?dir=//etc" "Mozilla/5.0 AppleWebKit/537.36 (KHTML, like Gecko; compatible; GPTBot/1.3; +https://openai.com/gptbot)" modernmoocacury.com.br.contadorjoseaparecido.com 216.172.172.98
74.7.243.219 - - [14/Mar/2026:10:51:32 -0300] "GET /inline-edit-post.min.js?action=download&dir=//lib64/gconv&item=UNICODE.so HTTP/2.0" 200 6676 "https://www.modernmoocacury.com.br.contadorjoseaparecido.com/inline-edit-post.min.js?dir=//lib64/gconv" "Mozilla/5.0 AppleWebKit/537.36 (KHTML, like Gecko; compatible; GPTBot/1.3; +https://openai.com/gptbot)" www.modernmoocacury.com.br.contadorjoseaparecido.com 216.172.172.98
74.7.227.37 - - [14/Mar/2026:10:51:30 -0300] "GET /inline-edit-post.min.js?dir=//lib/dracut/modules.d/90dmsquash-live-ntfs HTTP/2.0" 200 6613 "https://modernmoocacury.com.br/inline-edit-post.min.js?dir=//lib/dracut/modules.d" "Mozilla/5.0 AppleWebKit/537.36 (KHTML, like Gecko; compatible; GPTBot/1.3; +https://openai.com/gptbot)" modernmoocacury.com.br 216.172.172.98
74.7.241.21 - - [14/Mar/2026:10:51:32 -0300] "GET /post-formats32.png?dir=//var/nis HTTP/2.0" 200 6172 "https://modernmoocacury.com.br.contadorjoseaparecido.com/post-formats32.png?dir=//var" "Mozilla/5.0 AppleWebKit/537.36 (KHTML, like Gecko; compatible; GPTBot/1.3; +https://openai.com/gptbot)" modernmoocacury.com.br.contadorjoseaparecido.com 216.172.172.98
74.7.227.37 - - [14/Mar/2026:10:51:33 -0300] "GET /inline-edit-post.js?dir=//usr/lib/python2.7/site-packages/pip/commands HTTP/2.0" 200 18890 "https://modernmoocacury.com.br/inline-edit-post.js?dir=//usr/lib/python2.7/site-packages/pip" "Mozilla/5.0 AppleWebKit/537.36 (KHTML, like Gecko; compatible; GPTBot/1.3; +https://openai.com/gptbot)" modernmoocacury.com.br 216.172.172.98
74.7.241.21 - - [14/Mar/2026:10:51:35 -0300] "GET /post-formats32.png?dir=//etc/opt HTTP/2.0" 200 6513 "https://modernmoocacury.com.br.contadorjoseaparecido.com/post-formats32.png?dir=//etc" "Mozilla/5.0 AppleWebKit/537.36 (KHTML, like Gecko; compatible; GPTBot/1.3; +https://openai.com/gptbot)" modernmoocacury.com.br.contadorjoseaparecido.com 216.172.172.98
74.7.227.37 - - [14/Mar/2026:10:51:36 -0300] "GET /inline-edit-post.js?dir=//usr/lib/python3.6/site-packages/pkg_resources HTTP/2.0" 200 8054 "https://modernmoocacury.com.br/inline-edit-post.js?dir=//usr/lib/python3.6/site-packages" "Mozilla/5.0 AppleWebKit/537.36 (KHTML, like Gecko; compatible; GPTBot/1.3; +https://openai.com/gptbot)" modernmoocacury.com.br 216.172.172.98
74.7.243.219 - - [14/Mar/2026:10:51:39 -0300] "GET /inline-edit-post.js?dir=//opt/cpanel/ea-openssl11/lib64 HTTP/2.0" 200 9771 "https://www.modernmoocacury.com.br.contadorjoseaparecido.com/inline-edit-post.js?dir=//opt/cpanel/ea-openssl11" "Mozilla/5.0 AppleWebKit/537.36 (KHTML, like Gecko; compatible; GPTBot/1.3; +https://openai.com/gptbot)" www.modernmoocacury.com.br.contadorjoseaparecido.com 216.172.172.98
74.7.241.21 - - [14/Mar/2026:10:51:38 -0300] "GET /post-formats32.png?dir=//etc/ntp HTTP/2.0" 200 7218 "https://modernmoocacury.com.br.contadorjoseaparecido.com/post-formats32.png?dir=//etc" "Mozilla/5.0 AppleWebKit/537.36 (KHTML, like Gecko; compatible; GPTBot/1.3; +https://openai.com/gptbot)" modernmoocacury.com.br.contadorjoseaparecido.com 216.172.172.98
74.7.227.37 - - [14/Mar/2026:10:51:40 -0300] "GET /post-formats32-vs.png?action=chmod&dir=//usr/lib&item=dracut HTTP/2.0" 200 36872 "https://modernmoocacury.com.br/post-formats32-vs.png?dir=//usr/lib" "Mozilla/5.0 AppleWebKit/537.36 (KHTML, like Gecko; compatible; GPTBot/1.3; +https://openai.com/gptbot)" modernmoocacury.com.br 216.172.172.98
74.7.241.21 - - [14/Mar/2026:10:51:41 -0300] "GET /post-formats32.png?dir=//var/db/sudo HTTP/2.0" 200 5700 "https://modernmoocacury.com.br.contadorjoseaparecido.com/post-formats32.png?dir=//var/db" "Mozilla/5.0 AppleWebKit/537.36 (KHTML, like Gecko; compatible; GPTBot/1.3; +https://openai.com/gptbot)" modernmoocacury.com.br.contadorjoseaparecido.com 216.172.172.98
74.7.243.219 - - [14/Mar/2026:10:51:45 -0300] "GET /inline-edit-post.js?dir=//etc/krb5.conf.d HTTP/2.0" 200 6198 "https://www.modernmoocacury.com.br.contadorjoseaparecido.com/inline-edit-post.js?dir=//etc" "Mozilla/5.0 AppleWebKit/537.36 (KHTML, like Gecko; compatible; GPTBot/1.3; +https://openai.com/gptbot)" www.modernmoocacury.com.br.contadorjoseaparecido.com 216.172.172.98
74.7.241.21 - - [14/Mar/2026:10:51:46 -0300] "GET /post-formats32.png?action=chmod&dir=//etc/pm&item=config.d HTTP/2.0" 200 7445 "https://modernmoocacury.com.br.contadorjoseaparecido.com/post-formats32.png?dir=//etc/pm" "Mozilla/5.0 AppleWebKit/537.36 (KHTML, like Gecko; compatible; GPTBot/1.3; +https://openai.com/gptbot)" modernmoocacury.com.br.contadorjoseaparecido.com 216.172.172.98
74.7.241.21 - - [14/Mar/2026:10:51:48 -0300] "GET /post-formats32.png?dir=//var/db/nscd HTTP/2.0" 200 7931 "https://modernmoocacury.com.br.contadorjoseaparecido.com/post-formats32.png?dir=//var/db" "Mozilla/5.0 AppleWebKit/537.36 (KHTML, like Gecko; compatible; GPTBot/1.3; +https://openai.com/gptbot)" modernmoocacury.com.br.contadorjoseaparecido.com 216.172.172.98
74.7.227.37 - - [14/Mar/2026:10:51:44 -0300] "GET /post-formats32-vs.png?action=edit&dir=//bin&item=ca-legacy HTTP/2.0" 200 620766 "https://modernmoocacury.com.br/post-formats32-vs.png?dir=//bin" "Mozilla/5.0 AppleWebKit/537.36 (KHTML, like Gecko; compatible; GPTBot/1.3; +https://openai.com/gptbot)" modernmoocacury.com.br 216.172.172.98
74.7.243.219 - - [14/Mar/2026:10:51:50 -0300] "GET /inline-edit-post.min.js?action=edit&dir=//lib64/gconv&item=KOI8-T.so HTTP/2.0" 200 99808 "https://www.modernmoocacury.com.br.contadorjoseaparecido.com/inline-edit-post.min.js?dir=//lib64/gconv" "Mozilla/5.0 AppleWebKit/537.36 (KHTML, like Gecko; compatible; GPTBot/1.3; +https://openai.com/gptbot)" www.modernmoocacury.com.br.contadorjoseaparecido.com 216.172.172.98
74.7.241.21 - - [14/Mar/2026:10:51:52 -0300] "GET /post-formats32.png?dir=//etc/pm/power.d HTTP/2.0" 200 6206 "https://modernmoocacury.com.br.contadorjoseaparecido.com/post-formats32.png?dir=//etc/pm" "Mozilla/5.0 AppleWebKit/537.36 (KHTML, like Gecko; compatible; GPTBot/1.3; +https://openai.com/gptbot)" modernmoocacury.com.br.contadorjoseaparecido.com 216.172.172.98
74.7.227.37 - - [14/Mar/2026:10:51:52 -0300] "GET /inline-edit-post.min.js?dir=//var/run/systemd/system HTTP/2.0" 200 22062 "https://modernmoocacury.com.br/inline-edit-post.min.js?dir=//var/run/systemd" "Mozilla/5.0 AppleWebKit/537.36 (KHTML, like Gecko; compatible; GPTBot/1.3; +https://openai.com/gptbot)" modernmoocacury.com.br 216.172.172.98
74.7.243.219 - - [14/Mar/2026:10:51:55 -0300] "GET /inline-edit-post.js?dir=//etc/polkit-1/rules.d HTTP/2.0" 200 5709 "https://www.modernmoocacury.com.br.contadorjoseaparecido.com/inline-edit-post.js?dir=//etc/polkit-1" "Mozilla/5.0 AppleWebKit/537.36 (KHTML, like Gecko; compatible; GPTBot/1.3; +https://openai.com/gptbot)" www.modernmoocacury.com.br.contadorjoseaparecido.com 216.172.172.98
74.7.241.21 - - [14/Mar/2026:10:51:57 -0300] "GET /post-formats32.png?dir=//etc/pm/sleep.d HTTP/2.0" 200 6205 "https://modernmoocacury.com.br.contadorjoseaparecido.com/post-formats32.png?dir=//etc/pm" "Mozilla/5.0 AppleWebKit/537.36 (KHTML, like Gecko; compatible; GPTBot/1.3; +https://openai.com/gptbot)" modernmoocacury.com.br.contadorjoseaparecido.com 216.172.172.98
74.7.227.37 - - [14/Mar/2026:10:51:57 -0300] "GET /post.min.js?dir=//lib64/ruby/vendor_ruby HTTP/2.0" 200 7287 "https://modernmoocacury.com.br/post.min.js?dir=//lib64/ruby" "Mozilla/5.0 AppleWebKit/537.36 (KHTML, like Gecko; compatible; GPTBot/1.3; +https://openai.com/gptbot)" modernmoocacury.com.br 216.172.172.98
74.7.243.219 - - [14/Mar/2026:10:51:59 -0300] "GET /inline-edit-post.js?dir=//etc/httpd/modsecurity.d HTTP/2.0" 200 5713 "https://www.modernmoocacury.com.br.contadorjoseaparecido.com/inline-edit-post.js?dir=//etc/httpd" "Mozilla/5.0 AppleWebKit/537.36 (KHTML, like Gecko; compatible; GPTBot/1.3; +https://openai.com/gptbot)" www.modernmoocacury.com.br.contadorjoseaparecido.com 216.172.172.98
74.7.241.21 - - [14/Mar/2026:10:52:00 -0300] "GET /post-formats32.png?dir=//etc/rc.d/init.d HTTP/2.0" 200 10025 "https://modernmoocacury.com.br.contadorjoseaparecido.com/post-formats32.png?dir=//etc/rc.d" "Mozilla/5.0 AppleWebKit/537.36 (KHTML, like Gecko; compatible; GPTBot/1.3; +https://openai.com/gptbot)" modernmoocacury.com.br.contadorjoseaparecido.com 216.172.172.98
74.7.227.37 - - [14/Mar/2026:10:52:01 -0300] "GET /ultimate-post-kit.svg?dir=//etc/sw-engine/pool.d HTTP/2.0" 200 6220 "https://modernmoocacury.com.br/ultimate-post-kit.svg?dir=//etc/sw-engine" "Mozilla/5.0 AppleWebKit/537.36 (KHTML, like Gecko; compatible; GPTBot/1.3; +https://openai.com/gptbot)" modernmoocacury.com.br 216.172.172.98
74.7.243.219 - - [14/Mar/2026:10:52:02 -0300] "GET /inline-edit-post.js?dir=//opt/cpanel/ea-profiles-cpanel/bin HTTP/2.0" 200 6589 "https://www.modernmoocacury.com.br.contadorjoseaparecido.com/inline-edit-post.js?dir=//opt/cpanel/ea-profiles-cpanel" "Mozilla/5.0 AppleWebKit/537.36 (KHTML, like Gecko; compatible; GPTBot/1.3; +https://openai.com/gptbot)" www.modernmoocacury.com.br.contadorjoseaparecido.com 216.172.172.98
74.7.243.219 - - [14/Mar/2026:10:52:07 -0300] "GET /1044352106?action=edit&dir=/home1/contad42/modernmoocacury.com.br&item=wp-links-opml.php HTTP/2.0" 409 83 "https://www.modernmoocacury.com.br.contadorjoseaparecido.com/1044352106" "Mozilla/5.0 AppleWebKit/537.36 (KHTML, like Gecko; compatible; GPTBot/1.3; +https://openai.com/gptbot)" www.modernmoocacury.com.br.contadorjoseaparecido.com 216.172.172.98
74.7.241.21 - - [14/Mar/2026:10:52:03 -0300] "GET /post-formats32.png?dir=//etc/rc.d/rc2.d HTTP/2.0" 200 9012 "https://modernmoocacury.com.br.contadorjoseaparecido.com/post-formats32.png?dir=//etc/rc.d" "Mozilla/5.0 AppleWebKit/537.36 (KHTML, like Gecko; compatible; GPTBot/1.3; +https://openai.com/gptbot)" modernmoocacury.com.br.contadorjoseaparecido.com 216.172.172.98
74.7.227.37 - - [14/Mar/2026:10:52:06 -0300] "GET /post-formats-vs.png?dir=//etc/glvnd/egl_vendor.d HTTP/2.0" 200 6226 "https://modernmoocacury.com.br/post-formats-vs.png?dir=//etc/glvnd" "Mozilla/5.0 AppleWebKit/537.36 (KHTML, like Gecko; compatible; GPTBot/1.3; +https://openai.com/gptbot)" modernmoocacury.com.br 216.172.172.98
74.7.241.21 - - [14/Mar/2026:10:52:07 -0300] "GET /post-formats32.png?dir=//etc/rc.d/rc3.d HTTP/2.0" 200 9012 "https://modernmoocacury.com.br.contadorjoseaparecido.com/post-formats32.png?dir=//etc/rc.d" "Mozilla/5.0 AppleWebKit/537.36 (KHTML, like Gecko; compatible; GPTBot/1.3; +https://openai.com/gptbot)" modernmoocacury.com.br.contadorjoseaparecido.com 216.172.172.98
74.7.227.37 - - [14/Mar/2026:10:52:09 -0300] "GET /inline-edit-post.min.js?dir=//var/run/udev/watch HTTP/2.0" 200 6223 "https://modernmoocacury.com.br/inline-edit-post.min.js?dir=//var/run/udev" "Mozilla/5.0 AppleWebKit/537.36 (KHTML, like Gecko; compatible; GPTBot/1.3; +https://openai.com/gptbot)" modernmoocacury.com.br 216.172.172.98
74.7.243.219 - - [14/Mar/2026:10:52:09 -0300] "GET /inline-edit-post.js?dir=//opt/cpanel/ea-openssl/lib64 HTTP/2.0" 200 9048 "https://www.modernmoocacury.com.br.contadorjoseaparecido.com/inline-edit-post.js?dir=//opt/cpanel/ea-openssl" "Mozilla/5.0 AppleWebKit/537.36 (KHTML, like Gecko; compatible; GPTBot/1.3; +https://openai.com/gptbot)" www.modernmoocacury.com.br.contadorjoseaparecido.com 216.172.172.98
74.7.241.21 - - [14/Mar/2026:10:52:11 -0300] "GET /post-formats32.png?dir=//etc/rc.d/rc0.d HTTP/2.0" 200 7949 "https://modernmoocacury.com.br.contadorjoseaparecido.com/post-formats32.png?dir=//etc/rc.d" "Mozilla/5.0 AppleWebKit/537.36 (KHTML, like Gecko; compatible; GPTBot/1.3; +https://openai.com/gptbot)" modernmoocacury.com.br.contadorjoseaparecido.com 216.172.172.98
74.7.227.37 - - [14/Mar/2026:10:52:13 -0300] "GET /inline-edit-post.js?dir=//usr/lib/python3.6/site-packages/pip/commands/__pycache__ HTTP/2.0" 200 15608 "https://modernmoocacury.com.br/inline-edit-post.js?dir=//usr/lib/python3.6/site-packages/pip/commands" "Mozilla/5.0 AppleWebKit/537.36 (KHTML, like Gecko; compatible; GPTBot/1.3; +https://openai.com/gptbot)" modernmoocacury.com.br 216.172.172.98
74.7.241.21 - - [14/Mar/2026:10:52:14 -0300] "GET /post-formats32.png?dir=//etc/opt/rh HTTP/2.0" 200 6543 "https://modernmoocacury.com.br.contadorjoseaparecido.com/post-formats32.png?dir=//etc/opt" "Mozilla/5.0 AppleWebKit/537.36 (KHTML, like Gecko; compatible; GPTBot/1.3; +https://openai.com/gptbot)" modernmoocacury.com.br.contadorjoseaparecido.com 216.172.172.98
74.7.227.37 - - [14/Mar/2026:10:52:16 -0300] "GET /inline-edit-post.min.js?dir=//usr/local/hg_stats HTTP/2.0" 200 5707 "https://modernmoocacury.com.br/inline-edit-post.min.js?dir=//usr/local" "Mozilla/5.0 AppleWebKit/537.36 (KHTML, like Gecko; compatible; GPTBot/1.3; +https://openai.com/gptbot)" modernmoocacury.com.br 216.172.172.98
74.7.241.21 - - [14/Mar/2026:10:52:18 -0300] "GET /post-formats32.png?dir=//etc/rc.d/rc5.d HTTP/2.0" 200 9012 "https://modernmoocacury.com.br.contadorjoseaparecido.com/post-formats32.png?dir=//etc/rc.d" "Mozilla/5.0 AppleWebKit/537.36 (KHTML, like Gecko; compatible; GPTBot/1.3; +https://openai.com/gptbot)" modernmoocacury.com.br.contadorjoseaparecido.com 216.172.172.98
74.7.243.219 - - [14/Mar/2026:10:52:19 -0300] "GET /inline-edit-post.js?dir=//opt/cpanel/ea-openssl/lib HTTP/2.0" 200 9041 "https://www.modernmoocacury.com.br.contadorjoseaparecido.com/inline-edit-post.js?dir=//opt/cpanel/ea-openssl" "Mozilla/5.0 AppleWebKit/537.36 (KHTML, like Gecko; compatible; GPTBot/1.3; +https://openai.com/gptbot)" www.modernmoocacury.com.br.contadorjoseaparecido.com 216.172.172.98
74.7.241.21 - - [14/Mar/2026:10:52:21 -0300] "GET /post-formats32.png?dir=//etc/rc.d/rc1.d HTTP/2.0" 200 7949 "https://modernmoocacury.com.br.contadorjoseaparecido.com/post-formats32.png?dir=//etc/rc.d" "Mozilla/5.0 AppleWebKit/537.36 (KHTML, like Gecko; compatible; GPTBot/1.3; +https://openai.com/gptbot)" modernmoocacury.com.br.contadorjoseaparecido.com 216.172.172.98
74.7.241.21 - - [14/Mar/2026:10:52:24 -0300] "GET /post-formats32.png?dir=//etc/rc.d/rc4.d HTTP/2.0" 200 9007 "https://modernmoocacury.com.br.contadorjoseaparecido.com/post-formats32.png?dir=//etc/rc.d" "Mozilla/5.0 AppleWebKit/537.36 (KHTML, like Gecko; compatible; GPTBot/1.3; +https://openai.com/gptbot)" modernmoocacury.com.br.contadorjoseaparecido.com 216.172.172.98
74.7.241.21 - - [14/Mar/2026:10:52:28 -0300] "GET /post-formats32.png?dir=//etc/rc.d/rc6.d HTTP/2.0" 200 7950 "https://modernmoocacury.com.br.contadorjoseaparecido.com/post-formats32.png?dir=//etc/rc.d" "Mozilla/5.0 AppleWebKit/537.36 (KHTML, like Gecko; compatible; GPTBot/1.3; +https://openai.com/gptbot)" modernmoocacury.com.br.contadorjoseaparecido.com 216.172.172.98
74.7.243.219 - - [14/Mar/2026:10:52:28 -0300] "GET /inline-edit-post.js?dir=//opt/cpanel/ea-openssl/bin HTTP/2.0" 200 6921 "https://www.modernmoocacury.com.br.contadorjoseaparecido.com/inline-edit-post.js?dir=//opt/cpanel/ea-openssl" "Mozilla/5.0 AppleWebKit/537.36 (KHTML, like Gecko; compatible; GPTBot/1.3; +https://openai.com/gptbot)" www.modernmoocacury.com.br.contadorjoseaparecido.com 216.172.172.98
74.7.241.21 - - [14/Mar/2026:10:52:31 -0300] "GET /post-formats32.png?dir=//etc/pm/config.d HTTP/2.0" 200 6209 "https://modernmoocacury.com.br.contadorjoseaparecido.com/post-formats32.png?dir=//etc/pm" "Mozilla/5.0 AppleWebKit/537.36 (KHTML, like Gecko; compatible; GPTBot/1.3; +https://openai.com/gptbot)" modernmoocacury.com.br.contadorjoseaparecido.com 216.172.172.98
74.7.243.219 - - [14/Mar/2026:10:52:35 -0300] "GET /inline-edit-post.js?dir=//var/log/conman.old HTTP/2.0" 200 6217 "https://www.modernmoocacury.com.br.contadorjoseaparecido.com/inline-edit-post.js?dir=//var/log" "Mozilla/5.0 AppleWebKit/537.36 (KHTML, like Gecko; compatible; GPTBot/1.3; +https://openai.com/gptbot)" www.modernmoocacury.com.br.contadorjoseaparecido.com 216.172.172.98
74.7.241.21 - - [14/Mar/2026:10:52:37 -0300] "GET /post-formats32.png?dir=//var/adm HTTP/2.0" 200 6178 "https://modernmoocacury.com.br.contadorjoseaparecido.com/post-formats32.png?dir=//var" "Mozilla/5.0 AppleWebKit/537.36 (KHTML, like Gecko; compatible; GPTBot/1.3; +https://openai.com/gptbot)" modernmoocacury.com.br.contadorjoseaparecido.com 216.172.172.98
74.7.227.37 - - [14/Mar/2026:10:52:20 -0300] "GET /inline-edit-post.js?action=edit&dir=//opt/cpanel/ea-openssl/etc/pki/tls/man/man3&item=X509_VERIFY_PARAM_set_hostflags.3 HTTP/2.0" 200 555537 "https://modernmoocacury.com.br/inline-edit-post.js?dir=//opt/cpanel/ea-openssl/etc/pki/tls/man/man3" "Mozilla/5.0 AppleWebKit/537.36 (KHTML, like Gecko; compatible; GPTBot/1.3; +https://openai.com/gptbot)" modernmoocacury.com.br 216.172.172.98
74.7.241.21 - - [14/Mar/2026:10:52:41 -0300] "GET /post-formats32.png?dir=//var/tmp HTTP/2.0" 200 52294 "https://modernmoocacury.com.br.contadorjoseaparecido.com/post-formats32.png?dir=//var" "Mozilla/5.0 AppleWebKit/537.36 (KHTML, like Gecko; compatible; GPTBot/1.3; +https://openai.com/gptbot)" modernmoocacury.com.br.contadorjoseaparecido.com 216.172.172.98
74.7.243.219 - - [14/Mar/2026:10:52:42 -0300] "GET /inline-edit-post.js?dir=//opt/cpanel/ea-openssl11/lib64/engines-1.1 HTTP/2.0" 200 7335 "https://www.modernmoocacury.com.br.contadorjoseaparecido.com/inline-edit-post.js?dir=//opt/cpanel/ea-openssl11/lib64" "Mozilla/5.0 AppleWebKit/537.36 (KHTML, like Gecko; compatible; GPTBot/1.3; +https://openai.com/gptbot)" www.modernmoocacury.com.br.contadorjoseaparecido.com 216.172.172.98
74.7.227.37 - - [14/Mar/2026:10:52:45 -0300] "GET /inline-edit-post.js?dir=//usr/lib/python3.6/site-packages/pkg_resources/__pycache__ HTTP/2.0" 200 7774 "https://modernmoocacury.com.br/inline-edit-post.js?dir=//usr/lib/python3.6/site-packages/pkg_resources" "Mozilla/5.0 AppleWebKit/537.36 (KHTML, like Gecko; compatible; GPTBot/1.3; +https://openai.com/gptbot)" modernmoocacury.com.br 216.172.172.98
74.7.241.21 - - [14/Mar/2026:10:52:45 -0300] "GET /post-formats32.png?dir=//etc/gss HTTP/2.0" 200 6520 "https://modernmoocacury.com.br.contadorjoseaparecido.com/post-formats32.png?dir=//etc" "Mozilla/5.0 AppleWebKit/537.36 (KHTML, like Gecko; compatible; GPTBot/1.3; +https://openai.com/gptbot)" modernmoocacury.com.br.contadorjoseaparecido.com 216.172.172.98
74.7.227.37 - - [14/Mar/2026:10:52:48 -0300] "GET /inline-edit-post.js?dir=//opt/cpanel/ea-wappspector/vendor/rector/rector/rules/TypeDeclaration/Rector/StmtsAwareInterface HTTP/2.0" 200 7093 "https://modernmoocacury.com.br/inline-edit-post.js?dir=//opt/cpanel/ea-wappspector/vendor/rector/rector/rules/TypeDeclaration/Rector" "Mozilla/5.0 AppleWebKit/537.36 (KHTML, like Gecko; compatible; GPTBot/1.3; +https://openai.com/gptbot)" modernmoocacury.com.br 216.172.172.98
74.7.243.219 - - [14/Mar/2026:10:52:48 -0300] "GET /inline-edit-post.min.js?action=chmod&dir=//lib/python2.7/site-packages/yum&item=rpmtrans.py HTTP/2.0" 200 29259 "https://www.modernmoocacury.com.br.contadorjoseaparecido.com/inline-edit-post.min.js?dir=//lib/python2.7/site-packages/yum" "Mozilla/5.0 AppleWebKit/537.36 (KHTML, like Gecko; compatible; GPTBot/1.3; +https://openai.com/gptbot)" www.modernmoocacury.com.br.contadorjoseaparecido.com 216.172.172.98
74.7.241.21 - - [14/Mar/2026:10:52:49 -0300] "GET /post-formats32.png?dir=//etc/ppp HTTP/2.0" 200 8595 "https://modernmoocacury.com.br.contadorjoseaparecido.com/post-formats32.png?dir=//etc" "Mozilla/5.0 AppleWebKit/537.36 (KHTML, like Gecko; compatible; GPTBot/1.3; +https://openai.com/gptbot)" modernmoocacury.com.br.contadorjoseaparecido.com 216.172.172.98
74.7.227.37 - - [14/Mar/2026:10:52:51 -0300] "GET /post-formats-vs.png?dir=//opt/cpanel/ea-wappspector/vendor/rector/rector/rules/TypeDeclaration/AlreadyAssignDetector HTTP/2.0" 200 7431 "https://modernmoocacury.com.br/post-formats-vs.png?dir=//opt/cpanel/ea-wappspector/vendor/rector/rector/rules/TypeDeclaration" "Mozilla/5.0 AppleWebKit/537.36 (KHTML, like Gecko; compatible; GPTBot/1.3; +https://openai.com/gptbot)" modernmoocacury.com.br 216.172.172.98
74.7.241.21 - - [14/Mar/2026:10:52:52 -0300] "GET /post-formats32.png?dir=//etc/pkcs11 HTTP/2.0" 200 6526 "https://modernmoocacury.com.br.contadorjoseaparecido.com/post-formats32.png?dir=//etc" "Mozilla/5.0 AppleWebKit/537.36 (KHTML, like Gecko; compatible; GPTBot/1.3; +https://openai.com/gptbot)" modernmoocacury.com.br.contadorjoseaparecido.com 216.172.172.98
74.7.243.219 - - [14/Mar/2026:10:52:54 -0300] "GET /post-formats-vs.png?action=edit&dir=//usr/lib/python2.7/site-packages/slip/dbus&item=bus.py HTTP/2.0" 200 15763 "https://www.modernmoocacury.com.br.contadorjoseaparecido.com/post-formats-vs.png?action=chmod&dir=//usr/lib/python2.7/site-packages/slip/dbus&item=polkit.py" "Mozilla/5.0 AppleWebKit/537.36 (KHTML, like Gecko; compatible; GPTBot/1.3; +https://openai.com/gptbot)" www.modernmoocacury.com.br.contadorjoseaparecido.com 216.172.172.98
74.7.227.37 - - [14/Mar/2026:10:52:54 -0300] "GET /inline-edit-post.min.js?dir=//var/run/systemd/system/user-0.slice.d HTTP/2.0" 200 7658 "https://modernmoocacury.com.br/inline-edit-post.min.js?dir=//var/run/systemd/system" "Mozilla/5.0 AppleWebKit/537.36 (KHTML, like Gecko; compatible; GPTBot/1.3; +https://openai.com/gptbot)" modernmoocacury.com.br 216.172.172.98
74.7.227.37 - - [14/Mar/2026:10:52:57 -0300] "GET /post.min.js?action=download&dir=//lib64/ruby/vendor_ruby&item=shadow.so HTTP/2.0" 200 6638 "https://modernmoocacury.com.br/post.min.js?dir=//lib64/ruby/vendor_ruby" "Mozilla/5.0 AppleWebKit/537.36 (KHTML, like Gecko; compatible; GPTBot/1.3; +https://openai.com/gptbot)" modernmoocacury.com.br 216.172.172.98
74.7.241.21 - - [14/Mar/2026:10:52:55 -0300] "GET /post-formats32.png?action=chmod&dir=//etc/opt/rh&item=rh-python35 HTTP/2.0" 200 6773 "https://modernmoocacury.com.br.contadorjoseaparecido.com/post-formats32.png?dir=//etc/opt/rh" "Mozilla/5.0 AppleWebKit/537.36 (KHTML, like Gecko; compatible; GPTBot/1.3; +https://openai.com/gptbot)" modernmoocacury.com.br.contadorjoseaparecido.com 216.172.172.98
74.7.241.21 - - [14/Mar/2026:10:52:59 -0300] "GET /post-formats32.png?dir=//run/mount HTTP/2.0" 200 6859 "https://modernmoocacury.com.br.contadorjoseaparecido.com/post-formats32.png?dir=//run" "Mozilla/5.0 AppleWebKit/537.36 (KHTML, like Gecko; compatible; GPTBot/1.3; +https://openai.com/gptbot)" modernmoocacury.com.br.contadorjoseaparecido.com 216.172.172.98
74.7.243.219 - - [14/Mar/2026:10:52:59 -0300] "GET /post-formats-vs.png?action=chmod&dir=//var/softaculous/paintbrushjs/php82&item=.. HTTP/2.0" 200 6819 "https://www.modernmoocacury.com.br.contadorjoseaparecido.com/post-formats-vs.png?dir=//var/softaculous/paintbrushjs/php82" "Mozilla/5.0 AppleWebKit/537.36 (KHTML, like Gecko; compatible; GPTBot/1.3; +https://openai.com/gptbot)" www.modernmoocacury.com.br.contadorjoseaparecido.com 216.172.172.98
74.7.227.37 - - [14/Mar/2026:10:53:00 -0300] "GET /inline-edit-post.min.js?dir=//var/run/systemd/system/session-c19.scope.d HTTP/2.0" 200 8360 "https://modernmoocacury.com.br/inline-edit-post.min.js?dir=//var/run/systemd/system" "Mozilla/5.0 AppleWebKit/537.36 (KHTML, like Gecko; compatible; GPTBot/1.3; +https://openai.com/gptbot)" modernmoocacury.com.br 216.172.172.98
74.7.241.21 - - [14/Mar/2026:10:53:03 -0300] "GET /post-formats32.png?dir=//etc/fonts HTTP/2.0" 200 6863 "https://modernmoocacury.com.br.contadorjoseaparecido.com/post-formats32.png?dir=//etc" "Mozilla/5.0 AppleWebKit/537.36 (KHTML, like Gecko; compatible; GPTBot/1.3; +https://openai.com/gptbot)" modernmoocacury.com.br.contadorjoseaparecido.com 216.172.172.98
74.7.243.219 - - [14/Mar/2026:10:53:03 -0300] "GET /post-formats-vs.png?action=edit&dir=//usr/lib/python2.7/site-packages/yum&item=rpmtrans.py HTTP/2.0" 200 37990 "https://www.modernmoocacury.com.br.contadorjoseaparecido.com/post-formats-vs.png?dir=//usr/lib/python2.7/site-packages/yum" "Mozilla/5.0 AppleWebKit/537.36 (KHTML, like Gecko; compatible; GPTBot/1.3; +https://openai.com/gptbot)" www.modernmoocacury.com.br.contadorjoseaparecido.com 216.172.172.98
74.7.227.37 - - [14/Mar/2026:10:53:04 -0300] "GET /inline-edit-post.min.js?dir=//var/run/systemd/system/session-c64.scope.d HTTP/2.0" 200 8362 "https://modernmoocacury.com.br/inline-edit-post.min.js?dir=//var/run/systemd/system" "Mozilla/5.0 AppleWebKit/537.36 (KHTML, like Gecko; compatible; GPTBot/1.3; +https://openai.com/gptbot)" modernmoocacury.com.br 216.172.172.98
74.7.241.21 - - [14/Mar/2026:10:53:06 -0300] "GET /post-formats32.png?dir=//var/spool HTTP/2.0" 200 11088 "https://modernmoocacury.com.br.contadorjoseaparecido.com/post-formats32.png?dir=//var" "Mozilla/5.0 AppleWebKit/537.36 (KHTML, like Gecko; compatible; GPTBot/1.3; +https://openai.com/gptbot)" modernmoocacury.com.br.contadorjoseaparecido.com 216.172.172.98
74.7.243.219 - - [14/Mar/2026:10:53:08 -0300] "GET /post-formats-vs.png?action=chmod&dir=//usr/lib/dracut/modules.d/97biosdevname&item=. HTTP/2.0" 200 7192 "https://www.modernmoocacury.com.br.contadorjoseaparecido.com/post-formats-vs.png?dir=//usr/lib/dracut/modules.d/97biosdevname" "Mozilla/5.0 AppleWebKit/537.36 (KHTML, like Gecko; compatible; GPTBot/1.3; +https://openai.com/gptbot)" www.modernmoocacury.com.br.contadorjoseaparecido.com 216.172.172.98
74.7.227.37 - - [14/Mar/2026:10:53:07 -0300] "GET /inline-edit-post.min.js?dir=//opt/cpanel/ea-wappspector/vendor/rector/rector/rules/TypeDeclaration/AlreadyAssignDetector HTTP/2.0" 200 7431 "https://modernmoocacury.com.br/inline-edit-post.min.js?dir=//opt/cpanel/ea-wappspector/vendor/rector/rector/rules/TypeDeclaration" "Mozilla/5.0 AppleWebKit/537.36 (KHTML, like Gecko; compatible; GPTBot/1.3; +https://openai.com/gptbot)" modernmoocacury.com.br 216.172.172.98
74.7.243.219 - - [14/Mar/2026:10:53:12 -0300] "GET /528363433?action=chmod&dir=/home1/contad42/modernmoocacury.com.br&item=wp-login.php HTTP/2.0" 409 83 "https://www.modernmoocacury.com.br.contadorjoseaparecido.com/528363433" "Mozilla/5.0 AppleWebKit/537.36 (KHTML, like Gecko; compatible; GPTBot/1.3; +https://openai.com/gptbot)" www.modernmoocacury.com.br.contadorjoseaparecido.com 216.172.172.98
74.7.241.21 - - [14/Mar/2026:10:53:09 -0300] "GET /post-formats32.png?dir=//etc/yum.repos.d HTTP/2.0" 200 24152 "https://modernmoocacury.com.br.contadorjoseaparecido.com/post-formats32.png?dir=//etc" "Mozilla/5.0 AppleWebKit/537.36 (KHTML, like Gecko; compatible; GPTBot/1.3; +https://openai.com/gptbot)" modernmoocacury.com.br.contadorjoseaparecido.com 216.172.172.98
74.7.227.37 - - [14/Mar/2026:10:53:11 -0300] "GET /post-formats-vs.png?dir=//opt/cpanel/ea-wappspector/vendor/rector/rector/src/PhpAttribute/AnnotationToAttributeMapper HTTP/2.0" 200 9234 "https://modernmoocacury.com.br/post-formats-vs.png?dir=//opt/cpanel/ea-wappspector/vendor/rector/rector/src/PhpAttribute" "Mozilla/5.0 AppleWebKit/537.36 (KHTML, like Gecko; compatible; GPTBot/1.3; +https://openai.com/gptbot)" modernmoocacury.com.br 216.172.172.98
74.7.241.21 - - [14/Mar/2026:10:53:12 -0300] "GET /post-formats32.png?dir=//etc/portreserve HTTP/2.0" 200 6521 "https://modernmoocacury.com.br.contadorjoseaparecido.com/post-formats32.png?dir=//etc" "Mozilla/5.0 AppleWebKit/537.36 (KHTML, like Gecko; compatible; GPTBot/1.3; +https://openai.com/gptbot)" modernmoocacury.com.br.contadorjoseaparecido.com 216.172.172.98
74.7.243.219 - - [14/Mar/2026:10:53:15 -0300] "GET /inline-edit-post.js?dir=//opt/cpanel/ea-openssl/lib64/engines HTTP/2.0" 200 10492 "https://www.modernmoocacury.com.br.contadorjoseaparecido.com/inline-edit-post.js?dir=//opt/cpanel/ea-openssl/lib64" "Mozilla/5.0 AppleWebKit/537.36 (KHTML, like Gecko; compatible; GPTBot/1.3; +https://openai.com/gptbot)" www.modernmoocacury.com.br.contadorjoseaparecido.com 216.172.172.98
74.7.227.37 - - [14/Mar/2026:10:53:14 -0300] "GET /inline-edit-post.js?dir=//opt/cpanel/ea-wappspector/vendor/rector/rector/src/NodeTypeResolver/PHPStan/Scope/Contract/NodeVisitor HTTP/2.0" 200 6784 "https://modernmoocacury.com.br/inline-edit-post.js?dir=//opt/cpanel/ea-wappspector/vendor/rector/rector/src/NodeTypeResolver/PHPStan/Scope/Contract" "Mozilla/5.0 AppleWebKit/537.36 (KHTML, like Gecko; compatible; GPTBot/1.3; +https://openai.com/gptbot)" modernmoocacury.com.br 216.172.172.98
74.7.241.21 - - [14/Mar/2026:10:53:15 -0300] "GET /post-formats32.png?dir=//run/portreserve HTTP/2.0" 200 6193 "https://modernmoocacury.com.br.contadorjoseaparecido.com/post-formats32.png?dir=//run" "Mozilla/5.0 AppleWebKit/537.36 (KHTML, like Gecko; compatible; GPTBot/1.3; +https://openai.com/gptbot)" modernmoocacury.com.br.contadorjoseaparecido.com 216.172.172.98
74.7.241.21 - - [14/Mar/2026:10:53:19 -0300] "GET /post-formats32.png?action=edit&dir=//var/tmp&item=69b56042aaf6f.php HTTP/2.0" 409 83 "https://modernmoocacury.com.br.contadorjoseaparecido.com/post-formats32.png?dir=//var/tmp" "Mozilla/5.0 AppleWebKit/537.36 (KHTML, like Gecko; compatible; GPTBot/1.3; +https://openai.com/gptbot)" modernmoocacury.com.br.contadorjoseaparecido.com 216.172.172.98
74.7.227.37 - - [14/Mar/2026:10:53:18 -0300] "GET /inline-edit-post.js?dir=//opt/cpanel/ea-wappspector/vendor/rector/rector/rules/EarlyReturn/Rector/StmtsAwareInterface HTTP/2.0" 200 6742 "https://modernmoocacury.com.br/inline-edit-post.js?dir=//opt/cpanel/ea-wappspector/vendor/rector/rector/rules/EarlyReturn/Rector" "Mozilla/5.0 AppleWebKit/537.36 (KHTML, like Gecko; compatible; GPTBot/1.3; +https://openai.com/gptbot)" modernmoocacury.com.br 216.172.172.98
74.7.227.37 - - [14/Mar/2026:10:53:21 -0300] "GET /post-formats-vs.png?dir=//opt/cpanel/ea-wappspector/vendor/rector/rector/src/PHPStanStaticTypeMapper/Contract HTTP/2.0" 200 6719 "https://modernmoocacury.com.br/post-formats-vs.png?dir=//opt/cpanel/ea-wappspector/vendor/rector/rector/src/PHPStanStaticTypeMapper" "Mozilla/5.0 AppleWebKit/537.36 (KHTML, like Gecko; compatible; GPTBot/1.3; +https://openai.com/gptbot)" modernmoocacury.com.br 216.172.172.98
74.7.241.21 - - [14/Mar/2026:10:53:22 -0300] "GET /post-formats32.png?dir=//etc/gss/mech.d HTTP/2.0" 200 6541 "https://modernmoocacury.com.br.contadorjoseaparecido.com/post-formats32.png?dir=//etc/gss" "Mozilla/5.0 AppleWebKit/537.36 (KHTML, like Gecko; compatible; GPTBot/1.3; +https://openai.com/gptbot)" modernmoocacury.com.br.contadorjoseaparecido.com 216.172.172.98
74.7.227.37 - - [14/Mar/2026:10:53:24 -0300] "GET /post-formats-vs.png?dir=//opt/cpanel/ea-wappspector/vendor/rector/rector/rules/TypeDeclaration/Rector/ArrowFunction HTTP/2.0" 200 6725 "https://modernmoocacury.com.br/post-formats-vs.png?dir=//opt/cpanel/ea-wappspector/vendor/rector/rector/rules/TypeDeclaration/Rector" "Mozilla/5.0 AppleWebKit/537.36 (KHTML, like Gecko; compatible; GPTBot/1.3; +https://openai.com/gptbot)" modernmoocacury.com.br 216.172.172.98
74.7.243.219 - - [14/Mar/2026:10:53:25 -0300] "GET /inline-edit-post.js?dir=//opt/cpanel/ea-openssl/lib64/pkgconfig HTTP/2.0" 200 7283 "https://www.modernmoocacury.com.br.contadorjoseaparecido.com/inline-edit-post.js?dir=//opt/cpanel/ea-openssl/lib64" "Mozilla/5.0 AppleWebKit/537.36 (KHTML, like Gecko; compatible; GPTBot/1.3; +https://openai.com/gptbot)" www.modernmoocacury.com.br.contadorjoseaparecido.com 216.172.172.98
74.7.227.37 - - [14/Mar/2026:10:53:28 -0300] "GET /inline-edit-post.min.js?dir=//opt/cpanel/ea-wappspector/vendor/rector/rector/src/BetterPhpDocParser/PhpDocManipulator HTTP/2.0" 200 7431 "https://modernmoocacury.com.br/inline-edit-post.min.js?dir=//opt/cpanel/ea-wappspector/vendor/rector/rector/src/BetterPhpDocParser" "Mozilla/5.0 AppleWebKit/537.36 (KHTML, like Gecko; compatible; GPTBot/1.3; +https://openai.com/gptbot)" modernmoocacury.com.br 216.172.172.98
74.7.227.37 - - [14/Mar/2026:10:53:31 -0300] "GET /post-formats-vs.png?dir=//opt/cpanel/ea-wappspector/vendor/rector/rector/src/NodeTypeResolver/DependencyInjection HTTP/2.0" 200 6735 "https://modernmoocacury.com.br/post-formats-vs.png?dir=//opt/cpanel/ea-wappspector/vendor/rector/rector/src/NodeTypeResolver" "Mozilla/5.0 AppleWebKit/537.36 (KHTML, like Gecko; compatible; GPTBot/1.3; +https://openai.com/gptbot)" modernmoocacury.com.br 216.172.172.98
74.7.241.21 - - [14/Mar/2026:10:53:31 -0300] "GET /post-formats32.png?dir=//etc/ppp/peers HTTP/2.0" 200 6203 "https://modernmoocacury.com.br.contadorjoseaparecido.com/post-formats32.png?dir=//etc/ppp" "Mozilla/5.0 AppleWebKit/537.36 (KHTML, like Gecko; compatible; GPTBot/1.3; +https://openai.com/gptbot)" modernmoocacury.com.br.contadorjoseaparecido.com 216.172.172.98
74.7.243.219 - - [14/Mar/2026:10:53:34 -0300] "GET /inline-edit-post.js?dir=//opt/cpanel/ea-openssl/lib/engines HTTP/2.0" 200 10483 "https://www.modernmoocacury.com.br.contadorjoseaparecido.com/inline-edit-post.js?dir=//opt/cpanel/ea-openssl/lib" "Mozilla/5.0 AppleWebKit/537.36 (KHTML, like Gecko; compatible; GPTBot/1.3; +https://openai.com/gptbot)" www.modernmoocacury.com.br.contadorjoseaparecido.com 216.172.172.98
74.7.227.37 - - [14/Mar/2026:10:53:34 -0300] "GET /inline-edit-post.min.js?dir=//opt/cpanel/ea-wappspector/vendor/rector/rector/src/BetterPhpDocParser/PhpDocNodeFinder HTTP/2.0" 200 6723 "https://modernmoocacury.com.br/inline-edit-post.min.js?dir=//opt/cpanel/ea-wappspector/vendor/rector/rector/src/BetterPhpDocParser" "Mozilla/5.0 AppleWebKit/537.36 (KHTML, like Gecko; compatible; GPTBot/1.3; +https://openai.com/gptbot)" modernmoocacury.com.br 216.172.172.98
74.7.227.37 - - [14/Mar/2026:10:53:38 -0300] "GET /post-formats-vs.png?dir=//opt/cpanel/ea-wappspector/vendor/rector/rector/rules/EarlyReturn/Rector/StmtsAwareInterface HTTP/2.0" 200 6742 "https://modernmoocacury.com.br/post-formats-vs.png?dir=//opt/cpanel/ea-wappspector/vendor/rector/rector/rules/EarlyReturn/Rector" "Mozilla/5.0 AppleWebKit/537.36 (KHTML, like Gecko; compatible; GPTBot/1.3; +https://openai.com/gptbot)" modernmoocacury.com.br 216.172.172.98
74.7.241.21 - - [14/Mar/2026:10:53:40 -0300] "GET /post-formats32.png?dir=//var/tmp/.font-unix HTTP/2.0" 200 6239 "https://modernmoocacury.com.br.contadorjoseaparecido.com/post-formats32.png?dir=//var/tmp" "Mozilla/5.0 AppleWebKit/537.36 (KHTML, like Gecko; compatible; GPTBot/1.3; +https://openai.com/gptbot)" modernmoocacury.com.br.contadorjoseaparecido.com 216.172.172.98
74.7.227.37 - - [14/Mar/2026:10:53:41 -0300] "GET /post-formats-vs.png?dir=//opt/cpanel/ea-wappspector/vendor/rector/rector/rules/TypeDeclaration/NodeManipulator HTTP/2.0" 200 8122 "https://modernmoocacury.com.br/post-formats-vs.png?dir=//opt/cpanel/ea-wappspector/vendor/rector/rector/rules/TypeDeclaration" "Mozilla/5.0 AppleWebKit/537.36 (KHTML, like Gecko; compatible; GPTBot/1.3; +https://openai.com/gptbot)" modernmoocacury.com.br 216.172.172.98
74.7.243.219 - - [14/Mar/2026:10:53:42 -0300] "GET /inline-edit-post.min.js?dir=//lib64/lftp HTTP/2.0" 200 6527 "https://www.modernmoocacury.com.br.contadorjoseaparecido.com/inline-edit-post.min.js?action=edit&dir=//lib64&item=libpangoft2-1.0.so.0" "Mozilla/5.0 AppleWebKit/537.36 (KHTML, like Gecko; compatible; GPTBot/1.3; +https://openai.com/gptbot)" www.modernmoocacury.com.br.contadorjoseaparecido.com 216.172.172.98
74.7.227.37 - - [14/Mar/2026:10:53:44 -0300] "GET /inline-edit-post.js?dir=//opt/cpanel/ea-wappspector/vendor/rector/rector/rules/TypeDeclaration/NodeAnalyzer/ReturnFilter HTTP/2.0" 200 6756 "https://modernmoocacury.com.br/inline-edit-post.js?dir=//opt/cpanel/ea-wappspector/vendor/rector/rector/rules/TypeDeclaration/NodeAnalyzer" "Mozilla/5.0 AppleWebKit/537.36 (KHTML, like Gecko; compatible; GPTBot/1.3; +https://openai.com/gptbot)" modernmoocacury.com.br 216.172.172.98
74.7.227.37 - - [14/Mar/2026:10:53:47 -0300] "GET /inline-edit-post.min.js?dir=//opt/cpanel/ea-wappspector/vendor/rector/rector/src/PHPStanStaticTypeMapper/TypeMapper HTTP/2.0" 200 19262 "https://modernmoocacury.com.br/inline-edit-post.min.js?dir=//opt/cpanel/ea-wappspector/vendor/rector/rector/src/PHPStanStaticTypeMapper" "Mozilla/5.0 AppleWebKit/537.36 (KHTML, like Gecko; compatible; GPTBot/1.3; +https://openai.com/gptbot)" modernmoocacury.com.br 216.172.172.98
74.7.241.21 - - [14/Mar/2026:10:53:47 -0300] "GET /post-formats32.png?dir=//etc/nxlog.d HTTP/2.0" 200 6531 "https://modernmoocacury.com.br.contadorjoseaparecido.com/post-formats32.png?dir=//etc" "Mozilla/5.0 AppleWebKit/537.36 (KHTML, like Gecko; compatible; GPTBot/1.3; +https://openai.com/gptbot)" modernmoocacury.com.br.contadorjoseaparecido.com 216.172.172.98
74.7.243.219 - - [14/Mar/2026:10:53:50 -0300] "GET /inline-edit-post.js?action=rename&dir=//lib/rpm&item=rpmdb_upgrade HTTP/2.0" 200 14347 "https://www.modernmoocacury.com.br.contadorjoseaparecido.com/inline-edit-post.js?dir=//lib/rpm" "Mozilla/5.0 AppleWebKit/537.36 (KHTML, like Gecko; compatible; GPTBot/1.3; +https://openai.com/gptbot)" www.modernmoocacury.com.br.contadorjoseaparecido.com 216.172.172.98
74.7.227.37 - - [14/Mar/2026:10:53:51 -0300] "GET /inline-edit-post.min.js?dir=//usr/lib64/ruby/json/ext HTTP/2.0" 200 6947 "https://modernmoocacury.com.br/inline-edit-post.min.js?dir=//usr/lib64/ruby/json" "Mozilla/5.0 AppleWebKit/537.36 (KHTML, like Gecko; compatible; GPTBot/1.3; +https://openai.com/gptbot)" modernmoocacury.com.br 216.172.172.98
74.7.241.21 - - [14/Mar/2026:10:53:54 -0300] "GET /post-formats32.png?dir=//etc/qemu-ga HTTP/2.0" 200 6882 "https://modernmoocacury.com.br.contadorjoseaparecido.com/post-formats32.png?dir=//etc" "Mozilla/5.0 AppleWebKit/537.36 (KHTML, like Gecko; compatible; GPTBot/1.3; +https://openai.com/gptbot)" modernmoocacury.com.br.contadorjoseaparecido.com 216.172.172.98
74.7.227.37 - - [14/Mar/2026:10:53:55 -0300] "GET /inline-edit-post.js?dir=//usr/lib/python2.7/site-packages/slip/_wrappers HTTP/2.0" 200 8410 "https://modernmoocacury.com.br/inline-edit-post.js?dir=//usr/lib/python2.7/site-packages/slip" "Mozilla/5.0 AppleWebKit/537.36 (KHTML, like Gecko; compatible; GPTBot/1.3; +https://openai.com/gptbot)" modernmoocacury.com.br 216.172.172.98
74.7.227.37 - - [14/Mar/2026:10:53:59 -0300] "GET /post-formats-vs.png?action=chmod&dir=//opt/cpanel/ea-wappspector/vendor/rector/rector/src/PHPStanStaticTypeMapper/Contract&item=.. HTTP/2.0" 200 6944 "https://modernmoocacury.com.br/post-formats-vs.png?dir=//opt/cpanel/ea-wappspector/vendor/rector/rector/src/PHPStanStaticTypeMapper/Contract" "Mozilla/5.0 AppleWebKit/537.36 (KHTML, like Gecko; compatible; GPTBot/1.3; +https://openai.com/gptbot)" modernmoocacury.com.br 216.172.172.98
74.7.241.21 - - [14/Mar/2026:10:54:00 -0300] "GET /post-formats32.png?dir=//etc/fonts/conf.d HTTP/2.0" 200 18825 "https://modernmoocacury.com.br.contadorjoseaparecido.com/post-formats32.png?dir=//etc/fonts" "Mozilla/5.0 AppleWebKit/537.36 (KHTML, like Gecko; compatible; GPTBot/1.3; +https://openai.com/gptbot)" modernmoocacury.com.br.contadorjoseaparecido.com 216.172.172.98
74.7.243.219 - - [14/Mar/2026:10:53:56 -0300] "GET /set-post-thumbnail.min.js?action=chmod&dir=//sbin&item=setenforce HTTP/2.0" 200 185789 "https://www.modernmoocacury.com.br.contadorjoseaparecido.com/set-post-thumbnail.min.js?dir=//sbin" "Mozilla/5.0 AppleWebKit/537.36 (KHTML, like Gecko; compatible; GPTBot/1.3; +https://openai.com/gptbot)" www.modernmoocacury.com.br.contadorjoseaparecido.com 216.172.172.98
74.7.227.37 - - [14/Mar/2026:10:54:04 -0300] "GET /inline-edit-post.js?dir=//usr/lib/python2.7/site-packages/tuned/monitors HTTP/2.0" 200 12617 "https://modernmoocacury.com.br/inline-edit-post.js?dir=//usr/lib/python2.7/site-packages/tuned" "Mozilla/5.0 AppleWebKit/537.36 (KHTML, like Gecko; compatible; GPTBot/1.3; +https://openai.com/gptbot)" modernmoocacury.com.br 216.172.172.98
74.7.241.21 - - [14/Mar/2026:10:54:06 -0300] "GET /post-formats32.png?dir=//var/spool/postfix HTTP/2.0" 200 6930 "https://modernmoocacury.com.br.contadorjoseaparecido.com/post-formats32.png?dir=//var/spool" "Mozilla/5.0 AppleWebKit/537.36 (KHTML, like Gecko; compatible; GPTBot/1.3; +https://openai.com/gptbot)" modernmoocacury.com.br.contadorjoseaparecido.com 216.172.172.98
74.7.227.37 - - [14/Mar/2026:10:54:08 -0300] "GET /inline-edit-post.js?dir=//usr/lib/python2.7/site-packages/tuned/profiles HTTP/2.0" 200 16061 "https://modernmoocacury.com.br/inline-edit-post.js?dir=//usr/lib/python2.7/site-packages/tuned" "Mozilla/5.0 AppleWebKit/537.36 (KHTML, like Gecko; compatible; GPTBot/1.3; +https://openai.com/gptbot)" modernmoocacury.com.br 216.172.172.98
74.7.241.21 - - [14/Mar/2026:10:54:11 -0300] "GET /post-formats32.png?dir=//etc/apache2 HTTP/2.0" 200 8645 "https://modernmoocacury.com.br.contadorjoseaparecido.com/post-formats32.png?dir=//etc" "Mozilla/5.0 AppleWebKit/537.36 (KHTML, like Gecko; compatible; GPTBot/1.3; +https://openai.com/gptbot)" modernmoocacury.com.br.contadorjoseaparecido.com 216.172.172.98
74.7.227.37 - - [14/Mar/2026:10:54:12 -0300] "GET /ultimate-post-kit.ttf?dir=//usr/lib/dracut/modules.d/90dmsquash-live-ntfs HTTP/1.1" 200 6630 "https://modernmoocacury.com.br/ultimate-post-kit.ttf?dir=//usr/lib/dracut/modules.d" "Mozilla/5.0 AppleWebKit/537.36 (KHTML, like Gecko; compatible; GPTBot/1.3; +https://openai.com/gptbot)" modernmoocacury.com.br 216.172.172.98
74.7.227.37 - - [14/Mar/2026:10:54:12 -0300] "GET /ultimate-post-kit.ttf?dir=//usr/lib/dracut/modules.d/90dmsquash-live-ntfs HTTP/2.0" 200 6630 "https://modernmoocacury.com.br/ultimate-post-kit.ttf?dir=//usr/lib/dracut/modules.d" "Mozilla/5.0 AppleWebKit/537.36 (KHTML, like Gecko; compatible; GPTBot/1.3; +https://openai.com/gptbot)" modernmoocacury.com.br 216.172.172.98
