107.150.52.58 - - [14/Mar/2026:11:27:31 -0300] "GET /wp-content/ad12b0b1/index.php HTTP/1.1" 200 - "https://corretordoipiranga.com.contadorjoseaparecido.com/wp-content/ad12b0b1/index.php" "Mozilla/5.0 (Windows NT 10.0; Win64; x64) AppleWebKit/537.36 (KHTML, like Gecko) Chrome/58.0.3029.110 Safari/537.3" corretordoipiranga.com.contadorjoseaparecido.com 216.172.172.98
107.150.52.58 - - [14/Mar/2026:11:27:31 -0300] "GET /wp-content/ad12b0b1/index.php HTTP/1.1" 200 - "https://corretordoipiranga.com.contadorjoseaparecido.com/wp-content/ad12b0b1/index.php" "Mozilla/5.0 (Windows NT 10.0; Win64; x64) AppleWebKit/537.36 (KHTML, like Gecko) Chrome/58.0.3029.110 Safari/537.3" corretordoipiranga.com.contadorjoseaparecido.com 216.172.172.98
173.208.176.202 - - [14/Mar/2026:11:29:02 -0300] "GET /wp-content/ad12b0b1/index.php?id=37718 HTTP/1.1" 409 83 "https://corretordoipiranga.com.contadorjoseaparecido.com/wp-content/ad12b0b1/index.php?id=37718" "Mozilla/5.0 (Windows NT 10.0; Win64; x64) AppleWebKit/537.36 (KHTML, like Gecko) Chrome/58.0.3029.110 Safari/537.3" corretordoipiranga.com.contadorjoseaparecido.com 216.172.172.98
74.7.227.39 - - [14/Mar/2026:11:28:52 -0300] "GET /b8e?p=Ahome1 HTTP/1.1" 200 875 "https://corretordoipiranga.com.contadorjoseaparecido.com/b8e" "Mozilla/5.0 AppleWebKit/537.36 (KHTML, like Gecko; compatible; GPTBot/1.3; +https://openai.com/gptbot)" corretordoipiranga.com.contadorjoseaparecido.com 216.172.172.98
74.7.227.39 - - [14/Mar/2026:11:28:52 -0300] "GET /b8e?p=Ahome1 HTTP/2.0" 200 875 "https://corretordoipiranga.com.contadorjoseaparecido.com/b8e" "Mozilla/5.0 AppleWebKit/537.36 (KHTML, like Gecko; compatible; GPTBot/1.3; +https://openai.com/gptbot)" corretordoipiranga.com.contadorjoseaparecido.com 216.172.172.98
107.150.52.58 - - [14/Mar/2026:11:29:11 -0300] "GET /wp-content/brbedc4f/index.php HTTP/1.1" 500 - "https://corretordoipiranga.com.contadorjoseaparecido.com/wp-content/brbedc4f/index.php" "Mozilla/5.0 (Windows NT 10.0; Win64; x64) AppleWebKit/537.36 (KHTML, like Gecko) Chrome/58.0.3029.110 Safari/537.3" corretordoipiranga.com.contadorjoseaparecido.com 216.172.172.98
107.150.52.58 - - [14/Mar/2026:11:29:11 -0300] "GET /wp-content/brbedc4f/index.php HTTP/1.1" 500 - "https://corretordoipiranga.com.contadorjoseaparecido.com/wp-content/brbedc4f/index.php" "Mozilla/5.0 (Windows NT 10.0; Win64; x64) AppleWebKit/537.36 (KHTML, like Gecko) Chrome/58.0.3029.110 Safari/537.3" corretordoipiranga.com.contadorjoseaparecido.com 216.172.172.98
107.150.52.58 - - [14/Mar/2026:11:29:09 -0300] "GET /wp-content/brbedc4f/index.php HTTP/1.1" 500 - "https://corretordoipiranga.com.contadorjoseaparecido.com/wp-content/brbedc4f/index.php" "Mozilla/5.0 (Windows NT 10.0; Win64; x64) AppleWebKit/537.36 (KHTML, like Gecko) Chrome/58.0.3029.110 Safari/537.3" corretordoipiranga.com.contadorjoseaparecido.com 216.172.172.98
107.150.52.58 - - [14/Mar/2026:11:29:09 -0300] "GET /wp-content/brbedc4f/index.php HTTP/1.1" 500 - "https://corretordoipiranga.com.contadorjoseaparecido.com/wp-content/brbedc4f/index.php" "Mozilla/5.0 (Windows NT 10.0; Win64; x64) AppleWebKit/537.36 (KHTML, like Gecko) Chrome/58.0.3029.110 Safari/537.3" corretordoipiranga.com.contadorjoseaparecido.com 216.172.172.98
74.7.227.39 - - [14/Mar/2026:11:29:08 -0300] "GET /be5?p=Ahome1 HTTP/1.1" 200 875 "https://corretordoipiranga.com.contadorjoseaparecido.com/be5" "Mozilla/5.0 AppleWebKit/537.36 (KHTML, like Gecko; compatible; GPTBot/1.3; +https://openai.com/gptbot)" corretordoipiranga.com.contadorjoseaparecido.com 216.172.172.98
74.7.227.39 - - [14/Mar/2026:11:29:08 -0300] "GET /be5?p=Ahome1 HTTP/2.0" 200 875 "https://corretordoipiranga.com.contadorjoseaparecido.com/be5" "Mozilla/5.0 AppleWebKit/537.36 (KHTML, like Gecko; compatible; GPTBot/1.3; +https://openai.com/gptbot)" corretordoipiranga.com.contadorjoseaparecido.com 216.172.172.98
107.150.52.58 - - [14/Mar/2026:11:29:26 -0300] "GET /wp-includes/js45f365/index.php HTTP/1.1" 500 - "https://corretordoipiranga.com.contadorjoseaparecido.com/wp-includes/js45f365/index.php" "Mozilla/5.0 (Windows NT 10.0; Win64; x64) AppleWebKit/537.36 (KHTML, like Gecko) Chrome/58.0.3029.110 Safari/537.3" corretordoipiranga.com.contadorjoseaparecido.com 216.172.172.98
107.150.52.58 - - [14/Mar/2026:11:29:25 -0300] "GET /wp-includes/js45f365/index.php HTTP/1.1" 500 - "https://corretordoipiranga.com.contadorjoseaparecido.com/wp-includes/js45f365/index.php" "Mozilla/5.0 (Windows NT 10.0; Win64; x64) AppleWebKit/537.36 (KHTML, like Gecko) Chrome/58.0.3029.110 Safari/537.3" corretordoipiranga.com.contadorjoseaparecido.com 216.172.172.98
69.30.215.34 - - [14/Mar/2026:11:28:03 -0300] "GET /wp-content/pl73cc01/index.php HTTP/1.1" 200 - "https://corretordoipiranga.com.contadorjoseaparecido.com/wp-content/pl73cc01/index.php" "Mozilla/5.0 (Windows NT 10.0; Win64; x64) AppleWebKit/537.36 (KHTML, like Gecko) Chrome/58.0.3029.110 Safari/537.3" corretordoipiranga.com.contadorjoseaparecido.com 216.172.172.98
69.30.215.34 - - [14/Mar/2026:11:28:03 -0300] "GET /wp-content/pl73cc01/index.php HTTP/1.1" 200 - "https://corretordoipiranga.com.contadorjoseaparecido.com/wp-content/pl73cc01/index.php" "Mozilla/5.0 (Windows NT 10.0; Win64; x64) AppleWebKit/537.36 (KHTML, like Gecko) Chrome/58.0.3029.110 Safari/537.3" corretordoipiranga.com.contadorjoseaparecido.com 216.172.172.98
173.208.176.202 - - [14/Mar/2026:11:29:39 -0300] "GET /wp-content/pl73cc01/index.php?id=280195 HTTP/1.1" 409 83 "https://corretordoipiranga.com.contadorjoseaparecido.com/wp-content/pl73cc01/index.php?id=280195" "Mozilla/5.0 (Windows NT 10.0; Win64; x64) AppleWebKit/537.36 (KHTML, like Gecko) Chrome/58.0.3029.110 Safari/537.3" corretordoipiranga.com.contadorjoseaparecido.com 216.172.172.98
74.7.227.39 - - [14/Mar/2026:11:29:24 -0300] "GET /ff0?p=Ahome1 HTTP/1.1" 200 875 "https://corretordoipiranga.com.contadorjoseaparecido.com/ff0" "Mozilla/5.0 AppleWebKit/537.36 (KHTML, like Gecko; compatible; GPTBot/1.3; +https://openai.com/gptbot)" corretordoipiranga.com.contadorjoseaparecido.com 216.172.172.98
74.7.227.39 - - [14/Mar/2026:11:29:24 -0300] "GET /ff0?p=Ahome1 HTTP/2.0" 200 875 "https://corretordoipiranga.com.contadorjoseaparecido.com/ff0" "Mozilla/5.0 AppleWebKit/537.36 (KHTML, like Gecko; compatible; GPTBot/1.3; +https://openai.com/gptbot)" corretordoipiranga.com.contadorjoseaparecido.com 216.172.172.98
107.150.52.58 - - [14/Mar/2026:11:29:41 -0300] "GET /wp-content/ad582712/index.php HTTP/1.1" 500 - "https://corretordoipiranga.com.contadorjoseaparecido.com/wp-content/ad582712/index.php" "Mozilla/5.0 (Windows NT 10.0; Win64; x64) AppleWebKit/537.36 (KHTML, like Gecko) Chrome/58.0.3029.110 Safari/537.3" corretordoipiranga.com.contadorjoseaparecido.com 216.172.172.98
107.150.52.58 - - [14/Mar/2026:11:29:41 -0300] "GET /wp-content/ad582712/index.php HTTP/1.1" 500 - "https://corretordoipiranga.com.contadorjoseaparecido.com/wp-content/ad582712/index.php" "Mozilla/5.0 (Windows NT 10.0; Win64; x64) AppleWebKit/537.36 (KHTML, like Gecko) Chrome/58.0.3029.110 Safari/537.3" corretordoipiranga.com.contadorjoseaparecido.com 216.172.172.98
74.7.227.157 - - [14/Mar/2026:11:29:47 -0300] "GET /class-wp-rest-block-types-controller.php HTTP/2.0" 409 83 "https://www.corretordoipiranga.com.contadorjoseaparecido.com/edit-post.min.js?p=Ahome1Acontad42AhugvitalitydomboscoIcomIbrAwp-includesArest-apiAendpoints" "Mozilla/5.0 AppleWebKit/537.36 (KHTML, like Gecko; compatible; GPTBot/1.3; +https://openai.com/gptbot)" www.corretordoipiranga.com.contadorjoseaparecido.com 216.172.172.98
107.150.52.58 - - [14/Mar/2026:11:28:23 -0300] "GET /wp-content/wpe48f81/index.php HTTP/1.1" 200 - "https://corretordoipiranga.com.contadorjoseaparecido.com/wp-content/wpe48f81/index.php" "Mozilla/5.0 (Windows NT 10.0; Win64; x64) AppleWebKit/537.36 (KHTML, like Gecko) Chrome/58.0.3029.110 Safari/537.3" corretordoipiranga.com.contadorjoseaparecido.com 216.172.172.98
107.150.52.58 - - [14/Mar/2026:11:28:23 -0300] "GET /wp-content/wpe48f81/index.php HTTP/1.1" 200 - "https://corretordoipiranga.com.contadorjoseaparecido.com/wp-content/wpe48f81/index.php" "Mozilla/5.0 (Windows NT 10.0; Win64; x64) AppleWebKit/537.36 (KHTML, like Gecko) Chrome/58.0.3029.110 Safari/537.3" corretordoipiranga.com.contadorjoseaparecido.com 216.172.172.98
173.208.176.202 - - [14/Mar/2026:11:29:55 -0300] "GET /wp-content/wpe48f81/index.php?id=43384 HTTP/1.1" 409 83 "https://corretordoipiranga.com.contadorjoseaparecido.com/wp-content/wpe48f81/index.php?id=43384" "Mozilla/5.0 (Windows NT 10.0; Win64; x64) AppleWebKit/537.36 (KHTML, like Gecko) Chrome/58.0.3029.110 Safari/537.3" corretordoipiranga.com.contadorjoseaparecido.com 216.172.172.98
74.7.227.39 - - [14/Mar/2026:11:29:41 -0300] "GET /522?p=Ahome1 HTTP/1.1" 200 875 "https://corretordoipiranga.com.contadorjoseaparecido.com/522" "Mozilla/5.0 AppleWebKit/537.36 (KHTML, like Gecko; compatible; GPTBot/1.3; +https://openai.com/gptbot)" corretordoipiranga.com.contadorjoseaparecido.com 216.172.172.98
74.7.227.39 - - [14/Mar/2026:11:29:41 -0300] "GET /522?p=Ahome1 HTTP/2.0" 200 875 "https://corretordoipiranga.com.contadorjoseaparecido.com/522" "Mozilla/5.0 AppleWebKit/537.36 (KHTML, like Gecko; compatible; GPTBot/1.3; +https://openai.com/gptbot)" corretordoipiranga.com.contadorjoseaparecido.com 216.172.172.98
69.30.215.34 - - [14/Mar/2026:11:29:58 -0300] "GET /wp-includes/x91e967/index.php HTTP/1.1" 500 - "https://corretordoipiranga.com.contadorjoseaparecido.com/wp-includes/x91e967/index.php" "Mozilla/5.0 (Windows NT 10.0; Win64; x64) AppleWebKit/537.36 (KHTML, like Gecko) Chrome/58.0.3029.110 Safari/537.3" corretordoipiranga.com.contadorjoseaparecido.com 216.172.172.98
69.30.215.34 - - [14/Mar/2026:11:29:57 -0300] "GET /wp-includes/x91e967/index.php HTTP/1.1" 500 - "https://corretordoipiranga.com.contadorjoseaparecido.com/wp-includes/x91e967/index.php" "Mozilla/5.0 (Windows NT 10.0; Win64; x64) AppleWebKit/537.36 (KHTML, like Gecko) Chrome/58.0.3029.110 Safari/537.3" corretordoipiranga.com.contadorjoseaparecido.com 216.172.172.98
69.30.215.34 - - [14/Mar/2026:11:28:40 -0300] "GET /wp-content/im728f4b/index.php HTTP/1.1" 200 - "https://corretordoipiranga.com.contadorjoseaparecido.com/wp-content/im728f4b/index.php" "Mozilla/5.0 (Windows NT 10.0; Win64; x64) AppleWebKit/537.36 (KHTML, like Gecko) Chrome/58.0.3029.110 Safari/537.3" corretordoipiranga.com.contadorjoseaparecido.com 216.172.172.98
69.30.215.34 - - [14/Mar/2026:11:28:39 -0300] "GET /wp-content/im728f4b/index.php HTTP/1.1" 200 - "https://corretordoipiranga.com.contadorjoseaparecido.com/wp-content/im728f4b/index.php" "Mozilla/5.0 (Windows NT 10.0; Win64; x64) AppleWebKit/537.36 (KHTML, like Gecko) Chrome/58.0.3029.110 Safari/537.3" corretordoipiranga.com.contadorjoseaparecido.com 216.172.172.98
173.208.176.202 - - [14/Mar/2026:11:30:11 -0300] "GET /wp-content/im728f4b/index.php?id=484688 HTTP/1.1" 409 83 "https://corretordoipiranga.com.contadorjoseaparecido.com/wp-content/im728f4b/index.php?id=484688" "Mozilla/5.0 (Windows NT 10.0; Win64; x64) AppleWebKit/537.36 (KHTML, like Gecko) Chrome/58.0.3029.110 Safari/537.3" corretordoipiranga.com.contadorjoseaparecido.com 216.172.172.98
74.7.227.39 - - [14/Mar/2026:11:29:56 -0300] "GET /8ec?p=Ahome1 HTTP/1.1" 200 875 "https://corretordoipiranga.com.contadorjoseaparecido.com/8ec" "Mozilla/5.0 AppleWebKit/537.36 (KHTML, like Gecko; compatible; GPTBot/1.3; +https://openai.com/gptbot)" corretordoipiranga.com.contadorjoseaparecido.com 216.172.172.98
74.7.227.39 - - [14/Mar/2026:11:29:56 -0300] "GET /8ec?p=Ahome1 HTTP/2.0" 200 875 "https://corretordoipiranga.com.contadorjoseaparecido.com/8ec" "Mozilla/5.0 AppleWebKit/537.36 (KHTML, like Gecko; compatible; GPTBot/1.3; +https://openai.com/gptbot)" corretordoipiranga.com.contadorjoseaparecido.com 216.172.172.98
69.30.240.242 - - [14/Mar/2026:11:30:14 -0300] "GET /wp-content/plef1bbf/index.php HTTP/1.1" 500 - "https://corretordoipiranga.com.contadorjoseaparecido.com/wp-content/plef1bbf/index.php" "Mozilla/5.0 (Windows NT 10.0; Win64; x64) AppleWebKit/537.36 (KHTML, like Gecko) Chrome/58.0.3029.110 Safari/537.3" corretordoipiranga.com.contadorjoseaparecido.com 216.172.172.98
69.30.240.242 - - [14/Mar/2026:11:30:14 -0300] "GET /wp-content/plef1bbf/index.php HTTP/1.1" 500 - "https://corretordoipiranga.com.contadorjoseaparecido.com/wp-content/plef1bbf/index.php" "Mozilla/5.0 (Windows NT 10.0; Win64; x64) AppleWebKit/537.36 (KHTML, like Gecko) Chrome/58.0.3029.110 Safari/537.3" corretordoipiranga.com.contadorjoseaparecido.com 216.172.172.98
107.150.52.58 - - [14/Mar/2026:11:28:55 -0300] "GET /wp-content/wp9f9931/index.php HTTP/1.1" 200 - "https://corretordoipiranga.com.contadorjoseaparecido.com/wp-content/wp9f9931/index.php" "Mozilla/5.0 (Windows NT 10.0; Win64; x64) AppleWebKit/537.36 (KHTML, like Gecko) Chrome/58.0.3029.110 Safari/537.3" corretordoipiranga.com.contadorjoseaparecido.com 216.172.172.98
107.150.52.58 - - [14/Mar/2026:11:28:55 -0300] "GET /wp-content/wp9f9931/index.php HTTP/1.1" 200 - "https://corretordoipiranga.com.contadorjoseaparecido.com/wp-content/wp9f9931/index.php" "Mozilla/5.0 (Windows NT 10.0; Win64; x64) AppleWebKit/537.36 (KHTML, like Gecko) Chrome/58.0.3029.110 Safari/537.3" corretordoipiranga.com.contadorjoseaparecido.com 216.172.172.98
173.208.176.202 - - [14/Mar/2026:11:30:26 -0300] "GET /wp-content/wp9f9931/index.php?id=916772 HTTP/1.1" 409 83 "https://corretordoipiranga.com.contadorjoseaparecido.com/wp-content/wp9f9931/index.php?id=916772" "Mozilla/5.0 (Windows NT 10.0; Win64; x64) AppleWebKit/537.36 (KHTML, like Gecko) Chrome/58.0.3029.110 Safari/537.3" corretordoipiranga.com.contadorjoseaparecido.com 216.172.172.98
74.7.227.39 - - [14/Mar/2026:11:30:14 -0300] "GET /434?p=Ahome1 HTTP/1.1" 200 875 "https://corretordoipiranga.com.contadorjoseaparecido.com/434" "Mozilla/5.0 AppleWebKit/537.36 (KHTML, like Gecko; compatible; GPTBot/1.3; +https://openai.com/gptbot)" corretordoipiranga.com.contadorjoseaparecido.com 216.172.172.98
74.7.227.39 - - [14/Mar/2026:11:30:14 -0300] "GET /434?p=Ahome1 HTTP/2.0" 200 875 "https://corretordoipiranga.com.contadorjoseaparecido.com/434" "Mozilla/5.0 AppleWebKit/537.36 (KHTML, like Gecko; compatible; GPTBot/1.3; +https://openai.com/gptbot)" corretordoipiranga.com.contadorjoseaparecido.com 216.172.172.98
107.150.52.58 - - [14/Mar/2026:11:30:30 -0300] "GET /wp-includes/plfd249f/index.php HTTP/1.1" 500 - "https://corretordoipiranga.com.contadorjoseaparecido.com/wp-includes/plfd249f/index.php" "Mozilla/5.0 (Windows NT 10.0; Win64; x64) AppleWebKit/537.36 (KHTML, like Gecko) Chrome/58.0.3029.110 Safari/537.3" corretordoipiranga.com.contadorjoseaparecido.com 216.172.172.98
107.150.52.58 - - [14/Mar/2026:11:30:30 -0300] "GET /wp-includes/plfd249f/index.php HTTP/1.1" 500 - "https://corretordoipiranga.com.contadorjoseaparecido.com/wp-includes/plfd249f/index.php" "Mozilla/5.0 (Windows NT 10.0; Win64; x64) AppleWebKit/537.36 (KHTML, like Gecko) Chrome/58.0.3029.110 Safari/537.3" corretordoipiranga.com.contadorjoseaparecido.com 216.172.172.98
74.7.227.39 - - [14/Mar/2026:11:30:29 -0300] "GET /558?p=Ahome1 HTTP/1.1" 200 875 "https://corretordoipiranga.com.contadorjoseaparecido.com/558" "Mozilla/5.0 AppleWebKit/537.36 (KHTML, like Gecko; compatible; GPTBot/1.3; +https://openai.com/gptbot)" corretordoipiranga.com.contadorjoseaparecido.com 216.172.172.98
74.7.227.39 - - [14/Mar/2026:11:30:29 -0300] "GET /558?p=Ahome1 HTTP/2.0" 200 875 "https://corretordoipiranga.com.contadorjoseaparecido.com/558" "Mozilla/5.0 AppleWebKit/537.36 (KHTML, like Gecko; compatible; GPTBot/1.3; +https://openai.com/gptbot)" corretordoipiranga.com.contadorjoseaparecido.com 216.172.172.98
107.150.52.58 - - [14/Mar/2026:11:30:46 -0300] "GET /wp-includes/adfbabe4/index.php HTTP/1.1" 500 - "https://corretordoipiranga.com.contadorjoseaparecido.com/wp-includes/adfbabe4/index.php" "Mozilla/5.0 (Windows NT 10.0; Win64; x64) AppleWebKit/537.36 (KHTML, like Gecko) Chrome/58.0.3029.110 Safari/537.3" corretordoipiranga.com.contadorjoseaparecido.com 216.172.172.98
107.150.52.58 - - [14/Mar/2026:11:30:46 -0300] "GET /wp-includes/adfbabe4/index.php HTTP/1.1" 500 - "https://corretordoipiranga.com.contadorjoseaparecido.com/wp-includes/adfbabe4/index.php" "Mozilla/5.0 (Windows NT 10.0; Win64; x64) AppleWebKit/537.36 (KHTML, like Gecko) Chrome/58.0.3029.110 Safari/537.3" corretordoipiranga.com.contadorjoseaparecido.com 216.172.172.98
74.7.227.157 - - [14/Mar/2026:11:30:48 -0300] "GET /class-wp-rest-menu-locations-controller.php HTTP/2.0" 409 83 "https://www.corretordoipiranga.com.contadorjoseaparecido.com/edit-post.min.js?p=Ahome1Acontad42AhugvitalitydomboscoIcomIbrAwp-includesArest-apiAendpoints" "Mozilla/5.0 AppleWebKit/537.36 (KHTML, like Gecko; compatible; GPTBot/1.3; +https://openai.com/gptbot)" www.corretordoipiranga.com.contadorjoseaparecido.com 216.172.172.98
107.150.52.58 - - [14/Mar/2026:11:30:44 -0300] "GET /wp-includes/adfbabe4/index.php HTTP/1.1" 500 - "https://corretordoipiranga.com.contadorjoseaparecido.com/wp-includes/adfbabe4/index.php" "Mozilla/5.0 (Windows NT 10.0; Win64; x64) AppleWebKit/537.36 (KHTML, like Gecko) Chrome/58.0.3029.110 Safari/537.3" corretordoipiranga.com.contadorjoseaparecido.com 216.172.172.98
107.150.52.58 - - [14/Mar/2026:11:30:44 -0300] "GET /wp-includes/adfbabe4/index.php HTTP/1.1" 500 - "https://corretordoipiranga.com.contadorjoseaparecido.com/wp-includes/adfbabe4/index.php" "Mozilla/5.0 (Windows NT 10.0; Win64; x64) AppleWebKit/537.36 (KHTML, like Gecko) Chrome/58.0.3029.110 Safari/537.3" corretordoipiranga.com.contadorjoseaparecido.com 216.172.172.98
107.150.52.58 - - [14/Mar/2026:11:29:28 -0300] "GET /wp-includes/js45f365/index.php HTTP/1.1" 200 - "https://corretordoipiranga.com.contadorjoseaparecido.com/wp-includes/js45f365/index.php" "Mozilla/5.0 (Windows NT 10.0; Win64; x64) AppleWebKit/537.36 (KHTML, like Gecko) Chrome/58.0.3029.110 Safari/537.3" corretordoipiranga.com.contadorjoseaparecido.com 216.172.172.98
107.150.52.58 - - [14/Mar/2026:11:29:27 -0300] "GET /wp-includes/js45f365/index.php HTTP/1.1" 200 - "https://corretordoipiranga.com.contadorjoseaparecido.com/wp-includes/js45f365/index.php" "Mozilla/5.0 (Windows NT 10.0; Win64; x64) AppleWebKit/537.36 (KHTML, like Gecko) Chrome/58.0.3029.110 Safari/537.3" corretordoipiranga.com.contadorjoseaparecido.com 216.172.172.98
74.7.227.39 - - [14/Mar/2026:11:30:43 -0300] "GET /332?p=Ahome1 HTTP/1.1" 200 875 "https://corretordoipiranga.com.contadorjoseaparecido.com/332" "Mozilla/5.0 AppleWebKit/537.36 (KHTML, like Gecko; compatible; GPTBot/1.3; +https://openai.com/gptbot)" corretordoipiranga.com.contadorjoseaparecido.com 216.172.172.98
74.7.227.39 - - [14/Mar/2026:11:30:43 -0300] "GET /332?p=Ahome1 HTTP/2.0" 200 875 "https://corretordoipiranga.com.contadorjoseaparecido.com/332" "Mozilla/5.0 AppleWebKit/537.36 (KHTML, like Gecko; compatible; GPTBot/1.3; +https://openai.com/gptbot)" corretordoipiranga.com.contadorjoseaparecido.com 216.172.172.98
173.208.176.202 - - [14/Mar/2026:11:30:58 -0300] "GET /wp-includes/js45f365/index.php?id=860812 HTTP/1.1" 409 83 "https://corretordoipiranga.com.contadorjoseaparecido.com/wp-includes/js45f365/index.php?id=860812" "Mozilla/5.0 (Windows NT 10.0; Win64; x64) AppleWebKit/537.36 (KHTML, like Gecko) Chrome/58.0.3029.110 Safari/537.3" corretordoipiranga.com.contadorjoseaparecido.com 216.172.172.98
107.150.52.58 - - [14/Mar/2026:11:30:58 -0300] "GET /wp-content/ime07a2f/index.php HTTP/1.1" 500 - "https://corretordoipiranga.com.contadorjoseaparecido.com/wp-content/ime07a2f/index.php" "Mozilla/5.0 (Windows NT 10.0; Win64; x64) AppleWebKit/537.36 (KHTML, like Gecko) Chrome/58.0.3029.110 Safari/537.3" corretordoipiranga.com.contadorjoseaparecido.com 216.172.172.98
107.150.52.58 - - [14/Mar/2026:11:30:58 -0300] "GET /wp-content/ime07a2f/index.php HTTP/1.1" 500 - "https://corretordoipiranga.com.contadorjoseaparecido.com/wp-content/ime07a2f/index.php" "Mozilla/5.0 (Windows NT 10.0; Win64; x64) AppleWebKit/537.36 (KHTML, like Gecko) Chrome/58.0.3029.110 Safari/537.3" corretordoipiranga.com.contadorjoseaparecido.com 216.172.172.98
74.7.227.39 - - [14/Mar/2026:11:30:58 -0300] "GET /166?p=Ahome1Acontad42AcorretordoipirangaIcomAwp-contentAqqaaa232 HTTP/1.1" 200 1298 "https://corretordoipiranga.com.contadorjoseaparecido.com/166?p=Ahome1Acontad42AcorretordoipirangaIcomAwp-content" "Mozilla/5.0 AppleWebKit/537.36 (KHTML, like Gecko; compatible; GPTBot/1.3; +https://openai.com/gptbot)" corretordoipiranga.com.contadorjoseaparecido.com 216.172.172.98
74.7.227.39 - - [14/Mar/2026:11:30:58 -0300] "GET /166?p=Ahome1Acontad42AcorretordoipirangaIcomAwp-contentAqqaaa232 HTTP/2.0" 200 1298 "https://corretordoipiranga.com.contadorjoseaparecido.com/166?p=Ahome1Acontad42AcorretordoipirangaIcomAwp-content" "Mozilla/5.0 AppleWebKit/537.36 (KHTML, like Gecko; compatible; GPTBot/1.3; +https://openai.com/gptbot)" corretordoipiranga.com.contadorjoseaparecido.com 216.172.172.98
107.150.52.58 - - [14/Mar/2026:11:29:44 -0300] "GET /wp-content/ad582712/index.php HTTP/1.1" 200 - "https://corretordoipiranga.com.contadorjoseaparecido.com/wp-content/ad582712/index.php" "Mozilla/5.0 (Windows NT 10.0; Win64; x64) AppleWebKit/537.36 (KHTML, like Gecko) Chrome/58.0.3029.110 Safari/537.3" corretordoipiranga.com.contadorjoseaparecido.com 216.172.172.98
107.150.52.58 - - [14/Mar/2026:11:29:44 -0300] "GET /wp-content/ad582712/index.php HTTP/1.1" 200 - "https://corretordoipiranga.com.contadorjoseaparecido.com/wp-content/ad582712/index.php" "Mozilla/5.0 (Windows NT 10.0; Win64; x64) AppleWebKit/537.36 (KHTML, like Gecko) Chrome/58.0.3029.110 Safari/537.3" corretordoipiranga.com.contadorjoseaparecido.com 216.172.172.98
173.208.176.202 - - [14/Mar/2026:11:31:15 -0300] "GET /wp-content/ad582712/index.php?id=679533 HTTP/1.1" 409 83 "https://corretordoipiranga.com.contadorjoseaparecido.com/wp-content/ad582712/index.php?id=679533" "Mozilla/5.0 (Windows NT 10.0; Win64; x64) AppleWebKit/537.36 (KHTML, like Gecko) Chrome/58.0.3029.110 Safari/537.3" corretordoipiranga.com.contadorjoseaparecido.com 216.172.172.98
107.150.52.58 - - [14/Mar/2026:11:31:14 -0300] "GET /wp-content/jsf607c2/index.php HTTP/1.1" 500 - "https://corretordoipiranga.com.contadorjoseaparecido.com/wp-content/jsf607c2/index.php" "Mozilla/5.0 (Windows NT 10.0; Win64; x64) AppleWebKit/537.36 (KHTML, like Gecko) Chrome/58.0.3029.110 Safari/537.3" corretordoipiranga.com.contadorjoseaparecido.com 216.172.172.98
107.150.52.58 - - [14/Mar/2026:11:31:14 -0300] "GET /wp-content/jsf607c2/index.php HTTP/1.1" 500 - "https://corretordoipiranga.com.contadorjoseaparecido.com/wp-content/jsf607c2/index.php" "Mozilla/5.0 (Windows NT 10.0; Win64; x64) AppleWebKit/537.36 (KHTML, like Gecko) Chrome/58.0.3029.110 Safari/537.3" corretordoipiranga.com.contadorjoseaparecido.com 216.172.172.98
69.30.215.34 - - [14/Mar/2026:11:30:00 -0300] "GET /wp-includes/x91e967/index.php HTTP/1.1" 200 - "https://corretordoipiranga.com.contadorjoseaparecido.com/wp-includes/x91e967/index.php" "Mozilla/5.0 (Windows NT 10.0; Win64; x64) AppleWebKit/537.36 (KHTML, like Gecko) Chrome/58.0.3029.110 Safari/537.3" corretordoipiranga.com.contadorjoseaparecido.com 216.172.172.98
69.30.215.34 - - [14/Mar/2026:11:30:00 -0300] "GET /wp-includes/x91e967/index.php HTTP/1.1" 200 - "https://corretordoipiranga.com.contadorjoseaparecido.com/wp-includes/x91e967/index.php" "Mozilla/5.0 (Windows NT 10.0; Win64; x64) AppleWebKit/537.36 (KHTML, like Gecko) Chrome/58.0.3029.110 Safari/537.3" corretordoipiranga.com.contadorjoseaparecido.com 216.172.172.98
173.208.176.202 - - [14/Mar/2026:11:31:32 -0300] "GET /wp-includes/x91e967/index.php?id=309129 HTTP/1.1" 409 83 "https://corretordoipiranga.com.contadorjoseaparecido.com/wp-includes/x91e967/index.php?id=309129" "Mozilla/5.0 (Windows NT 10.0; Win64; x64) AppleWebKit/537.36 (KHTML, like Gecko) Chrome/58.0.3029.110 Safari/537.3" corretordoipiranga.com.contadorjoseaparecido.com 216.172.172.98
69.30.240.242 - - [14/Mar/2026:11:30:16 -0300] "GET /wp-content/plef1bbf/index.php HTTP/1.1" 200 - "https://corretordoipiranga.com.contadorjoseaparecido.com/wp-content/plef1bbf/index.php" "Mozilla/5.0 (Windows NT 10.0; Win64; x64) AppleWebKit/537.36 (KHTML, like Gecko) Chrome/58.0.3029.110 Safari/537.3" corretordoipiranga.com.contadorjoseaparecido.com 216.172.172.98
69.30.240.242 - - [14/Mar/2026:11:30:16 -0300] "GET /wp-content/plef1bbf/index.php HTTP/1.1" 200 - "https://corretordoipiranga.com.contadorjoseaparecido.com/wp-content/plef1bbf/index.php" "Mozilla/5.0 (Windows NT 10.0; Win64; x64) AppleWebKit/537.36 (KHTML, like Gecko) Chrome/58.0.3029.110 Safari/537.3" corretordoipiranga.com.contadorjoseaparecido.com 216.172.172.98
173.208.176.202 - - [14/Mar/2026:11:31:49 -0300] "GET /wp-content/plef1bbf/index.php?id=62276 HTTP/1.1" 409 83 "https://corretordoipiranga.com.contadorjoseaparecido.com/wp-content/plef1bbf/index.php?id=62276" "Mozilla/5.0 (Windows NT 10.0; Win64; x64) AppleWebKit/537.36 (KHTML, like Gecko) Chrome/58.0.3029.110 Safari/537.3" corretordoipiranga.com.contadorjoseaparecido.com 216.172.172.98
74.7.227.157 - - [14/Mar/2026:11:31:49 -0300] "GET /class-wp-rest-widget-types-controller.php HTTP/2.0" 409 83 "https://www.corretordoipiranga.com.contadorjoseaparecido.com/edit-post.min.js?p=Ahome1Acontad42AhugvitalitydomboscoIcomIbrAwp-includesArest-apiAendpoints" "Mozilla/5.0 AppleWebKit/537.36 (KHTML, like Gecko; compatible; GPTBot/1.3; +https://openai.com/gptbot)" www.corretordoipiranga.com.contadorjoseaparecido.com 216.172.172.98
74.7.227.39 - - [14/Mar/2026:11:31:14 -0300] "GET /be7?p=Ahome1Acontad42AsslAcerts HTTP/2.0" 200 7819 "https://corretordoipiranga.com.contadorjoseaparecido.com/be7?p=Ahome1Acontad42Assl" "Mozilla/5.0 AppleWebKit/537.36 (KHTML, like Gecko; compatible; GPTBot/1.3; +https://openai.com/gptbot)" corretordoipiranga.com.contadorjoseaparecido.com 216.172.172.98
74.7.227.39 - - [14/Mar/2026:11:31:14 -0300] "GET /be7?p=Ahome1Acontad42AsslAcerts HTTP/1.1" 200 28354 "https://corretordoipiranga.com.contadorjoseaparecido.com/be7?p=Ahome1Acontad42Assl" "Mozilla/5.0 AppleWebKit/537.36 (KHTML, like Gecko; compatible; GPTBot/1.3; +https://openai.com/gptbot)" corretordoipiranga.com.contadorjoseaparecido.com 216.172.172.98
107.150.52.58 - - [14/Mar/2026:11:31:56 -0300] "GET /wp-includes/im35f687/index.php HTTP/1.1" 500 - "https://corretordoipiranga.com.contadorjoseaparecido.com/wp-includes/im35f687/index.php" "Mozilla/5.0 (Windows NT 10.0; Win64; x64) AppleWebKit/537.36 (KHTML, like Gecko) Chrome/58.0.3029.110 Safari/537.3" corretordoipiranga.com.contadorjoseaparecido.com 216.172.172.98
107.150.52.58 - - [14/Mar/2026:11:31:56 -0300] "GET /wp-includes/im35f687/index.php HTTP/1.1" 500 - "https://corretordoipiranga.com.contadorjoseaparecido.com/wp-includes/im35f687/index.php" "Mozilla/5.0 (Windows NT 10.0; Win64; x64) AppleWebKit/537.36 (KHTML, like Gecko) Chrome/58.0.3029.110 Safari/537.3" corretordoipiranga.com.contadorjoseaparecido.com 216.172.172.98
107.150.52.58 - - [14/Mar/2026:11:30:32 -0300] "GET /wp-includes/plfd249f/index.php HTTP/1.1" 200 - "https://corretordoipiranga.com.contadorjoseaparecido.com/wp-includes/plfd249f/index.php" "Mozilla/5.0 (Windows NT 10.0; Win64; x64) AppleWebKit/537.36 (KHTML, like Gecko) Chrome/58.0.3029.110 Safari/537.3" corretordoipiranga.com.contadorjoseaparecido.com 216.172.172.98
107.150.52.58 - - [14/Mar/2026:11:30:32 -0300] "GET /wp-includes/plfd249f/index.php HTTP/1.1" 200 - "https://corretordoipiranga.com.contadorjoseaparecido.com/wp-includes/plfd249f/index.php" "Mozilla/5.0 (Windows NT 10.0; Win64; x64) AppleWebKit/537.36 (KHTML, like Gecko) Chrome/58.0.3029.110 Safari/537.3" corretordoipiranga.com.contadorjoseaparecido.com 216.172.172.98
173.208.176.202 - - [14/Mar/2026:11:32:02 -0300] "GET /wp-includes/plfd249f/index.php?id=353315 HTTP/1.1" 409 83 "https://corretordoipiranga.com.contadorjoseaparecido.com/wp-includes/plfd249f/index.php?id=353315" "Mozilla/5.0 (Windows NT 10.0; Win64; x64) AppleWebKit/537.36 (KHTML, like Gecko) Chrome/58.0.3029.110 Safari/537.3" corretordoipiranga.com.contadorjoseaparecido.com 216.172.172.98
74.7.227.39 - - [14/Mar/2026:11:31:44 -0300] "GET /166?p=Ahome1Acontad42AcorretordoipirangaIcomAwp-contentAjs22b796 HTTP/1.1" 200 1256 "https://corretordoipiranga.com.contadorjoseaparecido.com/166?p=Ahome1Acontad42AcorretordoipirangaIcomAwp-content" "Mozilla/5.0 AppleWebKit/537.36 (KHTML, like Gecko; compatible; GPTBot/1.3; +https://openai.com/gptbot)" corretordoipiranga.com.contadorjoseaparecido.com 216.172.172.98
74.7.227.39 - - [14/Mar/2026:11:31:44 -0300] "GET /166?p=Ahome1Acontad42AcorretordoipirangaIcomAwp-contentAjs22b796 HTTP/2.0" 200 1256 "https://corretordoipiranga.com.contadorjoseaparecido.com/166?p=Ahome1Acontad42AcorretordoipirangaIcomAwp-content" "Mozilla/5.0 AppleWebKit/537.36 (KHTML, like Gecko; compatible; GPTBot/1.3; +https://openai.com/gptbot)" corretordoipiranga.com.contadorjoseaparecido.com 216.172.172.98
107.150.52.58 - - [14/Mar/2026:11:32:10 -0300] "GET /wp-includes/br5161bb/index.php HTTP/1.1" 500 - "https://corretordoipiranga.com.contadorjoseaparecido.com/wp-includes/br5161bb/index.php" "Mozilla/5.0 (Windows NT 10.0; Win64; x64) AppleWebKit/537.36 (KHTML, like Gecko) Chrome/58.0.3029.110 Safari/537.3" corretordoipiranga.com.contadorjoseaparecido.com 216.172.172.98
107.150.52.58 - - [14/Mar/2026:11:32:10 -0300] "GET /wp-includes/br5161bb/index.php HTTP/1.1" 500 - "https://corretordoipiranga.com.contadorjoseaparecido.com/wp-includes/br5161bb/index.php" "Mozilla/5.0 (Windows NT 10.0; Win64; x64) AppleWebKit/537.36 (KHTML, like Gecko) Chrome/58.0.3029.110 Safari/537.3" corretordoipiranga.com.contadorjoseaparecido.com 216.172.172.98
74.7.227.39 - - [14/Mar/2026:11:32:09 -0300] "GET /166?p=Ahome1Acontad42AcorretordoipirangaIcomAwp-contentAjs7f7302 HTTP/1.1" 200 1299 "https://corretordoipiranga.com.contadorjoseaparecido.com/166?p=Ahome1Acontad42AcorretordoipirangaIcomAwp-content" "Mozilla/5.0 AppleWebKit/537.36 (KHTML, like Gecko; compatible; GPTBot/1.3; +https://openai.com/gptbot)" corretordoipiranga.com.contadorjoseaparecido.com 216.172.172.98
74.7.227.39 - - [14/Mar/2026:11:32:09 -0300] "GET /166?p=Ahome1Acontad42AcorretordoipirangaIcomAwp-contentAjs7f7302 HTTP/2.0" 200 1299 "https://corretordoipiranga.com.contadorjoseaparecido.com/166?p=Ahome1Acontad42AcorretordoipirangaIcomAwp-content" "Mozilla/5.0 AppleWebKit/537.36 (KHTML, like Gecko; compatible; GPTBot/1.3; +https://openai.com/gptbot)" corretordoipiranga.com.contadorjoseaparecido.com 216.172.172.98
107.150.52.58 - - [14/Mar/2026:11:32:26 -0300] "GET /wp-content/wp4a7a03/index.php HTTP/1.1" 500 - "https://corretordoipiranga.com.contadorjoseaparecido.com/wp-content/wp4a7a03/index.php" "Mozilla/5.0 (Windows NT 10.0; Win64; x64) AppleWebKit/537.36 (KHTML, like Gecko) Chrome/58.0.3029.110 Safari/537.3" corretordoipiranga.com.contadorjoseaparecido.com 216.172.172.98
107.150.52.58 - - [14/Mar/2026:11:32:26 -0300] "GET /wp-content/wp4a7a03/index.php HTTP/1.1" 500 - "https://corretordoipiranga.com.contadorjoseaparecido.com/wp-content/wp4a7a03/index.php" "Mozilla/5.0 (Windows NT 10.0; Win64; x64) AppleWebKit/537.36 (KHTML, like Gecko) Chrome/58.0.3029.110 Safari/537.3" corretordoipiranga.com.contadorjoseaparecido.com 216.172.172.98
107.150.52.58 - - [14/Mar/2026:11:31:00 -0300] "GET /wp-content/ime07a2f/index.php HTTP/1.1" 200 - "https://corretordoipiranga.com.contadorjoseaparecido.com/wp-content/ime07a2f/index.php" "Mozilla/5.0 (Windows NT 10.0; Win64; x64) AppleWebKit/537.36 (KHTML, like Gecko) Chrome/58.0.3029.110 Safari/537.3" corretordoipiranga.com.contadorjoseaparecido.com 216.172.172.98
107.150.52.58 - - [14/Mar/2026:11:31:00 -0300] "GET /wp-content/ime07a2f/index.php HTTP/1.1" 200 - "https://corretordoipiranga.com.contadorjoseaparecido.com/wp-content/ime07a2f/index.php" "Mozilla/5.0 (Windows NT 10.0; Win64; x64) AppleWebKit/537.36 (KHTML, like Gecko) Chrome/58.0.3029.110 Safari/537.3" corretordoipiranga.com.contadorjoseaparecido.com 216.172.172.98
173.208.176.202 - - [14/Mar/2026:11:32:33 -0300] "GET /wp-content/ime07a2f/index.php?id=638809 HTTP/1.1" 409 83 "https://corretordoipiranga.com.contadorjoseaparecido.com/wp-content/ime07a2f/index.php?id=638809" "Mozilla/5.0 (Windows NT 10.0; Win64; x64) AppleWebKit/537.36 (KHTML, like Gecko) Chrome/58.0.3029.110 Safari/537.3" corretordoipiranga.com.contadorjoseaparecido.com 216.172.172.98
74.7.227.39 - - [14/Mar/2026:11:32:25 -0300] "GET /166?p=Ahome1Acontad42AcorretordoipirangaIcomAwp-contentAwp9543b7 HTTP/1.1" 200 1297 "https://corretordoipiranga.com.contadorjoseaparecido.com/166?p=Ahome1Acontad42AcorretordoipirangaIcomAwp-content" "Mozilla/5.0 AppleWebKit/537.36 (KHTML, like Gecko; compatible; GPTBot/1.3; +https://openai.com/gptbot)" corretordoipiranga.com.contadorjoseaparecido.com 216.172.172.98
74.7.227.39 - - [14/Mar/2026:11:32:25 -0300] "GET /166?p=Ahome1Acontad42AcorretordoipirangaIcomAwp-contentAwp9543b7 HTTP/2.0" 200 1297 "https://corretordoipiranga.com.contadorjoseaparecido.com/166?p=Ahome1Acontad42AcorretordoipirangaIcomAwp-content" "Mozilla/5.0 AppleWebKit/537.36 (KHTML, like Gecko; compatible; GPTBot/1.3; +https://openai.com/gptbot)" corretordoipiranga.com.contadorjoseaparecido.com 216.172.172.98
69.30.240.242 - - [14/Mar/2026:11:32:38 -0300] "GET /wp-content/breb0374/index.php HTTP/1.1" 500 - "https://corretordoipiranga.com.contadorjoseaparecido.com/wp-content/breb0374/index.php" "Mozilla/5.0 (Windows NT 10.0; Win64; x64) AppleWebKit/537.36 (KHTML, like Gecko) Chrome/58.0.3029.110 Safari/537.3" corretordoipiranga.com.contadorjoseaparecido.com 216.172.172.98
69.30.240.242 - - [14/Mar/2026:11:32:38 -0300] "GET /wp-content/breb0374/index.php HTTP/1.1" 500 - "https://corretordoipiranga.com.contadorjoseaparecido.com/wp-content/breb0374/index.php" "Mozilla/5.0 (Windows NT 10.0; Win64; x64) AppleWebKit/537.36 (KHTML, like Gecko) Chrome/58.0.3029.110 Safari/537.3" corretordoipiranga.com.contadorjoseaparecido.com 216.172.172.98
107.150.52.58 - - [14/Mar/2026:11:31:16 -0300] "GET /wp-content/jsf607c2/index.php HTTP/1.1" 200 - "https://corretordoipiranga.com.contadorjoseaparecido.com/wp-content/jsf607c2/index.php" "Mozilla/5.0 (Windows NT 10.0; Win64; x64) AppleWebKit/537.36 (KHTML, like Gecko) Chrome/58.0.3029.110 Safari/537.3" corretordoipiranga.com.contadorjoseaparecido.com 216.172.172.98
107.150.52.58 - - [14/Mar/2026:11:31:16 -0300] "GET /wp-content/jsf607c2/index.php HTTP/1.1" 200 - "https://corretordoipiranga.com.contadorjoseaparecido.com/wp-content/jsf607c2/index.php" "Mozilla/5.0 (Windows NT 10.0; Win64; x64) AppleWebKit/537.36 (KHTML, like Gecko) Chrome/58.0.3029.110 Safari/537.3" corretordoipiranga.com.contadorjoseaparecido.com 216.172.172.98
173.208.176.202 - - [14/Mar/2026:11:32:48 -0300] "GET /wp-content/jsf607c2/index.php?id=951787 HTTP/1.1" 409 83 "https://corretordoipiranga.com.contadorjoseaparecido.com/wp-content/jsf607c2/index.php?id=951787" "Mozilla/5.0 (Windows NT 10.0; Win64; x64) AppleWebKit/537.36 (KHTML, like Gecko) Chrome/58.0.3029.110 Safari/537.3" corretordoipiranga.com.contadorjoseaparecido.com 216.172.172.98
74.7.227.39 - - [14/Mar/2026:11:32:37 -0300] "GET /166?p=Ahome1Acontad42AcorretordoipirangaIcomAwp-contentAqq5078b9 HTTP/1.1" 200 1256 "https://corretordoipiranga.com.contadorjoseaparecido.com/166?p=Ahome1Acontad42AcorretordoipirangaIcomAwp-content" "Mozilla/5.0 AppleWebKit/537.36 (KHTML, like Gecko; compatible; GPTBot/1.3; +https://openai.com/gptbot)" corretordoipiranga.com.contadorjoseaparecido.com 216.172.172.98
74.7.227.39 - - [14/Mar/2026:11:32:37 -0300] "GET /166?p=Ahome1Acontad42AcorretordoipirangaIcomAwp-contentAqq5078b9 HTTP/2.0" 200 1256 "https://corretordoipiranga.com.contadorjoseaparecido.com/166?p=Ahome1Acontad42AcorretordoipirangaIcomAwp-content" "Mozilla/5.0 AppleWebKit/537.36 (KHTML, like Gecko; compatible; GPTBot/1.3; +https://openai.com/gptbot)" corretordoipiranga.com.contadorjoseaparecido.com 216.172.172.98
107.150.52.58 - - [14/Mar/2026:11:32:50 -0300] "GET /wp-includes/xeaa6d5/index.php HTTP/1.1" 500 - "https://corretordoipiranga.com.contadorjoseaparecido.com/wp-includes/xeaa6d5/index.php" "Mozilla/5.0 (Windows NT 10.0; Win64; x64) AppleWebKit/537.36 (KHTML, like Gecko) Chrome/58.0.3029.110 Safari/537.3" corretordoipiranga.com.contadorjoseaparecido.com 216.172.172.98
107.150.52.58 - - [14/Mar/2026:11:32:50 -0300] "GET /wp-includes/xeaa6d5/index.php HTTP/1.1" 500 - "https://corretordoipiranga.com.contadorjoseaparecido.com/wp-includes/xeaa6d5/index.php" "Mozilla/5.0 (Windows NT 10.0; Win64; x64) AppleWebKit/537.36 (KHTML, like Gecko) Chrome/58.0.3029.110 Safari/537.3" corretordoipiranga.com.contadorjoseaparecido.com 216.172.172.98
74.7.227.157 - - [14/Mar/2026:11:32:54 -0300] "GET /class-wp-rest-application-passwords-controller.php HTTP/2.0" 409 83 "https://www.corretordoipiranga.com.contadorjoseaparecido.com/edit-post.min.js?p=Ahome1Acontad42AhugvitalitydomboscoIcomIbrAwp-includesArest-apiAendpoints" "Mozilla/5.0 AppleWebKit/537.36 (KHTML, like Gecko; compatible; GPTBot/1.3; +https://openai.com/gptbot)" www.corretordoipiranga.com.contadorjoseaparecido.com 216.172.172.98
74.7.227.39 - - [14/Mar/2026:11:32:50 -0300] "GET /166?p=Ahome1Acontad42AcorretordoipirangaIcomAwp-contentApl9f7836 HTTP/1.1" 200 1300 "https://corretordoipiranga.com.contadorjoseaparecido.com/166?p=Ahome1Acontad42AcorretordoipirangaIcomAwp-content" "Mozilla/5.0 AppleWebKit/537.36 (KHTML, like Gecko; compatible; GPTBot/1.3; +https://openai.com/gptbot)" corretordoipiranga.com.contadorjoseaparecido.com 216.172.172.98
74.7.227.39 - - [14/Mar/2026:11:32:50 -0300] "GET /166?p=Ahome1Acontad42AcorretordoipirangaIcomAwp-contentApl9f7836 HTTP/2.0" 200 1300 "https://corretordoipiranga.com.contadorjoseaparecido.com/166?p=Ahome1Acontad42AcorretordoipirangaIcomAwp-content" "Mozilla/5.0 AppleWebKit/537.36 (KHTML, like Gecko; compatible; GPTBot/1.3; +https://openai.com/gptbot)" corretordoipiranga.com.contadorjoseaparecido.com 216.172.172.98
69.30.215.34 - - [14/Mar/2026:11:33:04 -0300] "GET /wp-includes/x34598f/index.php HTTP/1.1" 500 - "https://corretordoipiranga.com.contadorjoseaparecido.com/wp-includes/x34598f/index.php" "Mozilla/5.0 (Windows NT 10.0; Win64; x64) AppleWebKit/537.36 (KHTML, like Gecko) Chrome/58.0.3029.110 Safari/537.3" corretordoipiranga.com.contadorjoseaparecido.com 216.172.172.98
69.30.215.34 - - [14/Mar/2026:11:33:04 -0300] "GET /wp-includes/x34598f/index.php HTTP/1.1" 500 - "https://corretordoipiranga.com.contadorjoseaparecido.com/wp-includes/x34598f/index.php" "Mozilla/5.0 (Windows NT 10.0; Win64; x64) AppleWebKit/537.36 (KHTML, like Gecko) Chrome/58.0.3029.110 Safari/537.3" corretordoipiranga.com.contadorjoseaparecido.com 216.172.172.98
74.7.227.39 - - [14/Mar/2026:11:33:04 -0300] "GET /166?p=Ahome1Acontad42AcorretordoipirangaIcomAwp-contentAqq657399 HTTP/1.1" 200 1257 "https://corretordoipiranga.com.contadorjoseaparecido.com/166?p=Ahome1Acontad42AcorretordoipirangaIcomAwp-content" "Mozilla/5.0 AppleWebKit/537.36 (KHTML, like Gecko; compatible; GPTBot/1.3; +https://openai.com/gptbot)" corretordoipiranga.com.contadorjoseaparecido.com 216.172.172.98
74.7.227.39 - - [14/Mar/2026:11:33:04 -0300] "GET /166?p=Ahome1Acontad42AcorretordoipirangaIcomAwp-contentAqq657399 HTTP/2.0" 200 1257 "https://corretordoipiranga.com.contadorjoseaparecido.com/166?p=Ahome1Acontad42AcorretordoipirangaIcomAwp-content" "Mozilla/5.0 AppleWebKit/537.36 (KHTML, like Gecko; compatible; GPTBot/1.3; +https://openai.com/gptbot)" corretordoipiranga.com.contadorjoseaparecido.com 216.172.172.98
74.7.227.39 - - [14/Mar/2026:11:33:19 -0300] "GET /corretordoipiranga.com.contadorjoseaparecido.com.bkup?edit=ex.php&p=Ahome1Acontad42AcorretordoipirangaIcomAwp-contentAmu-plugins HTTP/2.0" 409 83 "https://corretordoipiranga.com.contadorjoseaparecido.com/corretordoipiranga.com.contadorjoseaparecido.com.bkup" "Mozilla/5.0 AppleWebKit/537.36 (KHTML, like Gecko; compatible; GPTBot/1.3; +https://openai.com/gptbot)" corretordoipiranga.com.contadorjoseaparecido.com 216.172.172.98
107.150.52.58 - - [14/Mar/2026:11:33:18 -0300] "GET /wp-includes/js8f7f8e/index.php HTTP/1.1" 500 - "https://corretordoipiranga.com.contadorjoseaparecido.com/wp-includes/js8f7f8e/index.php" "Mozilla/5.0 (Windows NT 10.0; Win64; x64) AppleWebKit/537.36 (KHTML, like Gecko) Chrome/58.0.3029.110 Safari/537.3" corretordoipiranga.com.contadorjoseaparecido.com 216.172.172.98
107.150.52.58 - - [14/Mar/2026:11:33:18 -0300] "GET /wp-includes/js8f7f8e/index.php HTTP/1.1" 500 - "https://corretordoipiranga.com.contadorjoseaparecido.com/wp-includes/js8f7f8e/index.php" "Mozilla/5.0 (Windows NT 10.0; Win64; x64) AppleWebKit/537.36 (KHTML, like Gecko) Chrome/58.0.3029.110 Safari/537.3" corretordoipiranga.com.contadorjoseaparecido.com 216.172.172.98
107.150.52.58 - - [14/Mar/2026:11:31:58 -0300] "GET /wp-includes/im35f687/index.php HTTP/1.1" 200 - "https://corretordoipiranga.com.contadorjoseaparecido.com/wp-includes/im35f687/index.php" "Mozilla/5.0 (Windows NT 10.0; Win64; x64) AppleWebKit/537.36 (KHTML, like Gecko) Chrome/58.0.3029.110 Safari/537.3" corretordoipiranga.com.contadorjoseaparecido.com 216.172.172.98
107.150.52.58 - - [14/Mar/2026:11:31:58 -0300] "GET /wp-includes/im35f687/index.php HTTP/1.1" 200 - "https://corretordoipiranga.com.contadorjoseaparecido.com/wp-includes/im35f687/index.php" "Mozilla/5.0 (Windows NT 10.0; Win64; x64) AppleWebKit/537.36 (KHTML, like Gecko) Chrome/58.0.3029.110 Safari/537.3" corretordoipiranga.com.contadorjoseaparecido.com 216.172.172.98
173.208.176.202 - - [14/Mar/2026:11:33:31 -0300] "GET /wp-includes/im35f687/index.php?id=724163 HTTP/1.1" 409 83 "https://corretordoipiranga.com.contadorjoseaparecido.com/wp-includes/im35f687/index.php?id=724163" "Mozilla/5.0 (Windows NT 10.0; Win64; x64) AppleWebKit/537.36 (KHTML, like Gecko) Chrome/58.0.3029.110 Safari/537.3" corretordoipiranga.com.contadorjoseaparecido.com 216.172.172.98
74.7.227.39 - - [14/Mar/2026:11:33:20 -0300] "GET /247?p=Ahome1Acontad42 HTTP/1.1" 200 7611 "https://corretordoipiranga.com.contadorjoseaparecido.com/247" "Mozilla/5.0 AppleWebKit/537.36 (KHTML, like Gecko; compatible; GPTBot/1.3; +https://openai.com/gptbot)" corretordoipiranga.com.contadorjoseaparecido.com 216.172.172.98
74.7.227.39 - - [14/Mar/2026:11:33:20 -0300] "GET /247?p=Ahome1Acontad42 HTTP/2.0" 200 7611 "https://corretordoipiranga.com.contadorjoseaparecido.com/247" "Mozilla/5.0 AppleWebKit/537.36 (KHTML, like Gecko; compatible; GPTBot/1.3; +https://openai.com/gptbot)" corretordoipiranga.com.contadorjoseaparecido.com 216.172.172.98
69.30.215.34 - - [14/Mar/2026:11:33:36 -0300] "GET /wp-content/ad049bf3/index.php HTTP/1.1" 500 - "https://corretordoipiranga.com.contadorjoseaparecido.com/wp-content/ad049bf3/index.php" "Mozilla/5.0 (Windows NT 10.0; Win64; x64) AppleWebKit/537.36 (KHTML, like Gecko) Chrome/58.0.3029.110 Safari/537.3" corretordoipiranga.com.contadorjoseaparecido.com 216.172.172.98
69.30.215.34 - - [14/Mar/2026:11:33:36 -0300] "GET /wp-content/ad049bf3/index.php HTTP/1.1" 500 - "https://corretordoipiranga.com.contadorjoseaparecido.com/wp-content/ad049bf3/index.php" "Mozilla/5.0 (Windows NT 10.0; Win64; x64) AppleWebKit/537.36 (KHTML, like Gecko) Chrome/58.0.3029.110 Safari/537.3" corretordoipiranga.com.contadorjoseaparecido.com 216.172.172.98
107.150.52.58 - - [14/Mar/2026:11:32:12 -0300] "GET /wp-includes/br5161bb/index.php HTTP/1.1" 200 - "https://corretordoipiranga.com.contadorjoseaparecido.com/wp-includes/br5161bb/index.php" "Mozilla/5.0 (Windows NT 10.0; Win64; x64) AppleWebKit/537.36 (KHTML, like Gecko) Chrome/58.0.3029.110 Safari/537.3" corretordoipiranga.com.contadorjoseaparecido.com 216.172.172.98
107.150.52.58 - - [14/Mar/2026:11:32:12 -0300] "GET /wp-includes/br5161bb/index.php HTTP/1.1" 200 - "https://corretordoipiranga.com.contadorjoseaparecido.com/wp-includes/br5161bb/index.php" "Mozilla/5.0 (Windows NT 10.0; Win64; x64) AppleWebKit/537.36 (KHTML, like Gecko) Chrome/58.0.3029.110 Safari/537.3" corretordoipiranga.com.contadorjoseaparecido.com 216.172.172.98
173.208.176.202 - - [14/Mar/2026:11:33:46 -0300] "GET /wp-includes/br5161bb/index.php?id=691299 HTTP/1.1" 409 83 "https://corretordoipiranga.com.contadorjoseaparecido.com/wp-includes/br5161bb/index.php?id=691299" "Mozilla/5.0 (Windows NT 10.0; Win64; x64) AppleWebKit/537.36 (KHTML, like Gecko) Chrome/58.0.3029.110 Safari/537.3" corretordoipiranga.com.contadorjoseaparecido.com 216.172.172.98
74.7.227.39 - - [14/Mar/2026:11:33:37 -0300] "GET /522?p=Ahome1Acontad42 HTTP/1.1" 200 7611 "https://corretordoipiranga.com.contadorjoseaparecido.com/522" "Mozilla/5.0 AppleWebKit/537.36 (KHTML, like Gecko; compatible; GPTBot/1.3; +https://openai.com/gptbot)" corretordoipiranga.com.contadorjoseaparecido.com 216.172.172.98
74.7.227.39 - - [14/Mar/2026:11:33:37 -0300] "GET /522?p=Ahome1Acontad42 HTTP/2.0" 200 7611 "https://corretordoipiranga.com.contadorjoseaparecido.com/522" "Mozilla/5.0 AppleWebKit/537.36 (KHTML, like Gecko; compatible; GPTBot/1.3; +https://openai.com/gptbot)" corretordoipiranga.com.contadorjoseaparecido.com 216.172.172.98
69.30.240.242 - - [14/Mar/2026:11:33:52 -0300] "GET /wp-content/wp984756/index.php HTTP/1.1" 500 - "https://corretordoipiranga.com.contadorjoseaparecido.com/wp-content/wp984756/index.php" "Mozilla/5.0 (Windows NT 10.0; Win64; x64) AppleWebKit/537.36 (KHTML, like Gecko) Chrome/58.0.3029.110 Safari/537.3" corretordoipiranga.com.contadorjoseaparecido.com 216.172.172.98
69.30.240.242 - - [14/Mar/2026:11:33:52 -0300] "GET /wp-content/wp984756/index.php HTTP/1.1" 500 - "https://corretordoipiranga.com.contadorjoseaparecido.com/wp-content/wp984756/index.php" "Mozilla/5.0 (Windows NT 10.0; Win64; x64) AppleWebKit/537.36 (KHTML, like Gecko) Chrome/58.0.3029.110 Safari/537.3" corretordoipiranga.com.contadorjoseaparecido.com 216.172.172.98
74.7.227.157 - - [14/Mar/2026:11:33:57 -0300] "GET /class-wp-rest-template-autosaves-controller.php HTTP/2.0" 409 83 "https://www.corretordoipiranga.com.contadorjoseaparecido.com/edit-post.min.js?p=Ahome1Acontad42AhugvitalitydomboscoIcomIbrAwp-includesArest-apiAendpoints" "Mozilla/5.0 AppleWebKit/537.36 (KHTML, like Gecko; compatible; GPTBot/1.3; +https://openai.com/gptbot)" www.corretordoipiranga.com.contadorjoseaparecido.com 216.172.172.98
107.150.52.58 - - [14/Mar/2026:11:32:28 -0300] "GET /wp-content/wp4a7a03/index.php HTTP/1.1" 200 - "https://corretordoipiranga.com.contadorjoseaparecido.com/wp-content/wp4a7a03/index.php" "Mozilla/5.0 (Windows NT 10.0; Win64; x64) AppleWebKit/537.36 (KHTML, like Gecko) Chrome/58.0.3029.110 Safari/537.3" corretordoipiranga.com.contadorjoseaparecido.com 216.172.172.98
107.150.52.58 - - [14/Mar/2026:11:32:28 -0300] "GET /wp-content/wp4a7a03/index.php HTTP/1.1" 200 - "https://corretordoipiranga.com.contadorjoseaparecido.com/wp-content/wp4a7a03/index.php" "Mozilla/5.0 (Windows NT 10.0; Win64; x64) AppleWebKit/537.36 (KHTML, like Gecko) Chrome/58.0.3029.110 Safari/537.3" corretordoipiranga.com.contadorjoseaparecido.com 216.172.172.98
173.208.176.202 - - [14/Mar/2026:11:33:58 -0300] "GET /wp-content/wp4a7a03/index.php?id=452863 HTTP/1.1" 409 83 "https://corretordoipiranga.com.contadorjoseaparecido.com/wp-content/wp4a7a03/index.php?id=452863" "Mozilla/5.0 (Windows NT 10.0; Win64; x64) AppleWebKit/537.36 (KHTML, like Gecko) Chrome/58.0.3029.110 Safari/537.3" corretordoipiranga.com.contadorjoseaparecido.com 216.172.172.98
69.30.240.242 - - [14/Mar/2026:11:32:40 -0300] "GET /wp-content/breb0374/index.php HTTP/1.1" 200 - "https://corretordoipiranga.com.contadorjoseaparecido.com/wp-content/breb0374/index.php" "Mozilla/5.0 (Windows NT 10.0; Win64; x64) AppleWebKit/537.36 (KHTML, like Gecko) Chrome/58.0.3029.110 Safari/537.3" corretordoipiranga.com.contadorjoseaparecido.com 216.172.172.98
69.30.240.242 - - [14/Mar/2026:11:32:40 -0300] "GET /wp-content/breb0374/index.php HTTP/1.1" 200 - "https://corretordoipiranga.com.contadorjoseaparecido.com/wp-content/breb0374/index.php" "Mozilla/5.0 (Windows NT 10.0; Win64; x64) AppleWebKit/537.36 (KHTML, like Gecko) Chrome/58.0.3029.110 Safari/537.3" corretordoipiranga.com.contadorjoseaparecido.com 216.172.172.98
173.208.176.202 - - [14/Mar/2026:11:34:11 -0300] "GET /wp-content/breb0374/index.php?id=871684 HTTP/1.1" 409 83 "https://corretordoipiranga.com.contadorjoseaparecido.com/wp-content/breb0374/index.php?id=871684" "Mozilla/5.0 (Windows NT 10.0; Win64; x64) AppleWebKit/537.36 (KHTML, like Gecko) Chrome/58.0.3029.110 Safari/537.3" corretordoipiranga.com.contadorjoseaparecido.com 216.172.172.98
74.7.227.39 - - [14/Mar/2026:11:33:53 -0300] "GET /f90 HTTP/1.1" 200 1861 "https://corretordoipiranga.com.contadorjoseaparecido.com/166?p=Ahome1Acontad42AcorretordoipirangaIcomAwp-contentAqqaaa232" "Mozilla/5.0 AppleWebKit/537.36 (KHTML, like Gecko; compatible; GPTBot/1.3; +https://openai.com/gptbot)" corretordoipiranga.com.contadorjoseaparecido.com 216.172.172.98
74.7.227.39 - - [14/Mar/2026:11:33:53 -0300] "GET /f90 HTTP/2.0" 200 1861 "https://corretordoipiranga.com.contadorjoseaparecido.com/166?p=Ahome1Acontad42AcorretordoipirangaIcomAwp-contentAqqaaa232" "Mozilla/5.0 AppleWebKit/537.36 (KHTML, like Gecko; compatible; GPTBot/1.3; +https://openai.com/gptbot)" corretordoipiranga.com.contadorjoseaparecido.com 216.172.172.98
69.30.215.34 - - [14/Mar/2026:11:34:12 -0300] "GET /wp-includes/x9aed73/index.php HTTP/1.1" 500 - "https://corretordoipiranga.com.contadorjoseaparecido.com/wp-includes/x9aed73/index.php" "Mozilla/5.0 (Windows NT 10.0; Win64; x64) AppleWebKit/537.36 (KHTML, like Gecko) Chrome/58.0.3029.110 Safari/537.3" corretordoipiranga.com.contadorjoseaparecido.com 216.172.172.98
69.30.215.34 - - [14/Mar/2026:11:34:12 -0300] "GET /wp-includes/x9aed73/index.php HTTP/1.1" 500 - "https://corretordoipiranga.com.contadorjoseaparecido.com/wp-includes/x9aed73/index.php" "Mozilla/5.0 (Windows NT 10.0; Win64; x64) AppleWebKit/537.36 (KHTML, like Gecko) Chrome/58.0.3029.110 Safari/537.3" corretordoipiranga.com.contadorjoseaparecido.com 216.172.172.98
