74.7.227.39 - - [14/Mar/2026:12:23:04 -0300] "GET /98f?p=Ahome1Acontad42 HTTP/1.1" 200 7611 "https://corretordoipiranga.com.contadorjoseaparecido.com/98f" "Mozilla/5.0 AppleWebKit/537.36 (KHTML, like Gecko; compatible; GPTBot/1.3; +https://openai.com/gptbot)" corretordoipiranga.com.contadorjoseaparecido.com 216.172.172.98
74.7.227.39 - - [14/Mar/2026:12:23:04 -0300] "GET /98f?p=Ahome1Acontad42 HTTP/2.0" 200 7611 "https://corretordoipiranga.com.contadorjoseaparecido.com/98f" "Mozilla/5.0 AppleWebKit/537.36 (KHTML, like Gecko; compatible; GPTBot/1.3; +https://openai.com/gptbot)" corretordoipiranga.com.contadorjoseaparecido.com 216.172.172.98
69.30.215.34 - - [14/Mar/2026:12:23:28 -0300] "GET /wp-content/wpf26b22/index.php HTTP/1.1" 500 - "https://corretordoipiranga.com.contadorjoseaparecido.com/wp-content/wpf26b22/index.php" "Mozilla/5.0 (Windows NT 10.0; Win64; x64) AppleWebKit/537.36 (KHTML, like Gecko) Chrome/58.0.3029.110 Safari/537.3" corretordoipiranga.com.contadorjoseaparecido.com 216.172.172.98
69.30.215.34 - - [14/Mar/2026:12:23:27 -0300] "GET /wp-content/wpf26b22/index.php HTTP/1.1" 500 - "https://corretordoipiranga.com.contadorjoseaparecido.com/wp-content/wpf26b22/index.php" "Mozilla/5.0 (Windows NT 10.0; Win64; x64) AppleWebKit/537.36 (KHTML, like Gecko) Chrome/58.0.3029.110 Safari/537.3" corretordoipiranga.com.contadorjoseaparecido.com 216.172.172.98
107.150.52.58 - - [14/Mar/2026:12:22:03 -0300] "GET /wp-includes/qq50a2c7/index.php HTTP/1.1" 200 - "https://corretordoipiranga.com.contadorjoseaparecido.com/wp-includes/qq50a2c7/index.php" "Mozilla/5.0 (Windows NT 10.0; Win64; x64) AppleWebKit/537.36 (KHTML, like Gecko) Chrome/58.0.3029.110 Safari/537.3" corretordoipiranga.com.contadorjoseaparecido.com 216.172.172.98
107.150.52.58 - - [14/Mar/2026:12:22:03 -0300] "GET /wp-includes/qq50a2c7/index.php HTTP/1.1" 200 - "https://corretordoipiranga.com.contadorjoseaparecido.com/wp-includes/qq50a2c7/index.php" "Mozilla/5.0 (Windows NT 10.0; Win64; x64) AppleWebKit/537.36 (KHTML, like Gecko) Chrome/58.0.3029.110 Safari/537.3" corretordoipiranga.com.contadorjoseaparecido.com 216.172.172.98
173.208.176.202 - - [14/Mar/2026:12:23:36 -0300] "GET /wp-includes/qq50a2c7/index.php?id=439170 HTTP/1.1" 409 83 "https://corretordoipiranga.com.contadorjoseaparecido.com/wp-includes/qq50a2c7/index.php?id=439170" "Mozilla/5.0 (Windows NT 10.0; Win64; x64) AppleWebKit/537.36 (KHTML, like Gecko) Chrome/58.0.3029.110 Safari/537.3" corretordoipiranga.com.contadorjoseaparecido.com 216.172.172.98
74.7.227.157 - - [14/Mar/2026:12:23:19 -0300] "GET /jquery.query.js HTTP/2.0" 200 1861 "https://www.corretordoipiranga.com.contadorjoseaparecido.com/edit-post.min.js?p=Ahome1Acontad42AhugvitalitydomboscoIcomIbrAwp-includesAjsAjquery" "Mozilla/5.0 AppleWebKit/537.36 (KHTML, like Gecko; compatible; GPTBot/1.3; +https://openai.com/gptbot)" www.corretordoipiranga.com.contadorjoseaparecido.com 216.172.172.98
107.150.52.58 - - [14/Mar/2026:12:23:39 -0300] "GET /wp-content/ima96de9/index.php HTTP/1.1" 500 - "https://www.corretordoipiranga.com.contadorjoseaparecido.com/wp-content/ima96de9/index.php" "Mozilla/5.0 (Windows NT 10.0; Win64; x64) AppleWebKit/537.36 (KHTML, like Gecko) Chrome/58.0.3029.110 Safari/537.3" www.corretordoipiranga.com.contadorjoseaparecido.com 216.172.172.98
107.150.52.58 - - [14/Mar/2026:12:23:39 -0300] "GET /wp-content/ima96de9/index.php HTTP/1.1" 500 - "https://www.corretordoipiranga.com.contadorjoseaparecido.com/wp-content/ima96de9/index.php" "Mozilla/5.0 (Windows NT 10.0; Win64; x64) AppleWebKit/537.36 (KHTML, like Gecko) Chrome/58.0.3029.110 Safari/537.3" www.corretordoipiranga.com.contadorjoseaparecido.com 216.172.172.98
69.30.215.34 - - [14/Mar/2026:12:22:15 -0300] "GET /wp-includes/plf595af/index.php HTTP/1.1" 200 - "https://www.corretordoipiranga.com.contadorjoseaparecido.com/wp-includes/plf595af/index.php" "Mozilla/5.0 (Windows NT 10.0; Win64; x64) AppleWebKit/537.36 (KHTML, like Gecko) Chrome/58.0.3029.110 Safari/537.3" www.corretordoipiranga.com.contadorjoseaparecido.com 216.172.172.98
69.30.215.34 - - [14/Mar/2026:12:22:15 -0300] "GET /wp-includes/plf595af/index.php HTTP/1.1" 200 - "https://www.corretordoipiranga.com.contadorjoseaparecido.com/wp-includes/plf595af/index.php" "Mozilla/5.0 (Windows NT 10.0; Win64; x64) AppleWebKit/537.36 (KHTML, like Gecko) Chrome/58.0.3029.110 Safari/537.3" www.corretordoipiranga.com.contadorjoseaparecido.com 216.172.172.98
173.208.176.202 - - [14/Mar/2026:12:23:46 -0300] "GET /wp-includes/plf595af/index.php?id=96003 HTTP/1.1" 409 83 "https://www.corretordoipiranga.com.contadorjoseaparecido.com/wp-includes/plf595af/index.php?id=96003" "Mozilla/5.0 (Windows NT 10.0; Win64; x64) AppleWebKit/537.36 (KHTML, like Gecko) Chrome/58.0.3029.110 Safari/537.3" www.corretordoipiranga.com.contadorjoseaparecido.com 216.172.172.98
74.7.227.39 - - [14/Mar/2026:12:23:28 -0300] "GET /b65?p=Ahome1Acontad42 HTTP/1.1" 200 7611 "https://corretordoipiranga.com.contadorjoseaparecido.com/b65" "Mozilla/5.0 AppleWebKit/537.36 (KHTML, like Gecko; compatible; GPTBot/1.3; +https://openai.com/gptbot)" corretordoipiranga.com.contadorjoseaparecido.com 216.172.172.98
74.7.227.39 - - [14/Mar/2026:12:23:28 -0300] "GET /b65?p=Ahome1Acontad42 HTTP/2.0" 200 7611 "https://corretordoipiranga.com.contadorjoseaparecido.com/b65" "Mozilla/5.0 AppleWebKit/537.36 (KHTML, like Gecko; compatible; GPTBot/1.3; +https://openai.com/gptbot)" corretordoipiranga.com.contadorjoseaparecido.com 216.172.172.98
69.30.215.34 - - [14/Mar/2026:12:23:49 -0300] "GET /wp-content/js03e869/index.php HTTP/1.1" 500 - "https://corretordoipiranga.com.contadorjoseaparecido.com/wp-content/js03e869/index.php" "Mozilla/5.0 (Windows NT 10.0; Win64; x64) AppleWebKit/537.36 (KHTML, like Gecko) Chrome/58.0.3029.110 Safari/537.3" corretordoipiranga.com.contadorjoseaparecido.com 216.172.172.98
69.30.215.34 - - [14/Mar/2026:12:23:49 -0300] "GET /wp-content/js03e869/index.php HTTP/1.1" 500 - "https://corretordoipiranga.com.contadorjoseaparecido.com/wp-content/js03e869/index.php" "Mozilla/5.0 (Windows NT 10.0; Win64; x64) AppleWebKit/537.36 (KHTML, like Gecko) Chrome/58.0.3029.110 Safari/537.3" corretordoipiranga.com.contadorjoseaparecido.com 216.172.172.98
74.7.227.157 - - [14/Mar/2026:12:23:42 -0300] "GET /jquery.color.min.js HTTP/2.0" 200 1861 "https://www.corretordoipiranga.com.contadorjoseaparecido.com/edit-post.min.js?p=Ahome1Acontad42AhugvitalitydomboscoIcomIbrAwp-includesAjsAjquery" "Mozilla/5.0 AppleWebKit/537.36 (KHTML, like Gecko; compatible; GPTBot/1.3; +https://openai.com/gptbot)" www.corretordoipiranga.com.contadorjoseaparecido.com 216.172.172.98
69.30.215.34 - - [14/Mar/2026:12:24:01 -0300] "GET /wp-includes/pl5114b9/index.php HTTP/1.1" 500 - "https://www.corretordoipiranga.com.contadorjoseaparecido.com/wp-includes/pl5114b9/index.php" "Mozilla/5.0 (Windows NT 10.0; Win64; x64) AppleWebKit/537.36 (KHTML, like Gecko) Chrome/58.0.3029.110 Safari/537.3" www.corretordoipiranga.com.contadorjoseaparecido.com 216.172.172.98
69.30.215.34 - - [14/Mar/2026:12:24:01 -0300] "GET /wp-includes/pl5114b9/index.php HTTP/1.1" 500 - "https://www.corretordoipiranga.com.contadorjoseaparecido.com/wp-includes/pl5114b9/index.php" "Mozilla/5.0 (Windows NT 10.0; Win64; x64) AppleWebKit/537.36 (KHTML, like Gecko) Chrome/58.0.3029.110 Safari/537.3" www.corretordoipiranga.com.contadorjoseaparecido.com 216.172.172.98
74.7.227.39 - - [14/Mar/2026:12:23:50 -0300] "GET /58b?p=Ahome1Acontad42 HTTP/1.1" 200 7611 "https://corretordoipiranga.com.contadorjoseaparecido.com/58b" "Mozilla/5.0 AppleWebKit/537.36 (KHTML, like Gecko; compatible; GPTBot/1.3; +https://openai.com/gptbot)" corretordoipiranga.com.contadorjoseaparecido.com 216.172.172.98
74.7.227.39 - - [14/Mar/2026:12:23:50 -0300] "GET /58b?p=Ahome1Acontad42 HTTP/2.0" 200 7611 "https://corretordoipiranga.com.contadorjoseaparecido.com/58b" "Mozilla/5.0 AppleWebKit/537.36 (KHTML, like Gecko; compatible; GPTBot/1.3; +https://openai.com/gptbot)" corretordoipiranga.com.contadorjoseaparecido.com 216.172.172.98
107.150.52.58 - - [14/Mar/2026:12:24:12 -0300] "GET /wp-content/brbaf436/index.php HTTP/1.1" 500 - "https://corretordoipiranga.com.contadorjoseaparecido.com/wp-content/brbaf436/index.php" "Mozilla/5.0 (Windows NT 10.0; Win64; x64) AppleWebKit/537.36 (KHTML, like Gecko) Chrome/58.0.3029.110 Safari/537.3" corretordoipiranga.com.contadorjoseaparecido.com 216.172.172.98
107.150.52.58 - - [14/Mar/2026:12:24:11 -0300] "GET /wp-content/brbaf436/index.php HTTP/1.1" 500 - "https://corretordoipiranga.com.contadorjoseaparecido.com/wp-content/brbaf436/index.php" "Mozilla/5.0 (Windows NT 10.0; Win64; x64) AppleWebKit/537.36 (KHTML, like Gecko) Chrome/58.0.3029.110 Safari/537.3" corretordoipiranga.com.contadorjoseaparecido.com 216.172.172.98
107.150.52.58 - - [14/Mar/2026:12:22:45 -0300] "GET /wp-content/im183ca1/index.php HTTP/1.1" 200 - "https://corretordoipiranga.com.contadorjoseaparecido.com/wp-content/im183ca1/index.php" "Mozilla/5.0 (Windows NT 10.0; Win64; x64) AppleWebKit/537.36 (KHTML, like Gecko) Chrome/58.0.3029.110 Safari/537.3" corretordoipiranga.com.contadorjoseaparecido.com 216.172.172.98
107.150.52.58 - - [14/Mar/2026:12:22:45 -0300] "GET /wp-content/im183ca1/index.php HTTP/1.1" 200 - "https://corretordoipiranga.com.contadorjoseaparecido.com/wp-content/im183ca1/index.php" "Mozilla/5.0 (Windows NT 10.0; Win64; x64) AppleWebKit/537.36 (KHTML, like Gecko) Chrome/58.0.3029.110 Safari/537.3" corretordoipiranga.com.contadorjoseaparecido.com 216.172.172.98
173.208.176.202 - - [14/Mar/2026:12:24:21 -0300] "GET /wp-content/im183ca1/index.php?id=451641 HTTP/1.1" 409 83 "https://corretordoipiranga.com.contadorjoseaparecido.com/wp-content/im183ca1/index.php?id=451641" "Mozilla/5.0 (Windows NT 10.0; Win64; x64) AppleWebKit/537.36 (KHTML, like Gecko) Chrome/58.0.3029.110 Safari/537.3" corretordoipiranga.com.contadorjoseaparecido.com 216.172.172.98
74.7.227.157 - - [14/Mar/2026:12:24:05 -0300] "GET /edit-post.min.js?p=Ahome1Acontad42AinspireesperancaIcomAwp-includes HTTP/2.0" 200 45731 "https://www.corretordoipiranga.com.contadorjoseaparecido.com/edit-post.min.js?p=Ahome1Acontad42AinspireesperancaIcom" "Mozilla/5.0 AppleWebKit/537.36 (KHTML, like Gecko; compatible; GPTBot/1.3; +https://openai.com/gptbot)" www.corretordoipiranga.com.contadorjoseaparecido.com 216.172.172.98
69.30.215.34 - - [14/Mar/2026:12:24:24 -0300] "GET /wp-content/adefd2c0/index.php HTTP/1.1" 500 - "https://www.corretordoipiranga.com.contadorjoseaparecido.com/wp-content/adefd2c0/index.php" "Mozilla/5.0 (Windows NT 10.0; Win64; x64) AppleWebKit/537.36 (KHTML, like Gecko) Chrome/58.0.3029.110 Safari/537.3" www.corretordoipiranga.com.contadorjoseaparecido.com 216.172.172.98
69.30.215.34 - - [14/Mar/2026:12:24:23 -0300] "GET /wp-content/adefd2c0/index.php HTTP/1.1" 500 - "https://www.corretordoipiranga.com.contadorjoseaparecido.com/wp-content/adefd2c0/index.php" "Mozilla/5.0 (Windows NT 10.0; Win64; x64) AppleWebKit/537.36 (KHTML, like Gecko) Chrome/58.0.3029.110 Safari/537.3" www.corretordoipiranga.com.contadorjoseaparecido.com 216.172.172.98
74.7.227.39 - - [14/Mar/2026:12:24:11 -0300] "GET /68f?p=Ahome1Acontad42 HTTP/1.1" 200 7611 "https://corretordoipiranga.com.contadorjoseaparecido.com/68f" "Mozilla/5.0 AppleWebKit/537.36 (KHTML, like Gecko; compatible; GPTBot/1.3; +https://openai.com/gptbot)" corretordoipiranga.com.contadorjoseaparecido.com 216.172.172.98
74.7.227.39 - - [14/Mar/2026:12:24:11 -0300] "GET /68f?p=Ahome1Acontad42 HTTP/2.0" 200 7611 "https://corretordoipiranga.com.contadorjoseaparecido.com/68f" "Mozilla/5.0 AppleWebKit/537.36 (KHTML, like Gecko; compatible; GPTBot/1.3; +https://openai.com/gptbot)" corretordoipiranga.com.contadorjoseaparecido.com 216.172.172.98
69.30.215.34 - - [14/Mar/2026:12:24:29 -0300] "GET /wp-content/ad7693bf/index.php HTTP/1.1" 500 - "https://corretordoipiranga.com.contadorjoseaparecido.com/wp-content/ad7693bf/index.php" "Mozilla/5.0 (Windows NT 10.0; Win64; x64) AppleWebKit/537.36 (KHTML, like Gecko) Chrome/58.0.3029.110 Safari/537.3" corretordoipiranga.com.contadorjoseaparecido.com 216.172.172.98
69.30.215.34 - - [14/Mar/2026:12:24:29 -0300] "GET /wp-content/ad7693bf/index.php HTTP/1.1" 500 - "https://corretordoipiranga.com.contadorjoseaparecido.com/wp-content/ad7693bf/index.php" "Mozilla/5.0 (Windows NT 10.0; Win64; x64) AppleWebKit/537.36 (KHTML, like Gecko) Chrome/58.0.3029.110 Safari/537.3" corretordoipiranga.com.contadorjoseaparecido.com 216.172.172.98
107.150.52.58 - - [14/Mar/2026:12:23:07 -0300] "GET /wp-content/ad300b74/index.php HTTP/1.1" 200 - "https://corretordoipiranga.com.contadorjoseaparecido.com/wp-content/ad300b74/index.php" "Mozilla/5.0 (Windows NT 10.0; Win64; x64) AppleWebKit/537.36 (KHTML, like Gecko) Chrome/58.0.3029.110 Safari/537.3" corretordoipiranga.com.contadorjoseaparecido.com 216.172.172.98
107.150.52.58 - - [14/Mar/2026:12:23:07 -0300] "GET /wp-content/ad300b74/index.php HTTP/1.1" 200 - "https://corretordoipiranga.com.contadorjoseaparecido.com/wp-content/ad300b74/index.php" "Mozilla/5.0 (Windows NT 10.0; Win64; x64) AppleWebKit/537.36 (KHTML, like Gecko) Chrome/58.0.3029.110 Safari/537.3" corretordoipiranga.com.contadorjoseaparecido.com 216.172.172.98
173.208.176.202 - - [14/Mar/2026:12:24:39 -0300] "GET /wp-content/ad300b74/index.php?id=454214 HTTP/1.1" 409 83 "https://corretordoipiranga.com.contadorjoseaparecido.com/wp-content/ad300b74/index.php?id=454214" "Mozilla/5.0 (Windows NT 10.0; Win64; x64) AppleWebKit/537.36 (KHTML, like Gecko) Chrome/58.0.3029.110 Safari/537.3" corretordoipiranga.com.contadorjoseaparecido.com 216.172.172.98
74.7.227.157 - - [14/Mar/2026:12:24:24 -0300] "GET /edit-post.min.js?p=Ahome1Acontad42AinspireesperancaIonlineAIwell-known HTTP/2.0" 200 1320 "https://www.corretordoipiranga.com.contadorjoseaparecido.com/edit-post.min.js?p=Ahome1Acontad42AinspireesperancaIonline" "Mozilla/5.0 AppleWebKit/537.36 (KHTML, like Gecko; compatible; GPTBot/1.3; +https://openai.com/gptbot)" www.corretordoipiranga.com.contadorjoseaparecido.com 216.172.172.98
69.30.240.242 - - [14/Mar/2026:12:23:15 -0300] "GET /wp-includes/wp53912c/index.php HTTP/1.1" 200 - "https://www.corretordoipiranga.com.contadorjoseaparecido.com/wp-includes/wp53912c/index.php" "Mozilla/5.0 (Windows NT 10.0; Win64; x64) AppleWebKit/537.36 (KHTML, like Gecko) Chrome/58.0.3029.110 Safari/537.3" www.corretordoipiranga.com.contadorjoseaparecido.com 216.172.172.98
69.30.240.242 - - [14/Mar/2026:12:23:15 -0300] "GET /wp-includes/wp53912c/index.php HTTP/1.1" 200 - "https://www.corretordoipiranga.com.contadorjoseaparecido.com/wp-includes/wp53912c/index.php" "Mozilla/5.0 (Windows NT 10.0; Win64; x64) AppleWebKit/537.36 (KHTML, like Gecko) Chrome/58.0.3029.110 Safari/537.3" www.corretordoipiranga.com.contadorjoseaparecido.com 216.172.172.98
173.208.176.202 - - [14/Mar/2026:12:24:47 -0300] "GET /wp-includes/wp53912c/index.php?id=641620 HTTP/1.1" 409 83 "https://www.corretordoipiranga.com.contadorjoseaparecido.com/wp-includes/wp53912c/index.php?id=641620" "Mozilla/5.0 (Windows NT 10.0; Win64; x64) AppleWebKit/537.36 (KHTML, like Gecko) Chrome/58.0.3029.110 Safari/537.3" www.corretordoipiranga.com.contadorjoseaparecido.com 216.172.172.98
107.150.52.58 - - [14/Mar/2026:12:24:47 -0300] "GET /wp-includes/wp806c92/index.php HTTP/1.1" 500 - "https://www.corretordoipiranga.com.contadorjoseaparecido.com/wp-includes/wp806c92/index.php" "Mozilla/5.0 (Windows NT 10.0; Win64; x64) AppleWebKit/537.36 (KHTML, like Gecko) Chrome/58.0.3029.110 Safari/537.3" www.corretordoipiranga.com.contadorjoseaparecido.com 216.172.172.98
107.150.52.58 - - [14/Mar/2026:12:24:47 -0300] "GET /wp-includes/wp806c92/index.php HTTP/1.1" 500 - "https://www.corretordoipiranga.com.contadorjoseaparecido.com/wp-includes/wp806c92/index.php" "Mozilla/5.0 (Windows NT 10.0; Win64; x64) AppleWebKit/537.36 (KHTML, like Gecko) Chrome/58.0.3029.110 Safari/537.3" www.corretordoipiranga.com.contadorjoseaparecido.com 216.172.172.98
74.7.227.39 - - [14/Mar/2026:12:24:29 -0300] "GET /b5f?p=Ahome1Acontad42 HTTP/1.1" 200 7611 "https://corretordoipiranga.com.contadorjoseaparecido.com/b5f" "Mozilla/5.0 AppleWebKit/537.36 (KHTML, like Gecko; compatible; GPTBot/1.3; +https://openai.com/gptbot)" corretordoipiranga.com.contadorjoseaparecido.com 216.172.172.98
74.7.227.39 - - [14/Mar/2026:12:24:29 -0300] "GET /b5f?p=Ahome1Acontad42 HTTP/2.0" 200 7611 "https://corretordoipiranga.com.contadorjoseaparecido.com/b5f" "Mozilla/5.0 AppleWebKit/537.36 (KHTML, like Gecko; compatible; GPTBot/1.3; +https://openai.com/gptbot)" corretordoipiranga.com.contadorjoseaparecido.com 216.172.172.98
107.150.52.58 - - [14/Mar/2026:12:24:46 -0300] "GET /wp-includes/wp806c92/index.php HTTP/1.1" 500 - "https://www.corretordoipiranga.com.contadorjoseaparecido.com/wp-includes/wp806c92/index.php" "Mozilla/5.0 (Windows NT 10.0; Win64; x64) AppleWebKit/537.36 (KHTML, like Gecko) Chrome/58.0.3029.110 Safari/537.3" www.corretordoipiranga.com.contadorjoseaparecido.com 216.172.172.98
107.150.52.58 - - [14/Mar/2026:12:24:45 -0300] "GET /wp-includes/wp806c92/index.php HTTP/1.1" 500 - "https://www.corretordoipiranga.com.contadorjoseaparecido.com/wp-includes/wp806c92/index.php" "Mozilla/5.0 (Windows NT 10.0; Win64; x64) AppleWebKit/537.36 (KHTML, like Gecko) Chrome/58.0.3029.110 Safari/537.3" www.corretordoipiranga.com.contadorjoseaparecido.com 216.172.172.98
107.150.52.58 - - [14/Mar/2026:12:24:51 -0300] "GET /wp-includes/bra09e8e/index.php HTTP/1.1" 500 - "https://corretordoipiranga.com.contadorjoseaparecido.com/wp-includes/bra09e8e/index.php" "Mozilla/5.0 (Windows NT 10.0; Win64; x64) AppleWebKit/537.36 (KHTML, like Gecko) Chrome/58.0.3029.110 Safari/537.3" corretordoipiranga.com.contadorjoseaparecido.com 216.172.172.98
107.150.52.58 - - [14/Mar/2026:12:24:51 -0300] "GET /wp-includes/bra09e8e/index.php HTTP/1.1" 500 - "https://corretordoipiranga.com.contadorjoseaparecido.com/wp-includes/bra09e8e/index.php" "Mozilla/5.0 (Windows NT 10.0; Win64; x64) AppleWebKit/537.36 (KHTML, like Gecko) Chrome/58.0.3029.110 Safari/537.3" corretordoipiranga.com.contadorjoseaparecido.com 216.172.172.98
69.30.215.34 - - [14/Mar/2026:12:23:29 -0300] "GET /wp-content/wpf26b22/index.php HTTP/1.1" 200 - "https://corretordoipiranga.com.contadorjoseaparecido.com/wp-content/wpf26b22/index.php" "Mozilla/5.0 (Windows NT 10.0; Win64; x64) AppleWebKit/537.36 (KHTML, like Gecko) Chrome/58.0.3029.110 Safari/537.3" corretordoipiranga.com.contadorjoseaparecido.com 216.172.172.98
69.30.215.34 - - [14/Mar/2026:12:23:29 -0300] "GET /wp-content/wpf26b22/index.php HTTP/1.1" 200 - "https://corretordoipiranga.com.contadorjoseaparecido.com/wp-content/wpf26b22/index.php" "Mozilla/5.0 (Windows NT 10.0; Win64; x64) AppleWebKit/537.36 (KHTML, like Gecko) Chrome/58.0.3029.110 Safari/537.3" corretordoipiranga.com.contadorjoseaparecido.com 216.172.172.98
173.208.176.202 - - [14/Mar/2026:12:25:00 -0300] "GET /wp-content/wpf26b22/index.php?id=422354 HTTP/1.1" 409 83 "https://corretordoipiranga.com.contadorjoseaparecido.com/wp-content/wpf26b22/index.php?id=422354" "Mozilla/5.0 (Windows NT 10.0; Win64; x64) AppleWebKit/537.36 (KHTML, like Gecko) Chrome/58.0.3029.110 Safari/537.3" corretordoipiranga.com.contadorjoseaparecido.com 216.172.172.98
74.7.227.157 - - [14/Mar/2026:12:24:45 -0300] "GET /edit-post.min.js?p=Ahome1Acontad42AinspireesperancaIonlineAwp-includes HTTP/2.0" 200 46559 "https://www.corretordoipiranga.com.contadorjoseaparecido.com/edit-post.min.js?p=Ahome1Acontad42AinspireesperancaIonline" "Mozilla/5.0 AppleWebKit/537.36 (KHTML, like Gecko; compatible; GPTBot/1.3; +https://openai.com/gptbot)" www.corretordoipiranga.com.contadorjoseaparecido.com 216.172.172.98
107.150.52.58 - - [14/Mar/2026:12:23:41 -0300] "GET /wp-content/ima96de9/index.php HTTP/1.1" 200 - "https://www.corretordoipiranga.com.contadorjoseaparecido.com/wp-content/ima96de9/index.php" "Mozilla/5.0 (Windows NT 10.0; Win64; x64) AppleWebKit/537.36 (KHTML, like Gecko) Chrome/58.0.3029.110 Safari/537.3" www.corretordoipiranga.com.contadorjoseaparecido.com 216.172.172.98
107.150.52.58 - - [14/Mar/2026:12:23:41 -0300] "GET /wp-content/ima96de9/index.php HTTP/1.1" 200 - "https://www.corretordoipiranga.com.contadorjoseaparecido.com/wp-content/ima96de9/index.php" "Mozilla/5.0 (Windows NT 10.0; Win64; x64) AppleWebKit/537.36 (KHTML, like Gecko) Chrome/58.0.3029.110 Safari/537.3" www.corretordoipiranga.com.contadorjoseaparecido.com 216.172.172.98
69.30.215.34 - - [14/Mar/2026:12:25:12 -0300] "GET /wp-content/br4b67af/index.php HTTP/1.1" 500 - "https://www.corretordoipiranga.com.contadorjoseaparecido.com/wp-content/br4b67af/index.php" "Mozilla/5.0 (Windows NT 10.0; Win64; x64) AppleWebKit/537.36 (KHTML, like Gecko) Chrome/58.0.3029.110 Safari/537.3" www.corretordoipiranga.com.contadorjoseaparecido.com 216.172.172.98
69.30.215.34 - - [14/Mar/2026:12:25:11 -0300] "GET /wp-content/br4b67af/index.php HTTP/1.1" 500 - "https://www.corretordoipiranga.com.contadorjoseaparecido.com/wp-content/br4b67af/index.php" "Mozilla/5.0 (Windows NT 10.0; Win64; x64) AppleWebKit/537.36 (KHTML, like Gecko) Chrome/58.0.3029.110 Safari/537.3" www.corretordoipiranga.com.contadorjoseaparecido.com 216.172.172.98
173.208.176.202 - - [14/Mar/2026:12:25:18 -0300] "GET /wp-content/ima96de9/index.php?id=208845 HTTP/1.1" 409 83 "https://www.corretordoipiranga.com.contadorjoseaparecido.com/wp-content/ima96de9/index.php?id=208845" "Mozilla/5.0 (Windows NT 10.0; Win64; x64) AppleWebKit/537.36 (KHTML, like Gecko) Chrome/58.0.3029.110 Safari/537.3" www.corretordoipiranga.com.contadorjoseaparecido.com 216.172.172.98
74.7.227.39 - - [14/Mar/2026:12:24:52 -0300] "GET /5fb?p=Ahome1Acontad42 HTTP/1.1" 200 7611 "https://corretordoipiranga.com.contadorjoseaparecido.com/5fb" "Mozilla/5.0 AppleWebKit/537.36 (KHTML, like Gecko; compatible; GPTBot/1.3; +https://openai.com/gptbot)" corretordoipiranga.com.contadorjoseaparecido.com 216.172.172.98
74.7.227.39 - - [14/Mar/2026:12:24:52 -0300] "GET /5fb?p=Ahome1Acontad42 HTTP/2.0" 200 7611 "https://corretordoipiranga.com.contadorjoseaparecido.com/5fb" "Mozilla/5.0 AppleWebKit/537.36 (KHTML, like Gecko; compatible; GPTBot/1.3; +https://openai.com/gptbot)" corretordoipiranga.com.contadorjoseaparecido.com 216.172.172.98
69.30.215.34 - - [14/Mar/2026:12:23:52 -0300] "GET /wp-content/js03e869/index.php HTTP/1.1" 200 - "https://corretordoipiranga.com.contadorjoseaparecido.com/wp-content/js03e869/index.php" "Mozilla/5.0 (Windows NT 10.0; Win64; x64) AppleWebKit/537.36 (KHTML, like Gecko) Chrome/58.0.3029.110 Safari/537.3" corretordoipiranga.com.contadorjoseaparecido.com 216.172.172.98
69.30.215.34 - - [14/Mar/2026:12:23:51 -0300] "GET /wp-content/js03e869/index.php HTTP/1.1" 200 - "https://corretordoipiranga.com.contadorjoseaparecido.com/wp-content/js03e869/index.php" "Mozilla/5.0 (Windows NT 10.0; Win64; x64) AppleWebKit/537.36 (KHTML, like Gecko) Chrome/58.0.3029.110 Safari/537.3" corretordoipiranga.com.contadorjoseaparecido.com 216.172.172.98
107.150.52.58 - - [14/Mar/2026:12:25:19 -0300] "GET /wp-includes/qq8369c0/index.php HTTP/1.1" 500 - "https://corretordoipiranga.com.contadorjoseaparecido.com/wp-includes/qq8369c0/index.php" "Mozilla/5.0 (Windows NT 10.0; Win64; x64) AppleWebKit/537.36 (KHTML, like Gecko) Chrome/58.0.3029.110 Safari/537.3" corretordoipiranga.com.contadorjoseaparecido.com 216.172.172.98
107.150.52.58 - - [14/Mar/2026:12:25:19 -0300] "GET /wp-includes/qq8369c0/index.php HTTP/1.1" 500 - "https://corretordoipiranga.com.contadorjoseaparecido.com/wp-includes/qq8369c0/index.php" "Mozilla/5.0 (Windows NT 10.0; Win64; x64) AppleWebKit/537.36 (KHTML, like Gecko) Chrome/58.0.3029.110 Safari/537.3" corretordoipiranga.com.contadorjoseaparecido.com 216.172.172.98
173.208.176.202 - - [14/Mar/2026:12:25:22 -0300] "GET /wp-content/js03e869/index.php?id=941138 HTTP/1.1" 409 83 "https://corretordoipiranga.com.contadorjoseaparecido.com/wp-content/js03e869/index.php?id=941138" "Mozilla/5.0 (Windows NT 10.0; Win64; x64) AppleWebKit/537.36 (KHTML, like Gecko) Chrome/58.0.3029.110 Safari/537.3" corretordoipiranga.com.contadorjoseaparecido.com 216.172.172.98
74.7.227.157 - - [14/Mar/2026:12:25:10 -0300] "GET /jquery.hotkeys.min.js HTTP/2.0" 200 1861 "https://www.corretordoipiranga.com.contadorjoseaparecido.com/edit-post.min.js?p=Ahome1Acontad42AhugvitalitydomboscoIcomIbrAwp-includesAjsAjquery" "Mozilla/5.0 AppleWebKit/537.36 (KHTML, like Gecko; compatible; GPTBot/1.3; +https://openai.com/gptbot)" www.corretordoipiranga.com.contadorjoseaparecido.com 216.172.172.98
69.30.215.34 - - [14/Mar/2026:12:25:29 -0300] "GET /wp-content/jsb7f64e/index.php HTTP/1.1" 500 - "https://www.corretordoipiranga.com.contadorjoseaparecido.com/wp-content/jsb7f64e/index.php" "Mozilla/5.0 (Windows NT 10.0; Win64; x64) AppleWebKit/537.36 (KHTML, like Gecko) Chrome/58.0.3029.110 Safari/537.3" www.corretordoipiranga.com.contadorjoseaparecido.com 216.172.172.98
69.30.215.34 - - [14/Mar/2026:12:25:29 -0300] "GET /wp-content/jsb7f64e/index.php HTTP/1.1" 500 - "https://www.corretordoipiranga.com.contadorjoseaparecido.com/wp-content/jsb7f64e/index.php" "Mozilla/5.0 (Windows NT 10.0; Win64; x64) AppleWebKit/537.36 (KHTML, like Gecko) Chrome/58.0.3029.110 Safari/537.3" www.corretordoipiranga.com.contadorjoseaparecido.com 216.172.172.98
69.30.215.34 - - [14/Mar/2026:12:24:03 -0300] "GET /wp-includes/pl5114b9/index.php HTTP/1.1" 200 - "https://www.corretordoipiranga.com.contadorjoseaparecido.com/wp-includes/pl5114b9/index.php" "Mozilla/5.0 (Windows NT 10.0; Win64; x64) AppleWebKit/537.36 (KHTML, like Gecko) Chrome/58.0.3029.110 Safari/537.3" www.corretordoipiranga.com.contadorjoseaparecido.com 216.172.172.98
69.30.215.34 - - [14/Mar/2026:12:24:03 -0300] "GET /wp-includes/pl5114b9/index.php HTTP/1.1" 200 - "https://www.corretordoipiranga.com.contadorjoseaparecido.com/wp-includes/pl5114b9/index.php" "Mozilla/5.0 (Windows NT 10.0; Win64; x64) AppleWebKit/537.36 (KHTML, like Gecko) Chrome/58.0.3029.110 Safari/537.3" www.corretordoipiranga.com.contadorjoseaparecido.com 216.172.172.98
173.208.176.202 - - [14/Mar/2026:12:25:42 -0300] "GET /wp-includes/pl5114b9/index.php?id=895374 HTTP/1.1" 409 83 "https://www.corretordoipiranga.com.contadorjoseaparecido.com/wp-includes/pl5114b9/index.php?id=895374" "Mozilla/5.0 (Windows NT 10.0; Win64; x64) AppleWebKit/537.36 (KHTML, like Gecko) Chrome/58.0.3029.110 Safari/537.3" www.corretordoipiranga.com.contadorjoseaparecido.com 216.172.172.98
107.150.52.58 - - [14/Mar/2026:12:24:13 -0300] "GET /wp-content/brbaf436/index.php HTTP/1.1" 200 - "https://corretordoipiranga.com.contadorjoseaparecido.com/wp-content/brbaf436/index.php" "Mozilla/5.0 (Windows NT 10.0; Win64; x64) AppleWebKit/537.36 (KHTML, like Gecko) Chrome/58.0.3029.110 Safari/537.3" corretordoipiranga.com.contadorjoseaparecido.com 216.172.172.98
107.150.52.58 - - [14/Mar/2026:12:24:13 -0300] "GET /wp-content/brbaf436/index.php HTTP/1.1" 200 - "https://corretordoipiranga.com.contadorjoseaparecido.com/wp-content/brbaf436/index.php" "Mozilla/5.0 (Windows NT 10.0; Win64; x64) AppleWebKit/537.36 (KHTML, like Gecko) Chrome/58.0.3029.110 Safari/537.3" corretordoipiranga.com.contadorjoseaparecido.com 216.172.172.98
173.208.176.202 - - [14/Mar/2026:12:25:45 -0300] "GET /wp-content/brbaf436/index.php?id=254367 HTTP/1.1" 409 83 "https://corretordoipiranga.com.contadorjoseaparecido.com/wp-content/brbaf436/index.php?id=254367" "Mozilla/5.0 (Windows NT 10.0; Win64; x64) AppleWebKit/537.36 (KHTML, like Gecko) Chrome/58.0.3029.110 Safari/537.3" corretordoipiranga.com.contadorjoseaparecido.com 216.172.172.98
74.7.227.39 - - [14/Mar/2026:12:25:19 -0300] "GET /0bf?p=Ahome1Acontad42 HTTP/1.1" 200 7611 "https://corretordoipiranga.com.contadorjoseaparecido.com/0bf" "Mozilla/5.0 AppleWebKit/537.36 (KHTML, like Gecko; compatible; GPTBot/1.3; +https://openai.com/gptbot)" corretordoipiranga.com.contadorjoseaparecido.com 216.172.172.98
74.7.227.39 - - [14/Mar/2026:12:25:19 -0300] "GET /0bf?p=Ahome1Acontad42 HTTP/2.0" 200 7611 "https://corretordoipiranga.com.contadorjoseaparecido.com/0bf" "Mozilla/5.0 AppleWebKit/537.36 (KHTML, like Gecko; compatible; GPTBot/1.3; +https://openai.com/gptbot)" corretordoipiranga.com.contadorjoseaparecido.com 216.172.172.98
69.30.215.34 - - [14/Mar/2026:12:25:50 -0300] "GET /wp-content/pl25aa23/index.php HTTP/1.1" 500 - "https://corretordoipiranga.com.contadorjoseaparecido.com/wp-content/pl25aa23/index.php" "Mozilla/5.0 (Windows NT 10.0; Win64; x64) AppleWebKit/537.36 (KHTML, like Gecko) Chrome/58.0.3029.110 Safari/537.3" corretordoipiranga.com.contadorjoseaparecido.com 216.172.172.98
69.30.215.34 - - [14/Mar/2026:12:25:49 -0300] "GET /wp-content/pl25aa23/index.php HTTP/1.1" 500 - "https://corretordoipiranga.com.contadorjoseaparecido.com/wp-content/pl25aa23/index.php" "Mozilla/5.0 (Windows NT 10.0; Win64; x64) AppleWebKit/537.36 (KHTML, like Gecko) Chrome/58.0.3029.110 Safari/537.3" corretordoipiranga.com.contadorjoseaparecido.com 216.172.172.98
74.7.227.157 - - [14/Mar/2026:12:25:29 -0300] "GET /jquery-migrate.min.js HTTP/2.0" 200 1861 "https://www.corretordoipiranga.com.contadorjoseaparecido.com/edit-post.min.js?p=Ahome1Acontad42AhugvitalitydomboscoIcomIbrAwp-includesAjsAjquery" "Mozilla/5.0 AppleWebKit/537.36 (KHTML, like Gecko; compatible; GPTBot/1.3; +https://openai.com/gptbot)" www.corretordoipiranga.com.contadorjoseaparecido.com 216.172.172.98
69.30.215.34 - - [14/Mar/2026:12:24:25 -0300] "GET /wp-content/adefd2c0/index.php HTTP/1.1" 200 - "https://www.corretordoipiranga.com.contadorjoseaparecido.com/wp-content/adefd2c0/index.php" "Mozilla/5.0 (Windows NT 10.0; Win64; x64) AppleWebKit/537.36 (KHTML, like Gecko) Chrome/58.0.3029.110 Safari/537.3" www.corretordoipiranga.com.contadorjoseaparecido.com 216.172.172.98
69.30.215.34 - - [14/Mar/2026:12:24:25 -0300] "GET /wp-content/adefd2c0/index.php HTTP/1.1" 200 - "https://www.corretordoipiranga.com.contadorjoseaparecido.com/wp-content/adefd2c0/index.php" "Mozilla/5.0 (Windows NT 10.0; Win64; x64) AppleWebKit/537.36 (KHTML, like Gecko) Chrome/58.0.3029.110 Safari/537.3" www.corretordoipiranga.com.contadorjoseaparecido.com 216.172.172.98
173.208.176.202 - - [14/Mar/2026:12:25:58 -0300] "GET /wp-content/adefd2c0/index.php?id=595533 HTTP/1.1" 409 83 "https://www.corretordoipiranga.com.contadorjoseaparecido.com/wp-content/adefd2c0/index.php?id=595533" "Mozilla/5.0 (Windows NT 10.0; Win64; x64) AppleWebKit/537.36 (KHTML, like Gecko) Chrome/58.0.3029.110 Safari/537.3" www.corretordoipiranga.com.contadorjoseaparecido.com 216.172.172.98
69.30.215.34 - - [14/Mar/2026:12:24:31 -0300] "GET /wp-content/ad7693bf/index.php HTTP/1.1" 200 - "https://corretordoipiranga.com.contadorjoseaparecido.com/wp-content/ad7693bf/index.php" "Mozilla/5.0 (Windows NT 10.0; Win64; x64) AppleWebKit/537.36 (KHTML, like Gecko) Chrome/58.0.3029.110 Safari/537.3" corretordoipiranga.com.contadorjoseaparecido.com 216.172.172.98
69.30.215.34 - - [14/Mar/2026:12:24:31 -0300] "GET /wp-content/ad7693bf/index.php HTTP/1.1" 200 - "https://corretordoipiranga.com.contadorjoseaparecido.com/wp-content/ad7693bf/index.php" "Mozilla/5.0 (Windows NT 10.0; Win64; x64) AppleWebKit/537.36 (KHTML, like Gecko) Chrome/58.0.3029.110 Safari/537.3" corretordoipiranga.com.contadorjoseaparecido.com 216.172.172.98
107.150.52.58 - - [14/Mar/2026:12:26:00 -0300] "GET /wp-content/xcb3de3/index.php HTTP/1.1" 500 - "https://www.corretordoipiranga.com.contadorjoseaparecido.com/wp-content/xcb3de3/index.php" "Mozilla/5.0 (Windows NT 10.0; Win64; x64) AppleWebKit/537.36 (KHTML, like Gecko) Chrome/58.0.3029.110 Safari/537.3" www.corretordoipiranga.com.contadorjoseaparecido.com 216.172.172.98
107.150.52.58 - - [14/Mar/2026:12:26:00 -0300] "GET /wp-content/xcb3de3/index.php HTTP/1.1" 500 - "https://www.corretordoipiranga.com.contadorjoseaparecido.com/wp-content/xcb3de3/index.php" "Mozilla/5.0 (Windows NT 10.0; Win64; x64) AppleWebKit/537.36 (KHTML, like Gecko) Chrome/58.0.3029.110 Safari/537.3" www.corretordoipiranga.com.contadorjoseaparecido.com 216.172.172.98
173.208.176.202 - - [14/Mar/2026:12:26:03 -0300] "GET /wp-content/ad7693bf/index.php?id=451824 HTTP/1.1" 409 83 "https://corretordoipiranga.com.contadorjoseaparecido.com/wp-content/ad7693bf/index.php?id=451824" "Mozilla/5.0 (Windows NT 10.0; Win64; x64) AppleWebKit/537.36 (KHTML, like Gecko) Chrome/58.0.3029.110 Safari/537.3" corretordoipiranga.com.contadorjoseaparecido.com 216.172.172.98
107.150.52.58 - - [14/Mar/2026:12:25:58 -0300] "GET /wp-content/xcb3de3/index.php HTTP/1.1" 500 - "https://www.corretordoipiranga.com.contadorjoseaparecido.com/wp-content/xcb3de3/index.php" "Mozilla/5.0 (Windows NT 10.0; Win64; x64) AppleWebKit/537.36 (KHTML, like Gecko) Chrome/58.0.3029.110 Safari/537.3" www.corretordoipiranga.com.contadorjoseaparecido.com 216.172.172.98
107.150.52.58 - - [14/Mar/2026:12:25:57 -0300] "GET /wp-content/xcb3de3/index.php HTTP/1.1" 500 - "https://www.corretordoipiranga.com.contadorjoseaparecido.com/wp-content/xcb3de3/index.php" "Mozilla/5.0 (Windows NT 10.0; Win64; x64) AppleWebKit/537.36 (KHTML, like Gecko) Chrome/58.0.3029.110 Safari/537.3" www.corretordoipiranga.com.contadorjoseaparecido.com 216.172.172.98
74.7.227.39 - - [14/Mar/2026:12:25:48 -0300] "GET /bf3?p=Ahome1Acontad42 HTTP/1.1" 200 7611 "https://corretordoipiranga.com.contadorjoseaparecido.com/bf3" "Mozilla/5.0 AppleWebKit/537.36 (KHTML, like Gecko; compatible; GPTBot/1.3; +https://openai.com/gptbot)" corretordoipiranga.com.contadorjoseaparecido.com 216.172.172.98
74.7.227.39 - - [14/Mar/2026:12:25:48 -0300] "GET /bf3?p=Ahome1Acontad42 HTTP/2.0" 200 7611 "https://corretordoipiranga.com.contadorjoseaparecido.com/bf3" "Mozilla/5.0 AppleWebKit/537.36 (KHTML, like Gecko; compatible; GPTBot/1.3; +https://openai.com/gptbot)" corretordoipiranga.com.contadorjoseaparecido.com 216.172.172.98
69.30.215.34 - - [14/Mar/2026:12:26:10 -0300] "GET /wp-content/xbe95e3/index.php HTTP/1.1" 500 - "https://corretordoipiranga.com.contadorjoseaparecido.com/wp-content/xbe95e3/index.php" "Mozilla/5.0 (Windows NT 10.0; Win64; x64) AppleWebKit/537.36 (KHTML, like Gecko) Chrome/58.0.3029.110 Safari/537.3" corretordoipiranga.com.contadorjoseaparecido.com 216.172.172.98
69.30.215.34 - - [14/Mar/2026:12:26:10 -0300] "GET /wp-content/xbe95e3/index.php HTTP/1.1" 500 - "https://corretordoipiranga.com.contadorjoseaparecido.com/wp-content/xbe95e3/index.php" "Mozilla/5.0 (Windows NT 10.0; Win64; x64) AppleWebKit/537.36 (KHTML, like Gecko) Chrome/58.0.3029.110 Safari/537.3" corretordoipiranga.com.contadorjoseaparecido.com 216.172.172.98
74.7.227.157 - - [14/Mar/2026:12:25:56 -0300] "GET /effect-highlight.min.js HTTP/2.0" 200 1861 "https://www.corretordoipiranga.com.contadorjoseaparecido.com/edit-post.min.js?p=Ahome1Acontad42AhugvitalitydomboscoIcomIbrAwp-includesAjsAjqueryAui" "Mozilla/5.0 AppleWebKit/537.36 (KHTML, like Gecko; compatible; GPTBot/1.3; +https://openai.com/gptbot)" www.corretordoipiranga.com.contadorjoseaparecido.com 216.172.172.98
107.150.52.58 - - [14/Mar/2026:12:26:20 -0300] "GET /wp-includes/qq62f9a7/index.php HTTP/1.1" 500 - "https://www.corretordoipiranga.com.contadorjoseaparecido.com/wp-includes/qq62f9a7/index.php" "Mozilla/5.0 (Windows NT 10.0; Win64; x64) AppleWebKit/537.36 (KHTML, like Gecko) Chrome/58.0.3029.110 Safari/537.3" www.corretordoipiranga.com.contadorjoseaparecido.com 216.172.172.98
107.150.52.58 - - [14/Mar/2026:12:26:20 -0300] "GET /wp-includes/qq62f9a7/index.php HTTP/1.1" 500 - "https://www.corretordoipiranga.com.contadorjoseaparecido.com/wp-includes/qq62f9a7/index.php" "Mozilla/5.0 (Windows NT 10.0; Win64; x64) AppleWebKit/537.36 (KHTML, like Gecko) Chrome/58.0.3029.110 Safari/537.3" www.corretordoipiranga.com.contadorjoseaparecido.com 216.172.172.98
107.150.52.58 - - [14/Mar/2026:12:24:53 -0300] "GET /wp-includes/bra09e8e/index.php HTTP/1.1" 200 - "https://corretordoipiranga.com.contadorjoseaparecido.com/wp-includes/bra09e8e/index.php" "Mozilla/5.0 (Windows NT 10.0; Win64; x64) AppleWebKit/537.36 (KHTML, like Gecko) Chrome/58.0.3029.110 Safari/537.3" corretordoipiranga.com.contadorjoseaparecido.com 216.172.172.98
107.150.52.58 - - [14/Mar/2026:12:24:53 -0300] "GET /wp-includes/bra09e8e/index.php HTTP/1.1" 200 - "https://corretordoipiranga.com.contadorjoseaparecido.com/wp-includes/bra09e8e/index.php" "Mozilla/5.0 (Windows NT 10.0; Win64; x64) AppleWebKit/537.36 (KHTML, like Gecko) Chrome/58.0.3029.110 Safari/537.3" corretordoipiranga.com.contadorjoseaparecido.com 216.172.172.98
173.208.176.202 - - [14/Mar/2026:12:26:27 -0300] "GET /wp-includes/bra09e8e/index.php?id=200790 HTTP/1.1" 409 83 "https://corretordoipiranga.com.contadorjoseaparecido.com/wp-includes/bra09e8e/index.php?id=200790" "Mozilla/5.0 (Windows NT 10.0; Win64; x64) AppleWebKit/537.36 (KHTML, like Gecko) Chrome/58.0.3029.110 Safari/537.3" corretordoipiranga.com.contadorjoseaparecido.com 216.172.172.98
74.7.227.39 - - [14/Mar/2026:12:26:09 -0300] "GET /bf0?p=Ahome1Acontad42 HTTP/2.0" 200 7611 "https://corretordoipiranga.com.contadorjoseaparecido.com/bf0" "Mozilla/5.0 AppleWebKit/537.36 (KHTML, like Gecko; compatible; GPTBot/1.3; +https://openai.com/gptbot)" corretordoipiranga.com.contadorjoseaparecido.com 216.172.172.98
74.7.227.39 - - [14/Mar/2026:12:26:09 -0300] "GET /bf0?p=Ahome1Acontad42 HTTP/1.1" 200 7611 "https://corretordoipiranga.com.contadorjoseaparecido.com/bf0" "Mozilla/5.0 AppleWebKit/537.36 (KHTML, like Gecko; compatible; GPTBot/1.3; +https://openai.com/gptbot)" corretordoipiranga.com.contadorjoseaparecido.com 216.172.172.98
74.7.227.157 - - [14/Mar/2026:12:26:19 -0300] "GET /effect-scale.min.js HTTP/2.0" 200 1861 "https://www.corretordoipiranga.com.contadorjoseaparecido.com/edit-post.min.js?p=Ahome1Acontad42AhugvitalitydomboscoIcomIbrAwp-includesAjsAjqueryAui" "Mozilla/5.0 AppleWebKit/537.36 (KHTML, like Gecko; compatible; GPTBot/1.3; +https://openai.com/gptbot)" www.corretordoipiranga.com.contadorjoseaparecido.com 216.172.172.98
69.30.215.34 - - [14/Mar/2026:12:26:34 -0300] "GET /wp-includes/im2ba769/index.php HTTP/1.1" 500 - "https://corretordoipiranga.com.contadorjoseaparecido.com/wp-includes/im2ba769/index.php" "Mozilla/5.0 (Windows NT 10.0; Win64; x64) AppleWebKit/537.36 (KHTML, like Gecko) Chrome/58.0.3029.110 Safari/537.3" corretordoipiranga.com.contadorjoseaparecido.com 216.172.172.98
69.30.215.34 - - [14/Mar/2026:12:26:34 -0300] "GET /wp-includes/im2ba769/index.php HTTP/1.1" 500 - "https://corretordoipiranga.com.contadorjoseaparecido.com/wp-includes/im2ba769/index.php" "Mozilla/5.0 (Windows NT 10.0; Win64; x64) AppleWebKit/537.36 (KHTML, like Gecko) Chrome/58.0.3029.110 Safari/537.3" corretordoipiranga.com.contadorjoseaparecido.com 216.172.172.98
107.150.52.58 - - [14/Mar/2026:12:26:44 -0300] "GET /wp-content/wpf8b059/index.php HTTP/1.1" 500 - "https://www.corretordoipiranga.com.contadorjoseaparecido.com/wp-content/wpf8b059/index.php" "Mozilla/5.0 (Windows NT 10.0; Win64; x64) AppleWebKit/537.36 (KHTML, like Gecko) Chrome/58.0.3029.110 Safari/537.3" www.corretordoipiranga.com.contadorjoseaparecido.com 216.172.172.98
107.150.52.58 - - [14/Mar/2026:12:26:44 -0300] "GET /wp-content/wpf8b059/index.php HTTP/1.1" 500 - "https://www.corretordoipiranga.com.contadorjoseaparecido.com/wp-content/wpf8b059/index.php" "Mozilla/5.0 (Windows NT 10.0; Win64; x64) AppleWebKit/537.36 (KHTML, like Gecko) Chrome/58.0.3029.110 Safari/537.3" www.corretordoipiranga.com.contadorjoseaparecido.com 216.172.172.98
69.30.215.34 - - [14/Mar/2026:12:25:14 -0300] "GET /wp-content/br4b67af/index.php HTTP/1.1" 200 - "https://www.corretordoipiranga.com.contadorjoseaparecido.com/wp-content/br4b67af/index.php" "Mozilla/5.0 (Windows NT 10.0; Win64; x64) AppleWebKit/537.36 (KHTML, like Gecko) Chrome/58.0.3029.110 Safari/537.3" www.corretordoipiranga.com.contadorjoseaparecido.com 216.172.172.98
69.30.215.34 - - [14/Mar/2026:12:25:13 -0300] "GET /wp-content/br4b67af/index.php HTTP/1.1" 200 - "https://www.corretordoipiranga.com.contadorjoseaparecido.com/wp-content/br4b67af/index.php" "Mozilla/5.0 (Windows NT 10.0; Win64; x64) AppleWebKit/537.36 (KHTML, like Gecko) Chrome/58.0.3029.110 Safari/537.3" www.corretordoipiranga.com.contadorjoseaparecido.com 216.172.172.98
173.208.176.202 - - [14/Mar/2026:12:26:48 -0300] "GET /wp-content/br4b67af/index.php?id=854268 HTTP/1.1" 409 83 "https://www.corretordoipiranga.com.contadorjoseaparecido.com/wp-content/br4b67af/index.php?id=854268" "Mozilla/5.0 (Windows NT 10.0; Win64; x64) AppleWebKit/537.36 (KHTML, like Gecko) Chrome/58.0.3029.110 Safari/537.3" www.corretordoipiranga.com.contadorjoseaparecido.com 216.172.172.98
107.150.52.58 - - [14/Mar/2026:12:25:22 -0300] "GET /wp-includes/qq8369c0/index.php HTTP/1.1" 200 - "https://corretordoipiranga.com.contadorjoseaparecido.com/wp-includes/qq8369c0/index.php" "Mozilla/5.0 (Windows NT 10.0; Win64; x64) AppleWebKit/537.36 (KHTML, like Gecko) Chrome/58.0.3029.110 Safari/537.3" corretordoipiranga.com.contadorjoseaparecido.com 216.172.172.98
107.150.52.58 - - [14/Mar/2026:12:25:21 -0300] "GET /wp-includes/qq8369c0/index.php HTTP/1.1" 200 - "https://corretordoipiranga.com.contadorjoseaparecido.com/wp-includes/qq8369c0/index.php" "Mozilla/5.0 (Windows NT 10.0; Win64; x64) AppleWebKit/537.36 (KHTML, like Gecko) Chrome/58.0.3029.110 Safari/537.3" corretordoipiranga.com.contadorjoseaparecido.com 216.172.172.98
173.208.176.202 - - [14/Mar/2026:12:26:53 -0300] "GET /wp-includes/qq8369c0/index.php?id=84047 HTTP/1.1" 409 83 "https://corretordoipiranga.com.contadorjoseaparecido.com/wp-includes/qq8369c0/index.php?id=84047" "Mozilla/5.0 (Windows NT 10.0; Win64; x64) AppleWebKit/537.36 (KHTML, like Gecko) Chrome/58.0.3029.110 Safari/537.3" corretordoipiranga.com.contadorjoseaparecido.com 216.172.172.98
69.30.215.34 - - [14/Mar/2026:12:26:36 -0300] "GET /wp-includes/im2ba769/index.php HTTP/1.1" 500 - "https://corretordoipiranga.com.contadorjoseaparecido.com/wp-includes/im2ba769/index.php" "Mozilla/5.0 (Windows NT 10.0; Win64; x64) AppleWebKit/537.36 (KHTML, like Gecko) Chrome/58.0.3029.110 Safari/537.3" corretordoipiranga.com.contadorjoseaparecido.com 216.172.172.98
69.30.215.34 - - [14/Mar/2026:12:26:36 -0300] "GET /wp-includes/im2ba769/index.php HTTP/1.1" 500 - "https://corretordoipiranga.com.contadorjoseaparecido.com/wp-includes/im2ba769/index.php" "Mozilla/5.0 (Windows NT 10.0; Win64; x64) AppleWebKit/537.36 (KHTML, like Gecko) Chrome/58.0.3029.110 Safari/537.3" corretordoipiranga.com.contadorjoseaparecido.com 216.172.172.98
74.7.227.39 - - [14/Mar/2026:12:26:34 -0300] "GET /f5b?p=Ahome1Acontad42 HTTP/1.1" 200 7611 "https://corretordoipiranga.com.contadorjoseaparecido.com/f5b" "Mozilla/5.0 AppleWebKit/537.36 (KHTML, like Gecko; compatible; GPTBot/1.3; +https://openai.com/gptbot)" corretordoipiranga.com.contadorjoseaparecido.com 216.172.172.98
74.7.227.39 - - [14/Mar/2026:12:26:34 -0300] "GET /f5b?p=Ahome1Acontad42 HTTP/2.0" 200 7611 "https://corretordoipiranga.com.contadorjoseaparecido.com/f5b" "Mozilla/5.0 AppleWebKit/537.36 (KHTML, like Gecko; compatible; GPTBot/1.3; +https://openai.com/gptbot)" corretordoipiranga.com.contadorjoseaparecido.com 216.172.172.98
107.150.52.58 - - [14/Mar/2026:12:26:56 -0300] "GET /wp-includes/imd1125a/index.php HTTP/1.1" 500 - "https://corretordoipiranga.com.contadorjoseaparecido.com/wp-includes/imd1125a/index.php" "Mozilla/5.0 (Windows NT 10.0; Win64; x64) AppleWebKit/537.36 (KHTML, like Gecko) Chrome/58.0.3029.110 Safari/537.3" corretordoipiranga.com.contadorjoseaparecido.com 216.172.172.98
107.150.52.58 - - [14/Mar/2026:12:26:56 -0300] "GET /wp-includes/imd1125a/index.php HTTP/1.1" 500 - "https://corretordoipiranga.com.contadorjoseaparecido.com/wp-includes/imd1125a/index.php" "Mozilla/5.0 (Windows NT 10.0; Win64; x64) AppleWebKit/537.36 (KHTML, like Gecko) Chrome/58.0.3029.110 Safari/537.3" corretordoipiranga.com.contadorjoseaparecido.com 216.172.172.98
74.7.227.157 - - [14/Mar/2026:12:26:42 -0300] "GET /effect-slide.min.js HTTP/2.0" 200 1861 "https://www.corretordoipiranga.com.contadorjoseaparecido.com/edit-post.min.js?p=Ahome1Acontad42AhugvitalitydomboscoIcomIbrAwp-includesAjsAjqueryAui" "Mozilla/5.0 AppleWebKit/537.36 (KHTML, like Gecko; compatible; GPTBot/1.3; +https://openai.com/gptbot)" www.corretordoipiranga.com.contadorjoseaparecido.com 216.172.172.98
69.30.215.34 - - [14/Mar/2026:12:25:32 -0300] "GET /wp-content/jsb7f64e/index.php HTTP/1.1" 200 - "https://www.corretordoipiranga.com.contadorjoseaparecido.com/wp-content/jsb7f64e/index.php" "Mozilla/5.0 (Windows NT 10.0; Win64; x64) AppleWebKit/537.36 (KHTML, like Gecko) Chrome/58.0.3029.110 Safari/537.3" www.corretordoipiranga.com.contadorjoseaparecido.com 216.172.172.98
69.30.215.34 - - [14/Mar/2026:12:25:32 -0300] "GET /wp-content/jsb7f64e/index.php HTTP/1.1" 200 - "https://www.corretordoipiranga.com.contadorjoseaparecido.com/wp-content/jsb7f64e/index.php" "Mozilla/5.0 (Windows NT 10.0; Win64; x64) AppleWebKit/537.36 (KHTML, like Gecko) Chrome/58.0.3029.110 Safari/537.3" www.corretordoipiranga.com.contadorjoseaparecido.com 216.172.172.98
173.208.176.202 - - [14/Mar/2026:12:27:04 -0300] "GET /wp-content/jsb7f64e/index.php?id=308689 HTTP/1.1" 409 83 "https://www.corretordoipiranga.com.contadorjoseaparecido.com/wp-content/jsb7f64e/index.php?id=308689" "Mozilla/5.0 (Windows NT 10.0; Win64; x64) AppleWebKit/537.36 (KHTML, like Gecko) Chrome/58.0.3029.110 Safari/537.3" www.corretordoipiranga.com.contadorjoseaparecido.com 216.172.172.98
107.150.52.58 - - [14/Mar/2026:12:27:04 -0300] "GET /wp-includes/qq2b4d87/index.php HTTP/1.1" 500 - "https://www.corretordoipiranga.com.contadorjoseaparecido.com/wp-includes/qq2b4d87/index.php" "Mozilla/5.0 (Windows NT 10.0; Win64; x64) AppleWebKit/537.36 (KHTML, like Gecko) Chrome/58.0.3029.110 Safari/537.3" www.corretordoipiranga.com.contadorjoseaparecido.com 216.172.172.98
107.150.52.58 - - [14/Mar/2026:12:27:04 -0300] "GET /wp-includes/qq2b4d87/index.php HTTP/1.1" 500 - "https://www.corretordoipiranga.com.contadorjoseaparecido.com/wp-includes/qq2b4d87/index.php" "Mozilla/5.0 (Windows NT 10.0; Win64; x64) AppleWebKit/537.36 (KHTML, like Gecko) Chrome/58.0.3029.110 Safari/537.3" www.corretordoipiranga.com.contadorjoseaparecido.com 216.172.172.98
74.7.227.39 - - [14/Mar/2026:12:26:54 -0300] "GET /37b?p=Ahome1Acontad42AIkoality HTTP/1.1" 200 1128 "https://corretordoipiranga.com.contadorjoseaparecido.com/37b?p=Ahome1Acontad42" "Mozilla/5.0 AppleWebKit/537.36 (KHTML, like Gecko; compatible; GPTBot/1.3; +https://openai.com/gptbot)" corretordoipiranga.com.contadorjoseaparecido.com 216.172.172.98
74.7.227.39 - - [14/Mar/2026:12:26:54 -0300] "GET /37b?p=Ahome1Acontad42AIkoality HTTP/2.0" 200 1128 "https://corretordoipiranga.com.contadorjoseaparecido.com/37b?p=Ahome1Acontad42" "Mozilla/5.0 AppleWebKit/537.36 (KHTML, like Gecko; compatible; GPTBot/1.3; +https://openai.com/gptbot)" corretordoipiranga.com.contadorjoseaparecido.com 216.172.172.98
107.150.52.58 - - [14/Mar/2026:12:27:16 -0300] "GET /wp-includes/add3c9a2/index.php HTTP/1.1" 500 - "https://corretordoipiranga.com.contadorjoseaparecido.com/wp-includes/add3c9a2/index.php" "Mozilla/5.0 (Windows NT 10.0; Win64; x64) AppleWebKit/537.36 (KHTML, like Gecko) Chrome/58.0.3029.110 Safari/537.3" corretordoipiranga.com.contadorjoseaparecido.com 216.172.172.98
107.150.52.58 - - [14/Mar/2026:12:27:16 -0300] "GET /wp-includes/add3c9a2/index.php HTTP/1.1" 500 - "https://corretordoipiranga.com.contadorjoseaparecido.com/wp-includes/add3c9a2/index.php" "Mozilla/5.0 (Windows NT 10.0; Win64; x64) AppleWebKit/537.36 (KHTML, like Gecko) Chrome/58.0.3029.110 Safari/537.3" corretordoipiranga.com.contadorjoseaparecido.com 216.172.172.98
69.30.215.34 - - [14/Mar/2026:12:25:52 -0300] "GET /wp-content/pl25aa23/index.php HTTP/1.1" 200 - "https://corretordoipiranga.com.contadorjoseaparecido.com/wp-content/pl25aa23/index.php" "Mozilla/5.0 (Windows NT 10.0; Win64; x64) AppleWebKit/537.36 (KHTML, like Gecko) Chrome/58.0.3029.110 Safari/537.3" corretordoipiranga.com.contadorjoseaparecido.com 216.172.172.98
69.30.215.34 - - [14/Mar/2026:12:25:52 -0300] "GET /wp-content/pl25aa23/index.php HTTP/1.1" 200 - "https://corretordoipiranga.com.contadorjoseaparecido.com/wp-content/pl25aa23/index.php" "Mozilla/5.0 (Windows NT 10.0; Win64; x64) AppleWebKit/537.36 (KHTML, like Gecko) Chrome/58.0.3029.110 Safari/537.3" corretordoipiranga.com.contadorjoseaparecido.com 216.172.172.98
173.208.176.202 - - [14/Mar/2026:12:27:24 -0300] "GET /wp-content/pl25aa23/index.php?id=158027 HTTP/1.1" 409 83 "https://corretordoipiranga.com.contadorjoseaparecido.com/wp-content/pl25aa23/index.php?id=158027" "Mozilla/5.0 (Windows NT 10.0; Win64; x64) AppleWebKit/537.36 (KHTML, like Gecko) Chrome/58.0.3029.110 Safari/537.3" corretordoipiranga.com.contadorjoseaparecido.com 216.172.172.98
74.7.227.157 - - [14/Mar/2026:12:27:02 -0300] "GET /effect-puff.min.js HTTP/2.0" 200 1861 "https://www.corretordoipiranga.com.contadorjoseaparecido.com/edit-post.min.js?p=Ahome1Acontad42AhugvitalitydomboscoIcomIbrAwp-includesAjsAjqueryAui" "Mozilla/5.0 AppleWebKit/537.36 (KHTML, like Gecko; compatible; GPTBot/1.3; +https://openai.com/gptbot)" www.corretordoipiranga.com.contadorjoseaparecido.com 216.172.172.98
69.30.215.34 - - [14/Mar/2026:12:27:28 -0300] "GET /wp-content/qq8c6839/index.php HTTP/1.1" 500 - "https://www.corretordoipiranga.com.contadorjoseaparecido.com/wp-content/qq8c6839/index.php" "Mozilla/5.0 (Windows NT 10.0; Win64; x64) AppleWebKit/537.36 (KHTML, like Gecko) Chrome/58.0.3029.110 Safari/537.3" www.corretordoipiranga.com.contadorjoseaparecido.com 216.172.172.98
69.30.215.34 - - [14/Mar/2026:12:27:28 -0300] "GET /wp-content/qq8c6839/index.php HTTP/1.1" 500 - "https://www.corretordoipiranga.com.contadorjoseaparecido.com/wp-content/qq8c6839/index.php" "Mozilla/5.0 (Windows NT 10.0; Win64; x64) AppleWebKit/537.36 (KHTML, like Gecko) Chrome/58.0.3029.110 Safari/537.3" www.corretordoipiranga.com.contadorjoseaparecido.com 216.172.172.98
