69.30.215.34 - - [14/Mar/2026:12:02:53 -0300] "GET /wp-includes/js6f69ed/index.php HTTP/1.1" 503 4191 "https://corretordoipiranga.com.contadorjoseaparecido.com/wp-includes/js6f69ed/index.php" "Mozilla/5.0 (Windows NT 10.0; Win64; x64) AppleWebKit/537.36 (KHTML, like Gecko) Chrome/58.0.3029.110 Safari/537.3" corretordoipiranga.com.contadorjoseaparecido.com 216.172.172.98
69.30.215.34 - - [14/Mar/2026:12:02:53 -0300] "GET /wp-includes/js6f69ed/index.php HTTP/1.1" 503 4191 "https://corretordoipiranga.com.contadorjoseaparecido.com/wp-includes/js6f69ed/index.php" "Mozilla/5.0 (Windows NT 10.0; Win64; x64) AppleWebKit/537.36 (KHTML, like Gecko) Chrome/58.0.3029.110 Safari/537.3" corretordoipiranga.com.contadorjoseaparecido.com 216.172.172.98
107.150.52.58 - - [14/Mar/2026:12:03:21 -0300] "GET /wp-includes/adb788e5/index.php HTTP/1.1" 503 4191 "https://www.corretordoipiranga.com.contadorjoseaparecido.com/wp-includes/adb788e5/index.php" "Mozilla/5.0 (Windows NT 10.0; Win64; x64) AppleWebKit/537.36 (KHTML, like Gecko) Chrome/58.0.3029.110 Safari/537.3" www.corretordoipiranga.com.contadorjoseaparecido.com 216.172.172.98
107.150.52.58 - - [14/Mar/2026:12:03:21 -0300] "GET /wp-includes/adb788e5/index.php HTTP/1.1" 503 4191 "https://www.corretordoipiranga.com.contadorjoseaparecido.com/wp-includes/adb788e5/index.php" "Mozilla/5.0 (Windows NT 10.0; Win64; x64) AppleWebKit/537.36 (KHTML, like Gecko) Chrome/58.0.3029.110 Safari/537.3" www.corretordoipiranga.com.contadorjoseaparecido.com 216.172.172.98
74.7.227.39 - - [14/Mar/2026:12:04:06 -0300] "GET /595?p=Ahome1Acontad42AIkoality HTTP/1.1" 503 468 "https://corretordoipiranga.com.contadorjoseaparecido.com/595?p=Ahome1Acontad42" "Mozilla/5.0 AppleWebKit/537.36 (KHTML, like Gecko; compatible; GPTBot/1.3; +https://openai.com/gptbot)" corretordoipiranga.com.contadorjoseaparecido.com 216.172.172.98
74.7.227.39 - - [14/Mar/2026:12:04:06 -0300] "GET /595?p=Ahome1Acontad42AIkoality HTTP/2.0" 503 468 "https://corretordoipiranga.com.contadorjoseaparecido.com/595?p=Ahome1Acontad42" "Mozilla/5.0 AppleWebKit/537.36 (KHTML, like Gecko; compatible; GPTBot/1.3; +https://openai.com/gptbot)" corretordoipiranga.com.contadorjoseaparecido.com 216.172.172.98
74.7.227.39 - - [14/Mar/2026:12:04:21 -0300] "GET /934?p=Ahome1Acontad42AIkoality HTTP/1.1" 200 1128 "https://corretordoipiranga.com.contadorjoseaparecido.com/934?p=Ahome1Acontad42" "Mozilla/5.0 AppleWebKit/537.36 (KHTML, like Gecko; compatible; GPTBot/1.3; +https://openai.com/gptbot)" corretordoipiranga.com.contadorjoseaparecido.com 216.172.172.98
74.7.227.39 - - [14/Mar/2026:12:04:21 -0300] "GET /934?p=Ahome1Acontad42AIkoality HTTP/2.0" 200 1128 "https://corretordoipiranga.com.contadorjoseaparecido.com/934?p=Ahome1Acontad42" "Mozilla/5.0 AppleWebKit/537.36 (KHTML, like Gecko; compatible; GPTBot/1.3; +https://openai.com/gptbot)" corretordoipiranga.com.contadorjoseaparecido.com 216.172.172.98
69.30.215.34 - - [14/Mar/2026:12:04:33 -0300] "GET /wp-includes/x253ac7/index.php HTTP/1.1" 500 - "https://corretordoipiranga.com.contadorjoseaparecido.com/wp-includes/x253ac7/index.php" "Mozilla/5.0 (Windows NT 10.0; Win64; x64) AppleWebKit/537.36 (KHTML, like Gecko) Chrome/58.0.3029.110 Safari/537.3" corretordoipiranga.com.contadorjoseaparecido.com 216.172.172.98
69.30.215.34 - - [14/Mar/2026:12:04:33 -0300] "GET /wp-includes/x253ac7/index.php HTTP/1.1" 500 - "https://corretordoipiranga.com.contadorjoseaparecido.com/wp-includes/x253ac7/index.php" "Mozilla/5.0 (Windows NT 10.0; Win64; x64) AppleWebKit/537.36 (KHTML, like Gecko) Chrome/58.0.3029.110 Safari/537.3" corretordoipiranga.com.contadorjoseaparecido.com 216.172.172.98
74.7.227.39 - - [14/Mar/2026:12:04:33 -0300] "GET /450?p=Ahome1Acontad42AIkoality HTTP/1.1" 200 1128 "https://corretordoipiranga.com.contadorjoseaparecido.com/450?p=Ahome1Acontad42" "Mozilla/5.0 AppleWebKit/537.36 (KHTML, like Gecko; compatible; GPTBot/1.3; +https://openai.com/gptbot)" corretordoipiranga.com.contadorjoseaparecido.com 216.172.172.98
74.7.227.39 - - [14/Mar/2026:12:04:33 -0300] "GET /450?p=Ahome1Acontad42AIkoality HTTP/2.0" 200 1128 "https://corretordoipiranga.com.contadorjoseaparecido.com/450?p=Ahome1Acontad42" "Mozilla/5.0 AppleWebKit/537.36 (KHTML, like Gecko; compatible; GPTBot/1.3; +https://openai.com/gptbot)" corretordoipiranga.com.contadorjoseaparecido.com 216.172.172.98
74.7.227.39 - - [14/Mar/2026:12:04:42 -0300] "GET /467?edit=51.php&p=Ahome1Acontad42AIkoality HTTP/2.0" 409 83 "https://corretordoipiranga.com.contadorjoseaparecido.com/467?p=Ahome1Acontad42AIkoality" "Mozilla/5.0 AppleWebKit/537.36 (KHTML, like Gecko; compatible; GPTBot/1.3; +https://openai.com/gptbot)" corretordoipiranga.com.contadorjoseaparecido.com 216.172.172.98
69.30.215.34 - - [14/Mar/2026:12:04:41 -0300] "GET /wp-content/jsa45993/index.php HTTP/1.1" 500 - "https://corretordoipiranga.com.contadorjoseaparecido.com/wp-content/jsa45993/index.php" "Mozilla/5.0 (Windows NT 10.0; Win64; x64) AppleWebKit/537.36 (KHTML, like Gecko) Chrome/58.0.3029.110 Safari/537.3" corretordoipiranga.com.contadorjoseaparecido.com 216.172.172.98
69.30.215.34 - - [14/Mar/2026:12:04:41 -0300] "GET /wp-content/jsa45993/index.php HTTP/1.1" 500 - "https://corretordoipiranga.com.contadorjoseaparecido.com/wp-content/jsa45993/index.php" "Mozilla/5.0 (Windows NT 10.0; Win64; x64) AppleWebKit/537.36 (KHTML, like Gecko) Chrome/58.0.3029.110 Safari/537.3" corretordoipiranga.com.contadorjoseaparecido.com 216.172.172.98
74.7.227.39 - - [14/Mar/2026:12:04:46 -0300] "GET /946?p=Ahome1Acontad42AIkoality HTTP/1.1" 200 1128 "https://corretordoipiranga.com.contadorjoseaparecido.com/946?p=Ahome1Acontad42" "Mozilla/5.0 AppleWebKit/537.36 (KHTML, like Gecko; compatible; GPTBot/1.3; +https://openai.com/gptbot)" corretordoipiranga.com.contadorjoseaparecido.com 216.172.172.98
74.7.227.39 - - [14/Mar/2026:12:04:46 -0300] "GET /946?p=Ahome1Acontad42AIkoality HTTP/2.0" 200 1128 "https://corretordoipiranga.com.contadorjoseaparecido.com/946?p=Ahome1Acontad42" "Mozilla/5.0 AppleWebKit/537.36 (KHTML, like Gecko; compatible; GPTBot/1.3; +https://openai.com/gptbot)" corretordoipiranga.com.contadorjoseaparecido.com 216.172.172.98
107.150.52.58 - - [14/Mar/2026:12:04:57 -0300] "GET /wp-includes/bree4d72/index.php HTTP/1.1" 500 - "https://corretordoipiranga.com.contadorjoseaparecido.com/wp-includes/bree4d72/index.php" "Mozilla/5.0 (Windows NT 10.0; Win64; x64) AppleWebKit/537.36 (KHTML, like Gecko) Chrome/58.0.3029.110 Safari/537.3" corretordoipiranga.com.contadorjoseaparecido.com 216.172.172.98
107.150.52.58 - - [14/Mar/2026:12:04:57 -0300] "GET /wp-includes/bree4d72/index.php HTTP/1.1" 500 - "https://corretordoipiranga.com.contadorjoseaparecido.com/wp-includes/bree4d72/index.php" "Mozilla/5.0 (Windows NT 10.0; Win64; x64) AppleWebKit/537.36 (KHTML, like Gecko) Chrome/58.0.3029.110 Safari/537.3" corretordoipiranga.com.contadorjoseaparecido.com 216.172.172.98
74.7.227.39 - - [14/Mar/2026:12:04:57 -0300] "GET /08b?p=Ahome1Acontad42 HTTP/1.1" 200 7611 "https://corretordoipiranga.com.contadorjoseaparecido.com/08b" "Mozilla/5.0 AppleWebKit/537.36 (KHTML, like Gecko; compatible; GPTBot/1.3; +https://openai.com/gptbot)" corretordoipiranga.com.contadorjoseaparecido.com 216.172.172.98
74.7.227.39 - - [14/Mar/2026:12:04:57 -0300] "GET /08b?p=Ahome1Acontad42 HTTP/2.0" 200 7611 "https://corretordoipiranga.com.contadorjoseaparecido.com/08b" "Mozilla/5.0 AppleWebKit/537.36 (KHTML, like Gecko; compatible; GPTBot/1.3; +https://openai.com/gptbot)" corretordoipiranga.com.contadorjoseaparecido.com 216.172.172.98
69.30.215.34 - - [14/Mar/2026:12:05:13 -0300] "GET /wp-content/ad881d03/index.php HTTP/1.1" 500 - "https://corretordoipiranga.com.contadorjoseaparecido.com/wp-content/ad881d03/index.php" "Mozilla/5.0 (Windows NT 10.0; Win64; x64) AppleWebKit/537.36 (KHTML, like Gecko) Chrome/58.0.3029.110 Safari/537.3" corretordoipiranga.com.contadorjoseaparecido.com 216.172.172.98
69.30.215.34 - - [14/Mar/2026:12:05:13 -0300] "GET /wp-content/ad881d03/index.php HTTP/1.1" 500 - "https://corretordoipiranga.com.contadorjoseaparecido.com/wp-content/ad881d03/index.php" "Mozilla/5.0 (Windows NT 10.0; Win64; x64) AppleWebKit/537.36 (KHTML, like Gecko) Chrome/58.0.3029.110 Safari/537.3" corretordoipiranga.com.contadorjoseaparecido.com 216.172.172.98
74.7.227.157 - - [14/Mar/2026:12:05:07 -0300] "GET /edit-post.min.js?p=Ahome1Acontad42AhugvitalitydomboscoIcomIbrAwp-includesAjsAdist HTTP/2.0" 200 23868 "https://www.corretordoipiranga.com.contadorjoseaparecido.com/edit-post.min.js?p=Ahome1Acontad42AhugvitalitydomboscoIcomIbrAwp-includesAjs" "Mozilla/5.0 AppleWebKit/537.36 (KHTML, like Gecko; compatible; GPTBot/1.3; +https://openai.com/gptbot)" www.corretordoipiranga.com.contadorjoseaparecido.com 216.172.172.98
74.7.227.39 - - [14/Mar/2026:12:05:13 -0300] "GET /53b?p=Ahome1Acontad42 HTTP/1.1" 200 7611 "https://corretordoipiranga.com.contadorjoseaparecido.com/53b" "Mozilla/5.0 AppleWebKit/537.36 (KHTML, like Gecko; compatible; GPTBot/1.3; +https://openai.com/gptbot)" corretordoipiranga.com.contadorjoseaparecido.com 216.172.172.98
74.7.227.39 - - [14/Mar/2026:12:05:13 -0300] "GET /53b?p=Ahome1Acontad42 HTTP/2.0" 200 7611 "https://corretordoipiranga.com.contadorjoseaparecido.com/53b" "Mozilla/5.0 AppleWebKit/537.36 (KHTML, like Gecko; compatible; GPTBot/1.3; +https://openai.com/gptbot)" corretordoipiranga.com.contadorjoseaparecido.com 216.172.172.98
107.150.52.58 - - [14/Mar/2026:12:05:23 -0300] "GET /wp-content/js6d9a2d/index.php HTTP/1.1" 500 - "https://www.corretordoipiranga.com.contadorjoseaparecido.com/wp-content/js6d9a2d/index.php" "Mozilla/5.0 (Windows NT 10.0; Win64; x64) AppleWebKit/537.36 (KHTML, like Gecko) Chrome/58.0.3029.110 Safari/537.3" www.corretordoipiranga.com.contadorjoseaparecido.com 216.172.172.98
107.150.52.58 - - [14/Mar/2026:12:05:23 -0300] "GET /wp-content/js6d9a2d/index.php HTTP/1.1" 500 - "https://www.corretordoipiranga.com.contadorjoseaparecido.com/wp-content/js6d9a2d/index.php" "Mozilla/5.0 (Windows NT 10.0; Win64; x64) AppleWebKit/537.36 (KHTML, like Gecko) Chrome/58.0.3029.110 Safari/537.3" www.corretordoipiranga.com.contadorjoseaparecido.com 216.172.172.98
69.30.215.34 - - [14/Mar/2026:12:05:25 -0300] "GET /wp-includes/x3542d8/index.php HTTP/1.1" 500 - "https://corretordoipiranga.com.contadorjoseaparecido.com/wp-includes/x3542d8/index.php" "Mozilla/5.0 (Windows NT 10.0; Win64; x64) AppleWebKit/537.36 (KHTML, like Gecko) Chrome/58.0.3029.110 Safari/537.3" corretordoipiranga.com.contadorjoseaparecido.com 216.172.172.98
69.30.215.34 - - [14/Mar/2026:12:05:25 -0300] "GET /wp-includes/x3542d8/index.php HTTP/1.1" 500 - "https://corretordoipiranga.com.contadorjoseaparecido.com/wp-includes/x3542d8/index.php" "Mozilla/5.0 (Windows NT 10.0; Win64; x64) AppleWebKit/537.36 (KHTML, like Gecko) Chrome/58.0.3029.110 Safari/537.3" corretordoipiranga.com.contadorjoseaparecido.com 216.172.172.98
107.150.52.58 - - [14/Mar/2026:12:05:25 -0300] "GET /wp-content/js6d9a2d/index.php HTTP/1.1" 500 - "https://www.corretordoipiranga.com.contadorjoseaparecido.com/wp-content/js6d9a2d/index.php" "Mozilla/5.0 (Windows NT 10.0; Win64; x64) AppleWebKit/537.36 (KHTML, like Gecko) Chrome/58.0.3029.110 Safari/537.3" www.corretordoipiranga.com.contadorjoseaparecido.com 216.172.172.98
107.150.52.58 - - [14/Mar/2026:12:05:25 -0300] "GET /wp-content/js6d9a2d/index.php HTTP/1.1" 500 - "https://www.corretordoipiranga.com.contadorjoseaparecido.com/wp-content/js6d9a2d/index.php" "Mozilla/5.0 (Windows NT 10.0; Win64; x64) AppleWebKit/537.36 (KHTML, like Gecko) Chrome/58.0.3029.110 Safari/537.3" www.corretordoipiranga.com.contadorjoseaparecido.com 216.172.172.98
74.7.227.39 - - [14/Mar/2026:12:05:25 -0300] "GET /7f9?p=Ahome1Acontad42 HTTP/1.1" 200 7611 "https://corretordoipiranga.com.contadorjoseaparecido.com/7f9" "Mozilla/5.0 AppleWebKit/537.36 (KHTML, like Gecko; compatible; GPTBot/1.3; +https://openai.com/gptbot)" corretordoipiranga.com.contadorjoseaparecido.com 216.172.172.98
74.7.227.39 - - [14/Mar/2026:12:05:25 -0300] "GET /7f9?p=Ahome1Acontad42 HTTP/2.0" 200 7611 "https://corretordoipiranga.com.contadorjoseaparecido.com/7f9" "Mozilla/5.0 AppleWebKit/537.36 (KHTML, like Gecko; compatible; GPTBot/1.3; +https://openai.com/gptbot)" corretordoipiranga.com.contadorjoseaparecido.com 216.172.172.98
69.30.215.34 - - [14/Mar/2026:12:05:37 -0300] "GET /wp-content/qqa16316/index.php HTTP/1.1" 500 - "https://corretordoipiranga.com.contadorjoseaparecido.com/wp-content/qqa16316/index.php" "Mozilla/5.0 (Windows NT 10.0; Win64; x64) AppleWebKit/537.36 (KHTML, like Gecko) Chrome/58.0.3029.110 Safari/537.3" corretordoipiranga.com.contadorjoseaparecido.com 216.172.172.98
69.30.215.34 - - [14/Mar/2026:12:05:37 -0300] "GET /wp-content/qqa16316/index.php HTTP/1.1" 500 - "https://corretordoipiranga.com.contadorjoseaparecido.com/wp-content/qqa16316/index.php" "Mozilla/5.0 (Windows NT 10.0; Win64; x64) AppleWebKit/537.36 (KHTML, like Gecko) Chrome/58.0.3029.110 Safari/537.3" corretordoipiranga.com.contadorjoseaparecido.com 216.172.172.98
69.30.215.34 - - [14/Mar/2026:12:05:35 -0300] "GET /wp-content/qqa16316/index.php HTTP/1.1" 500 - "https://corretordoipiranga.com.contadorjoseaparecido.com/wp-content/qqa16316/index.php" "Mozilla/5.0 (Windows NT 10.0; Win64; x64) AppleWebKit/537.36 (KHTML, like Gecko) Chrome/58.0.3029.110 Safari/537.3" corretordoipiranga.com.contadorjoseaparecido.com 216.172.172.98
69.30.215.34 - - [14/Mar/2026:12:05:35 -0300] "GET /wp-content/qqa16316/index.php HTTP/1.1" 500 - "https://corretordoipiranga.com.contadorjoseaparecido.com/wp-content/qqa16316/index.php" "Mozilla/5.0 (Windows NT 10.0; Win64; x64) AppleWebKit/537.36 (KHTML, like Gecko) Chrome/58.0.3029.110 Safari/537.3" corretordoipiranga.com.contadorjoseaparecido.com 216.172.172.98
74.7.227.39 - - [14/Mar/2026:12:05:35 -0300] "GET /f38?p=Ahome1Acontad42 HTTP/1.1" 200 7611 "https://corretordoipiranga.com.contadorjoseaparecido.com/f38" "Mozilla/5.0 AppleWebKit/537.36 (KHTML, like Gecko; compatible; GPTBot/1.3; +https://openai.com/gptbot)" corretordoipiranga.com.contadorjoseaparecido.com 216.172.172.98
74.7.227.39 - - [14/Mar/2026:12:05:35 -0300] "GET /f38?p=Ahome1Acontad42 HTTP/2.0" 200 7611 "https://corretordoipiranga.com.contadorjoseaparecido.com/f38" "Mozilla/5.0 AppleWebKit/537.36 (KHTML, like Gecko; compatible; GPTBot/1.3; +https://openai.com/gptbot)" corretordoipiranga.com.contadorjoseaparecido.com 216.172.172.98
69.30.215.34 - - [14/Mar/2026:12:05:51 -0300] "GET /wp-content/x708fd4/index.php HTTP/1.1" 500 - "https://corretordoipiranga.com.contadorjoseaparecido.com/wp-content/x708fd4/index.php" "Mozilla/5.0 (Windows NT 10.0; Win64; x64) AppleWebKit/537.36 (KHTML, like Gecko) Chrome/58.0.3029.110 Safari/537.3" corretordoipiranga.com.contadorjoseaparecido.com 216.172.172.98
69.30.215.34 - - [14/Mar/2026:12:05:51 -0300] "GET /wp-content/x708fd4/index.php HTTP/1.1" 500 - "https://corretordoipiranga.com.contadorjoseaparecido.com/wp-content/x708fd4/index.php" "Mozilla/5.0 (Windows NT 10.0; Win64; x64) AppleWebKit/537.36 (KHTML, like Gecko) Chrome/58.0.3029.110 Safari/537.3" corretordoipiranga.com.contadorjoseaparecido.com 216.172.172.98
69.30.215.34 - - [14/Mar/2026:12:04:35 -0300] "GET /wp-includes/x253ac7/index.php HTTP/1.1" 200 - "https://corretordoipiranga.com.contadorjoseaparecido.com/wp-includes/x253ac7/index.php" "Mozilla/5.0 (Windows NT 10.0; Win64; x64) AppleWebKit/537.36 (KHTML, like Gecko) Chrome/58.0.3029.110 Safari/537.3" corretordoipiranga.com.contadorjoseaparecido.com 216.172.172.98
69.30.215.34 - - [14/Mar/2026:12:04:35 -0300] "GET /wp-includes/x253ac7/index.php HTTP/1.1" 200 - "https://corretordoipiranga.com.contadorjoseaparecido.com/wp-includes/x253ac7/index.php" "Mozilla/5.0 (Windows NT 10.0; Win64; x64) AppleWebKit/537.36 (KHTML, like Gecko) Chrome/58.0.3029.110 Safari/537.3" corretordoipiranga.com.contadorjoseaparecido.com 216.172.172.98
74.7.227.39 - - [14/Mar/2026:12:05:51 -0300] "GET /f57?p=Ahome1Acontad42 HTTP/1.1" 200 7611 "https://corretordoipiranga.com.contadorjoseaparecido.com/f57" "Mozilla/5.0 AppleWebKit/537.36 (KHTML, like Gecko; compatible; GPTBot/1.3; +https://openai.com/gptbot)" corretordoipiranga.com.contadorjoseaparecido.com 216.172.172.98
74.7.227.39 - - [14/Mar/2026:12:05:51 -0300] "GET /f57?p=Ahome1Acontad42 HTTP/2.0" 200 7611 "https://corretordoipiranga.com.contadorjoseaparecido.com/f57" "Mozilla/5.0 AppleWebKit/537.36 (KHTML, like Gecko; compatible; GPTBot/1.3; +https://openai.com/gptbot)" corretordoipiranga.com.contadorjoseaparecido.com 216.172.172.98
173.208.176.202 - - [14/Mar/2026:12:06:09 -0300] "GET /wp-includes/x253ac7/index.php?id=359177 HTTP/1.1" 409 83 "https://corretordoipiranga.com.contadorjoseaparecido.com/wp-includes/x253ac7/index.php?id=359177" "Mozilla/5.0 (Windows NT 10.0; Win64; x64) AppleWebKit/537.36 (KHTML, like Gecko) Chrome/58.0.3029.110 Safari/537.3" corretordoipiranga.com.contadorjoseaparecido.com 216.172.172.98
69.30.215.34 - - [14/Mar/2026:12:04:43 -0300] "GET /wp-content/jsa45993/index.php HTTP/1.1" 200 - "https://corretordoipiranga.com.contadorjoseaparecido.com/wp-content/jsa45993/index.php" "Mozilla/5.0 (Windows NT 10.0; Win64; x64) AppleWebKit/537.36 (KHTML, like Gecko) Chrome/58.0.3029.110 Safari/537.3" corretordoipiranga.com.contadorjoseaparecido.com 216.172.172.98
69.30.215.34 - - [14/Mar/2026:12:04:43 -0300] "GET /wp-content/jsa45993/index.php HTTP/1.1" 200 - "https://corretordoipiranga.com.contadorjoseaparecido.com/wp-content/jsa45993/index.php" "Mozilla/5.0 (Windows NT 10.0; Win64; x64) AppleWebKit/537.36 (KHTML, like Gecko) Chrome/58.0.3029.110 Safari/537.3" corretordoipiranga.com.contadorjoseaparecido.com 216.172.172.98
107.150.52.58 - - [14/Mar/2026:12:06:09 -0300] "GET /wp-content/br042b2a/index.php HTTP/1.1" 500 - "https://corretordoipiranga.com.contadorjoseaparecido.com/wp-content/br042b2a/index.php" "Mozilla/5.0 (Windows NT 10.0; Win64; x64) AppleWebKit/537.36 (KHTML, like Gecko) Chrome/58.0.3029.110 Safari/537.3" corretordoipiranga.com.contadorjoseaparecido.com 216.172.172.98
107.150.52.58 - - [14/Mar/2026:12:06:10 -0300] "GET /wp-content/br042b2a/index.php HTTP/1.1" 500 - "https://corretordoipiranga.com.contadorjoseaparecido.com/wp-content/br042b2a/index.php" "Mozilla/5.0 (Windows NT 10.0; Win64; x64) AppleWebKit/537.36 (KHTML, like Gecko) Chrome/58.0.3029.110 Safari/537.3" corretordoipiranga.com.contadorjoseaparecido.com 216.172.172.98
173.208.176.202 - - [14/Mar/2026:12:06:15 -0300] "GET /wp-content/jsa45993/index.php?id=978328 HTTP/1.1" 409 83 "https://corretordoipiranga.com.contadorjoseaparecido.com/wp-content/jsa45993/index.php?id=978328" "Mozilla/5.0 (Windows NT 10.0; Win64; x64) AppleWebKit/537.36 (KHTML, like Gecko) Chrome/58.0.3029.110 Safari/537.3" corretordoipiranga.com.contadorjoseaparecido.com 216.172.172.98
74.7.227.39 - - [14/Mar/2026:12:06:08 -0300] "GET /8f5?p=Ahome1Acontad42 HTTP/1.1" 200 7611 "https://corretordoipiranga.com.contadorjoseaparecido.com/8f5" "Mozilla/5.0 AppleWebKit/537.36 (KHTML, like Gecko; compatible; GPTBot/1.3; +https://openai.com/gptbot)" corretordoipiranga.com.contadorjoseaparecido.com 216.172.172.98
74.7.227.39 - - [14/Mar/2026:12:06:08 -0300] "GET /8f5?p=Ahome1Acontad42 HTTP/2.0" 200 7611 "https://corretordoipiranga.com.contadorjoseaparecido.com/8f5" "Mozilla/5.0 AppleWebKit/537.36 (KHTML, like Gecko; compatible; GPTBot/1.3; +https://openai.com/gptbot)" corretordoipiranga.com.contadorjoseaparecido.com 216.172.172.98
74.7.227.157 - - [14/Mar/2026:12:06:09 -0300] "GET /edit-post.min.js?p=Ahome1Acontad42AhugvitalitydomboscoIcomIbrAwp-includesAcssAdistAbase-styles HTTP/2.0" 200 1982 "https://www.corretordoipiranga.com.contadorjoseaparecido.com/edit-post.min.js?p=Ahome1Acontad42AhugvitalitydomboscoIcomIbrAwp-includesAcssAdist" "Mozilla/5.0 AppleWebKit/537.36 (KHTML, like Gecko; compatible; GPTBot/1.3; +https://openai.com/gptbot)" www.corretordoipiranga.com.contadorjoseaparecido.com 216.172.172.98
107.150.52.58 - - [14/Mar/2026:12:04:59 -0300] "GET /wp-includes/bree4d72/index.php HTTP/1.1" 200 - "https://corretordoipiranga.com.contadorjoseaparecido.com/wp-includes/bree4d72/index.php" "Mozilla/5.0 (Windows NT 10.0; Win64; x64) AppleWebKit/537.36 (KHTML, like Gecko) Chrome/58.0.3029.110 Safari/537.3" corretordoipiranga.com.contadorjoseaparecido.com 216.172.172.98
107.150.52.58 - - [14/Mar/2026:12:04:59 -0300] "GET /wp-includes/bree4d72/index.php HTTP/1.1" 200 - "https://corretordoipiranga.com.contadorjoseaparecido.com/wp-includes/bree4d72/index.php" "Mozilla/5.0 (Windows NT 10.0; Win64; x64) AppleWebKit/537.36 (KHTML, like Gecko) Chrome/58.0.3029.110 Safari/537.3" corretordoipiranga.com.contadorjoseaparecido.com 216.172.172.98
69.30.215.34 - - [14/Mar/2026:12:06:28 -0300] "GET /wp-content/ad18d47b/index.php HTTP/1.1" 500 - "https://www.corretordoipiranga.com.contadorjoseaparecido.com/wp-content/ad18d47b/index.php" "Mozilla/5.0 (Windows NT 10.0; Win64; x64) AppleWebKit/537.36 (KHTML, like Gecko) Chrome/58.0.3029.110 Safari/537.3" www.corretordoipiranga.com.contadorjoseaparecido.com 216.172.172.98
69.30.215.34 - - [14/Mar/2026:12:06:27 -0300] "GET /wp-content/ad18d47b/index.php HTTP/1.1" 500 - "https://www.corretordoipiranga.com.contadorjoseaparecido.com/wp-content/ad18d47b/index.php" "Mozilla/5.0 (Windows NT 10.0; Win64; x64) AppleWebKit/537.36 (KHTML, like Gecko) Chrome/58.0.3029.110 Safari/537.3" www.corretordoipiranga.com.contadorjoseaparecido.com 216.172.172.98
69.30.215.34 - - [14/Mar/2026:12:06:28 -0300] "GET /wp-content/x18d47b/index.php HTTP/1.1" 500 - "https://corretordoipiranga.com.contadorjoseaparecido.com/wp-content/x18d47b/index.php" "Mozilla/5.0 (Windows NT 10.0; Win64; x64) AppleWebKit/537.36 (KHTML, like Gecko) Chrome/58.0.3029.110 Safari/537.3" corretordoipiranga.com.contadorjoseaparecido.com 216.172.172.98
69.30.215.34 - - [14/Mar/2026:12:06:27 -0300] "GET /wp-content/x18d47b/index.php HTTP/1.1" 500 - "https://corretordoipiranga.com.contadorjoseaparecido.com/wp-content/x18d47b/index.php" "Mozilla/5.0 (Windows NT 10.0; Win64; x64) AppleWebKit/537.36 (KHTML, like Gecko) Chrome/58.0.3029.110 Safari/537.3" corretordoipiranga.com.contadorjoseaparecido.com 216.172.172.98
173.208.176.202 - - [14/Mar/2026:12:06:30 -0300] "GET /wp-includes/bree4d72/index.php?id=717766 HTTP/1.1" 409 83 "https://corretordoipiranga.com.contadorjoseaparecido.com/wp-includes/bree4d72/index.php?id=717766" "Mozilla/5.0 (Windows NT 10.0; Win64; x64) AppleWebKit/537.36 (KHTML, like Gecko) Chrome/58.0.3029.110 Safari/537.3" corretordoipiranga.com.contadorjoseaparecido.com 216.172.172.98
74.7.227.39 - - [14/Mar/2026:12:06:27 -0300] "GET /6b5?p=Ahome1Acontad42 HTTP/1.1" 200 7611 "https://corretordoipiranga.com.contadorjoseaparecido.com/6b5" "Mozilla/5.0 AppleWebKit/537.36 (KHTML, like Gecko; compatible; GPTBot/1.3; +https://openai.com/gptbot)" corretordoipiranga.com.contadorjoseaparecido.com 216.172.172.98
74.7.227.39 - - [14/Mar/2026:12:06:27 -0300] "GET /6b5?p=Ahome1Acontad42 HTTP/2.0" 200 7611 "https://corretordoipiranga.com.contadorjoseaparecido.com/6b5" "Mozilla/5.0 AppleWebKit/537.36 (KHTML, like Gecko; compatible; GPTBot/1.3; +https://openai.com/gptbot)" corretordoipiranga.com.contadorjoseaparecido.com 216.172.172.98
69.30.215.34 - - [14/Mar/2026:12:05:15 -0300] "GET /wp-content/ad881d03/index.php HTTP/1.1" 200 - "https://corretordoipiranga.com.contadorjoseaparecido.com/wp-content/ad881d03/index.php" "Mozilla/5.0 (Windows NT 10.0; Win64; x64) AppleWebKit/537.36 (KHTML, like Gecko) Chrome/58.0.3029.110 Safari/537.3" corretordoipiranga.com.contadorjoseaparecido.com 216.172.172.98
69.30.215.34 - - [14/Mar/2026:12:05:15 -0300] "GET /wp-content/ad881d03/index.php HTTP/1.1" 200 - "https://corretordoipiranga.com.contadorjoseaparecido.com/wp-content/ad881d03/index.php" "Mozilla/5.0 (Windows NT 10.0; Win64; x64) AppleWebKit/537.36 (KHTML, like Gecko) Chrome/58.0.3029.110 Safari/537.3" corretordoipiranga.com.contadorjoseaparecido.com 216.172.172.98
173.208.176.202 - - [14/Mar/2026:12:06:47 -0300] "GET /wp-content/ad881d03/index.php?id=816347 HTTP/1.1" 409 83 "https://corretordoipiranga.com.contadorjoseaparecido.com/wp-content/ad881d03/index.php?id=816347" "Mozilla/5.0 (Windows NT 10.0; Win64; x64) AppleWebKit/537.36 (KHTML, like Gecko) Chrome/58.0.3029.110 Safari/537.3" corretordoipiranga.com.contadorjoseaparecido.com 216.172.172.98
69.30.240.242 - - [14/Mar/2026:12:06:46 -0300] "GET /wp-content/js028868/index.php HTTP/1.1" 500 - "https://corretordoipiranga.com.contadorjoseaparecido.com/wp-content/js028868/index.php" "Mozilla/5.0 (Windows NT 10.0; Win64; x64) AppleWebKit/537.36 (KHTML, like Gecko) Chrome/58.0.3029.110 Safari/537.3" corretordoipiranga.com.contadorjoseaparecido.com 216.172.172.98
69.30.240.242 - - [14/Mar/2026:12:06:45 -0300] "GET /wp-content/js028868/index.php HTTP/1.1" 500 - "https://corretordoipiranga.com.contadorjoseaparecido.com/wp-content/js028868/index.php" "Mozilla/5.0 (Windows NT 10.0; Win64; x64) AppleWebKit/537.36 (KHTML, like Gecko) Chrome/58.0.3029.110 Safari/537.3" corretordoipiranga.com.contadorjoseaparecido.com 216.172.172.98
69.30.215.34 - - [14/Mar/2026:12:05:27 -0300] "GET /wp-includes/x3542d8/index.php HTTP/1.1" 200 - "https://corretordoipiranga.com.contadorjoseaparecido.com/wp-includes/x3542d8/index.php" "Mozilla/5.0 (Windows NT 10.0; Win64; x64) AppleWebKit/537.36 (KHTML, like Gecko) Chrome/58.0.3029.110 Safari/537.3" corretordoipiranga.com.contadorjoseaparecido.com 216.172.172.98
69.30.215.34 - - [14/Mar/2026:12:05:27 -0300] "GET /wp-includes/x3542d8/index.php HTTP/1.1" 200 - "https://corretordoipiranga.com.contadorjoseaparecido.com/wp-includes/x3542d8/index.php" "Mozilla/5.0 (Windows NT 10.0; Win64; x64) AppleWebKit/537.36 (KHTML, like Gecko) Chrome/58.0.3029.110 Safari/537.3" corretordoipiranga.com.contadorjoseaparecido.com 216.172.172.98
173.208.176.202 - - [14/Mar/2026:12:07:04 -0300] "GET /wp-includes/x3542d8/index.php?id=624691 HTTP/1.1" 409 83 "https://corretordoipiranga.com.contadorjoseaparecido.com/wp-includes/x3542d8/index.php?id=624691" "Mozilla/5.0 (Windows NT 10.0; Win64; x64) AppleWebKit/537.36 (KHTML, like Gecko) Chrome/58.0.3029.110 Safari/537.3" corretordoipiranga.com.contadorjoseaparecido.com 216.172.172.98
74.7.227.39 - - [14/Mar/2026:12:06:45 -0300] "GET /6b0?p=Ahome1Acontad42 HTTP/1.1" 200 7611 "https://corretordoipiranga.com.contadorjoseaparecido.com/6b0" "Mozilla/5.0 AppleWebKit/537.36 (KHTML, like Gecko; compatible; GPTBot/1.3; +https://openai.com/gptbot)" corretordoipiranga.com.contadorjoseaparecido.com 216.172.172.98
74.7.227.39 - - [14/Mar/2026:12:06:45 -0300] "GET /6b0?p=Ahome1Acontad42 HTTP/2.0" 200 7611 "https://corretordoipiranga.com.contadorjoseaparecido.com/6b0" "Mozilla/5.0 AppleWebKit/537.36 (KHTML, like Gecko; compatible; GPTBot/1.3; +https://openai.com/gptbot)" corretordoipiranga.com.contadorjoseaparecido.com 216.172.172.98
69.30.215.34 - - [14/Mar/2026:12:07:06 -0300] "GET /wp-includes/aded02d4/index.php HTTP/1.1" 500 - "https://corretordoipiranga.com.contadorjoseaparecido.com/wp-includes/aded02d4/index.php" "Mozilla/5.0 (Windows NT 10.0; Win64; x64) AppleWebKit/537.36 (KHTML, like Gecko) Chrome/58.0.3029.110 Safari/537.3" corretordoipiranga.com.contadorjoseaparecido.com 216.172.172.98
69.30.215.34 - - [14/Mar/2026:12:07:05 -0300] "GET /wp-includes/aded02d4/index.php HTTP/1.1" 500 - "https://corretordoipiranga.com.contadorjoseaparecido.com/wp-includes/aded02d4/index.php" "Mozilla/5.0 (Windows NT 10.0; Win64; x64) AppleWebKit/537.36 (KHTML, like Gecko) Chrome/58.0.3029.110 Safari/537.3" corretordoipiranga.com.contadorjoseaparecido.com 216.172.172.98
69.30.215.34 - - [14/Mar/2026:12:05:53 -0300] "GET /wp-content/x708fd4/index.php HTTP/1.1" 200 - "https://corretordoipiranga.com.contadorjoseaparecido.com/wp-content/x708fd4/index.php" "Mozilla/5.0 (Windows NT 10.0; Win64; x64) AppleWebKit/537.36 (KHTML, like Gecko) Chrome/58.0.3029.110 Safari/537.3" corretordoipiranga.com.contadorjoseaparecido.com 216.172.172.98
69.30.215.34 - - [14/Mar/2026:12:05:53 -0300] "GET /wp-content/x708fd4/index.php HTTP/1.1" 200 - "https://corretordoipiranga.com.contadorjoseaparecido.com/wp-content/x708fd4/index.php" "Mozilla/5.0 (Windows NT 10.0; Win64; x64) AppleWebKit/537.36 (KHTML, like Gecko) Chrome/58.0.3029.110 Safari/537.3" corretordoipiranga.com.contadorjoseaparecido.com 216.172.172.98
173.208.176.202 - - [14/Mar/2026:12:07:24 -0300] "GET /wp-content/x708fd4/index.php?id=107908 HTTP/1.1" 409 83 "https://corretordoipiranga.com.contadorjoseaparecido.com/wp-content/x708fd4/index.php?id=107908" "Mozilla/5.0 (Windows NT 10.0; Win64; x64) AppleWebKit/537.36 (KHTML, like Gecko) Chrome/58.0.3029.110 Safari/537.3" corretordoipiranga.com.contadorjoseaparecido.com 216.172.172.98
74.7.227.39 - - [14/Mar/2026:12:07:05 -0300] "GET /f67?p=Ahome1Acontad42 HTTP/1.1" 200 7611 "https://corretordoipiranga.com.contadorjoseaparecido.com/f67" "Mozilla/5.0 AppleWebKit/537.36 (KHTML, like Gecko; compatible; GPTBot/1.3; +https://openai.com/gptbot)" corretordoipiranga.com.contadorjoseaparecido.com 216.172.172.98
74.7.227.39 - - [14/Mar/2026:12:07:05 -0300] "GET /f67?p=Ahome1Acontad42 HTTP/2.0" 200 7611 "https://corretordoipiranga.com.contadorjoseaparecido.com/f67" "Mozilla/5.0 AppleWebKit/537.36 (KHTML, like Gecko; compatible; GPTBot/1.3; +https://openai.com/gptbot)" corretordoipiranga.com.contadorjoseaparecido.com 216.172.172.98
69.30.215.34 - - [14/Mar/2026:12:07:25 -0300] "GET /wp-includes/br68b3fa/index.php HTTP/1.1" 500 - "https://corretordoipiranga.com.contadorjoseaparecido.com/wp-includes/br68b3fa/index.php" "Mozilla/5.0 (Windows NT 10.0; Win64; x64) AppleWebKit/537.36 (KHTML, like Gecko) Chrome/58.0.3029.110 Safari/537.3" corretordoipiranga.com.contadorjoseaparecido.com 216.172.172.98
69.30.215.34 - - [14/Mar/2026:12:07:25 -0300] "GET /wp-includes/br68b3fa/index.php HTTP/1.1" 500 - "https://corretordoipiranga.com.contadorjoseaparecido.com/wp-includes/br68b3fa/index.php" "Mozilla/5.0 (Windows NT 10.0; Win64; x64) AppleWebKit/537.36 (KHTML, like Gecko) Chrome/58.0.3029.110 Safari/537.3" corretordoipiranga.com.contadorjoseaparecido.com 216.172.172.98
74.7.227.157 - - [14/Mar/2026:12:07:07 -0300] "GET /customize-preview.min.js HTTP/2.0" 200 1861 "https://www.corretordoipiranga.com.contadorjoseaparecido.com/edit-post.min.js?p=Ahome1Acontad42AhugvitalitydomboscoIcomIbrAwp-includesAjs" "Mozilla/5.0 AppleWebKit/537.36 (KHTML, like Gecko; compatible; GPTBot/1.3; +https://openai.com/gptbot)" www.corretordoipiranga.com.contadorjoseaparecido.com 216.172.172.98
69.30.215.34 - - [14/Mar/2026:12:07:29 -0300] "GET /wp-includes/pla9886f/index.php HTTP/1.1" 500 - "https://www.corretordoipiranga.com.contadorjoseaparecido.com/wp-includes/pla9886f/index.php" "Mozilla/5.0 (Windows NT 10.0; Win64; x64) AppleWebKit/537.36 (KHTML, like Gecko) Chrome/58.0.3029.110 Safari/537.3" www.corretordoipiranga.com.contadorjoseaparecido.com 216.172.172.98
69.30.215.34 - - [14/Mar/2026:12:07:29 -0300] "GET /wp-includes/pla9886f/index.php HTTP/1.1" 500 - "https://www.corretordoipiranga.com.contadorjoseaparecido.com/wp-includes/pla9886f/index.php" "Mozilla/5.0 (Windows NT 10.0; Win64; x64) AppleWebKit/537.36 (KHTML, like Gecko) Chrome/58.0.3029.110 Safari/537.3" www.corretordoipiranga.com.contadorjoseaparecido.com 216.172.172.98
107.150.52.58 - - [14/Mar/2026:12:06:11 -0300] "GET /wp-content/br042b2a/index.php HTTP/1.1" 200 - "https://corretordoipiranga.com.contadorjoseaparecido.com/wp-content/br042b2a/index.php" "Mozilla/5.0 (Windows NT 10.0; Win64; x64) AppleWebKit/537.36 (KHTML, like Gecko) Chrome/58.0.3029.110 Safari/537.3" corretordoipiranga.com.contadorjoseaparecido.com 216.172.172.98
107.150.52.58 - - [14/Mar/2026:12:06:11 -0300] "GET /wp-content/br042b2a/index.php HTTP/1.1" 200 - "https://corretordoipiranga.com.contadorjoseaparecido.com/wp-content/br042b2a/index.php" "Mozilla/5.0 (Windows NT 10.0; Win64; x64) AppleWebKit/537.36 (KHTML, like Gecko) Chrome/58.0.3029.110 Safari/537.3" corretordoipiranga.com.contadorjoseaparecido.com 216.172.172.98
173.208.176.202 - - [14/Mar/2026:12:07:43 -0300] "GET /wp-content/br042b2a/index.php?id=508328 HTTP/1.1" 409 83 "https://corretordoipiranga.com.contadorjoseaparecido.com/wp-content/br042b2a/index.php?id=508328" "Mozilla/5.0 (Windows NT 10.0; Win64; x64) AppleWebKit/537.36 (KHTML, like Gecko) Chrome/58.0.3029.110 Safari/537.3" corretordoipiranga.com.contadorjoseaparecido.com 216.172.172.98
74.7.227.39 - - [14/Mar/2026:12:07:26 -0300] "GET /89b?p=Ahome1Acontad42 HTTP/1.1" 200 7611 "https://corretordoipiranga.com.contadorjoseaparecido.com/89b" "Mozilla/5.0 AppleWebKit/537.36 (KHTML, like Gecko; compatible; GPTBot/1.3; +https://openai.com/gptbot)" corretordoipiranga.com.contadorjoseaparecido.com 216.172.172.98
74.7.227.39 - - [14/Mar/2026:12:07:26 -0300] "GET /89b?p=Ahome1Acontad42 HTTP/2.0" 200 7611 "https://corretordoipiranga.com.contadorjoseaparecido.com/89b" "Mozilla/5.0 AppleWebKit/537.36 (KHTML, like Gecko; compatible; GPTBot/1.3; +https://openai.com/gptbot)" corretordoipiranga.com.contadorjoseaparecido.com 216.172.172.98
69.30.215.34 - - [14/Mar/2026:12:07:46 -0300] "GET /wp-content/pl629998/index.php HTTP/1.1" 500 - "https://corretordoipiranga.com.contadorjoseaparecido.com/wp-content/pl629998/index.php" "Mozilla/5.0 (Windows NT 10.0; Win64; x64) AppleWebKit/537.36 (KHTML, like Gecko) Chrome/58.0.3029.110 Safari/537.3" corretordoipiranga.com.contadorjoseaparecido.com 216.172.172.98
69.30.215.34 - - [14/Mar/2026:12:07:45 -0300] "GET /wp-content/pl629998/index.php HTTP/1.1" 500 - "https://corretordoipiranga.com.contadorjoseaparecido.com/wp-content/pl629998/index.php" "Mozilla/5.0 (Windows NT 10.0; Win64; x64) AppleWebKit/537.36 (KHTML, like Gecko) Chrome/58.0.3029.110 Safari/537.3" corretordoipiranga.com.contadorjoseaparecido.com 216.172.172.98
69.30.215.34 - - [14/Mar/2026:12:06:29 -0300] "GET /wp-content/ad18d47b/index.php HTTP/1.1" 200 - "https://www.corretordoipiranga.com.contadorjoseaparecido.com/wp-content/ad18d47b/index.php" "Mozilla/5.0 (Windows NT 10.0; Win64; x64) AppleWebKit/537.36 (KHTML, like Gecko) Chrome/58.0.3029.110 Safari/537.3" www.corretordoipiranga.com.contadorjoseaparecido.com 216.172.172.98
69.30.215.34 - - [14/Mar/2026:12:06:29 -0300] "GET /wp-content/ad18d47b/index.php HTTP/1.1" 200 - "https://www.corretordoipiranga.com.contadorjoseaparecido.com/wp-content/ad18d47b/index.php" "Mozilla/5.0 (Windows NT 10.0; Win64; x64) AppleWebKit/537.36 (KHTML, like Gecko) Chrome/58.0.3029.110 Safari/537.3" www.corretordoipiranga.com.contadorjoseaparecido.com 216.172.172.98
69.30.215.34 - - [14/Mar/2026:12:06:29 -0300] "GET /wp-content/x18d47b/index.php HTTP/1.1" 200 - "https://corretordoipiranga.com.contadorjoseaparecido.com/wp-content/x18d47b/index.php" "Mozilla/5.0 (Windows NT 10.0; Win64; x64) AppleWebKit/537.36 (KHTML, like Gecko) Chrome/58.0.3029.110 Safari/537.3" corretordoipiranga.com.contadorjoseaparecido.com 216.172.172.98
69.30.215.34 - - [14/Mar/2026:12:06:29 -0300] "GET /wp-content/x18d47b/index.php HTTP/1.1" 200 - "https://corretordoipiranga.com.contadorjoseaparecido.com/wp-content/x18d47b/index.php" "Mozilla/5.0 (Windows NT 10.0; Win64; x64) AppleWebKit/537.36 (KHTML, like Gecko) Chrome/58.0.3029.110 Safari/537.3" corretordoipiranga.com.contadorjoseaparecido.com 216.172.172.98
173.208.176.202 - - [14/Mar/2026:12:08:02 -0300] "GET /wp-content/ad18d47b/index.php?id=606022 HTTP/1.1" 409 83 "https://www.corretordoipiranga.com.contadorjoseaparecido.com/wp-content/ad18d47b/index.php?id=606022" "Mozilla/5.0 (Windows NT 10.0; Win64; x64) AppleWebKit/537.36 (KHTML, like Gecko) Chrome/58.0.3029.110 Safari/537.3" www.corretordoipiranga.com.contadorjoseaparecido.com 216.172.172.98
173.208.176.202 - - [14/Mar/2026:12:08:02 -0300] "GET /wp-content/x18d47b/index.php?id=35604 HTTP/1.1" 409 83 "https://corretordoipiranga.com.contadorjoseaparecido.com/wp-content/x18d47b/index.php?id=35604" "Mozilla/5.0 (Windows NT 10.0; Win64; x64) AppleWebKit/537.36 (KHTML, like Gecko) Chrome/58.0.3029.110 Safari/537.3" corretordoipiranga.com.contadorjoseaparecido.com 216.172.172.98
74.7.227.39 - - [14/Mar/2026:12:07:46 -0300] "GET /b09?p=Ahome1Acontad42 HTTP/1.1" 200 7611 "https://corretordoipiranga.com.contadorjoseaparecido.com/b09" "Mozilla/5.0 AppleWebKit/537.36 (KHTML, like Gecko; compatible; GPTBot/1.3; +https://openai.com/gptbot)" corretordoipiranga.com.contadorjoseaparecido.com 216.172.172.98
74.7.227.39 - - [14/Mar/2026:12:07:46 -0300] "GET /b09?p=Ahome1Acontad42 HTTP/2.0" 200 7611 "https://corretordoipiranga.com.contadorjoseaparecido.com/b09" "Mozilla/5.0 AppleWebKit/537.36 (KHTML, like Gecko; compatible; GPTBot/1.3; +https://openai.com/gptbot)" corretordoipiranga.com.contadorjoseaparecido.com 216.172.172.98
107.150.52.58 - - [14/Mar/2026:12:08:06 -0300] "GET /wp-content/x254602/index.php HTTP/1.1" 500 - "https://corretordoipiranga.com.contadorjoseaparecido.com/wp-content/x254602/index.php" "Mozilla/5.0 (Windows NT 10.0; Win64; x64) AppleWebKit/537.36 (KHTML, like Gecko) Chrome/58.0.3029.110 Safari/537.3" corretordoipiranga.com.contadorjoseaparecido.com 216.172.172.98
107.150.52.58 - - [14/Mar/2026:12:08:06 -0300] "GET /wp-content/x254602/index.php HTTP/1.1" 500 - "https://corretordoipiranga.com.contadorjoseaparecido.com/wp-content/x254602/index.php" "Mozilla/5.0 (Windows NT 10.0; Win64; x64) AppleWebKit/537.36 (KHTML, like Gecko) Chrome/58.0.3029.110 Safari/537.3" corretordoipiranga.com.contadorjoseaparecido.com 216.172.172.98
69.30.240.242 - - [14/Mar/2026:12:06:48 -0300] "GET /wp-content/js028868/index.php HTTP/1.1" 200 - "https://corretordoipiranga.com.contadorjoseaparecido.com/wp-content/js028868/index.php" "Mozilla/5.0 (Windows NT 10.0; Win64; x64) AppleWebKit/537.36 (KHTML, like Gecko) Chrome/58.0.3029.110 Safari/537.3" corretordoipiranga.com.contadorjoseaparecido.com 216.172.172.98
69.30.240.242 - - [14/Mar/2026:12:06:47 -0300] "GET /wp-content/js028868/index.php HTTP/1.1" 200 - "https://corretordoipiranga.com.contadorjoseaparecido.com/wp-content/js028868/index.php" "Mozilla/5.0 (Windows NT 10.0; Win64; x64) AppleWebKit/537.36 (KHTML, like Gecko) Chrome/58.0.3029.110 Safari/537.3" corretordoipiranga.com.contadorjoseaparecido.com 216.172.172.98
173.208.176.202 - - [14/Mar/2026:12:08:19 -0300] "GET /wp-content/js028868/index.php?id=926100 HTTP/1.1" 409 83 "https://corretordoipiranga.com.contadorjoseaparecido.com/wp-content/js028868/index.php?id=926100" "Mozilla/5.0 (Windows NT 10.0; Win64; x64) AppleWebKit/537.36 (KHTML, like Gecko) Chrome/58.0.3029.110 Safari/537.3" corretordoipiranga.com.contadorjoseaparecido.com 216.172.172.98
74.7.227.157 - - [14/Mar/2026:12:08:00 -0300] "GET /edit-post.min.js?p=Ahome1Acontad42AhugvitalitydomboscoIcomIbrAwp-includesAjsAjcrop HTTP/2.0" 200 1784 "https://www.corretordoipiranga.com.contadorjoseaparecido.com/edit-post.min.js?p=Ahome1Acontad42AhugvitalitydomboscoIcomIbrAwp-includesAjs" "Mozilla/5.0 AppleWebKit/537.36 (KHTML, like Gecko; compatible; GPTBot/1.3; +https://openai.com/gptbot)" www.corretordoipiranga.com.contadorjoseaparecido.com 216.172.172.98
69.30.215.34 - - [14/Mar/2026:12:08:22 -0300] "GET /wp-includes/adad54eb/index.php HTTP/1.1" 500 - "https://www.corretordoipiranga.com.contadorjoseaparecido.com/wp-includes/adad54eb/index.php" "Mozilla/5.0 (Windows NT 10.0; Win64; x64) AppleWebKit/537.36 (KHTML, like Gecko) Chrome/58.0.3029.110 Safari/537.3" www.corretordoipiranga.com.contadorjoseaparecido.com 216.172.172.98
69.30.215.34 - - [14/Mar/2026:12:08:22 -0300] "GET /wp-includes/adad54eb/index.php HTTP/1.1" 500 - "https://www.corretordoipiranga.com.contadorjoseaparecido.com/wp-includes/adad54eb/index.php" "Mozilla/5.0 (Windows NT 10.0; Win64; x64) AppleWebKit/537.36 (KHTML, like Gecko) Chrome/58.0.3029.110 Safari/537.3" www.corretordoipiranga.com.contadorjoseaparecido.com 216.172.172.98
74.7.227.39 - - [14/Mar/2026:12:08:05 -0300] "GET /08b?edit=.spamassassinenable&p=Ahome1Acontad42 HTTP/1.1" 200 690 "https://corretordoipiranga.com.contadorjoseaparecido.com/08b?p=Ahome1Acontad42" "Mozilla/5.0 AppleWebKit/537.36 (KHTML, like Gecko; compatible; GPTBot/1.3; +https://openai.com/gptbot)" corretordoipiranga.com.contadorjoseaparecido.com 216.172.172.98
74.7.227.39 - - [14/Mar/2026:12:08:05 -0300] "GET /08b?edit=.spamassassinenable&p=Ahome1Acontad42 HTTP/2.0" 200 690 "https://corretordoipiranga.com.contadorjoseaparecido.com/08b?p=Ahome1Acontad42" "Mozilla/5.0 AppleWebKit/537.36 (KHTML, like Gecko; compatible; GPTBot/1.3; +https://openai.com/gptbot)" corretordoipiranga.com.contadorjoseaparecido.com 216.172.172.98
69.30.215.34 - - [14/Mar/2026:12:08:20 -0300] "GET /wp-includes/adad54eb/index.php HTTP/1.1" 500 - "https://www.corretordoipiranga.com.contadorjoseaparecido.com/wp-includes/adad54eb/index.php" "Mozilla/5.0 (Windows NT 10.0; Win64; x64) AppleWebKit/537.36 (KHTML, like Gecko) Chrome/58.0.3029.110 Safari/537.3" www.corretordoipiranga.com.contadorjoseaparecido.com 216.172.172.98
69.30.215.34 - - [14/Mar/2026:12:08:20 -0300] "GET /wp-includes/adad54eb/index.php HTTP/1.1" 500 - "https://www.corretordoipiranga.com.contadorjoseaparecido.com/wp-includes/adad54eb/index.php" "Mozilla/5.0 (Windows NT 10.0; Win64; x64) AppleWebKit/537.36 (KHTML, like Gecko) Chrome/58.0.3029.110 Safari/537.3" www.corretordoipiranga.com.contadorjoseaparecido.com 216.172.172.98
107.150.52.58 - - [14/Mar/2026:12:08:28 -0300] "GET /wp-includes/wp753cc1/index.php HTTP/1.1" 500 - "https://corretordoipiranga.com.contadorjoseaparecido.com/wp-includes/wp753cc1/index.php" "Mozilla/5.0 (Windows NT 10.0; Win64; x64) AppleWebKit/537.36 (KHTML, like Gecko) Chrome/58.0.3029.110 Safari/537.3" corretordoipiranga.com.contadorjoseaparecido.com 216.172.172.98
107.150.52.58 - - [14/Mar/2026:12:08:28 -0300] "GET /wp-includes/wp753cc1/index.php HTTP/1.1" 500 - "https://corretordoipiranga.com.contadorjoseaparecido.com/wp-includes/wp753cc1/index.php" "Mozilla/5.0 (Windows NT 10.0; Win64; x64) AppleWebKit/537.36 (KHTML, like Gecko) Chrome/58.0.3029.110 Safari/537.3" corretordoipiranga.com.contadorjoseaparecido.com 216.172.172.98
69.30.215.34 - - [14/Mar/2026:12:07:08 -0300] "GET /wp-includes/aded02d4/index.php HTTP/1.1" 200 - "https://corretordoipiranga.com.contadorjoseaparecido.com/wp-includes/aded02d4/index.php" "Mozilla/5.0 (Windows NT 10.0; Win64; x64) AppleWebKit/537.36 (KHTML, like Gecko) Chrome/58.0.3029.110 Safari/537.3" corretordoipiranga.com.contadorjoseaparecido.com 216.172.172.98
69.30.215.34 - - [14/Mar/2026:12:07:07 -0300] "GET /wp-includes/aded02d4/index.php HTTP/1.1" 200 - "https://corretordoipiranga.com.contadorjoseaparecido.com/wp-includes/aded02d4/index.php" "Mozilla/5.0 (Windows NT 10.0; Win64; x64) AppleWebKit/537.36 (KHTML, like Gecko) Chrome/58.0.3029.110 Safari/537.3" corretordoipiranga.com.contadorjoseaparecido.com 216.172.172.98
173.208.176.202 - - [14/Mar/2026:12:08:39 -0300] "GET /wp-includes/aded02d4/index.php?id=549073 HTTP/1.1" 409 83 "https://corretordoipiranga.com.contadorjoseaparecido.com/wp-includes/aded02d4/index.php?id=549073" "Mozilla/5.0 (Windows NT 10.0; Win64; x64) AppleWebKit/537.36 (KHTML, like Gecko) Chrome/58.0.3029.110 Safari/537.3" corretordoipiranga.com.contadorjoseaparecido.com 216.172.172.98
74.7.227.39 - - [14/Mar/2026:12:08:25 -0300] "GET /53b?edit=error_log&p=Ahome1Acontad42 HTTP/1.1" 200 875 "https://corretordoipiranga.com.contadorjoseaparecido.com/53b?p=Ahome1Acontad42" "Mozilla/5.0 AppleWebKit/537.36 (KHTML, like Gecko; compatible; GPTBot/1.3; +https://openai.com/gptbot)" corretordoipiranga.com.contadorjoseaparecido.com 216.172.172.98
74.7.227.39 - - [14/Mar/2026:12:08:25 -0300] "GET /53b?edit=error_log&p=Ahome1Acontad42 HTTP/2.0" 200 875 "https://corretordoipiranga.com.contadorjoseaparecido.com/53b?p=Ahome1Acontad42" "Mozilla/5.0 AppleWebKit/537.36 (KHTML, like Gecko; compatible; GPTBot/1.3; +https://openai.com/gptbot)" corretordoipiranga.com.contadorjoseaparecido.com 216.172.172.98
107.150.52.58 - - [14/Mar/2026:12:08:26 -0300] "GET /wp-includes/wp753cc1/index.php HTTP/1.1" 500 - "https://corretordoipiranga.com.contadorjoseaparecido.com/wp-includes/wp753cc1/index.php" "Mozilla/5.0 (Windows NT 10.0; Win64; x64) AppleWebKit/537.36 (KHTML, like Gecko) Chrome/58.0.3029.110 Safari/537.3" corretordoipiranga.com.contadorjoseaparecido.com 216.172.172.98
107.150.52.58 - - [14/Mar/2026:12:08:26 -0300] "GET /wp-includes/wp753cc1/index.php HTTP/1.1" 500 - "https://corretordoipiranga.com.contadorjoseaparecido.com/wp-includes/wp753cc1/index.php" "Mozilla/5.0 (Windows NT 10.0; Win64; x64) AppleWebKit/537.36 (KHTML, like Gecko) Chrome/58.0.3029.110 Safari/537.3" corretordoipiranga.com.contadorjoseaparecido.com 216.172.172.98
69.30.240.242 - - [14/Mar/2026:12:08:44 -0300] "GET /wp-includes/ad872f11/index.php HTTP/1.1" 500 - "https://corretordoipiranga.com.contadorjoseaparecido.com/wp-includes/ad872f11/index.php" "Mozilla/5.0 (Windows NT 10.0; Win64; x64) AppleWebKit/537.36 (KHTML, like Gecko) Chrome/58.0.3029.110 Safari/537.3" corretordoipiranga.com.contadorjoseaparecido.com 216.172.172.98
69.30.240.242 - - [14/Mar/2026:12:08:44 -0300] "GET /wp-includes/ad872f11/index.php HTTP/1.1" 500 - "https://corretordoipiranga.com.contadorjoseaparecido.com/wp-includes/ad872f11/index.php" "Mozilla/5.0 (Windows NT 10.0; Win64; x64) AppleWebKit/537.36 (KHTML, like Gecko) Chrome/58.0.3029.110 Safari/537.3" corretordoipiranga.com.contadorjoseaparecido.com 216.172.172.98
69.30.215.34 - - [14/Mar/2026:12:07:28 -0300] "GET /wp-includes/br68b3fa/index.php HTTP/1.1" 200 - "https://corretordoipiranga.com.contadorjoseaparecido.com/wp-includes/br68b3fa/index.php" "Mozilla/5.0 (Windows NT 10.0; Win64; x64) AppleWebKit/537.36 (KHTML, like Gecko) Chrome/58.0.3029.110 Safari/537.3" corretordoipiranga.com.contadorjoseaparecido.com 216.172.172.98
69.30.215.34 - - [14/Mar/2026:12:07:28 -0300] "GET /wp-includes/br68b3fa/index.php HTTP/1.1" 200 - "https://corretordoipiranga.com.contadorjoseaparecido.com/wp-includes/br68b3fa/index.php" "Mozilla/5.0 (Windows NT 10.0; Win64; x64) AppleWebKit/537.36 (KHTML, like Gecko) Chrome/58.0.3029.110 Safari/537.3" corretordoipiranga.com.contadorjoseaparecido.com 216.172.172.98
173.208.176.202 - - [14/Mar/2026:12:08:58 -0300] "GET /wp-includes/br68b3fa/index.php?id=464800 HTTP/1.1" 409 83 "https://corretordoipiranga.com.contadorjoseaparecido.com/wp-includes/br68b3fa/index.php?id=464800" "Mozilla/5.0 (Windows NT 10.0; Win64; x64) AppleWebKit/537.36 (KHTML, like Gecko) Chrome/58.0.3029.110 Safari/537.3" corretordoipiranga.com.contadorjoseaparecido.com 216.172.172.98
74.7.227.39 - - [14/Mar/2026:12:08:43 -0300] "GET /7f9?p=Ahome1Acontad42AterracovilamatildeIcom HTTP/1.1" 200 2282 "https://corretordoipiranga.com.contadorjoseaparecido.com/7f9?p=Ahome1Acontad42" "Mozilla/5.0 AppleWebKit/537.36 (KHTML, like Gecko; compatible; GPTBot/1.3; +https://openai.com/gptbot)" corretordoipiranga.com.contadorjoseaparecido.com 216.172.172.98
74.7.227.39 - - [14/Mar/2026:12:08:43 -0300] "GET /7f9?p=Ahome1Acontad42AterracovilamatildeIcom HTTP/2.0" 200 2282 "https://corretordoipiranga.com.contadorjoseaparecido.com/7f9?p=Ahome1Acontad42" "Mozilla/5.0 AppleWebKit/537.36 (KHTML, like Gecko; compatible; GPTBot/1.3; +https://openai.com/gptbot)" corretordoipiranga.com.contadorjoseaparecido.com 216.172.172.98
69.30.215.34 - - [14/Mar/2026:12:07:32 -0300] "GET /wp-includes/pla9886f/index.php HTTP/1.1" 200 - "https://www.corretordoipiranga.com.contadorjoseaparecido.com/wp-includes/pla9886f/index.php" "Mozilla/5.0 (Windows NT 10.0; Win64; x64) AppleWebKit/537.36 (KHTML, like Gecko) Chrome/58.0.3029.110 Safari/537.3" www.corretordoipiranga.com.contadorjoseaparecido.com 216.172.172.98
69.30.215.34 - - [14/Mar/2026:12:07:32 -0300] "GET /wp-includes/pla9886f/index.php HTTP/1.1" 200 - "https://www.corretordoipiranga.com.contadorjoseaparecido.com/wp-includes/pla9886f/index.php" "Mozilla/5.0 (Windows NT 10.0; Win64; x64) AppleWebKit/537.36 (KHTML, like Gecko) Chrome/58.0.3029.110 Safari/537.3" www.corretordoipiranga.com.contadorjoseaparecido.com 216.172.172.98
74.7.227.157 - - [14/Mar/2026:12:08:43 -0300] "GET /edit-post.min.js?p=Ahome1Acontad42AhugvitalitydomboscoIcomIbrAwp-includesAjsAjquery HTTP/2.0" 200 5176 "https://www.corretordoipiranga.com.contadorjoseaparecido.com/edit-post.min.js?p=Ahome1Acontad42AhugvitalitydomboscoIcomIbrAwp-includesAjs" "Mozilla/5.0 AppleWebKit/537.36 (KHTML, like Gecko; compatible; GPTBot/1.3; +https://openai.com/gptbot)" www.corretordoipiranga.com.contadorjoseaparecido.com 216.172.172.98
69.30.215.34 - - [14/Mar/2026:12:09:02 -0300] "GET /wp-includes/x2dd3af/index.php HTTP/1.1" 500 - "https://corretordoipiranga.com.contadorjoseaparecido.com/wp-includes/x2dd3af/index.php" "Mozilla/5.0 (Windows NT 10.0; Win64; x64) AppleWebKit/537.36 (KHTML, like Gecko) Chrome/58.0.3029.110 Safari/537.3" corretordoipiranga.com.contadorjoseaparecido.com 216.172.172.98
69.30.215.34 - - [14/Mar/2026:12:09:02 -0300] "GET /wp-includes/x2dd3af/index.php HTTP/1.1" 500 - "https://corretordoipiranga.com.contadorjoseaparecido.com/wp-includes/x2dd3af/index.php" "Mozilla/5.0 (Windows NT 10.0; Win64; x64) AppleWebKit/537.36 (KHTML, like Gecko) Chrome/58.0.3029.110 Safari/537.3" corretordoipiranga.com.contadorjoseaparecido.com 216.172.172.98
173.208.176.202 - - [14/Mar/2026:12:09:05 -0300] "GET /wp-includes/pla9886f/index.php?id=430446 HTTP/1.1" 409 83 "https://www.corretordoipiranga.com.contadorjoseaparecido.com/wp-includes/pla9886f/index.php?id=430446" "Mozilla/5.0 (Windows NT 10.0; Win64; x64) AppleWebKit/537.36 (KHTML, like Gecko) Chrome/58.0.3029.110 Safari/537.3" www.corretordoipiranga.com.contadorjoseaparecido.com 216.172.172.98
107.150.52.58 - - [14/Mar/2026:12:09:04 -0300] "GET /wp-content/im2dd3af/index.php HTTP/1.1" 500 - "https://www.corretordoipiranga.com.contadorjoseaparecido.com/wp-content/im2dd3af/index.php" "Mozilla/5.0 (Windows NT 10.0; Win64; x64) AppleWebKit/537.36 (KHTML, like Gecko) Chrome/58.0.3029.110 Safari/537.3" www.corretordoipiranga.com.contadorjoseaparecido.com 216.172.172.98
