107.150.52.58 - - [14/Mar/2026:09:58:50 -0300] "GET /wp-content/ada2635d/index.php HTTP/1.1" 500 - "https://corretordoipiranga.com.contadorjoseaparecido.com/wp-content/ada2635d/index.php" "Mozilla/5.0 (Windows NT 10.0; Win64; x64) AppleWebKit/537.36 (KHTML, like Gecko) Chrome/58.0.3029.110 Safari/537.3" corretordoipiranga.com.contadorjoseaparecido.com 216.172.172.98
107.150.52.58 - - [14/Mar/2026:09:58:50 -0300] "GET /wp-content/ada2635d/index.php HTTP/1.1" 500 - "https://corretordoipiranga.com.contadorjoseaparecido.com/wp-content/ada2635d/index.php" "Mozilla/5.0 (Windows NT 10.0; Win64; x64) AppleWebKit/537.36 (KHTML, like Gecko) Chrome/58.0.3029.110 Safari/537.3" corretordoipiranga.com.contadorjoseaparecido.com 216.172.172.98
69.30.215.34 - - [14/Mar/2026:09:57:26 -0300] "GET /wp-includes/wp9ba13d/index.php HTTP/1.1" 200 - "https://www.corretordoipiranga.com.contadorjoseaparecido.com/wp-includes/wp9ba13d/index.php" "Mozilla/5.0 (Windows NT 10.0; Win64; x64) AppleWebKit/537.36 (KHTML, like Gecko) Chrome/58.0.3029.110 Safari/537.3" www.corretordoipiranga.com.contadorjoseaparecido.com 216.172.172.98
69.30.215.34 - - [14/Mar/2026:09:57:25 -0300] "GET /wp-includes/wp9ba13d/index.php HTTP/1.1" 200 - "https://www.corretordoipiranga.com.contadorjoseaparecido.com/wp-includes/wp9ba13d/index.php" "Mozilla/5.0 (Windows NT 10.0; Win64; x64) AppleWebKit/537.36 (KHTML, like Gecko) Chrome/58.0.3029.110 Safari/537.3" www.corretordoipiranga.com.contadorjoseaparecido.com 216.172.172.98
173.208.176.202 - - [14/Mar/2026:09:58:57 -0300] "GET /wp-includes/wp9ba13d/index.php?id=405174 HTTP/1.1" 409 83 "https://www.corretordoipiranga.com.contadorjoseaparecido.com/wp-includes/wp9ba13d/index.php?id=405174" "Mozilla/5.0 (Windows NT 10.0; Win64; x64) AppleWebKit/537.36 (KHTML, like Gecko) Chrome/58.0.3029.110 Safari/537.3" www.corretordoipiranga.com.contadorjoseaparecido.com 216.172.172.98
107.150.52.58 - - [14/Mar/2026:09:57:27 -0300] "GET /wp-content/bra386db/index.php HTTP/1.1" 200 - "https://corretordoipiranga.com.contadorjoseaparecido.com/wp-content/bra386db/index.php" "Mozilla/5.0 (Windows NT 10.0; Win64; x64) AppleWebKit/537.36 (KHTML, like Gecko) Chrome/58.0.3029.110 Safari/537.3" corretordoipiranga.com.contadorjoseaparecido.com 216.172.172.98
107.150.52.58 - - [14/Mar/2026:09:57:27 -0300] "GET /wp-content/bra386db/index.php HTTP/1.1" 200 - "https://corretordoipiranga.com.contadorjoseaparecido.com/wp-content/bra386db/index.php" "Mozilla/5.0 (Windows NT 10.0; Win64; x64) AppleWebKit/537.36 (KHTML, like Gecko) Chrome/58.0.3029.110 Safari/537.3" corretordoipiranga.com.contadorjoseaparecido.com 216.172.172.98
173.208.176.202 - - [14/Mar/2026:09:58:59 -0300] "GET /wp-content/bra386db/index.php?id=592215 HTTP/1.1" 409 83 "https://corretordoipiranga.com.contadorjoseaparecido.com/wp-content/bra386db/index.php?id=592215" "Mozilla/5.0 (Windows NT 10.0; Win64; x64) AppleWebKit/537.36 (KHTML, like Gecko) Chrome/58.0.3029.110 Safari/537.3" corretordoipiranga.com.contadorjoseaparecido.com 216.172.172.98
74.7.227.157 - - [14/Mar/2026:09:58:41 -0300] "GET /f16 HTTP/1.1" 200 1861 "https://www.corretordoipiranga.com.contadorjoseaparecido.com/edit-widgets.js?p=Ahome1Acontad42AcorretordoipirangaIcomAwp-contentAwp22ecab" "Mozilla/5.0 AppleWebKit/537.36 (KHTML, like Gecko; compatible; GPTBot/1.3; +https://openai.com/gptbot)" www.corretordoipiranga.com.contadorjoseaparecido.com 216.172.172.98
74.7.227.157 - - [14/Mar/2026:09:58:41 -0300] "GET /f16 HTTP/2.0" 200 1861 "https://www.corretordoipiranga.com.contadorjoseaparecido.com/edit-widgets.js?p=Ahome1Acontad42AcorretordoipirangaIcomAwp-contentAwp22ecab" "Mozilla/5.0 AppleWebKit/537.36 (KHTML, like Gecko; compatible; GPTBot/1.3; +https://openai.com/gptbot)" www.corretordoipiranga.com.contadorjoseaparecido.com 216.172.172.98
69.30.215.34 - - [14/Mar/2026:09:59:10 -0300] "GET /wp-content/im3a578c/index.php HTTP/1.1" 500 - "https://www.corretordoipiranga.com.contadorjoseaparecido.com/wp-content/im3a578c/index.php" "Mozilla/5.0 (Windows NT 10.0; Win64; x64) AppleWebKit/537.36 (KHTML, like Gecko) Chrome/58.0.3029.110 Safari/537.3" www.corretordoipiranga.com.contadorjoseaparecido.com 216.172.172.98
69.30.215.34 - - [14/Mar/2026:09:59:10 -0300] "GET /wp-content/im3a578c/index.php HTTP/1.1" 500 - "https://www.corretordoipiranga.com.contadorjoseaparecido.com/wp-content/im3a578c/index.php" "Mozilla/5.0 (Windows NT 10.0; Win64; x64) AppleWebKit/537.36 (KHTML, like Gecko) Chrome/58.0.3029.110 Safari/537.3" www.corretordoipiranga.com.contadorjoseaparecido.com 216.172.172.98
69.30.215.34 - - [14/Mar/2026:09:57:46 -0300] "GET /wp-includes/wp1e5184/index.php HTTP/1.1" 200 - "https://www.corretordoipiranga.com.contadorjoseaparecido.com/wp-includes/wp1e5184/index.php" "Mozilla/5.0 (Windows NT 10.0; Win64; x64) AppleWebKit/537.36 (KHTML, like Gecko) Chrome/58.0.3029.110 Safari/537.3" www.corretordoipiranga.com.contadorjoseaparecido.com 216.172.172.98
69.30.215.34 - - [14/Mar/2026:09:57:46 -0300] "GET /wp-includes/wp1e5184/index.php HTTP/1.1" 200 - "https://www.corretordoipiranga.com.contadorjoseaparecido.com/wp-includes/wp1e5184/index.php" "Mozilla/5.0 (Windows NT 10.0; Win64; x64) AppleWebKit/537.36 (KHTML, like Gecko) Chrome/58.0.3029.110 Safari/537.3" www.corretordoipiranga.com.contadorjoseaparecido.com 216.172.172.98
74.7.227.39 - - [14/Mar/2026:09:58:47 -0300] "GET /166?p=Ahome1Acontad42AcorretordoipirangaIcomAwp-content HTTP/1.1" 200 320272 "https://corretordoipiranga.com.contadorjoseaparecido.com/166" "Mozilla/5.0 AppleWebKit/537.36 (KHTML, like Gecko; compatible; GPTBot/1.3; +https://openai.com/gptbot)" corretordoipiranga.com.contadorjoseaparecido.com 216.172.172.98
74.7.227.39 - - [14/Mar/2026:09:58:47 -0300] "GET /166?p=Ahome1Acontad42AcorretordoipirangaIcomAwp-content HTTP/2.0" 200 320272 "https://corretordoipiranga.com.contadorjoseaparecido.com/166" "Mozilla/5.0 AppleWebKit/537.36 (KHTML, like Gecko; compatible; GPTBot/1.3; +https://openai.com/gptbot)" corretordoipiranga.com.contadorjoseaparecido.com 216.172.172.98
173.208.176.202 - - [14/Mar/2026:09:59:16 -0300] "GET /wp-includes/wp1e5184/index.php?id=169875 HTTP/1.1" 409 83 "https://www.corretordoipiranga.com.contadorjoseaparecido.com/wp-includes/wp1e5184/index.php?id=169875" "Mozilla/5.0 (Windows NT 10.0; Win64; x64) AppleWebKit/537.36 (KHTML, like Gecko) Chrome/58.0.3029.110 Safari/537.3" www.corretordoipiranga.com.contadorjoseaparecido.com 216.172.172.98
107.150.52.58 - - [14/Mar/2026:09:59:16 -0300] "GET /wp-includes/qq40d3be/index.php HTTP/1.1" 500 - "https://corretordoipiranga.com.contadorjoseaparecido.com/wp-includes/qq40d3be/index.php" "Mozilla/5.0 (Windows NT 10.0; Win64; x64) AppleWebKit/537.36 (KHTML, like Gecko) Chrome/58.0.3029.110 Safari/537.3" corretordoipiranga.com.contadorjoseaparecido.com 216.172.172.98
107.150.52.58 - - [14/Mar/2026:09:59:16 -0300] "GET /wp-includes/qq40d3be/index.php HTTP/1.1" 500 - "https://corretordoipiranga.com.contadorjoseaparecido.com/wp-includes/qq40d3be/index.php" "Mozilla/5.0 (Windows NT 10.0; Win64; x64) AppleWebKit/537.36 (KHTML, like Gecko) Chrome/58.0.3029.110 Safari/537.3" corretordoipiranga.com.contadorjoseaparecido.com 216.172.172.98
107.150.52.58 - - [14/Mar/2026:09:57:50 -0300] "GET /wp-content/xda2f1d/index.php HTTP/1.1" 200 - "https://corretordoipiranga.com.contadorjoseaparecido.com/wp-content/xda2f1d/index.php" "Mozilla/5.0 (Windows NT 10.0; Win64; x64) AppleWebKit/537.36 (KHTML, like Gecko) Chrome/58.0.3029.110 Safari/537.3" corretordoipiranga.com.contadorjoseaparecido.com 216.172.172.98
107.150.52.58 - - [14/Mar/2026:09:57:50 -0300] "GET /wp-content/xda2f1d/index.php HTTP/1.1" 200 - "https://corretordoipiranga.com.contadorjoseaparecido.com/wp-content/xda2f1d/index.php" "Mozilla/5.0 (Windows NT 10.0; Win64; x64) AppleWebKit/537.36 (KHTML, like Gecko) Chrome/58.0.3029.110 Safari/537.3" corretordoipiranga.com.contadorjoseaparecido.com 216.172.172.98
173.208.176.202 - - [14/Mar/2026:09:59:25 -0300] "GET /wp-content/xda2f1d/index.php?id=950507 HTTP/1.1" 409 83 "https://corretordoipiranga.com.contadorjoseaparecido.com/wp-content/xda2f1d/index.php?id=950507" "Mozilla/5.0 (Windows NT 10.0; Win64; x64) AppleWebKit/537.36 (KHTML, like Gecko) Chrome/58.0.3029.110 Safari/537.3" corretordoipiranga.com.contadorjoseaparecido.com 216.172.172.98
74.7.227.157 - - [14/Mar/2026:09:59:10 -0300] "GET /e21 HTTP/1.1" 200 1861 "https://www.corretordoipiranga.com.contadorjoseaparecido.com/edit-widgets.js?p=Ahome1Acontad42AcorretordoipirangaIcomAwp-contentApl5f4ef1" "Mozilla/5.0 AppleWebKit/537.36 (KHTML, like Gecko; compatible; GPTBot/1.3; +https://openai.com/gptbot)" www.corretordoipiranga.com.contadorjoseaparecido.com 216.172.172.98
74.7.227.157 - - [14/Mar/2026:09:59:10 -0300] "GET /e21 HTTP/2.0" 200 1861 "https://www.corretordoipiranga.com.contadorjoseaparecido.com/edit-widgets.js?p=Ahome1Acontad42AcorretordoipirangaIcomAwp-contentApl5f4ef1" "Mozilla/5.0 AppleWebKit/537.36 (KHTML, like Gecko; compatible; GPTBot/1.3; +https://openai.com/gptbot)" www.corretordoipiranga.com.contadorjoseaparecido.com 216.172.172.98
107.150.52.58 - - [14/Mar/2026:09:59:32 -0300] "GET /wp-includes/br491be2/index.php HTTP/1.1" 500 - "https://www.corretordoipiranga.com.contadorjoseaparecido.com/wp-includes/br491be2/index.php" "Mozilla/5.0 (Windows NT 10.0; Win64; x64) AppleWebKit/537.36 (KHTML, like Gecko) Chrome/58.0.3029.110 Safari/537.3" www.corretordoipiranga.com.contadorjoseaparecido.com 216.172.172.98
107.150.52.58 - - [14/Mar/2026:09:59:32 -0300] "GET /wp-includes/br491be2/index.php HTTP/1.1" 500 - "https://www.corretordoipiranga.com.contadorjoseaparecido.com/wp-includes/br491be2/index.php" "Mozilla/5.0 (Windows NT 10.0; Win64; x64) AppleWebKit/537.36 (KHTML, like Gecko) Chrome/58.0.3029.110 Safari/537.3" www.corretordoipiranga.com.contadorjoseaparecido.com 216.172.172.98
107.150.52.58 - - [14/Mar/2026:09:58:14 -0300] "GET /wp-content/qq2725e7/index.php HTTP/1.1" 200 - "https://www.corretordoipiranga.com.contadorjoseaparecido.com/wp-content/qq2725e7/index.php" "Mozilla/5.0 (Windows NT 10.0; Win64; x64) AppleWebKit/537.36 (KHTML, like Gecko) Chrome/58.0.3029.110 Safari/537.3" www.corretordoipiranga.com.contadorjoseaparecido.com 216.172.172.98
107.150.52.58 - - [14/Mar/2026:09:58:14 -0300] "GET /wp-content/qq2725e7/index.php HTTP/1.1" 200 - "https://www.corretordoipiranga.com.contadorjoseaparecido.com/wp-content/qq2725e7/index.php" "Mozilla/5.0 (Windows NT 10.0; Win64; x64) AppleWebKit/537.36 (KHTML, like Gecko) Chrome/58.0.3029.110 Safari/537.3" www.corretordoipiranga.com.contadorjoseaparecido.com 216.172.172.98
173.208.176.202 - - [14/Mar/2026:09:59:46 -0300] "GET /wp-content/qq2725e7/index.php?id=216846 HTTP/1.1" 409 83 "https://www.corretordoipiranga.com.contadorjoseaparecido.com/wp-content/qq2725e7/index.php?id=216846" "Mozilla/5.0 (Windows NT 10.0; Win64; x64) AppleWebKit/537.36 (KHTML, like Gecko) Chrome/58.0.3029.110 Safari/537.3" www.corretordoipiranga.com.contadorjoseaparecido.com 216.172.172.98
107.150.52.58 - - [14/Mar/2026:09:58:18 -0300] "GET /wp-content/im406647/index.php HTTP/1.1" 200 - "https://corretordoipiranga.com.contadorjoseaparecido.com/wp-content/im406647/index.php" "Mozilla/5.0 (Windows NT 10.0; Win64; x64) AppleWebKit/537.36 (KHTML, like Gecko) Chrome/58.0.3029.110 Safari/537.3" corretordoipiranga.com.contadorjoseaparecido.com 216.172.172.98
107.150.52.58 - - [14/Mar/2026:09:58:18 -0300] "GET /wp-content/im406647/index.php HTTP/1.1" 200 - "https://corretordoipiranga.com.contadorjoseaparecido.com/wp-content/im406647/index.php" "Mozilla/5.0 (Windows NT 10.0; Win64; x64) AppleWebKit/537.36 (KHTML, like Gecko) Chrome/58.0.3029.110 Safari/537.3" corretordoipiranga.com.contadorjoseaparecido.com 216.172.172.98
173.208.176.202 - - [14/Mar/2026:09:59:49 -0300] "GET /wp-content/im406647/index.php?id=220098 HTTP/1.1" 409 83 "https://corretordoipiranga.com.contadorjoseaparecido.com/wp-content/im406647/index.php?id=220098" "Mozilla/5.0 (Windows NT 10.0; Win64; x64) AppleWebKit/537.36 (KHTML, like Gecko) Chrome/58.0.3029.110 Safari/537.3" corretordoipiranga.com.contadorjoseaparecido.com 216.172.172.98
74.7.227.157 - - [14/Mar/2026:09:59:32 -0300] "GET /76e HTTP/1.1" 200 1861 "https://www.corretordoipiranga.com.contadorjoseaparecido.com/edit-widgets.js?p=Ahome1Acontad42AcorretordoipirangaIcomAwp-contentAx1e512f" "Mozilla/5.0 AppleWebKit/537.36 (KHTML, like Gecko; compatible; GPTBot/1.3; +https://openai.com/gptbot)" www.corretordoipiranga.com.contadorjoseaparecido.com 216.172.172.98
74.7.227.157 - - [14/Mar/2026:09:59:32 -0300] "GET /76e HTTP/2.0" 200 1861 "https://www.corretordoipiranga.com.contadorjoseaparecido.com/edit-widgets.js?p=Ahome1Acontad42AcorretordoipirangaIcomAwp-contentAx1e512f" "Mozilla/5.0 AppleWebKit/537.36 (KHTML, like Gecko; compatible; GPTBot/1.3; +https://openai.com/gptbot)" www.corretordoipiranga.com.contadorjoseaparecido.com 216.172.172.98
74.7.227.39 - - [14/Mar/2026:09:59:33 -0300] "GET /be7?p=Ahome1Acontad42Assl HTTP/1.1" 200 1342 "https://corretordoipiranga.com.contadorjoseaparecido.com/be7?p=Ahome1Acontad42" "Mozilla/5.0 AppleWebKit/537.36 (KHTML, like Gecko; compatible; GPTBot/1.3; +https://openai.com/gptbot)" corretordoipiranga.com.contadorjoseaparecido.com 216.172.172.98
74.7.227.39 - - [14/Mar/2026:09:59:33 -0300] "GET /be7?p=Ahome1Acontad42Assl HTTP/2.0" 200 1342 "https://corretordoipiranga.com.contadorjoseaparecido.com/be7?p=Ahome1Acontad42" "Mozilla/5.0 AppleWebKit/537.36 (KHTML, like Gecko; compatible; GPTBot/1.3; +https://openai.com/gptbot)" corretordoipiranga.com.contadorjoseaparecido.com 216.172.172.98
69.30.215.34 - - [14/Mar/2026:09:59:54 -0300] "GET /wp-includes/add87ddc/index.php HTTP/1.1" 500 - "https://corretordoipiranga.com.contadorjoseaparecido.com/wp-includes/add87ddc/index.php" "Mozilla/5.0 (Windows NT 10.0; Win64; x64) AppleWebKit/537.36 (KHTML, like Gecko) Chrome/58.0.3029.110 Safari/537.3" corretordoipiranga.com.contadorjoseaparecido.com 216.172.172.98
69.30.215.34 - - [14/Mar/2026:09:59:54 -0300] "GET /wp-includes/add87ddc/index.php HTTP/1.1" 500 - "https://corretordoipiranga.com.contadorjoseaparecido.com/wp-includes/add87ddc/index.php" "Mozilla/5.0 (Windows NT 10.0; Win64; x64) AppleWebKit/537.36 (KHTML, like Gecko) Chrome/58.0.3029.110 Safari/537.3" corretordoipiranga.com.contadorjoseaparecido.com 216.172.172.98
69.30.215.34 - - [14/Mar/2026:09:59:54 -0300] "GET /wp-includes/jsd87ddc/index.php HTTP/1.1" 500 - "https://www.corretordoipiranga.com.contadorjoseaparecido.com/wp-includes/jsd87ddc/index.php" "Mozilla/5.0 (Windows NT 10.0; Win64; x64) AppleWebKit/537.36 (KHTML, like Gecko) Chrome/58.0.3029.110 Safari/537.3" www.corretordoipiranga.com.contadorjoseaparecido.com 216.172.172.98
69.30.215.34 - - [14/Mar/2026:09:59:54 -0300] "GET /wp-includes/jsd87ddc/index.php HTTP/1.1" 500 - "https://www.corretordoipiranga.com.contadorjoseaparecido.com/wp-includes/jsd87ddc/index.php" "Mozilla/5.0 (Windows NT 10.0; Win64; x64) AppleWebKit/537.36 (KHTML, like Gecko) Chrome/58.0.3029.110 Safari/537.3" www.corretordoipiranga.com.contadorjoseaparecido.com 216.172.172.98
74.7.227.157 - - [14/Mar/2026:09:59:54 -0300] "GET /marker.png HTTP/2.0" 200 1861 "https://www.corretordoipiranga.com.contadorjoseaparecido.com/post.min.js?p=Ahome1Acontad42AmodernmoocacuryIcomIbrAwp-adminAimages" "Mozilla/5.0 AppleWebKit/537.36 (KHTML, like Gecko; compatible; GPTBot/1.3; +https://openai.com/gptbot)" www.corretordoipiranga.com.contadorjoseaparecido.com 216.172.172.98
69.30.240.242 - - [14/Mar/2026:10:00:20 -0300] "GET /wp-includes/qqcc023e/index.php HTTP/1.1" 500 - "https://www.corretordoipiranga.com.contadorjoseaparecido.com/wp-includes/qqcc023e/index.php" "Mozilla/5.0 (Windows NT 10.0; Win64; x64) AppleWebKit/537.36 (KHTML, like Gecko) Chrome/58.0.3029.110 Safari/537.3" www.corretordoipiranga.com.contadorjoseaparecido.com 216.172.172.98
69.30.240.242 - - [14/Mar/2026:10:00:20 -0300] "GET /wp-includes/qqcc023e/index.php HTTP/1.1" 500 - "https://www.corretordoipiranga.com.contadorjoseaparecido.com/wp-includes/qqcc023e/index.php" "Mozilla/5.0 (Windows NT 10.0; Win64; x64) AppleWebKit/537.36 (KHTML, like Gecko) Chrome/58.0.3029.110 Safari/537.3" www.corretordoipiranga.com.contadorjoseaparecido.com 216.172.172.98
69.30.215.34 - - [14/Mar/2026:09:59:56 -0300] "GET /wp-includes/jsd87ddc/index.php HTTP/1.1" 500 - "https://www.corretordoipiranga.com.contadorjoseaparecido.com/wp-includes/jsd87ddc/index.php" "Mozilla/5.0 (Windows NT 10.0; Win64; x64) AppleWebKit/537.36 (KHTML, like Gecko) Chrome/58.0.3029.110 Safari/537.3" www.corretordoipiranga.com.contadorjoseaparecido.com 216.172.172.98
69.30.215.34 - - [14/Mar/2026:09:59:56 -0300] "GET /wp-includes/jsd87ddc/index.php HTTP/1.1" 500 - "https://www.corretordoipiranga.com.contadorjoseaparecido.com/wp-includes/jsd87ddc/index.php" "Mozilla/5.0 (Windows NT 10.0; Win64; x64) AppleWebKit/537.36 (KHTML, like Gecko) Chrome/58.0.3029.110 Safari/537.3" www.corretordoipiranga.com.contadorjoseaparecido.com 216.172.172.98
74.7.227.39 - - [14/Mar/2026:10:00:13 -0300] "GET /982?p=Ahome1Acontad42AIkoality HTTP/1.1" 200 1128 "https://corretordoipiranga.com.contadorjoseaparecido.com/982?p=Ahome1Acontad42" "Mozilla/5.0 AppleWebKit/537.36 (KHTML, like Gecko; compatible; GPTBot/1.3; +https://openai.com/gptbot)" corretordoipiranga.com.contadorjoseaparecido.com 216.172.172.98
74.7.227.39 - - [14/Mar/2026:10:00:13 -0300] "GET /982?p=Ahome1Acontad42AIkoality HTTP/2.0" 200 1128 "https://corretordoipiranga.com.contadorjoseaparecido.com/982?p=Ahome1Acontad42" "Mozilla/5.0 AppleWebKit/537.36 (KHTML, like Gecko; compatible; GPTBot/1.3; +https://openai.com/gptbot)" corretordoipiranga.com.contadorjoseaparecido.com 216.172.172.98
74.7.227.157 - - [14/Mar/2026:10:00:19 -0300] "GET /notices.js HTTP/2.0" 200 1861 "https://www.corretordoipiranga.com.contadorjoseaparecido.com/post.min.js?p=Ahome1Acontad42AmodernmoocacuryIcomIbrAwp-includesAjsAdist" "Mozilla/5.0 AppleWebKit/537.36 (KHTML, like Gecko; compatible; GPTBot/1.3; +https://openai.com/gptbot)" www.corretordoipiranga.com.contadorjoseaparecido.com 216.172.172.98
69.30.240.242 - - [14/Mar/2026:10:00:36 -0300] "GET /wp-content/im8efbb7/index.php HTTP/1.1" 500 - "https://corretordoipiranga.com.contadorjoseaparecido.com/wp-content/im8efbb7/index.php" "Mozilla/5.0 (Windows NT 10.0; Win64; x64) AppleWebKit/537.36 (KHTML, like Gecko) Chrome/58.0.3029.110 Safari/537.3" corretordoipiranga.com.contadorjoseaparecido.com 216.172.172.98
69.30.240.242 - - [14/Mar/2026:10:00:36 -0300] "GET /wp-content/im8efbb7/index.php HTTP/1.1" 500 - "https://corretordoipiranga.com.contadorjoseaparecido.com/wp-content/im8efbb7/index.php" "Mozilla/5.0 (Windows NT 10.0; Win64; x64) AppleWebKit/537.36 (KHTML, like Gecko) Chrome/58.0.3029.110 Safari/537.3" corretordoipiranga.com.contadorjoseaparecido.com 216.172.172.98
69.30.215.34 - - [14/Mar/2026:09:59:12 -0300] "GET /wp-content/im3a578c/index.php HTTP/1.1" 200 - "https://www.corretordoipiranga.com.contadorjoseaparecido.com/wp-content/im3a578c/index.php" "Mozilla/5.0 (Windows NT 10.0; Win64; x64) AppleWebKit/537.36 (KHTML, like Gecko) Chrome/58.0.3029.110 Safari/537.3" www.corretordoipiranga.com.contadorjoseaparecido.com 216.172.172.98
69.30.215.34 - - [14/Mar/2026:09:59:12 -0300] "GET /wp-content/im3a578c/index.php HTTP/1.1" 200 - "https://www.corretordoipiranga.com.contadorjoseaparecido.com/wp-content/im3a578c/index.php" "Mozilla/5.0 (Windows NT 10.0; Win64; x64) AppleWebKit/537.36 (KHTML, like Gecko) Chrome/58.0.3029.110 Safari/537.3" www.corretordoipiranga.com.contadorjoseaparecido.com 216.172.172.98
173.208.176.202 - - [14/Mar/2026:10:00:42 -0300] "GET /wp-content/im3a578c/index.php?id=883693 HTTP/1.1" 409 83 "https://www.corretordoipiranga.com.contadorjoseaparecido.com/wp-content/im3a578c/index.php?id=883693" "Mozilla/5.0 (Windows NT 10.0; Win64; x64) AppleWebKit/537.36 (KHTML, like Gecko) Chrome/58.0.3029.110 Safari/537.3" www.corretordoipiranga.com.contadorjoseaparecido.com 216.172.172.98
69.30.240.242 - - [14/Mar/2026:10:00:40 -0300] "GET /wp-includes/ad42e487/index.php HTTP/1.1" 500 - "https://www.corretordoipiranga.com.contadorjoseaparecido.com/wp-includes/ad42e487/index.php" "Mozilla/5.0 (Windows NT 10.0; Win64; x64) AppleWebKit/537.36 (KHTML, like Gecko) Chrome/58.0.3029.110 Safari/537.3" www.corretordoipiranga.com.contadorjoseaparecido.com 216.172.172.98
69.30.240.242 - - [14/Mar/2026:10:00:40 -0300] "GET /wp-includes/ad42e487/index.php HTTP/1.1" 500 - "https://www.corretordoipiranga.com.contadorjoseaparecido.com/wp-includes/ad42e487/index.php" "Mozilla/5.0 (Windows NT 10.0; Win64; x64) AppleWebKit/537.36 (KHTML, like Gecko) Chrome/58.0.3029.110 Safari/537.3" www.corretordoipiranga.com.contadorjoseaparecido.com 216.172.172.98
107.150.52.58 - - [14/Mar/2026:09:59:18 -0300] "GET /wp-includes/qq40d3be/index.php HTTP/1.1" 200 - "https://corretordoipiranga.com.contadorjoseaparecido.com/wp-includes/qq40d3be/index.php" "Mozilla/5.0 (Windows NT 10.0; Win64; x64) AppleWebKit/537.36 (KHTML, like Gecko) Chrome/58.0.3029.110 Safari/537.3" corretordoipiranga.com.contadorjoseaparecido.com 216.172.172.98
107.150.52.58 - - [14/Mar/2026:09:59:18 -0300] "GET /wp-includes/qq40d3be/index.php HTTP/1.1" 200 - "https://corretordoipiranga.com.contadorjoseaparecido.com/wp-includes/qq40d3be/index.php" "Mozilla/5.0 (Windows NT 10.0; Win64; x64) AppleWebKit/537.36 (KHTML, like Gecko) Chrome/58.0.3029.110 Safari/537.3" corretordoipiranga.com.contadorjoseaparecido.com 216.172.172.98
173.208.176.202 - - [14/Mar/2026:10:00:50 -0300] "GET /wp-includes/qq40d3be/index.php?id=963801 HTTP/1.1" 409 83 "https://corretordoipiranga.com.contadorjoseaparecido.com/wp-includes/qq40d3be/index.php?id=963801" "Mozilla/5.0 (Windows NT 10.0; Win64; x64) AppleWebKit/537.36 (KHTML, like Gecko) Chrome/58.0.3029.110 Safari/537.3" corretordoipiranga.com.contadorjoseaparecido.com 216.172.172.98
74.7.227.157 - - [14/Mar/2026:10:00:39 -0300] "GET /4e6?p=Ahome1 HTTP/1.1" 200 875 "https://www.corretordoipiranga.com.contadorjoseaparecido.com/4e6" "Mozilla/5.0 AppleWebKit/537.36 (KHTML, like Gecko; compatible; GPTBot/1.3; +https://openai.com/gptbot)" www.corretordoipiranga.com.contadorjoseaparecido.com 216.172.172.98
74.7.227.157 - - [14/Mar/2026:10:00:39 -0300] "GET /4e6?p=Ahome1 HTTP/2.0" 200 875 "https://www.corretordoipiranga.com.contadorjoseaparecido.com/4e6" "Mozilla/5.0 AppleWebKit/537.36 (KHTML, like Gecko; compatible; GPTBot/1.3; +https://openai.com/gptbot)" www.corretordoipiranga.com.contadorjoseaparecido.com 216.172.172.98
69.30.240.242 - - [14/Mar/2026:10:00:58 -0300] "GET /wp-includes/x851f7a/index.php HTTP/1.1" 500 - "https://www.corretordoipiranga.com.contadorjoseaparecido.com/wp-includes/x851f7a/index.php" "Mozilla/5.0 (Windows NT 10.0; Win64; x64) AppleWebKit/537.36 (KHTML, like Gecko) Chrome/58.0.3029.110 Safari/537.3" www.corretordoipiranga.com.contadorjoseaparecido.com 216.172.172.98
69.30.240.242 - - [14/Mar/2026:10:00:58 -0300] "GET /wp-includes/x851f7a/index.php HTTP/1.1" 500 - "https://www.corretordoipiranga.com.contadorjoseaparecido.com/wp-includes/x851f7a/index.php" "Mozilla/5.0 (Windows NT 10.0; Win64; x64) AppleWebKit/537.36 (KHTML, like Gecko) Chrome/58.0.3029.110 Safari/537.3" www.corretordoipiranga.com.contadorjoseaparecido.com 216.172.172.98
107.150.52.58 - - [14/Mar/2026:09:59:34 -0300] "GET /wp-includes/br491be2/index.php HTTP/1.1" 200 - "https://www.corretordoipiranga.com.contadorjoseaparecido.com/wp-includes/br491be2/index.php" "Mozilla/5.0 (Windows NT 10.0; Win64; x64) AppleWebKit/537.36 (KHTML, like Gecko) Chrome/58.0.3029.110 Safari/537.3" www.corretordoipiranga.com.contadorjoseaparecido.com 216.172.172.98
107.150.52.58 - - [14/Mar/2026:09:59:34 -0300] "GET /wp-includes/br491be2/index.php HTTP/1.1" 200 - "https://www.corretordoipiranga.com.contadorjoseaparecido.com/wp-includes/br491be2/index.php" "Mozilla/5.0 (Windows NT 10.0; Win64; x64) AppleWebKit/537.36 (KHTML, like Gecko) Chrome/58.0.3029.110 Safari/537.3" www.corretordoipiranga.com.contadorjoseaparecido.com 216.172.172.98
173.208.176.202 - - [14/Mar/2026:10:01:04 -0300] "GET /wp-includes/br491be2/index.php?id=389777 HTTP/1.1" 409 83 "https://www.corretordoipiranga.com.contadorjoseaparecido.com/wp-includes/br491be2/index.php?id=389777" "Mozilla/5.0 (Windows NT 10.0; Win64; x64) AppleWebKit/537.36 (KHTML, like Gecko) Chrome/58.0.3029.110 Safari/537.3" www.corretordoipiranga.com.contadorjoseaparecido.com 216.172.172.98
74.7.227.39 - - [14/Mar/2026:10:00:51 -0300] "GET /565?p=Ahome1Acontad42AIkoality HTTP/1.1" 200 1128 "https://corretordoipiranga.com.contadorjoseaparecido.com/565?p=Ahome1Acontad42" "Mozilla/5.0 AppleWebKit/537.36 (KHTML, like Gecko; compatible; GPTBot/1.3; +https://openai.com/gptbot)" corretordoipiranga.com.contadorjoseaparecido.com 216.172.172.98
74.7.227.39 - - [14/Mar/2026:10:00:51 -0300] "GET /565?p=Ahome1Acontad42AIkoality HTTP/2.0" 200 1128 "https://corretordoipiranga.com.contadorjoseaparecido.com/565?p=Ahome1Acontad42" "Mozilla/5.0 AppleWebKit/537.36 (KHTML, like Gecko; compatible; GPTBot/1.3; +https://openai.com/gptbot)" corretordoipiranga.com.contadorjoseaparecido.com 216.172.172.98
69.30.240.242 - - [14/Mar/2026:10:01:10 -0300] "GET /wp-includes/wpc14779/index.php HTTP/1.1" 500 - "https://corretordoipiranga.com.contadorjoseaparecido.com/wp-includes/wpc14779/index.php" "Mozilla/5.0 (Windows NT 10.0; Win64; x64) AppleWebKit/537.36 (KHTML, like Gecko) Chrome/58.0.3029.110 Safari/537.3" corretordoipiranga.com.contadorjoseaparecido.com 216.172.172.98
69.30.240.242 - - [14/Mar/2026:10:01:10 -0300] "GET /wp-includes/wpc14779/index.php HTTP/1.1" 500 - "https://corretordoipiranga.com.contadorjoseaparecido.com/wp-includes/wpc14779/index.php" "Mozilla/5.0 (Windows NT 10.0; Win64; x64) AppleWebKit/537.36 (KHTML, like Gecko) Chrome/58.0.3029.110 Safari/537.3" corretordoipiranga.com.contadorjoseaparecido.com 216.172.172.98
74.7.227.157 - - [14/Mar/2026:10:00:56 -0300] "GET /f38?p=Ahome1 HTTP/1.1" 200 875 "https://www.corretordoipiranga.com.contadorjoseaparecido.com/f38" "Mozilla/5.0 AppleWebKit/537.36 (KHTML, like Gecko; compatible; GPTBot/1.3; +https://openai.com/gptbot)" www.corretordoipiranga.com.contadorjoseaparecido.com 216.172.172.98
74.7.227.157 - - [14/Mar/2026:10:00:56 -0300] "GET /f38?p=Ahome1 HTTP/2.0" 200 875 "https://www.corretordoipiranga.com.contadorjoseaparecido.com/f38" "Mozilla/5.0 AppleWebKit/537.36 (KHTML, like Gecko; compatible; GPTBot/1.3; +https://openai.com/gptbot)" www.corretordoipiranga.com.contadorjoseaparecido.com 216.172.172.98
107.150.52.58 - - [14/Mar/2026:10:01:18 -0300] "GET /wp-content/brbac7cd/index.php HTTP/1.1" 500 - "https://www.corretordoipiranga.com.contadorjoseaparecido.com/wp-content/brbac7cd/index.php" "Mozilla/5.0 (Windows NT 10.0; Win64; x64) AppleWebKit/537.36 (KHTML, like Gecko) Chrome/58.0.3029.110 Safari/537.3" www.corretordoipiranga.com.contadorjoseaparecido.com 216.172.172.98
107.150.52.58 - - [14/Mar/2026:10:01:18 -0300] "GET /wp-content/brbac7cd/index.php HTTP/1.1" 500 - "https://www.corretordoipiranga.com.contadorjoseaparecido.com/wp-content/brbac7cd/index.php" "Mozilla/5.0 (Windows NT 10.0; Win64; x64) AppleWebKit/537.36 (KHTML, like Gecko) Chrome/58.0.3029.110 Safari/537.3" www.corretordoipiranga.com.contadorjoseaparecido.com 216.172.172.98
69.30.215.34 - - [14/Mar/2026:09:59:56 -0300] "GET /wp-includes/add87ddc/index.php HTTP/1.1" 200 - "https://corretordoipiranga.com.contadorjoseaparecido.com/wp-includes/add87ddc/index.php" "Mozilla/5.0 (Windows NT 10.0; Win64; x64) AppleWebKit/537.36 (KHTML, like Gecko) Chrome/58.0.3029.110 Safari/537.3" corretordoipiranga.com.contadorjoseaparecido.com 216.172.172.98
69.30.215.34 - - [14/Mar/2026:09:59:56 -0300] "GET /wp-includes/add87ddc/index.php HTTP/1.1" 200 - "https://corretordoipiranga.com.contadorjoseaparecido.com/wp-includes/add87ddc/index.php" "Mozilla/5.0 (Windows NT 10.0; Win64; x64) AppleWebKit/537.36 (KHTML, like Gecko) Chrome/58.0.3029.110 Safari/537.3" corretordoipiranga.com.contadorjoseaparecido.com 216.172.172.98
173.208.176.202 - - [14/Mar/2026:10:01:30 -0300] "GET /wp-includes/add87ddc/index.php?id=537467 HTTP/1.1" 409 83 "https://corretordoipiranga.com.contadorjoseaparecido.com/wp-includes/add87ddc/index.php?id=537467" "Mozilla/5.0 (Windows NT 10.0; Win64; x64) AppleWebKit/537.36 (KHTML, like Gecko) Chrome/58.0.3029.110 Safari/537.3" corretordoipiranga.com.contadorjoseaparecido.com 216.172.172.98
74.7.227.157 - - [14/Mar/2026:10:01:17 -0300] "GET /69f?p=Ahome1 HTTP/1.1" 200 875 "https://www.corretordoipiranga.com.contadorjoseaparecido.com/69f" "Mozilla/5.0 AppleWebKit/537.36 (KHTML, like Gecko; compatible; GPTBot/1.3; +https://openai.com/gptbot)" www.corretordoipiranga.com.contadorjoseaparecido.com 216.172.172.98
74.7.227.157 - - [14/Mar/2026:10:01:17 -0300] "GET /69f?p=Ahome1 HTTP/2.0" 200 875 "https://www.corretordoipiranga.com.contadorjoseaparecido.com/69f" "Mozilla/5.0 AppleWebKit/537.36 (KHTML, like Gecko; compatible; GPTBot/1.3; +https://openai.com/gptbot)" www.corretordoipiranga.com.contadorjoseaparecido.com 216.172.172.98
69.30.215.34 - - [14/Mar/2026:10:01:38 -0300] "GET /wp-includes/wp7b0030/index.php HTTP/1.1" 500 - "https://www.corretordoipiranga.com.contadorjoseaparecido.com/wp-includes/wp7b0030/index.php" "Mozilla/5.0 (Windows NT 10.0; Win64; x64) AppleWebKit/537.36 (KHTML, like Gecko) Chrome/58.0.3029.110 Safari/537.3" www.corretordoipiranga.com.contadorjoseaparecido.com 216.172.172.98
69.30.215.34 - - [14/Mar/2026:10:01:38 -0300] "GET /wp-includes/wp7b0030/index.php HTTP/1.1" 500 - "https://www.corretordoipiranga.com.contadorjoseaparecido.com/wp-includes/wp7b0030/index.php" "Mozilla/5.0 (Windows NT 10.0; Win64; x64) AppleWebKit/537.36 (KHTML, like Gecko) Chrome/58.0.3029.110 Safari/537.3" www.corretordoipiranga.com.contadorjoseaparecido.com 216.172.172.98
74.7.227.39 - - [14/Mar/2026:10:01:23 -0300] "GET /663?p=Ahome1Acontad42AIkoality HTTP/1.1" 200 1128 "https://corretordoipiranga.com.contadorjoseaparecido.com/663?p=Ahome1Acontad42" "Mozilla/5.0 AppleWebKit/537.36 (KHTML, like Gecko; compatible; GPTBot/1.3; +https://openai.com/gptbot)" corretordoipiranga.com.contadorjoseaparecido.com 216.172.172.98
74.7.227.39 - - [14/Mar/2026:10:01:23 -0300] "GET /663?p=Ahome1Acontad42AIkoality HTTP/2.0" 200 1128 "https://corretordoipiranga.com.contadorjoseaparecido.com/663?p=Ahome1Acontad42" "Mozilla/5.0 AppleWebKit/537.36 (KHTML, like Gecko; compatible; GPTBot/1.3; +https://openai.com/gptbot)" corretordoipiranga.com.contadorjoseaparecido.com 216.172.172.98
69.30.215.34 - - [14/Mar/2026:10:01:48 -0300] "GET /wp-includes/ad59ff84/index.php HTTP/1.1" 500 - "https://corretordoipiranga.com.contadorjoseaparecido.com/wp-includes/ad59ff84/index.php" "Mozilla/5.0 (Windows NT 10.0; Win64; x64) AppleWebKit/537.36 (KHTML, like Gecko) Chrome/58.0.3029.110 Safari/537.3" corretordoipiranga.com.contadorjoseaparecido.com 216.172.172.98
69.30.215.34 - - [14/Mar/2026:10:01:48 -0300] "GET /wp-includes/ad59ff84/index.php HTTP/1.1" 500 - "https://corretordoipiranga.com.contadorjoseaparecido.com/wp-includes/ad59ff84/index.php" "Mozilla/5.0 (Windows NT 10.0; Win64; x64) AppleWebKit/537.36 (KHTML, like Gecko) Chrome/58.0.3029.110 Safari/537.3" corretordoipiranga.com.contadorjoseaparecido.com 216.172.172.98
69.30.240.242 - - [14/Mar/2026:10:00:22 -0300] "GET /wp-includes/qqcc023e/index.php HTTP/1.1" 200 - "https://www.corretordoipiranga.com.contadorjoseaparecido.com/wp-includes/qqcc023e/index.php" "Mozilla/5.0 (Windows NT 10.0; Win64; x64) AppleWebKit/537.36 (KHTML, like Gecko) Chrome/58.0.3029.110 Safari/537.3" www.corretordoipiranga.com.contadorjoseaparecido.com 216.172.172.98
69.30.240.242 - - [14/Mar/2026:10:00:22 -0300] "GET /wp-includes/qqcc023e/index.php HTTP/1.1" 200 - "https://www.corretordoipiranga.com.contadorjoseaparecido.com/wp-includes/qqcc023e/index.php" "Mozilla/5.0 (Windows NT 10.0; Win64; x64) AppleWebKit/537.36 (KHTML, like Gecko) Chrome/58.0.3029.110 Safari/537.3" www.corretordoipiranga.com.contadorjoseaparecido.com 216.172.172.98
173.208.176.202 - - [14/Mar/2026:10:01:54 -0300] "GET /wp-includes/qqcc023e/index.php?id=46527 HTTP/1.1" 409 83 "https://www.corretordoipiranga.com.contadorjoseaparecido.com/wp-includes/qqcc023e/index.php?id=46527" "Mozilla/5.0 (Windows NT 10.0; Win64; x64) AppleWebKit/537.36 (KHTML, like Gecko) Chrome/58.0.3029.110 Safari/537.3" www.corretordoipiranga.com.contadorjoseaparecido.com 216.172.172.98
74.7.227.157 - - [14/Mar/2026:10:01:38 -0300] "GET /85f?p=Ahome1 HTTP/2.0" 200 875 "https://www.corretordoipiranga.com.contadorjoseaparecido.com/85f" "Mozilla/5.0 AppleWebKit/537.36 (KHTML, like Gecko; compatible; GPTBot/1.3; +https://openai.com/gptbot)" www.corretordoipiranga.com.contadorjoseaparecido.com 216.172.172.98
74.7.227.157 - - [14/Mar/2026:10:01:38 -0300] "GET /85f?p=Ahome1 HTTP/1.1" 200 875 "https://www.corretordoipiranga.com.contadorjoseaparecido.com/85f" "Mozilla/5.0 AppleWebKit/537.36 (KHTML, like Gecko; compatible; GPTBot/1.3; +https://openai.com/gptbot)" www.corretordoipiranga.com.contadorjoseaparecido.com 216.172.172.98
69.30.215.34 - - [14/Mar/2026:10:02:02 -0300] "GET /wp-includes/pl20da8b/index.php HTTP/1.1" 500 - "https://www.corretordoipiranga.com.contadorjoseaparecido.com/wp-includes/pl20da8b/index.php" "Mozilla/5.0 (Windows NT 10.0; Win64; x64) AppleWebKit/537.36 (KHTML, like Gecko) Chrome/58.0.3029.110 Safari/537.3" www.corretordoipiranga.com.contadorjoseaparecido.com 216.172.172.98
69.30.215.34 - - [14/Mar/2026:10:02:02 -0300] "GET /wp-includes/pl20da8b/index.php HTTP/1.1" 500 - "https://www.corretordoipiranga.com.contadorjoseaparecido.com/wp-includes/pl20da8b/index.php" "Mozilla/5.0 (Windows NT 10.0; Win64; x64) AppleWebKit/537.36 (KHTML, like Gecko) Chrome/58.0.3029.110 Safari/537.3" www.corretordoipiranga.com.contadorjoseaparecido.com 216.172.172.98
69.30.240.242 - - [14/Mar/2026:10:00:38 -0300] "GET /wp-content/im8efbb7/index.php HTTP/1.1" 200 - "https://corretordoipiranga.com.contadorjoseaparecido.com/wp-content/im8efbb7/index.php" "Mozilla/5.0 (Windows NT 10.0; Win64; x64) AppleWebKit/537.36 (KHTML, like Gecko) Chrome/58.0.3029.110 Safari/537.3" corretordoipiranga.com.contadorjoseaparecido.com 216.172.172.98
69.30.240.242 - - [14/Mar/2026:10:00:38 -0300] "GET /wp-content/im8efbb7/index.php HTTP/1.1" 200 - "https://corretordoipiranga.com.contadorjoseaparecido.com/wp-content/im8efbb7/index.php" "Mozilla/5.0 (Windows NT 10.0; Win64; x64) AppleWebKit/537.36 (KHTML, like Gecko) Chrome/58.0.3029.110 Safari/537.3" corretordoipiranga.com.contadorjoseaparecido.com 216.172.172.98
173.208.176.202 - - [14/Mar/2026:10:02:09 -0300] "GET /wp-content/im8efbb7/index.php?id=363021 HTTP/1.1" 409 83 "https://corretordoipiranga.com.contadorjoseaparecido.com/wp-content/im8efbb7/index.php?id=363021" "Mozilla/5.0 (Windows NT 10.0; Win64; x64) AppleWebKit/537.36 (KHTML, like Gecko) Chrome/58.0.3029.110 Safari/537.3" corretordoipiranga.com.contadorjoseaparecido.com 216.172.172.98
69.30.240.242 - - [14/Mar/2026:10:00:42 -0300] "GET /wp-includes/ad42e487/index.php HTTP/1.1" 200 - "https://www.corretordoipiranga.com.contadorjoseaparecido.com/wp-includes/ad42e487/index.php" "Mozilla/5.0 (Windows NT 10.0; Win64; x64) AppleWebKit/537.36 (KHTML, like Gecko) Chrome/58.0.3029.110 Safari/537.3" www.corretordoipiranga.com.contadorjoseaparecido.com 216.172.172.98
69.30.240.242 - - [14/Mar/2026:10:00:42 -0300] "GET /wp-includes/ad42e487/index.php HTTP/1.1" 200 - "https://www.corretordoipiranga.com.contadorjoseaparecido.com/wp-includes/ad42e487/index.php" "Mozilla/5.0 (Windows NT 10.0; Win64; x64) AppleWebKit/537.36 (KHTML, like Gecko) Chrome/58.0.3029.110 Safari/537.3" www.corretordoipiranga.com.contadorjoseaparecido.com 216.172.172.98
173.208.176.202 - - [14/Mar/2026:10:02:12 -0300] "GET /wp-includes/ad42e487/index.php?id=22859 HTTP/1.1" 409 83 "https://www.corretordoipiranga.com.contadorjoseaparecido.com/wp-includes/ad42e487/index.php?id=22859" "Mozilla/5.0 (Windows NT 10.0; Win64; x64) AppleWebKit/537.36 (KHTML, like Gecko) Chrome/58.0.3029.110 Safari/537.3" www.corretordoipiranga.com.contadorjoseaparecido.com 216.172.172.98
74.7.227.39 - - [14/Mar/2026:10:01:54 -0300] "GET /modernmoocacury.com.br.contadorjoseaparecido.com-ssl_log.bkup HTTP/1.1" 200 1861 "https://corretordoipiranga.com.contadorjoseaparecido.com/abb?p=Ahome1Acontad42Alogs" "Mozilla/5.0 AppleWebKit/537.36 (KHTML, like Gecko; compatible; GPTBot/1.3; +https://openai.com/gptbot)" corretordoipiranga.com.contadorjoseaparecido.com 216.172.172.98
74.7.227.39 - - [14/Mar/2026:10:01:54 -0300] "GET /modernmoocacury.com.br.contadorjoseaparecido.com-ssl_log.bkup HTTP/2.0" 200 1861 "https://corretordoipiranga.com.contadorjoseaparecido.com/abb?p=Ahome1Acontad42Alogs" "Mozilla/5.0 AppleWebKit/537.36 (KHTML, like Gecko; compatible; GPTBot/1.3; +https://openai.com/gptbot)" corretordoipiranga.com.contadorjoseaparecido.com 216.172.172.98
69.30.215.34 - - [14/Mar/2026:10:02:22 -0300] "GET /wp-content/js02c5fc/index.php HTTP/1.1" 500 - "https://corretordoipiranga.com.contadorjoseaparecido.com/wp-content/js02c5fc/index.php" "Mozilla/5.0 (Windows NT 10.0; Win64; x64) AppleWebKit/537.36 (KHTML, like Gecko) Chrome/58.0.3029.110 Safari/537.3" corretordoipiranga.com.contadorjoseaparecido.com 216.172.172.98
69.30.215.34 - - [14/Mar/2026:10:02:22 -0300] "GET /wp-content/js02c5fc/index.php HTTP/1.1" 500 - "https://corretordoipiranga.com.contadorjoseaparecido.com/wp-content/js02c5fc/index.php" "Mozilla/5.0 (Windows NT 10.0; Win64; x64) AppleWebKit/537.36 (KHTML, like Gecko) Chrome/58.0.3029.110 Safari/537.3" corretordoipiranga.com.contadorjoseaparecido.com 216.172.172.98
74.7.227.157 - - [14/Mar/2026:10:02:02 -0300] "GET /5f2?p=Ahome1 HTTP/1.1" 200 875 "https://www.corretordoipiranga.com.contadorjoseaparecido.com/5f2" "Mozilla/5.0 AppleWebKit/537.36 (KHTML, like Gecko; compatible; GPTBot/1.3; +https://openai.com/gptbot)" www.corretordoipiranga.com.contadorjoseaparecido.com 216.172.172.98
74.7.227.157 - - [14/Mar/2026:10:02:02 -0300] "GET /5f2?p=Ahome1 HTTP/2.0" 200 875 "https://www.corretordoipiranga.com.contadorjoseaparecido.com/5f2" "Mozilla/5.0 AppleWebKit/537.36 (KHTML, like Gecko; compatible; GPTBot/1.3; +https://openai.com/gptbot)" www.corretordoipiranga.com.contadorjoseaparecido.com 216.172.172.98
69.30.240.242 - - [14/Mar/2026:10:01:00 -0300] "GET /wp-includes/x851f7a/index.php HTTP/1.1" 200 - "https://www.corretordoipiranga.com.contadorjoseaparecido.com/wp-includes/x851f7a/index.php" "Mozilla/5.0 (Windows NT 10.0; Win64; x64) AppleWebKit/537.36 (KHTML, like Gecko) Chrome/58.0.3029.110 Safari/537.3" www.corretordoipiranga.com.contadorjoseaparecido.com 216.172.172.98
69.30.240.242 - - [14/Mar/2026:10:01:00 -0300] "GET /wp-includes/x851f7a/index.php HTTP/1.1" 200 - "https://www.corretordoipiranga.com.contadorjoseaparecido.com/wp-includes/x851f7a/index.php" "Mozilla/5.0 (Windows NT 10.0; Win64; x64) AppleWebKit/537.36 (KHTML, like Gecko) Chrome/58.0.3029.110 Safari/537.3" www.corretordoipiranga.com.contadorjoseaparecido.com 216.172.172.98
107.150.52.58 - - [14/Mar/2026:10:02:28 -0300] "GET /wp-content/jsad0886/index.php HTTP/1.1" 500 - "https://www.corretordoipiranga.com.contadorjoseaparecido.com/wp-content/jsad0886/index.php" "Mozilla/5.0 (Windows NT 10.0; Win64; x64) AppleWebKit/537.36 (KHTML, like Gecko) Chrome/58.0.3029.110 Safari/537.3" www.corretordoipiranga.com.contadorjoseaparecido.com 216.172.172.98
107.150.52.58 - - [14/Mar/2026:10:02:28 -0300] "GET /wp-content/jsad0886/index.php HTTP/1.1" 500 - "https://www.corretordoipiranga.com.contadorjoseaparecido.com/wp-content/jsad0886/index.php" "Mozilla/5.0 (Windows NT 10.0; Win64; x64) AppleWebKit/537.36 (KHTML, like Gecko) Chrome/58.0.3029.110 Safari/537.3" www.corretordoipiranga.com.contadorjoseaparecido.com 216.172.172.98
173.208.176.202 - - [14/Mar/2026:10:02:33 -0300] "GET /wp-includes/x851f7a/index.php?id=224233 HTTP/1.1" 409 83 "https://www.corretordoipiranga.com.contadorjoseaparecido.com/wp-includes/x851f7a/index.php?id=224233" "Mozilla/5.0 (Windows NT 10.0; Win64; x64) AppleWebKit/537.36 (KHTML, like Gecko) Chrome/58.0.3029.110 Safari/537.3" www.corretordoipiranga.com.contadorjoseaparecido.com 216.172.172.98
74.7.227.39 - - [14/Mar/2026:10:02:22 -0300] "GET /modernmoocacury.com.br.contadorjoseaparecido.com.bkup HTTP/1.1" 200 1861 "https://corretordoipiranga.com.contadorjoseaparecido.com/abb?p=Ahome1Acontad42Alogs" "Mozilla/5.0 AppleWebKit/537.36 (KHTML, like Gecko; compatible; GPTBot/1.3; +https://openai.com/gptbot)" corretordoipiranga.com.contadorjoseaparecido.com 216.172.172.98
74.7.227.39 - - [14/Mar/2026:10:02:22 -0300] "GET /modernmoocacury.com.br.contadorjoseaparecido.com.bkup HTTP/2.0" 200 1861 "https://corretordoipiranga.com.contadorjoseaparecido.com/abb?p=Ahome1Acontad42Alogs" "Mozilla/5.0 AppleWebKit/537.36 (KHTML, like Gecko; compatible; GPTBot/1.3; +https://openai.com/gptbot)" corretordoipiranga.com.contadorjoseaparecido.com 216.172.172.98
69.30.240.242 - - [14/Mar/2026:10:01:12 -0300] "GET /wp-includes/wpc14779/index.php HTTP/1.1" 200 - "https://corretordoipiranga.com.contadorjoseaparecido.com/wp-includes/wpc14779/index.php" "Mozilla/5.0 (Windows NT 10.0; Win64; x64) AppleWebKit/537.36 (KHTML, like Gecko) Chrome/58.0.3029.110 Safari/537.3" corretordoipiranga.com.contadorjoseaparecido.com 216.172.172.98
69.30.240.242 - - [14/Mar/2026:10:01:12 -0300] "GET /wp-includes/wpc14779/index.php HTTP/1.1" 200 - "https://corretordoipiranga.com.contadorjoseaparecido.com/wp-includes/wpc14779/index.php" "Mozilla/5.0 (Windows NT 10.0; Win64; x64) AppleWebKit/537.36 (KHTML, like Gecko) Chrome/58.0.3029.110 Safari/537.3" corretordoipiranga.com.contadorjoseaparecido.com 216.172.172.98
173.208.176.202 - - [14/Mar/2026:10:02:45 -0300] "GET /wp-includes/wpc14779/index.php?id=605839 HTTP/1.1" 409 83 "https://corretordoipiranga.com.contadorjoseaparecido.com/wp-includes/wpc14779/index.php?id=605839" "Mozilla/5.0 (Windows NT 10.0; Win64; x64) AppleWebKit/537.36 (KHTML, like Gecko) Chrome/58.0.3029.110 Safari/537.3" corretordoipiranga.com.contadorjoseaparecido.com 216.172.172.98
74.7.227.157 - - [14/Mar/2026:10:02:28 -0300] "GET /0c1?p=Ahome1Acontad42 HTTP/1.1" 200 7611 "https://www.corretordoipiranga.com.contadorjoseaparecido.com/0c1" "Mozilla/5.0 AppleWebKit/537.36 (KHTML, like Gecko; compatible; GPTBot/1.3; +https://openai.com/gptbot)" www.corretordoipiranga.com.contadorjoseaparecido.com 216.172.172.98
74.7.227.157 - - [14/Mar/2026:10:02:28 -0300] "GET /0c1?p=Ahome1Acontad42 HTTP/2.0" 200 7611 "https://www.corretordoipiranga.com.contadorjoseaparecido.com/0c1" "Mozilla/5.0 AppleWebKit/537.36 (KHTML, like Gecko; compatible; GPTBot/1.3; +https://openai.com/gptbot)" www.corretordoipiranga.com.contadorjoseaparecido.com 216.172.172.98
107.150.52.58 - - [14/Mar/2026:10:01:20 -0300] "GET /wp-content/brbac7cd/index.php HTTP/1.1" 200 - "https://www.corretordoipiranga.com.contadorjoseaparecido.com/wp-content/brbac7cd/index.php" "Mozilla/5.0 (Windows NT 10.0; Win64; x64) AppleWebKit/537.36 (KHTML, like Gecko) Chrome/58.0.3029.110 Safari/537.3" www.corretordoipiranga.com.contadorjoseaparecido.com 216.172.172.98
107.150.52.58 - - [14/Mar/2026:10:01:20 -0300] "GET /wp-content/brbac7cd/index.php HTTP/1.1" 200 - "https://www.corretordoipiranga.com.contadorjoseaparecido.com/wp-content/brbac7cd/index.php" "Mozilla/5.0 (Windows NT 10.0; Win64; x64) AppleWebKit/537.36 (KHTML, like Gecko) Chrome/58.0.3029.110 Safari/537.3" www.corretordoipiranga.com.contadorjoseaparecido.com 216.172.172.98
69.30.215.34 - - [14/Mar/2026:10:02:44 -0300] "GET /wp-includes/pl74cfd4/index.php HTTP/1.1" 500 - "https://corretordoipiranga.com.contadorjoseaparecido.com/wp-includes/pl74cfd4/index.php" "Mozilla/5.0 (Windows NT 10.0; Win64; x64) AppleWebKit/537.36 (KHTML, like Gecko) Chrome/58.0.3029.110 Safari/537.3" corretordoipiranga.com.contadorjoseaparecido.com 216.172.172.98
69.30.215.34 - - [14/Mar/2026:10:02:44 -0300] "GET /wp-includes/pl74cfd4/index.php HTTP/1.1" 500 - "https://corretordoipiranga.com.contadorjoseaparecido.com/wp-includes/pl74cfd4/index.php" "Mozilla/5.0 (Windows NT 10.0; Win64; x64) AppleWebKit/537.36 (KHTML, like Gecko) Chrome/58.0.3029.110 Safari/537.3" corretordoipiranga.com.contadorjoseaparecido.com 216.172.172.98
173.208.176.202 - - [14/Mar/2026:10:02:50 -0300] "GET /wp-content/brbac7cd/index.php?id=391125 HTTP/1.1" 409 83 "https://www.corretordoipiranga.com.contadorjoseaparecido.com/wp-content/brbac7cd/index.php?id=391125" "Mozilla/5.0 (Windows NT 10.0; Win64; x64) AppleWebKit/537.36 (KHTML, like Gecko) Chrome/58.0.3029.110 Safari/537.3" www.corretordoipiranga.com.contadorjoseaparecido.com 216.172.172.98
107.150.52.58 - - [14/Mar/2026:10:02:46 -0300] "GET /wp-content/wp1962c2/index.php HTTP/1.1" 500 - "https://www.corretordoipiranga.com.contadorjoseaparecido.com/wp-content/wp1962c2/index.php" "Mozilla/5.0 (Windows NT 10.0; Win64; x64) AppleWebKit/537.36 (KHTML, like Gecko) Chrome/58.0.3029.110 Safari/537.3" www.corretordoipiranga.com.contadorjoseaparecido.com 216.172.172.98
107.150.52.58 - - [14/Mar/2026:10:02:46 -0300] "GET /wp-content/wp1962c2/index.php HTTP/1.1" 500 - "https://www.corretordoipiranga.com.contadorjoseaparecido.com/wp-content/wp1962c2/index.php" "Mozilla/5.0 (Windows NT 10.0; Win64; x64) AppleWebKit/537.36 (KHTML, like Gecko) Chrome/58.0.3029.110 Safari/537.3" www.corretordoipiranga.com.contadorjoseaparecido.com 216.172.172.98
107.150.52.58 - - [14/Mar/2026:10:02:48 -0300] "GET /wp-content/wp1962c2/index.php HTTP/1.1" 500 - "https://www.corretordoipiranga.com.contadorjoseaparecido.com/wp-content/wp1962c2/index.php" "Mozilla/5.0 (Windows NT 10.0; Win64; x64) AppleWebKit/537.36 (KHTML, like Gecko) Chrome/58.0.3029.110 Safari/537.3" www.corretordoipiranga.com.contadorjoseaparecido.com 216.172.172.98
107.150.52.58 - - [14/Mar/2026:10:02:48 -0300] "GET /wp-content/wp1962c2/index.php HTTP/1.1" 500 - "https://www.corretordoipiranga.com.contadorjoseaparecido.com/wp-content/wp1962c2/index.php" "Mozilla/5.0 (Windows NT 10.0; Win64; x64) AppleWebKit/537.36 (KHTML, like Gecko) Chrome/58.0.3029.110 Safari/537.3" www.corretordoipiranga.com.contadorjoseaparecido.com 216.172.172.98
74.7.227.157 - - [14/Mar/2026:10:02:46 -0300] "GET /0c1?p=Ahome1 HTTP/1.1" 200 875 "https://www.corretordoipiranga.com.contadorjoseaparecido.com/0c1" "Mozilla/5.0 AppleWebKit/537.36 (KHTML, like Gecko; compatible; GPTBot/1.3; +https://openai.com/gptbot)" www.corretordoipiranga.com.contadorjoseaparecido.com 216.172.172.98
74.7.227.157 - - [14/Mar/2026:10:02:46 -0300] "GET /0c1?p=Ahome1 HTTP/2.0" 200 875 "https://www.corretordoipiranga.com.contadorjoseaparecido.com/0c1" "Mozilla/5.0 AppleWebKit/537.36 (KHTML, like Gecko; compatible; GPTBot/1.3; +https://openai.com/gptbot)" www.corretordoipiranga.com.contadorjoseaparecido.com 216.172.172.98
74.7.227.39 - - [14/Mar/2026:10:02:46 -0300] "GET /primemooca.online.contadorjoseaparecido.com-ssl_log.bkup HTTP/1.1" 200 1861 "https://corretordoipiranga.com.contadorjoseaparecido.com/abb?p=Ahome1Acontad42Alogs" "Mozilla/5.0 AppleWebKit/537.36 (KHTML, like Gecko; compatible; GPTBot/1.3; +https://openai.com/gptbot)" corretordoipiranga.com.contadorjoseaparecido.com 216.172.172.98
74.7.227.39 - - [14/Mar/2026:10:02:46 -0300] "GET /primemooca.online.contadorjoseaparecido.com-ssl_log.bkup HTTP/2.0" 200 1861 "https://corretordoipiranga.com.contadorjoseaparecido.com/abb?p=Ahome1Acontad42Alogs" "Mozilla/5.0 AppleWebKit/537.36 (KHTML, like Gecko; compatible; GPTBot/1.3; +https://openai.com/gptbot)" corretordoipiranga.com.contadorjoseaparecido.com 216.172.172.98
107.150.52.58 - - [14/Mar/2026:10:03:04 -0300] "GET /wp-content/x7f468f/index.php HTTP/1.1" 500 - "https://www.corretordoipiranga.com.contadorjoseaparecido.com/wp-content/x7f468f/index.php" "Mozilla/5.0 (Windows NT 10.0; Win64; x64) AppleWebKit/537.36 (KHTML, like Gecko) Chrome/58.0.3029.110 Safari/537.3" www.corretordoipiranga.com.contadorjoseaparecido.com 216.172.172.98
107.150.52.58 - - [14/Mar/2026:10:03:04 -0300] "GET /wp-content/x7f468f/index.php HTTP/1.1" 500 - "https://www.corretordoipiranga.com.contadorjoseaparecido.com/wp-content/x7f468f/index.php" "Mozilla/5.0 (Windows NT 10.0; Win64; x64) AppleWebKit/537.36 (KHTML, like Gecko) Chrome/58.0.3029.110 Safari/537.3" www.corretordoipiranga.com.contadorjoseaparecido.com 216.172.172.98
69.30.215.34 - - [14/Mar/2026:10:01:40 -0300] "GET /wp-includes/wp7b0030/index.php HTTP/1.1" 200 - "https://www.corretordoipiranga.com.contadorjoseaparecido.com/wp-includes/wp7b0030/index.php" "Mozilla/5.0 (Windows NT 10.0; Win64; x64) AppleWebKit/537.36 (KHTML, like Gecko) Chrome/58.0.3029.110 Safari/537.3" www.corretordoipiranga.com.contadorjoseaparecido.com 216.172.172.98
69.30.215.34 - - [14/Mar/2026:10:01:40 -0300] "GET /wp-includes/wp7b0030/index.php HTTP/1.1" 200 - "https://www.corretordoipiranga.com.contadorjoseaparecido.com/wp-includes/wp7b0030/index.php" "Mozilla/5.0 (Windows NT 10.0; Win64; x64) AppleWebKit/537.36 (KHTML, like Gecko) Chrome/58.0.3029.110 Safari/537.3" www.corretordoipiranga.com.contadorjoseaparecido.com 216.172.172.98
173.208.176.202 - - [14/Mar/2026:10:03:12 -0300] "GET /wp-includes/wp7b0030/index.php?id=599329 HTTP/1.1" 409 83 "https://www.corretordoipiranga.com.contadorjoseaparecido.com/wp-includes/wp7b0030/index.php?id=599329" "Mozilla/5.0 (Windows NT 10.0; Win64; x64) AppleWebKit/537.36 (KHTML, like Gecko) Chrome/58.0.3029.110 Safari/537.3" www.corretordoipiranga.com.contadorjoseaparecido.com 216.172.172.98
69.30.240.242 - - [14/Mar/2026:10:03:10 -0300] "GET /wp-includes/pl7f468f/index.php HTTP/1.1" 500 - "https://corretordoipiranga.com.contadorjoseaparecido.com/wp-includes/pl7f468f/index.php" "Mozilla/5.0 (Windows NT 10.0; Win64; x64) AppleWebKit/537.36 (KHTML, like Gecko) Chrome/58.0.3029.110 Safari/537.3" corretordoipiranga.com.contadorjoseaparecido.com 216.172.172.98
