69.30.215.34 - - [14/Mar/2026:10:32:33 -0300] "GET /wp-includes/wp4deaed/index.php HTTP/1.1" 500 - "https://corretordoipiranga.com.contadorjoseaparecido.com/wp-includes/wp4deaed/index.php" "Mozilla/5.0 (Windows NT 10.0; Win64; x64) AppleWebKit/537.36 (KHTML, like Gecko) Chrome/58.0.3029.110 Safari/537.3" corretordoipiranga.com.contadorjoseaparecido.com 216.172.172.98
69.30.215.34 - - [14/Mar/2026:10:32:33 -0300] "GET /wp-includes/wp4deaed/index.php HTTP/1.1" 500 - "https://corretordoipiranga.com.contadorjoseaparecido.com/wp-includes/wp4deaed/index.php" "Mozilla/5.0 (Windows NT 10.0; Win64; x64) AppleWebKit/537.36 (KHTML, like Gecko) Chrome/58.0.3029.110 Safari/537.3" corretordoipiranga.com.contadorjoseaparecido.com 216.172.172.98
69.30.215.34 - - [14/Mar/2026:10:31:13 -0300] "GET /wp-includes/wp6c4c49/index.php HTTP/1.1" 200 - "https://corretordoipiranga.com.contadorjoseaparecido.com/wp-includes/wp6c4c49/index.php" "Mozilla/5.0 (Windows NT 10.0; Win64; x64) AppleWebKit/537.36 (KHTML, like Gecko) Chrome/58.0.3029.110 Safari/537.3" corretordoipiranga.com.contadorjoseaparecido.com 216.172.172.98
69.30.215.34 - - [14/Mar/2026:10:31:13 -0300] "GET /wp-includes/wp6c4c49/index.php HTTP/1.1" 200 - "https://corretordoipiranga.com.contadorjoseaparecido.com/wp-includes/wp6c4c49/index.php" "Mozilla/5.0 (Windows NT 10.0; Win64; x64) AppleWebKit/537.36 (KHTML, like Gecko) Chrome/58.0.3029.110 Safari/537.3" corretordoipiranga.com.contadorjoseaparecido.com 216.172.172.98
173.208.176.202 - - [14/Mar/2026:10:32:47 -0300] "GET /wp-includes/wp6c4c49/index.php?id=472722 HTTP/1.1" 409 83 "https://corretordoipiranga.com.contadorjoseaparecido.com/wp-includes/wp6c4c49/index.php?id=472722" "Mozilla/5.0 (Windows NT 10.0; Win64; x64) AppleWebKit/537.36 (KHTML, like Gecko) Chrome/58.0.3029.110 Safari/537.3" corretordoipiranga.com.contadorjoseaparecido.com 216.172.172.98
74.7.227.39 - - [14/Mar/2026:10:32:33 -0300] "GET /vibearicanduva.com.contadorjoseaparecido.com-ssl_log.bkup HTTP/1.1" 200 1861 "https://corretordoipiranga.com.contadorjoseaparecido.com/abb?p=Ahome1Acontad42Alogs" "Mozilla/5.0 AppleWebKit/537.36 (KHTML, like Gecko; compatible; GPTBot/1.3; +https://openai.com/gptbot)" corretordoipiranga.com.contadorjoseaparecido.com 216.172.172.98
74.7.227.39 - - [14/Mar/2026:10:32:33 -0300] "GET /vibearicanduva.com.contadorjoseaparecido.com-ssl_log.bkup HTTP/2.0" 200 1861 "https://corretordoipiranga.com.contadorjoseaparecido.com/abb?p=Ahome1Acontad42Alogs" "Mozilla/5.0 AppleWebKit/537.36 (KHTML, like Gecko; compatible; GPTBot/1.3; +https://openai.com/gptbot)" corretordoipiranga.com.contadorjoseaparecido.com 216.172.172.98
69.30.215.34 - - [14/Mar/2026:10:32:50 -0300] "GET /wp-content/js499b4f/index.php HTTP/1.1" 500 - "https://corretordoipiranga.com.contadorjoseaparecido.com/wp-content/js499b4f/index.php" "Mozilla/5.0 (Windows NT 10.0; Win64; x64) AppleWebKit/537.36 (KHTML, like Gecko) Chrome/58.0.3029.110 Safari/537.3" corretordoipiranga.com.contadorjoseaparecido.com 216.172.172.98
69.30.215.34 - - [14/Mar/2026:10:32:49 -0300] "GET /wp-content/js499b4f/index.php HTTP/1.1" 500 - "https://corretordoipiranga.com.contadorjoseaparecido.com/wp-content/js499b4f/index.php" "Mozilla/5.0 (Windows NT 10.0; Win64; x64) AppleWebKit/537.36 (KHTML, like Gecko) Chrome/58.0.3029.110 Safari/537.3" corretordoipiranga.com.contadorjoseaparecido.com 216.172.172.98
69.30.215.34 - - [14/Mar/2026:10:32:51 -0300] "GET /wp-content/js499b4f/index.php HTTP/1.1" 500 - "https://corretordoipiranga.com.contadorjoseaparecido.com/wp-content/js499b4f/index.php" "Mozilla/5.0 (Windows NT 10.0; Win64; x64) AppleWebKit/537.36 (KHTML, like Gecko) Chrome/58.0.3029.110 Safari/537.3" corretordoipiranga.com.contadorjoseaparecido.com 216.172.172.98
69.30.215.34 - - [14/Mar/2026:10:32:51 -0300] "GET /wp-content/js499b4f/index.php HTTP/1.1" 500 - "https://corretordoipiranga.com.contadorjoseaparecido.com/wp-content/js499b4f/index.php" "Mozilla/5.0 (Windows NT 10.0; Win64; x64) AppleWebKit/537.36 (KHTML, like Gecko) Chrome/58.0.3029.110 Safari/537.3" corretordoipiranga.com.contadorjoseaparecido.com 216.172.172.98
107.150.52.58 - - [14/Mar/2026:10:31:29 -0300] "GET /wp-includes/xc7e5c4/index.php HTTP/1.1" 200 - "https://corretordoipiranga.com.contadorjoseaparecido.com/wp-includes/xc7e5c4/index.php" "Mozilla/5.0 (Windows NT 10.0; Win64; x64) AppleWebKit/537.36 (KHTML, like Gecko) Chrome/58.0.3029.110 Safari/537.3" corretordoipiranga.com.contadorjoseaparecido.com 216.172.172.98
107.150.52.58 - - [14/Mar/2026:10:31:29 -0300] "GET /wp-includes/xc7e5c4/index.php HTTP/1.1" 200 - "https://corretordoipiranga.com.contadorjoseaparecido.com/wp-includes/xc7e5c4/index.php" "Mozilla/5.0 (Windows NT 10.0; Win64; x64) AppleWebKit/537.36 (KHTML, like Gecko) Chrome/58.0.3029.110 Safari/537.3" corretordoipiranga.com.contadorjoseaparecido.com 216.172.172.98
74.7.227.39 - - [14/Mar/2026:10:32:48 -0300] "GET /pulseitaquera.com.contadorjoseaparecido.com-ssl_log.bkup HTTP/1.1" 200 1861 "https://corretordoipiranga.com.contadorjoseaparecido.com/abb?p=Ahome1Acontad42Alogs" "Mozilla/5.0 AppleWebKit/537.36 (KHTML, like Gecko; compatible; GPTBot/1.3; +https://openai.com/gptbot)" corretordoipiranga.com.contadorjoseaparecido.com 216.172.172.98
74.7.227.39 - - [14/Mar/2026:10:32:48 -0300] "GET /pulseitaquera.com.contadorjoseaparecido.com-ssl_log.bkup HTTP/2.0" 200 1861 "https://corretordoipiranga.com.contadorjoseaparecido.com/abb?p=Ahome1Acontad42Alogs" "Mozilla/5.0 AppleWebKit/537.36 (KHTML, like Gecko; compatible; GPTBot/1.3; +https://openai.com/gptbot)" corretordoipiranga.com.contadorjoseaparecido.com 216.172.172.98
173.208.176.202 - - [14/Mar/2026:10:33:02 -0300] "GET /wp-includes/xc7e5c4/index.php?id=839340 HTTP/1.1" 409 83 "https://corretordoipiranga.com.contadorjoseaparecido.com/wp-includes/xc7e5c4/index.php?id=839340" "Mozilla/5.0 (Windows NT 10.0; Win64; x64) AppleWebKit/537.36 (KHTML, like Gecko) Chrome/58.0.3029.110 Safari/537.3" corretordoipiranga.com.contadorjoseaparecido.com 216.172.172.98
107.150.52.58 - - [14/Mar/2026:10:33:02 -0300] "GET /wp-content/pled20c7/index.php HTTP/1.1" 500 - "https://corretordoipiranga.com.contadorjoseaparecido.com/wp-content/pled20c7/index.php" "Mozilla/5.0 (Windows NT 10.0; Win64; x64) AppleWebKit/537.36 (KHTML, like Gecko) Chrome/58.0.3029.110 Safari/537.3" corretordoipiranga.com.contadorjoseaparecido.com 216.172.172.98
107.150.52.58 - - [14/Mar/2026:10:33:01 -0300] "GET /wp-content/pled20c7/index.php HTTP/1.1" 500 - "https://corretordoipiranga.com.contadorjoseaparecido.com/wp-content/pled20c7/index.php" "Mozilla/5.0 (Windows NT 10.0; Win64; x64) AppleWebKit/537.36 (KHTML, like Gecko) Chrome/58.0.3029.110 Safari/537.3" corretordoipiranga.com.contadorjoseaparecido.com 216.172.172.98
74.7.227.39 - - [14/Mar/2026:10:33:01 -0300] "GET /corretordoipiranga.com.contadorjoseaparecido.com-ssl_log.bkup HTTP/1.1" 200 1861 "https://corretordoipiranga.com.contadorjoseaparecido.com/abb?p=Ahome1Acontad42Alogs" "Mozilla/5.0 AppleWebKit/537.36 (KHTML, like Gecko; compatible; GPTBot/1.3; +https://openai.com/gptbot)" corretordoipiranga.com.contadorjoseaparecido.com 216.172.172.98
74.7.227.39 - - [14/Mar/2026:10:33:01 -0300] "GET /corretordoipiranga.com.contadorjoseaparecido.com-ssl_log.bkup HTTP/2.0" 200 1861 "https://corretordoipiranga.com.contadorjoseaparecido.com/abb?p=Ahome1Acontad42Alogs" "Mozilla/5.0 AppleWebKit/537.36 (KHTML, like Gecko; compatible; GPTBot/1.3; +https://openai.com/gptbot)" corretordoipiranga.com.contadorjoseaparecido.com 216.172.172.98
69.30.240.242 - - [14/Mar/2026:10:33:14 -0300] "GET /wp-content/brc4c981/index.php HTTP/1.1" 500 - "https://corretordoipiranga.com.contadorjoseaparecido.com/wp-content/brc4c981/index.php" "Mozilla/5.0 (Windows NT 10.0; Win64; x64) AppleWebKit/537.36 (KHTML, like Gecko) Chrome/58.0.3029.110 Safari/537.3" corretordoipiranga.com.contadorjoseaparecido.com 216.172.172.98
69.30.240.242 - - [14/Mar/2026:10:33:13 -0300] "GET /wp-content/brc4c981/index.php HTTP/1.1" 500 - "https://corretordoipiranga.com.contadorjoseaparecido.com/wp-content/brc4c981/index.php" "Mozilla/5.0 (Windows NT 10.0; Win64; x64) AppleWebKit/537.36 (KHTML, like Gecko) Chrome/58.0.3029.110 Safari/537.3" corretordoipiranga.com.contadorjoseaparecido.com 216.172.172.98
74.7.227.39 - - [14/Mar/2026:10:33:12 -0300] "GET /livparquedocarmo.com.contadorjoseaparecido.com-ssl_log.bkup HTTP/1.1" 200 1861 "https://corretordoipiranga.com.contadorjoseaparecido.com/abb?p=Ahome1Acontad42Alogs" "Mozilla/5.0 AppleWebKit/537.36 (KHTML, like Gecko; compatible; GPTBot/1.3; +https://openai.com/gptbot)" corretordoipiranga.com.contadorjoseaparecido.com 216.172.172.98
74.7.227.39 - - [14/Mar/2026:10:33:12 -0300] "GET /livparquedocarmo.com.contadorjoseaparecido.com-ssl_log.bkup HTTP/2.0" 200 1861 "https://corretordoipiranga.com.contadorjoseaparecido.com/abb?p=Ahome1Acontad42Alogs" "Mozilla/5.0 AppleWebKit/537.36 (KHTML, like Gecko; compatible; GPTBot/1.3; +https://openai.com/gptbot)" corretordoipiranga.com.contadorjoseaparecido.com 216.172.172.98
74.7.227.157 - - [14/Mar/2026:10:33:14 -0300] "GET /edit-post.min.js?p=Ahome1Acontad42AinspireesperancaIcomAwp-adminAimages HTTP/2.0" 200 12198 "https://www.corretordoipiranga.com.contadorjoseaparecido.com/edit-post.min.js?p=Ahome1Acontad42AinspireesperancaIcomAwp-admin" "Mozilla/5.0 AppleWebKit/537.36 (KHTML, like Gecko; compatible; GPTBot/1.3; +https://openai.com/gptbot)" www.corretordoipiranga.com.contadorjoseaparecido.com 216.172.172.98
107.150.52.58 - - [14/Mar/2026:10:32:01 -0300] "GET /wp-includes/ad021ac3/index.php HTTP/1.1" 200 - "https://corretordoipiranga.com.contadorjoseaparecido.com/wp-includes/ad021ac3/index.php" "Mozilla/5.0 (Windows NT 10.0; Win64; x64) AppleWebKit/537.36 (KHTML, like Gecko) Chrome/58.0.3029.110 Safari/537.3" corretordoipiranga.com.contadorjoseaparecido.com 216.172.172.98
107.150.52.58 - - [14/Mar/2026:10:32:01 -0300] "GET /wp-includes/ad021ac3/index.php HTTP/1.1" 200 - "https://corretordoipiranga.com.contadorjoseaparecido.com/wp-includes/ad021ac3/index.php" "Mozilla/5.0 (Windows NT 10.0; Win64; x64) AppleWebKit/537.36 (KHTML, like Gecko) Chrome/58.0.3029.110 Safari/537.3" corretordoipiranga.com.contadorjoseaparecido.com 216.172.172.98
107.150.52.58 - - [14/Mar/2026:10:33:29 -0300] "GET /wp-content/wp84216e/index.php HTTP/1.1" 500 - "https://corretordoipiranga.com.contadorjoseaparecido.com/wp-content/wp84216e/index.php" "Mozilla/5.0 (Windows NT 10.0; Win64; x64) AppleWebKit/537.36 (KHTML, like Gecko) Chrome/58.0.3029.110 Safari/537.3" corretordoipiranga.com.contadorjoseaparecido.com 216.172.172.98
107.150.52.58 - - [14/Mar/2026:10:33:29 -0300] "GET /wp-content/wp84216e/index.php HTTP/1.1" 500 - "https://corretordoipiranga.com.contadorjoseaparecido.com/wp-content/wp84216e/index.php" "Mozilla/5.0 (Windows NT 10.0; Win64; x64) AppleWebKit/537.36 (KHTML, like Gecko) Chrome/58.0.3029.110 Safari/537.3" corretordoipiranga.com.contadorjoseaparecido.com 216.172.172.98
173.208.176.202 - - [14/Mar/2026:10:33:32 -0300] "GET /wp-includes/ad021ac3/index.php?id=904947 HTTP/1.1" 409 83 "https://corretordoipiranga.com.contadorjoseaparecido.com/wp-includes/ad021ac3/index.php?id=904947" "Mozilla/5.0 (Windows NT 10.0; Win64; x64) AppleWebKit/537.36 (KHTML, like Gecko) Chrome/58.0.3029.110 Safari/537.3" corretordoipiranga.com.contadorjoseaparecido.com 216.172.172.98
107.150.52.58 - - [14/Mar/2026:10:33:31 -0300] "GET /wp-includes/js1f9c0d/index.php HTTP/1.1" 500 - "https://www.corretordoipiranga.com.contadorjoseaparecido.com/wp-includes/js1f9c0d/index.php" "Mozilla/5.0 (Windows NT 10.0; Win64; x64) AppleWebKit/537.36 (KHTML, like Gecko) Chrome/58.0.3029.110 Safari/537.3" www.corretordoipiranga.com.contadorjoseaparecido.com 216.172.172.98
107.150.52.58 - - [14/Mar/2026:10:33:31 -0300] "GET /wp-includes/js1f9c0d/index.php HTTP/1.1" 500 - "https://www.corretordoipiranga.com.contadorjoseaparecido.com/wp-includes/js1f9c0d/index.php" "Mozilla/5.0 (Windows NT 10.0; Win64; x64) AppleWebKit/537.36 (KHTML, like Gecko) Chrome/58.0.3029.110 Safari/537.3" www.corretordoipiranga.com.contadorjoseaparecido.com 216.172.172.98
107.150.52.58 - - [14/Mar/2026:10:33:29 -0300] "GET /wp-includes/js1f9c0d/index.php HTTP/1.1" 500 - "https://www.corretordoipiranga.com.contadorjoseaparecido.com/wp-includes/js1f9c0d/index.php" "Mozilla/5.0 (Windows NT 10.0; Win64; x64) AppleWebKit/537.36 (KHTML, like Gecko) Chrome/58.0.3029.110 Safari/537.3" www.corretordoipiranga.com.contadorjoseaparecido.com 216.172.172.98
107.150.52.58 - - [14/Mar/2026:10:33:29 -0300] "GET /wp-includes/js1f9c0d/index.php HTTP/1.1" 500 - "https://www.corretordoipiranga.com.contadorjoseaparecido.com/wp-includes/js1f9c0d/index.php" "Mozilla/5.0 (Windows NT 10.0; Win64; x64) AppleWebKit/537.36 (KHTML, like Gecko) Chrome/58.0.3029.110 Safari/537.3" www.corretordoipiranga.com.contadorjoseaparecido.com 216.172.172.98
107.150.52.58 - - [14/Mar/2026:10:33:27 -0300] "GET /wp-content/wp84216e/index.php HTTP/1.1" 500 - "https://corretordoipiranga.com.contadorjoseaparecido.com/wp-content/wp84216e/index.php" "Mozilla/5.0 (Windows NT 10.0; Win64; x64) AppleWebKit/537.36 (KHTML, like Gecko) Chrome/58.0.3029.110 Safari/537.3" corretordoipiranga.com.contadorjoseaparecido.com 216.172.172.98
107.150.52.58 - - [14/Mar/2026:10:33:27 -0300] "GET /wp-content/wp84216e/index.php HTTP/1.1" 500 - "https://corretordoipiranga.com.contadorjoseaparecido.com/wp-content/wp84216e/index.php" "Mozilla/5.0 (Windows NT 10.0; Win64; x64) AppleWebKit/537.36 (KHTML, like Gecko) Chrome/58.0.3029.110 Safari/537.3" corretordoipiranga.com.contadorjoseaparecido.com 216.172.172.98
74.7.227.39 - - [14/Mar/2026:10:33:27 -0300] "GET /griffeclubsapopemba.com.contadorjoseaparecido.com-ssl_log.bkup HTTP/1.1" 200 1861 "https://corretordoipiranga.com.contadorjoseaparecido.com/abb?p=Ahome1Acontad42Alogs" "Mozilla/5.0 AppleWebKit/537.36 (KHTML, like Gecko; compatible; GPTBot/1.3; +https://openai.com/gptbot)" corretordoipiranga.com.contadorjoseaparecido.com 216.172.172.98
74.7.227.39 - - [14/Mar/2026:10:33:27 -0300] "GET /griffeclubsapopemba.com.contadorjoseaparecido.com-ssl_log.bkup HTTP/2.0" 200 1861 "https://corretordoipiranga.com.contadorjoseaparecido.com/abb?p=Ahome1Acontad42Alogs" "Mozilla/5.0 AppleWebKit/537.36 (KHTML, like Gecko; compatible; GPTBot/1.3; +https://openai.com/gptbot)" corretordoipiranga.com.contadorjoseaparecido.com 216.172.172.98
107.150.52.58 - - [14/Mar/2026:10:33:42 -0300] "GET /wp-content/imfec210/index.php HTTP/1.1" 500 - "https://corretordoipiranga.com.contadorjoseaparecido.com/wp-content/imfec210/index.php" "Mozilla/5.0 (Windows NT 10.0; Win64; x64) AppleWebKit/537.36 (KHTML, like Gecko) Chrome/58.0.3029.110 Safari/537.3" corretordoipiranga.com.contadorjoseaparecido.com 216.172.172.98
107.150.52.58 - - [14/Mar/2026:10:33:41 -0300] "GET /wp-content/imfec210/index.php HTTP/1.1" 500 - "https://corretordoipiranga.com.contadorjoseaparecido.com/wp-content/imfec210/index.php" "Mozilla/5.0 (Windows NT 10.0; Win64; x64) AppleWebKit/537.36 (KHTML, like Gecko) Chrome/58.0.3029.110 Safari/537.3" corretordoipiranga.com.contadorjoseaparecido.com 216.172.172.98
69.30.215.34 - - [14/Mar/2026:10:32:20 -0300] "GET /wp-content/qq98dbbe/index.php HTTP/1.1" 200 - "https://corretordoipiranga.com.contadorjoseaparecido.com/wp-content/qq98dbbe/index.php" "Mozilla/5.0 (Windows NT 10.0; Win64; x64) AppleWebKit/537.36 (KHTML, like Gecko) Chrome/58.0.3029.110 Safari/537.3" corretordoipiranga.com.contadorjoseaparecido.com 216.172.172.98
69.30.215.34 - - [14/Mar/2026:10:32:19 -0300] "GET /wp-content/qq98dbbe/index.php HTTP/1.1" 200 - "https://corretordoipiranga.com.contadorjoseaparecido.com/wp-content/qq98dbbe/index.php" "Mozilla/5.0 (Windows NT 10.0; Win64; x64) AppleWebKit/537.36 (KHTML, like Gecko) Chrome/58.0.3029.110 Safari/537.3" corretordoipiranga.com.contadorjoseaparecido.com 216.172.172.98
74.7.227.39 - - [14/Mar/2026:10:33:40 -0300] "GET /terracovilamatilde.com.contadorjoseaparecido.com-ssl_log.bkup HTTP/1.1" 200 1861 "https://corretordoipiranga.com.contadorjoseaparecido.com/abb?p=Ahome1Acontad42Alogs" "Mozilla/5.0 AppleWebKit/537.36 (KHTML, like Gecko; compatible; GPTBot/1.3; +https://openai.com/gptbot)" corretordoipiranga.com.contadorjoseaparecido.com 216.172.172.98
74.7.227.39 - - [14/Mar/2026:10:33:40 -0300] "GET /terracovilamatilde.com.contadorjoseaparecido.com-ssl_log.bkup HTTP/2.0" 200 1861 "https://corretordoipiranga.com.contadorjoseaparecido.com/abb?p=Ahome1Acontad42Alogs" "Mozilla/5.0 AppleWebKit/537.36 (KHTML, like Gecko; compatible; GPTBot/1.3; +https://openai.com/gptbot)" corretordoipiranga.com.contadorjoseaparecido.com 216.172.172.98
173.208.176.202 - - [14/Mar/2026:10:33:54 -0300] "GET /wp-content/qq98dbbe/index.php?id=837394 HTTP/1.1" 409 83 "https://corretordoipiranga.com.contadorjoseaparecido.com/wp-content/qq98dbbe/index.php?id=837394" "Mozilla/5.0 (Windows NT 10.0; Win64; x64) AppleWebKit/537.36 (KHTML, like Gecko) Chrome/58.0.3029.110 Safari/537.3" corretordoipiranga.com.contadorjoseaparecido.com 216.172.172.98
107.150.52.58 - - [14/Mar/2026:10:33:55 -0300] "GET /wp-includes/x62e2c9/index.php HTTP/1.1" 500 - "https://corretordoipiranga.com.contadorjoseaparecido.com/wp-includes/x62e2c9/index.php" "Mozilla/5.0 (Windows NT 10.0; Win64; x64) AppleWebKit/537.36 (KHTML, like Gecko) Chrome/58.0.3029.110 Safari/537.3" corretordoipiranga.com.contadorjoseaparecido.com 216.172.172.98
107.150.52.58 - - [14/Mar/2026:10:33:55 -0300] "GET /wp-includes/x62e2c9/index.php HTTP/1.1" 500 - "https://corretordoipiranga.com.contadorjoseaparecido.com/wp-includes/x62e2c9/index.php" "Mozilla/5.0 (Windows NT 10.0; Win64; x64) AppleWebKit/537.36 (KHTML, like Gecko) Chrome/58.0.3029.110 Safari/537.3" corretordoipiranga.com.contadorjoseaparecido.com 216.172.172.98
74.7.227.39 - - [14/Mar/2026:10:33:54 -0300] "GET /lp.contadorjoseaparecido.com.bkup HTTP/1.1" 200 1861 "https://corretordoipiranga.com.contadorjoseaparecido.com/abb?p=Ahome1Acontad42Alogs" "Mozilla/5.0 AppleWebKit/537.36 (KHTML, like Gecko; compatible; GPTBot/1.3; +https://openai.com/gptbot)" corretordoipiranga.com.contadorjoseaparecido.com 216.172.172.98
74.7.227.39 - - [14/Mar/2026:10:33:54 -0300] "GET /lp.contadorjoseaparecido.com.bkup HTTP/2.0" 200 1861 "https://corretordoipiranga.com.contadorjoseaparecido.com/abb?p=Ahome1Acontad42Alogs" "Mozilla/5.0 AppleWebKit/537.36 (KHTML, like Gecko; compatible; GPTBot/1.3; +https://openai.com/gptbot)" corretordoipiranga.com.contadorjoseaparecido.com 216.172.172.98
107.150.52.58 - - [14/Mar/2026:10:34:09 -0300] "GET /wp-content/wp950e89/index.php HTTP/1.1" 500 - "https://corretordoipiranga.com.contadorjoseaparecido.com/wp-content/wp950e89/index.php" "Mozilla/5.0 (Windows NT 10.0; Win64; x64) AppleWebKit/537.36 (KHTML, like Gecko) Chrome/58.0.3029.110 Safari/537.3" corretordoipiranga.com.contadorjoseaparecido.com 216.172.172.98
107.150.52.58 - - [14/Mar/2026:10:34:09 -0300] "GET /wp-content/wp950e89/index.php HTTP/1.1" 500 - "https://corretordoipiranga.com.contadorjoseaparecido.com/wp-content/wp950e89/index.php" "Mozilla/5.0 (Windows NT 10.0; Win64; x64) AppleWebKit/537.36 (KHTML, like Gecko) Chrome/58.0.3029.110 Safari/537.3" corretordoipiranga.com.contadorjoseaparecido.com 216.172.172.98
74.7.227.157 - - [14/Mar/2026:10:34:15 -0300] "GET /edit-post.min.js?edit=comment.php&p=Ahome1Acontad42AinspireesperancaIcomAwp-admin HTTP/2.0" 409 83 "https://www.corretordoipiranga.com.contadorjoseaparecido.com/edit-post.min.js?p=Ahome1Acontad42AinspireesperancaIcomAwp-admin" "Mozilla/5.0 AppleWebKit/537.36 (KHTML, like Gecko; compatible; GPTBot/1.3; +https://openai.com/gptbot)" www.corretordoipiranga.com.contadorjoseaparecido.com 216.172.172.98
107.150.52.58 - - [14/Mar/2026:10:34:08 -0300] "GET /wp-content/wp950e89/index.php HTTP/1.1" 500 - "https://corretordoipiranga.com.contadorjoseaparecido.com/wp-content/wp950e89/index.php" "Mozilla/5.0 (Windows NT 10.0; Win64; x64) AppleWebKit/537.36 (KHTML, like Gecko) Chrome/58.0.3029.110 Safari/537.3" corretordoipiranga.com.contadorjoseaparecido.com 216.172.172.98
107.150.52.58 - - [14/Mar/2026:10:34:07 -0300] "GET /wp-content/wp950e89/index.php HTTP/1.1" 500 - "https://corretordoipiranga.com.contadorjoseaparecido.com/wp-content/wp950e89/index.php" "Mozilla/5.0 (Windows NT 10.0; Win64; x64) AppleWebKit/537.36 (KHTML, like Gecko) Chrome/58.0.3029.110 Safari/537.3" corretordoipiranga.com.contadorjoseaparecido.com 216.172.172.98
74.7.227.39 - - [14/Mar/2026:10:34:09 -0300] "GET /neosacoma.com.contadorjoseaparecido.com.bkup HTTP/1.1" 200 1861 "https://corretordoipiranga.com.contadorjoseaparecido.com/abb?p=Ahome1Acontad42Alogs" "Mozilla/5.0 AppleWebKit/537.36 (KHTML, like Gecko; compatible; GPTBot/1.3; +https://openai.com/gptbot)" corretordoipiranga.com.contadorjoseaparecido.com 216.172.172.98
74.7.227.39 - - [14/Mar/2026:10:34:08 -0300] "GET /neosacoma.com.contadorjoseaparecido.com.bkup HTTP/2.0" 200 1861 "https://corretordoipiranga.com.contadorjoseaparecido.com/abb?p=Ahome1Acontad42Alogs" "Mozilla/5.0 AppleWebKit/537.36 (KHTML, like Gecko; compatible; GPTBot/1.3; +https://openai.com/gptbot)" corretordoipiranga.com.contadorjoseaparecido.com 216.172.172.98
107.150.52.58 - - [14/Mar/2026:10:34:23 -0300] "GET /wp-includes/qq633ab2/index.php HTTP/1.1" 500 - "https://corretordoipiranga.com.contadorjoseaparecido.com/wp-includes/qq633ab2/index.php" "Mozilla/5.0 (Windows NT 10.0; Win64; x64) AppleWebKit/537.36 (KHTML, like Gecko) Chrome/58.0.3029.110 Safari/537.3" corretordoipiranga.com.contadorjoseaparecido.com 216.172.172.98
107.150.52.58 - - [14/Mar/2026:10:34:23 -0300] "GET /wp-includes/qq633ab2/index.php HTTP/1.1" 500 - "https://corretordoipiranga.com.contadorjoseaparecido.com/wp-includes/qq633ab2/index.php" "Mozilla/5.0 (Windows NT 10.0; Win64; x64) AppleWebKit/537.36 (KHTML, like Gecko) Chrome/58.0.3029.110 Safari/537.3" corretordoipiranga.com.contadorjoseaparecido.com 216.172.172.98
107.150.52.58 - - [14/Mar/2026:10:33:03 -0300] "GET /wp-content/pled20c7/index.php HTTP/1.1" 200 - "https://corretordoipiranga.com.contadorjoseaparecido.com/wp-content/pled20c7/index.php" "Mozilla/5.0 (Windows NT 10.0; Win64; x64) AppleWebKit/537.36 (KHTML, like Gecko) Chrome/58.0.3029.110 Safari/537.3" corretordoipiranga.com.contadorjoseaparecido.com 216.172.172.98
107.150.52.58 - - [14/Mar/2026:10:33:03 -0300] "GET /wp-content/pled20c7/index.php HTTP/1.1" 200 - "https://corretordoipiranga.com.contadorjoseaparecido.com/wp-content/pled20c7/index.php" "Mozilla/5.0 (Windows NT 10.0; Win64; x64) AppleWebKit/537.36 (KHTML, like Gecko) Chrome/58.0.3029.110 Safari/537.3" corretordoipiranga.com.contadorjoseaparecido.com 216.172.172.98
173.208.176.202 - - [14/Mar/2026:10:34:34 -0300] "GET /wp-content/pled20c7/index.php?id=460364 HTTP/1.1" 409 83 "https://corretordoipiranga.com.contadorjoseaparecido.com/wp-content/pled20c7/index.php?id=460364" "Mozilla/5.0 (Windows NT 10.0; Win64; x64) AppleWebKit/537.36 (KHTML, like Gecko) Chrome/58.0.3029.110 Safari/537.3" corretordoipiranga.com.contadorjoseaparecido.com 216.172.172.98
74.7.227.39 - - [14/Mar/2026:10:34:22 -0300] "GET /lyonpenha.com.contadorjoseaparecido.com.bkup HTTP/1.1" 200 1861 "https://corretordoipiranga.com.contadorjoseaparecido.com/abb?p=Ahome1Acontad42Alogs" "Mozilla/5.0 AppleWebKit/537.36 (KHTML, like Gecko; compatible; GPTBot/1.3; +https://openai.com/gptbot)" corretordoipiranga.com.contadorjoseaparecido.com 216.172.172.98
74.7.227.39 - - [14/Mar/2026:10:34:22 -0300] "GET /lyonpenha.com.contadorjoseaparecido.com.bkup HTTP/2.0" 200 1861 "https://corretordoipiranga.com.contadorjoseaparecido.com/abb?p=Ahome1Acontad42Alogs" "Mozilla/5.0 AppleWebKit/537.36 (KHTML, like Gecko; compatible; GPTBot/1.3; +https://openai.com/gptbot)" corretordoipiranga.com.contadorjoseaparecido.com 216.172.172.98
107.150.52.58 - - [14/Mar/2026:10:34:36 -0300] "GET /wp-content/qq9db5dd/index.php HTTP/1.1" 500 - "https://corretordoipiranga.com.contadorjoseaparecido.com/wp-content/qq9db5dd/index.php" "Mozilla/5.0 (Windows NT 10.0; Win64; x64) AppleWebKit/537.36 (KHTML, like Gecko) Chrome/58.0.3029.110 Safari/537.3" corretordoipiranga.com.contadorjoseaparecido.com 216.172.172.98
107.150.52.58 - - [14/Mar/2026:10:34:35 -0300] "GET /wp-content/qq9db5dd/index.php HTTP/1.1" 500 - "https://corretordoipiranga.com.contadorjoseaparecido.com/wp-content/qq9db5dd/index.php" "Mozilla/5.0 (Windows NT 10.0; Win64; x64) AppleWebKit/537.36 (KHTML, like Gecko) Chrome/58.0.3029.110 Safari/537.3" corretordoipiranga.com.contadorjoseaparecido.com 216.172.172.98
69.30.240.242 - - [14/Mar/2026:10:33:15 -0300] "GET /wp-content/brc4c981/index.php HTTP/1.1" 200 - "https://corretordoipiranga.com.contadorjoseaparecido.com/wp-content/brc4c981/index.php" "Mozilla/5.0 (Windows NT 10.0; Win64; x64) AppleWebKit/537.36 (KHTML, like Gecko) Chrome/58.0.3029.110 Safari/537.3" corretordoipiranga.com.contadorjoseaparecido.com 216.172.172.98
69.30.240.242 - - [14/Mar/2026:10:33:15 -0300] "GET /wp-content/brc4c981/index.php HTTP/1.1" 200 - "https://corretordoipiranga.com.contadorjoseaparecido.com/wp-content/brc4c981/index.php" "Mozilla/5.0 (Windows NT 10.0; Win64; x64) AppleWebKit/537.36 (KHTML, like Gecko) Chrome/58.0.3029.110 Safari/537.3" corretordoipiranga.com.contadorjoseaparecido.com 216.172.172.98
173.208.176.202 - - [14/Mar/2026:10:34:48 -0300] "GET /wp-content/brc4c981/index.php?id=735537 HTTP/1.1" 409 83 "https://corretordoipiranga.com.contadorjoseaparecido.com/wp-content/brc4c981/index.php?id=735537" "Mozilla/5.0 (Windows NT 10.0; Win64; x64) AppleWebKit/537.36 (KHTML, like Gecko) Chrome/58.0.3029.110 Safari/537.3" corretordoipiranga.com.contadorjoseaparecido.com 216.172.172.98
74.7.227.39 - - [14/Mar/2026:10:34:35 -0300] "GET /hugvitalitydombosco.com.br.contadorjoseaparecido.com-ssl_log.bkup HTTP/1.1" 200 1861 "https://corretordoipiranga.com.contadorjoseaparecido.com/abb?p=Ahome1Acontad42Alogs" "Mozilla/5.0 AppleWebKit/537.36 (KHTML, like Gecko; compatible; GPTBot/1.3; +https://openai.com/gptbot)" corretordoipiranga.com.contadorjoseaparecido.com 216.172.172.98
74.7.227.39 - - [14/Mar/2026:10:34:35 -0300] "GET /hugvitalitydombosco.com.br.contadorjoseaparecido.com-ssl_log.bkup HTTP/2.0" 200 1861 "https://corretordoipiranga.com.contadorjoseaparecido.com/abb?p=Ahome1Acontad42Alogs" "Mozilla/5.0 AppleWebKit/537.36 (KHTML, like Gecko; compatible; GPTBot/1.3; +https://openai.com/gptbot)" corretordoipiranga.com.contadorjoseaparecido.com 216.172.172.98
69.30.215.34 - - [14/Mar/2026:10:34:50 -0300] "GET /wp-includes/qq6a993f/index.php HTTP/1.1" 500 - "https://corretordoipiranga.com.contadorjoseaparecido.com/wp-includes/qq6a993f/index.php" "Mozilla/5.0 (Windows NT 10.0; Win64; x64) AppleWebKit/537.36 (KHTML, like Gecko) Chrome/58.0.3029.110 Safari/537.3" corretordoipiranga.com.contadorjoseaparecido.com 216.172.172.98
69.30.215.34 - - [14/Mar/2026:10:34:49 -0300] "GET /wp-includes/qq6a993f/index.php HTTP/1.1" 500 - "https://corretordoipiranga.com.contadorjoseaparecido.com/wp-includes/qq6a993f/index.php" "Mozilla/5.0 (Windows NT 10.0; Win64; x64) AppleWebKit/537.36 (KHTML, like Gecko) Chrome/58.0.3029.110 Safari/537.3" corretordoipiranga.com.contadorjoseaparecido.com 216.172.172.98
74.7.227.39 - - [14/Mar/2026:10:34:50 -0300] "GET /primemooca.online.contadorjoseaparecido.com.bkup HTTP/1.1" 200 1861 "https://corretordoipiranga.com.contadorjoseaparecido.com/abb?p=Ahome1Acontad42Alogs" "Mozilla/5.0 AppleWebKit/537.36 (KHTML, like Gecko; compatible; GPTBot/1.3; +https://openai.com/gptbot)" corretordoipiranga.com.contadorjoseaparecido.com 216.172.172.98
74.7.227.39 - - [14/Mar/2026:10:34:50 -0300] "GET /primemooca.online.contadorjoseaparecido.com.bkup HTTP/2.0" 200 1861 "https://corretordoipiranga.com.contadorjoseaparecido.com/abb?p=Ahome1Acontad42Alogs" "Mozilla/5.0 AppleWebKit/537.36 (KHTML, like Gecko; compatible; GPTBot/1.3; +https://openai.com/gptbot)" corretordoipiranga.com.contadorjoseaparecido.com 216.172.172.98
69.30.215.34 - - [14/Mar/2026:10:35:06 -0300] "GET /wp-content/ad3f6701/index.php HTTP/1.1" 500 - "https://corretordoipiranga.com.contadorjoseaparecido.com/wp-content/ad3f6701/index.php" "Mozilla/5.0 (Windows NT 10.0; Win64; x64) AppleWebKit/537.36 (KHTML, like Gecko) Chrome/58.0.3029.110 Safari/537.3" corretordoipiranga.com.contadorjoseaparecido.com 216.172.172.98
69.30.215.34 - - [14/Mar/2026:10:35:05 -0300] "GET /wp-content/ad3f6701/index.php HTTP/1.1" 500 - "https://corretordoipiranga.com.contadorjoseaparecido.com/wp-content/ad3f6701/index.php" "Mozilla/5.0 (Windows NT 10.0; Win64; x64) AppleWebKit/537.36 (KHTML, like Gecko) Chrome/58.0.3029.110 Safari/537.3" corretordoipiranga.com.contadorjoseaparecido.com 216.172.172.98
107.150.52.58 - - [14/Mar/2026:10:33:43 -0300] "GET /wp-content/imfec210/index.php HTTP/1.1" 200 - "https://corretordoipiranga.com.contadorjoseaparecido.com/wp-content/imfec210/index.php" "Mozilla/5.0 (Windows NT 10.0; Win64; x64) AppleWebKit/537.36 (KHTML, like Gecko) Chrome/58.0.3029.110 Safari/537.3" corretordoipiranga.com.contadorjoseaparecido.com 216.172.172.98
107.150.52.58 - - [14/Mar/2026:10:33:43 -0300] "GET /wp-content/imfec210/index.php HTTP/1.1" 200 - "https://corretordoipiranga.com.contadorjoseaparecido.com/wp-content/imfec210/index.php" "Mozilla/5.0 (Windows NT 10.0; Win64; x64) AppleWebKit/537.36 (KHTML, like Gecko) Chrome/58.0.3029.110 Safari/537.3" corretordoipiranga.com.contadorjoseaparecido.com 216.172.172.98
173.208.176.202 - - [14/Mar/2026:10:35:14 -0300] "GET /wp-content/imfec210/index.php?id=436950 HTTP/1.1" 409 83 "https://corretordoipiranga.com.contadorjoseaparecido.com/wp-content/imfec210/index.php?id=436950" "Mozilla/5.0 (Windows NT 10.0; Win64; x64) AppleWebKit/537.36 (KHTML, like Gecko) Chrome/58.0.3029.110 Safari/537.3" corretordoipiranga.com.contadorjoseaparecido.com 216.172.172.98
74.7.227.39 - - [14/Mar/2026:10:35:05 -0300] "GET /inspireesperanca.online.contadorjoseaparecido.com.bkup HTTP/1.1" 200 1861 "https://corretordoipiranga.com.contadorjoseaparecido.com/abb?p=Ahome1Acontad42Alogs" "Mozilla/5.0 AppleWebKit/537.36 (KHTML, like Gecko; compatible; GPTBot/1.3; +https://openai.com/gptbot)" corretordoipiranga.com.contadorjoseaparecido.com 216.172.172.98
74.7.227.39 - - [14/Mar/2026:10:35:05 -0300] "GET /inspireesperanca.online.contadorjoseaparecido.com.bkup HTTP/2.0" 200 1861 "https://corretordoipiranga.com.contadorjoseaparecido.com/abb?p=Ahome1Acontad42Alogs" "Mozilla/5.0 AppleWebKit/537.36 (KHTML, like Gecko; compatible; GPTBot/1.3; +https://openai.com/gptbot)" corretordoipiranga.com.contadorjoseaparecido.com 216.172.172.98
107.150.52.58 - - [14/Mar/2026:10:35:22 -0300] "GET /wp-includes/x55ddd5/index.php HTTP/1.1" 500 - "https://corretordoipiranga.com.contadorjoseaparecido.com/wp-includes/x55ddd5/index.php" "Mozilla/5.0 (Windows NT 10.0; Win64; x64) AppleWebKit/537.36 (KHTML, like Gecko) Chrome/58.0.3029.110 Safari/537.3" corretordoipiranga.com.contadorjoseaparecido.com 216.172.172.98
107.150.52.58 - - [14/Mar/2026:10:35:22 -0300] "GET /wp-includes/x55ddd5/index.php HTTP/1.1" 500 - "https://corretordoipiranga.com.contadorjoseaparecido.com/wp-includes/x55ddd5/index.php" "Mozilla/5.0 (Windows NT 10.0; Win64; x64) AppleWebKit/537.36 (KHTML, like Gecko) Chrome/58.0.3029.110 Safari/537.3" corretordoipiranga.com.contadorjoseaparecido.com 216.172.172.98
107.150.52.58 - - [14/Mar/2026:10:33:58 -0300] "GET /wp-includes/x62e2c9/index.php HTTP/1.1" 200 - "https://corretordoipiranga.com.contadorjoseaparecido.com/wp-includes/x62e2c9/index.php" "Mozilla/5.0 (Windows NT 10.0; Win64; x64) AppleWebKit/537.36 (KHTML, like Gecko) Chrome/58.0.3029.110 Safari/537.3" corretordoipiranga.com.contadorjoseaparecido.com 216.172.172.98
107.150.52.58 - - [14/Mar/2026:10:33:57 -0300] "GET /wp-includes/x62e2c9/index.php HTTP/1.1" 200 - "https://corretordoipiranga.com.contadorjoseaparecido.com/wp-includes/x62e2c9/index.php" "Mozilla/5.0 (Windows NT 10.0; Win64; x64) AppleWebKit/537.36 (KHTML, like Gecko) Chrome/58.0.3029.110 Safari/537.3" corretordoipiranga.com.contadorjoseaparecido.com 216.172.172.98
74.7.227.157 - - [14/Mar/2026:10:35:12 -0300] "GET /edit-post.min.js?p=Ahome1Acontad42AinspireesperancaIcomAimages HTTP/2.0" 200 1398 "https://www.corretordoipiranga.com.contadorjoseaparecido.com/edit-post.min.js?p=Ahome1Acontad42AinspireesperancaIcom" "Mozilla/5.0 AppleWebKit/537.36 (KHTML, like Gecko; compatible; GPTBot/1.3; +https://openai.com/gptbot)" www.corretordoipiranga.com.contadorjoseaparecido.com 216.172.172.98
173.208.176.202 - - [14/Mar/2026:10:35:28 -0300] "GET /wp-includes/x62e2c9/index.php?id=470644 HTTP/1.1" 409 83 "https://corretordoipiranga.com.contadorjoseaparecido.com/wp-includes/x62e2c9/index.php?id=470644" "Mozilla/5.0 (Windows NT 10.0; Win64; x64) AppleWebKit/537.36 (KHTML, like Gecko) Chrome/58.0.3029.110 Safari/537.3" corretordoipiranga.com.contadorjoseaparecido.com 216.172.172.98
69.30.215.34 - - [14/Mar/2026:10:35:28 -0300] "GET /wp-content/plbb346a/index.php HTTP/1.1" 500 - "https://www.corretordoipiranga.com.contadorjoseaparecido.com/wp-content/plbb346a/index.php" "Mozilla/5.0 (Windows NT 10.0; Win64; x64) AppleWebKit/537.36 (KHTML, like Gecko) Chrome/58.0.3029.110 Safari/537.3" www.corretordoipiranga.com.contadorjoseaparecido.com 216.172.172.98
69.30.215.34 - - [14/Mar/2026:10:35:28 -0300] "GET /wp-content/plbb346a/index.php HTTP/1.1" 500 - "https://www.corretordoipiranga.com.contadorjoseaparecido.com/wp-content/plbb346a/index.php" "Mozilla/5.0 (Windows NT 10.0; Win64; x64) AppleWebKit/537.36 (KHTML, like Gecko) Chrome/58.0.3029.110 Safari/537.3" www.corretordoipiranga.com.contadorjoseaparecido.com 216.172.172.98
74.7.227.39 - - [14/Mar/2026:10:35:23 -0300] "GET /contadorjoseaparecido.com.bkup HTTP/1.1" 200 1861 "https://corretordoipiranga.com.contadorjoseaparecido.com/abb?p=Ahome1Acontad42Alogs" "Mozilla/5.0 AppleWebKit/537.36 (KHTML, like Gecko; compatible; GPTBot/1.3; +https://openai.com/gptbot)" corretordoipiranga.com.contadorjoseaparecido.com 216.172.172.98
74.7.227.39 - - [14/Mar/2026:10:35:23 -0300] "GET /contadorjoseaparecido.com.bkup HTTP/2.0" 200 1861 "https://corretordoipiranga.com.contadorjoseaparecido.com/abb?p=Ahome1Acontad42Alogs" "Mozilla/5.0 AppleWebKit/537.36 (KHTML, like Gecko; compatible; GPTBot/1.3; +https://openai.com/gptbot)" corretordoipiranga.com.contadorjoseaparecido.com 216.172.172.98
69.30.215.34 - - [14/Mar/2026:10:35:38 -0300] "GET /wp-content/plea50f3/index.php HTTP/1.1" 500 - "https://corretordoipiranga.com.contadorjoseaparecido.com/wp-content/plea50f3/index.php" "Mozilla/5.0 (Windows NT 10.0; Win64; x64) AppleWebKit/537.36 (KHTML, like Gecko) Chrome/58.0.3029.110 Safari/537.3" corretordoipiranga.com.contadorjoseaparecido.com 216.172.172.98
69.30.215.34 - - [14/Mar/2026:10:35:38 -0300] "GET /wp-content/plea50f3/index.php HTTP/1.1" 500 - "https://corretordoipiranga.com.contadorjoseaparecido.com/wp-content/plea50f3/index.php" "Mozilla/5.0 (Windows NT 10.0; Win64; x64) AppleWebKit/537.36 (KHTML, like Gecko) Chrome/58.0.3029.110 Safari/537.3" corretordoipiranga.com.contadorjoseaparecido.com 216.172.172.98
74.7.227.39 - - [14/Mar/2026:10:35:38 -0300] "GET /mundoaptoaltodoipiranga.com.contadorjoseaparecido.com-ssl_log.bkup HTTP/1.1" 200 1861 "https://corretordoipiranga.com.contadorjoseaparecido.com/abb?p=Ahome1Acontad42Alogs" "Mozilla/5.0 AppleWebKit/537.36 (KHTML, like Gecko; compatible; GPTBot/1.3; +https://openai.com/gptbot)" corretordoipiranga.com.contadorjoseaparecido.com 216.172.172.98
74.7.227.39 - - [14/Mar/2026:10:35:38 -0300] "GET /mundoaptoaltodoipiranga.com.contadorjoseaparecido.com-ssl_log.bkup HTTP/2.0" 200 1861 "https://corretordoipiranga.com.contadorjoseaparecido.com/abb?p=Ahome1Acontad42Alogs" "Mozilla/5.0 AppleWebKit/537.36 (KHTML, like Gecko; compatible; GPTBot/1.3; +https://openai.com/gptbot)" corretordoipiranga.com.contadorjoseaparecido.com 216.172.172.98
107.150.52.58 - - [14/Mar/2026:10:34:26 -0300] "GET /wp-includes/qq633ab2/index.php HTTP/1.1" 200 - "https://corretordoipiranga.com.contadorjoseaparecido.com/wp-includes/qq633ab2/index.php" "Mozilla/5.0 (Windows NT 10.0; Win64; x64) AppleWebKit/537.36 (KHTML, like Gecko) Chrome/58.0.3029.110 Safari/537.3" corretordoipiranga.com.contadorjoseaparecido.com 216.172.172.98
107.150.52.58 - - [14/Mar/2026:10:34:25 -0300] "GET /wp-includes/qq633ab2/index.php HTTP/1.1" 200 - "https://corretordoipiranga.com.contadorjoseaparecido.com/wp-includes/qq633ab2/index.php" "Mozilla/5.0 (Windows NT 10.0; Win64; x64) AppleWebKit/537.36 (KHTML, like Gecko) Chrome/58.0.3029.110 Safari/537.3" corretordoipiranga.com.contadorjoseaparecido.com 216.172.172.98
107.150.52.58 - - [14/Mar/2026:10:35:54 -0300] "GET /wp-content/qq8996cb/index.php HTTP/1.1" 500 - "https://corretordoipiranga.com.contadorjoseaparecido.com/wp-content/qq8996cb/index.php" "Mozilla/5.0 (Windows NT 10.0; Win64; x64) AppleWebKit/537.36 (KHTML, like Gecko) Chrome/58.0.3029.110 Safari/537.3" corretordoipiranga.com.contadorjoseaparecido.com 216.172.172.98
107.150.52.58 - - [14/Mar/2026:10:35:54 -0300] "GET /wp-content/qq8996cb/index.php HTTP/1.1" 500 - "https://corretordoipiranga.com.contadorjoseaparecido.com/wp-content/qq8996cb/index.php" "Mozilla/5.0 (Windows NT 10.0; Win64; x64) AppleWebKit/537.36 (KHTML, like Gecko) Chrome/58.0.3029.110 Safari/537.3" corretordoipiranga.com.contadorjoseaparecido.com 216.172.172.98
173.208.176.202 - - [14/Mar/2026:10:35:58 -0300] "GET /wp-includes/qq633ab2/index.php?id=949490 HTTP/1.1" 409 83 "https://corretordoipiranga.com.contadorjoseaparecido.com/wp-includes/qq633ab2/index.php?id=949490" "Mozilla/5.0 (Windows NT 10.0; Win64; x64) AppleWebKit/537.36 (KHTML, like Gecko) Chrome/58.0.3029.110 Safari/537.3" corretordoipiranga.com.contadorjoseaparecido.com 216.172.172.98
107.150.52.58 - - [14/Mar/2026:10:34:38 -0300] "GET /wp-content/qq9db5dd/index.php HTTP/1.1" 200 - "https://corretordoipiranga.com.contadorjoseaparecido.com/wp-content/qq9db5dd/index.php" "Mozilla/5.0 (Windows NT 10.0; Win64; x64) AppleWebKit/537.36 (KHTML, like Gecko) Chrome/58.0.3029.110 Safari/537.3" corretordoipiranga.com.contadorjoseaparecido.com 216.172.172.98
107.150.52.58 - - [14/Mar/2026:10:34:38 -0300] "GET /wp-content/qq9db5dd/index.php HTTP/1.1" 200 - "https://corretordoipiranga.com.contadorjoseaparecido.com/wp-content/qq9db5dd/index.php" "Mozilla/5.0 (Windows NT 10.0; Win64; x64) AppleWebKit/537.36 (KHTML, like Gecko) Chrome/58.0.3029.110 Safari/537.3" corretordoipiranga.com.contadorjoseaparecido.com 216.172.172.98
74.7.227.39 - - [14/Mar/2026:10:35:54 -0300] "GET /linksapopemba.online.contadorjoseaparecido.com.bkup HTTP/1.1" 200 1861 "https://corretordoipiranga.com.contadorjoseaparecido.com/abb?p=Ahome1Acontad42Alogs" "Mozilla/5.0 AppleWebKit/537.36 (KHTML, like Gecko; compatible; GPTBot/1.3; +https://openai.com/gptbot)" corretordoipiranga.com.contadorjoseaparecido.com 216.172.172.98
74.7.227.39 - - [14/Mar/2026:10:35:54 -0300] "GET /linksapopemba.online.contadorjoseaparecido.com.bkup HTTP/2.0" 200 1861 "https://corretordoipiranga.com.contadorjoseaparecido.com/abb?p=Ahome1Acontad42Alogs" "Mozilla/5.0 AppleWebKit/537.36 (KHTML, like Gecko; compatible; GPTBot/1.3; +https://openai.com/gptbot)" corretordoipiranga.com.contadorjoseaparecido.com 216.172.172.98
173.208.176.202 - - [14/Mar/2026:10:36:08 -0300] "GET /wp-content/qq9db5dd/index.php?id=712040 HTTP/1.1" 409 83 "https://corretordoipiranga.com.contadorjoseaparecido.com/wp-content/qq9db5dd/index.php?id=712040" "Mozilla/5.0 (Windows NT 10.0; Win64; x64) AppleWebKit/537.36 (KHTML, like Gecko) Chrome/58.0.3029.110 Safari/537.3" corretordoipiranga.com.contadorjoseaparecido.com 216.172.172.98
107.150.52.58 - - [14/Mar/2026:10:36:12 -0300] "GET /wp-content/jsdd40ee/index.php HTTP/1.1" 500 - "https://corretordoipiranga.com.contadorjoseaparecido.com/wp-content/jsdd40ee/index.php" "Mozilla/5.0 (Windows NT 10.0; Win64; x64) AppleWebKit/537.36 (KHTML, like Gecko) Chrome/58.0.3029.110 Safari/537.3" corretordoipiranga.com.contadorjoseaparecido.com 216.172.172.98
107.150.52.58 - - [14/Mar/2026:10:36:12 -0300] "GET /wp-content/jsdd40ee/index.php HTTP/1.1" 500 - "https://corretordoipiranga.com.contadorjoseaparecido.com/wp-content/jsdd40ee/index.php" "Mozilla/5.0 (Windows NT 10.0; Win64; x64) AppleWebKit/537.36 (KHTML, like Gecko) Chrome/58.0.3029.110 Safari/537.3" corretordoipiranga.com.contadorjoseaparecido.com 216.172.172.98
69.30.215.34 - - [14/Mar/2026:10:34:52 -0300] "GET /wp-includes/qq6a993f/index.php HTTP/1.1" 200 - "https://corretordoipiranga.com.contadorjoseaparecido.com/wp-includes/qq6a993f/index.php" "Mozilla/5.0 (Windows NT 10.0; Win64; x64) AppleWebKit/537.36 (KHTML, like Gecko) Chrome/58.0.3029.110 Safari/537.3" corretordoipiranga.com.contadorjoseaparecido.com 216.172.172.98
69.30.215.34 - - [14/Mar/2026:10:34:52 -0300] "GET /wp-includes/qq6a993f/index.php HTTP/1.1" 200 - "https://corretordoipiranga.com.contadorjoseaparecido.com/wp-includes/qq6a993f/index.php" "Mozilla/5.0 (Windows NT 10.0; Win64; x64) AppleWebKit/537.36 (KHTML, like Gecko) Chrome/58.0.3029.110 Safari/537.3" corretordoipiranga.com.contadorjoseaparecido.com 216.172.172.98
74.7.227.39 - - [14/Mar/2026:10:36:08 -0300] "GET /linkitaquera.online.contadorjoseaparecido.com.bkup HTTP/1.1" 200 1861 "https://corretordoipiranga.com.contadorjoseaparecido.com/abb?p=Ahome1Acontad42Alogs" "Mozilla/5.0 AppleWebKit/537.36 (KHTML, like Gecko; compatible; GPTBot/1.3; +https://openai.com/gptbot)" corretordoipiranga.com.contadorjoseaparecido.com 216.172.172.98
74.7.227.39 - - [14/Mar/2026:10:36:08 -0300] "GET /linkitaquera.online.contadorjoseaparecido.com.bkup HTTP/2.0" 200 1861 "https://corretordoipiranga.com.contadorjoseaparecido.com/abb?p=Ahome1Acontad42Alogs" "Mozilla/5.0 AppleWebKit/537.36 (KHTML, like Gecko; compatible; GPTBot/1.3; +https://openai.com/gptbot)" corretordoipiranga.com.contadorjoseaparecido.com 216.172.172.98
173.208.176.202 - - [14/Mar/2026:10:36:22 -0300] "GET /wp-includes/qq6a993f/index.php?id=940592 HTTP/1.1" 409 83 "https://corretordoipiranga.com.contadorjoseaparecido.com/wp-includes/qq6a993f/index.php?id=940592" "Mozilla/5.0 (Windows NT 10.0; Win64; x64) AppleWebKit/537.36 (KHTML, like Gecko) Chrome/58.0.3029.110 Safari/537.3" corretordoipiranga.com.contadorjoseaparecido.com 216.172.172.98
74.7.227.157 - - [14/Mar/2026:10:36:14 -0300] "GET /edit-post.min.js?p=Ahome1Acontad42AcorretorjoseaparecidoIcomApolitica-de-privacidade HTTP/2.0" 200 2126 "https://www.corretordoipiranga.com.contadorjoseaparecido.com/edit-post.min.js?p=Ahome1Acontad42AcorretorjoseaparecidoIcom" "Mozilla/5.0 AppleWebKit/537.36 (KHTML, like Gecko; compatible; GPTBot/1.3; +https://openai.com/gptbot)" www.corretordoipiranga.com.contadorjoseaparecido.com 216.172.172.98
69.30.215.34 - - [14/Mar/2026:10:36:24 -0300] "GET /wp-includes/plf445ab/index.php HTTP/1.1" 500 - "https://corretordoipiranga.com.contadorjoseaparecido.com/wp-includes/plf445ab/index.php" "Mozilla/5.0 (Windows NT 10.0; Win64; x64) AppleWebKit/537.36 (KHTML, like Gecko) Chrome/58.0.3029.110 Safari/537.3" corretordoipiranga.com.contadorjoseaparecido.com 216.172.172.98
69.30.215.34 - - [14/Mar/2026:10:36:24 -0300] "GET /wp-includes/plf445ab/index.php HTTP/1.1" 500 - "https://corretordoipiranga.com.contadorjoseaparecido.com/wp-includes/plf445ab/index.php" "Mozilla/5.0 (Windows NT 10.0; Win64; x64) AppleWebKit/537.36 (KHTML, like Gecko) Chrome/58.0.3029.110 Safari/537.3" corretordoipiranga.com.contadorjoseaparecido.com 216.172.172.98
107.150.52.58 - - [14/Mar/2026:10:36:28 -0300] "GET /wp-includes/imd5b542/index.php HTTP/1.1" 500 - "https://www.corretordoipiranga.com.contadorjoseaparecido.com/wp-includes/imd5b542/index.php" "Mozilla/5.0 (Windows NT 10.0; Win64; x64) AppleWebKit/537.36 (KHTML, like Gecko) Chrome/58.0.3029.110 Safari/537.3" www.corretordoipiranga.com.contadorjoseaparecido.com 216.172.172.98
107.150.52.58 - - [14/Mar/2026:10:36:28 -0300] "GET /wp-includes/imd5b542/index.php HTTP/1.1" 500 - "https://www.corretordoipiranga.com.contadorjoseaparecido.com/wp-includes/imd5b542/index.php" "Mozilla/5.0 (Windows NT 10.0; Win64; x64) AppleWebKit/537.36 (KHTML, like Gecko) Chrome/58.0.3029.110 Safari/537.3" www.corretordoipiranga.com.contadorjoseaparecido.com 216.172.172.98
74.7.227.39 - - [14/Mar/2026:10:36:22 -0300] "GET /lediguatemi.online.contadorjoseaparecido.com.bkup HTTP/1.1" 200 1861 "https://corretordoipiranga.com.contadorjoseaparecido.com/abb?p=Ahome1Acontad42Alogs" "Mozilla/5.0 AppleWebKit/537.36 (KHTML, like Gecko; compatible; GPTBot/1.3; +https://openai.com/gptbot)" corretordoipiranga.com.contadorjoseaparecido.com 216.172.172.98
74.7.227.39 - - [14/Mar/2026:10:36:22 -0300] "GET /lediguatemi.online.contadorjoseaparecido.com.bkup HTTP/2.0" 200 1861 "https://corretordoipiranga.com.contadorjoseaparecido.com/abb?p=Ahome1Acontad42Alogs" "Mozilla/5.0 AppleWebKit/537.36 (KHTML, like Gecko; compatible; GPTBot/1.3; +https://openai.com/gptbot)" corretordoipiranga.com.contadorjoseaparecido.com 216.172.172.98
69.30.215.34 - - [14/Mar/2026:10:35:08 -0300] "GET /wp-content/ad3f6701/index.php HTTP/1.1" 200 - "https://corretordoipiranga.com.contadorjoseaparecido.com/wp-content/ad3f6701/index.php" "Mozilla/5.0 (Windows NT 10.0; Win64; x64) AppleWebKit/537.36 (KHTML, like Gecko) Chrome/58.0.3029.110 Safari/537.3" corretordoipiranga.com.contadorjoseaparecido.com 216.172.172.98
69.30.215.34 - - [14/Mar/2026:10:35:08 -0300] "GET /wp-content/ad3f6701/index.php HTTP/1.1" 200 - "https://corretordoipiranga.com.contadorjoseaparecido.com/wp-content/ad3f6701/index.php" "Mozilla/5.0 (Windows NT 10.0; Win64; x64) AppleWebKit/537.36 (KHTML, like Gecko) Chrome/58.0.3029.110 Safari/537.3" corretordoipiranga.com.contadorjoseaparecido.com 216.172.172.98
69.30.240.242 - - [14/Mar/2026:10:36:36 -0300] "GET /wp-includes/js3b2eed/index.php HTTP/1.1" 500 - "https://corretordoipiranga.com.contadorjoseaparecido.com/wp-includes/js3b2eed/index.php" "Mozilla/5.0 (Windows NT 10.0; Win64; x64) AppleWebKit/537.36 (KHTML, like Gecko) Chrome/58.0.3029.110 Safari/537.3" corretordoipiranga.com.contadorjoseaparecido.com 216.172.172.98
69.30.240.242 - - [14/Mar/2026:10:36:36 -0300] "GET /wp-includes/js3b2eed/index.php HTTP/1.1" 500 - "https://corretordoipiranga.com.contadorjoseaparecido.com/wp-includes/js3b2eed/index.php" "Mozilla/5.0 (Windows NT 10.0; Win64; x64) AppleWebKit/537.36 (KHTML, like Gecko) Chrome/58.0.3029.110 Safari/537.3" corretordoipiranga.com.contadorjoseaparecido.com 216.172.172.98
173.208.176.202 - - [14/Mar/2026:10:36:39 -0300] "GET /wp-content/ad3f6701/index.php?id=15791 HTTP/1.1" 409 83 "https://corretordoipiranga.com.contadorjoseaparecido.com/wp-content/ad3f6701/index.php?id=15791" "Mozilla/5.0 (Windows NT 10.0; Win64; x64) AppleWebKit/537.36 (KHTML, like Gecko) Chrome/58.0.3029.110 Safari/537.3" corretordoipiranga.com.contadorjoseaparecido.com 216.172.172.98
107.150.52.58 - - [14/Mar/2026:10:36:10 -0300] "GET /wp-content/jsdd40ee/index.php HTTP/1.1" 500 - "https://corretordoipiranga.com.contadorjoseaparecido.com/wp-content/jsdd40ee/index.php" "Mozilla/5.0 (Windows NT 10.0; Win64; x64) AppleWebKit/537.36 (KHTML, like Gecko) Chrome/58.0.3029.110 Safari/537.3" corretordoipiranga.com.contadorjoseaparecido.com 216.172.172.98
107.150.52.58 - - [14/Mar/2026:10:36:10 -0300] "GET /wp-content/jsdd40ee/index.php HTTP/1.1" 500 - "https://corretordoipiranga.com.contadorjoseaparecido.com/wp-content/jsdd40ee/index.php" "Mozilla/5.0 (Windows NT 10.0; Win64; x64) AppleWebKit/537.36 (KHTML, like Gecko) Chrome/58.0.3029.110 Safari/537.3" corretordoipiranga.com.contadorjoseaparecido.com 216.172.172.98
74.7.227.39 - - [14/Mar/2026:10:36:36 -0300] "GET /parkguarulhos.online.contadorjoseaparecido.com.bkup HTTP/1.1" 200 1861 "https://corretordoipiranga.com.contadorjoseaparecido.com/abb?p=Ahome1Acontad42Alogs" "Mozilla/5.0 AppleWebKit/537.36 (KHTML, like Gecko; compatible; GPTBot/1.3; +https://openai.com/gptbot)" corretordoipiranga.com.contadorjoseaparecido.com 216.172.172.98
74.7.227.39 - - [14/Mar/2026:10:36:36 -0300] "GET /parkguarulhos.online.contadorjoseaparecido.com.bkup HTTP/2.0" 200 1861 "https://corretordoipiranga.com.contadorjoseaparecido.com/abb?p=Ahome1Acontad42Alogs" "Mozilla/5.0 AppleWebKit/537.36 (KHTML, like Gecko; compatible; GPTBot/1.3; +https://openai.com/gptbot)" corretordoipiranga.com.contadorjoseaparecido.com 216.172.172.98
107.150.52.58 - - [14/Mar/2026:10:36:50 -0300] "GET /wp-content/pl4fe930/index.php HTTP/1.1" 500 - "https://corretordoipiranga.com.contadorjoseaparecido.com/wp-content/pl4fe930/index.php" "Mozilla/5.0 (Windows NT 10.0; Win64; x64) AppleWebKit/537.36 (KHTML, like Gecko) Chrome/58.0.3029.110 Safari/537.3" corretordoipiranga.com.contadorjoseaparecido.com 216.172.172.98
107.150.52.58 - - [14/Mar/2026:10:36:50 -0300] "GET /wp-content/pl4fe930/index.php HTTP/1.1" 500 - "https://corretordoipiranga.com.contadorjoseaparecido.com/wp-content/pl4fe930/index.php" "Mozilla/5.0 (Windows NT 10.0; Win64; x64) AppleWebKit/537.36 (KHTML, like Gecko) Chrome/58.0.3029.110 Safari/537.3" corretordoipiranga.com.contadorjoseaparecido.com 216.172.172.98
107.150.52.58 - - [14/Mar/2026:10:35:24 -0300] "GET /wp-includes/x55ddd5/index.php HTTP/1.1" 200 - "https://corretordoipiranga.com.contadorjoseaparecido.com/wp-includes/x55ddd5/index.php" "Mozilla/5.0 (Windows NT 10.0; Win64; x64) AppleWebKit/537.36 (KHTML, like Gecko) Chrome/58.0.3029.110 Safari/537.3" corretordoipiranga.com.contadorjoseaparecido.com 216.172.172.98
107.150.52.58 - - [14/Mar/2026:10:35:24 -0300] "GET /wp-includes/x55ddd5/index.php HTTP/1.1" 200 - "https://corretordoipiranga.com.contadorjoseaparecido.com/wp-includes/x55ddd5/index.php" "Mozilla/5.0 (Windows NT 10.0; Win64; x64) AppleWebKit/537.36 (KHTML, like Gecko) Chrome/58.0.3029.110 Safari/537.3" corretordoipiranga.com.contadorjoseaparecido.com 216.172.172.98
