57.141.2.49 - - [14/Mar/2026:10:57:36 -0300] "GET /shop/stillburnt/hommocky122705184244.phtml HTTP/1.1" 404 2361 "-" "meta-externalagent/1.1 (+https://developers.facebook.com/docs/sharing/webmasters/crawler)" primemooca.online 216.172.172.98
57.141.2.49 - - [14/Mar/2026:10:57:36 -0300] "GET /shop/stillburnt/hommocky122705184244.phtml HTTP/2.0" 404 2361 "-" "meta-externalagent/1.1 (+https://developers.facebook.com/docs/sharing/webmasters/crawler)" primemooca.online 216.172.172.98
57.141.2.48 - - [14/Mar/2026:10:57:38 -0300] "GET /shop/monasterially/swilled122078479727.phtml HTTP/1.1" 404 2361 "-" "meta-externalagent/1.1 (+https://developers.facebook.com/docs/sharing/webmasters/crawler)" primemooca.online 216.172.172.98
57.141.2.48 - - [14/Mar/2026:10:57:38 -0300] "GET /shop/monasterially/swilled122078479727.phtml HTTP/2.0" 404 2361 "-" "meta-externalagent/1.1 (+https://developers.facebook.com/docs/sharing/webmasters/crawler)" primemooca.online 216.172.172.98
57.141.2.22 - - [14/Mar/2026:10:57:40 -0300] "GET /shop/remonstrated/irrefragability113971323031.phtml HTTP/1.1" 404 2361 "-" "meta-externalagent/1.1 (+https://developers.facebook.com/docs/sharing/webmasters/crawler)" primemooca.online 216.172.172.98
57.141.2.22 - - [14/Mar/2026:10:57:40 -0300] "GET /shop/remonstrated/irrefragability113971323031.phtml HTTP/2.0" 404 2361 "-" "meta-externalagent/1.1 (+https://developers.facebook.com/docs/sharing/webmasters/crawler)" primemooca.online 216.172.172.98
57.141.2.49 - - [14/Mar/2026:10:57:43 -0300] "GET /shop/institutist/satrap151714333984.phtml HTTP/1.1" 404 2361 "-" "meta-externalagent/1.1 (+https://developers.facebook.com/docs/sharing/webmasters/crawler)" primemooca.online 216.172.172.98
57.141.2.49 - - [14/Mar/2026:10:57:43 -0300] "GET /shop/institutist/satrap151714333984.phtml HTTP/2.0" 404 2361 "-" "meta-externalagent/1.1 (+https://developers.facebook.com/docs/sharing/webmasters/crawler)" primemooca.online 216.172.172.98
74.7.242.7 - - [14/Mar/2026:10:57:45 -0300] "GET /shop/microseismology/rattan161554298178.phtml HTTP/1.1" 404 836 "https://primemooca.online/sitemap-detail-2790.xml" "Mozilla/5.0 AppleWebKit/537.36 (KHTML, like Gecko; compatible; GPTBot/1.3; +https://openai.com/gptbot)" primemooca.online 216.172.172.98
74.7.242.7 - - [14/Mar/2026:10:57:45 -0300] "GET /shop/microseismology/rattan161554298178.phtml HTTP/2.0" 404 836 "https://primemooca.online/sitemap-detail-2790.xml" "Mozilla/5.0 AppleWebKit/537.36 (KHTML, like Gecko; compatible; GPTBot/1.3; +https://openai.com/gptbot)" primemooca.online 216.172.172.98
57.141.2.51 - - [14/Mar/2026:10:57:45 -0300] "GET /shop/extravasated/missippian1563419143.phtml HTTP/1.1" 404 2361 "-" "meta-externalagent/1.1 (+https://developers.facebook.com/docs/sharing/webmasters/crawler)" primemooca.online 216.172.172.98
57.141.2.51 - - [14/Mar/2026:10:57:45 -0300] "GET /shop/extravasated/missippian1563419143.phtml HTTP/2.0" 404 2361 "-" "meta-externalagent/1.1 (+https://developers.facebook.com/docs/sharing/webmasters/crawler)" primemooca.online 216.172.172.98
57.141.2.1 - - [14/Mar/2026:10:57:47 -0300] "GET /shop/iraqi/fractiously1560703219.phtml HTTP/1.1" 404 2361 "-" "meta-externalagent/1.1 (+https://developers.facebook.com/docs/sharing/webmasters/crawler)" primemooca.online 216.172.172.98
57.141.2.1 - - [14/Mar/2026:10:57:47 -0300] "GET /shop/iraqi/fractiously1560703219.phtml HTTP/2.0" 404 2361 "-" "meta-externalagent/1.1 (+https://developers.facebook.com/docs/sharing/webmasters/crawler)" primemooca.online 216.172.172.98
57.141.2.43 - - [14/Mar/2026:10:57:49 -0300] "GET /shop/vivisect/gurglet113151870935.phtml HTTP/1.1" 404 2361 "-" "meta-externalagent/1.1 (+https://developers.facebook.com/docs/sharing/webmasters/crawler)" primemooca.online 216.172.172.98
57.141.2.43 - - [14/Mar/2026:10:57:49 -0300] "GET /shop/vivisect/gurglet113151870935.phtml HTTP/2.0" 404 2361 "-" "meta-externalagent/1.1 (+https://developers.facebook.com/docs/sharing/webmasters/crawler)" primemooca.online 216.172.172.98
57.141.2.45 - - [14/Mar/2026:10:57:52 -0300] "GET /shop/euphony/booty124011570299.phtml HTTP/1.1" 404 2361 "-" "meta-externalagent/1.1 (+https://developers.facebook.com/docs/sharing/webmasters/crawler)" primemooca.online 216.172.172.98
57.141.2.45 - - [14/Mar/2026:10:57:51 -0300] "GET /shop/euphony/booty124011570299.phtml HTTP/2.0" 404 2361 "-" "meta-externalagent/1.1 (+https://developers.facebook.com/docs/sharing/webmasters/crawler)" primemooca.online 216.172.172.98
57.141.2.32 - - [14/Mar/2026:10:57:54 -0300] "GET /shop/expansa/machiavellian113481832392.phtml HTTP/1.1" 404 2361 "-" "meta-externalagent/1.1 (+https://developers.facebook.com/docs/sharing/webmasters/crawler)" primemooca.online 216.172.172.98
57.141.2.32 - - [14/Mar/2026:10:57:54 -0300] "GET /shop/expansa/machiavellian113481832392.phtml HTTP/2.0" 404 2361 "-" "meta-externalagent/1.1 (+https://developers.facebook.com/docs/sharing/webmasters/crawler)" primemooca.online 216.172.172.98
74.7.242.7 - - [14/Mar/2026:10:57:55 -0300] "GET /shop/writability/solanidine162245117631.phtml HTTP/1.1" 404 836 "https://primemooca.online/sitemap-detail-1841.xml" "Mozilla/5.0 AppleWebKit/537.36 (KHTML, like Gecko; compatible; GPTBot/1.3; +https://openai.com/gptbot)" primemooca.online 216.172.172.98
74.7.242.7 - - [14/Mar/2026:10:57:55 -0300] "GET /shop/writability/solanidine162245117631.phtml HTTP/2.0" 404 836 "https://primemooca.online/sitemap-detail-1841.xml" "Mozilla/5.0 AppleWebKit/537.36 (KHTML, like Gecko; compatible; GPTBot/1.3; +https://openai.com/gptbot)" primemooca.online 216.172.172.98
57.141.2.51 - - [14/Mar/2026:10:57:56 -0300] "GET /shop/syndesmography/subduction11376423435.phtml HTTP/1.1" 404 2361 "-" "meta-externalagent/1.1 (+https://developers.facebook.com/docs/sharing/webmasters/crawler)" primemooca.online 216.172.172.98
57.141.2.51 - - [14/Mar/2026:10:57:56 -0300] "GET /shop/syndesmography/subduction11376423435.phtml HTTP/2.0" 404 2361 "-" "meta-externalagent/1.1 (+https://developers.facebook.com/docs/sharing/webmasters/crawler)" primemooca.online 216.172.172.98
57.141.2.70 - - [14/Mar/2026:10:57:58 -0300] "GET /shop/portrayal/catkinate123040074857.phtml HTTP/1.1" 404 2361 "-" "meta-externalagent/1.1 (+https://developers.facebook.com/docs/sharing/webmasters/crawler)" primemooca.online 216.172.172.98
57.141.2.70 - - [14/Mar/2026:10:57:58 -0300] "GET /shop/portrayal/catkinate123040074857.phtml HTTP/2.0" 404 2361 "-" "meta-externalagent/1.1 (+https://developers.facebook.com/docs/sharing/webmasters/crawler)" primemooca.online 216.172.172.98
57.141.2.8 - - [14/Mar/2026:10:58:01 -0300] "GET /shop/deepfry/baccata112651686715.phtml HTTP/1.1" 404 2361 "-" "meta-externalagent/1.1 (+https://developers.facebook.com/docs/sharing/webmasters/crawler)" primemooca.online 216.172.172.98
57.141.2.8 - - [14/Mar/2026:10:58:01 -0300] "GET /shop/deepfry/baccata112651686715.phtml HTTP/2.0" 404 2361 "-" "meta-externalagent/1.1 (+https://developers.facebook.com/docs/sharing/webmasters/crawler)" primemooca.online 216.172.172.98
57.141.2.30 - - [14/Mar/2026:10:58:03 -0300] "GET /shop/tragopyrum/plebeianism113134463109.phtml HTTP/1.1" 404 2361 "-" "meta-externalagent/1.1 (+https://developers.facebook.com/docs/sharing/webmasters/crawler)" primemooca.online 216.172.172.98
57.141.2.30 - - [14/Mar/2026:10:58:03 -0300] "GET /shop/tragopyrum/plebeianism113134463109.phtml HTTP/2.0" 404 2361 "-" "meta-externalagent/1.1 (+https://developers.facebook.com/docs/sharing/webmasters/crawler)" primemooca.online 216.172.172.98
74.7.242.7 - - [14/Mar/2026:10:58:04 -0300] "GET /shop/ethnographically/pinguin163995337430.phtml HTTP/1.1" 404 836 "https://primemooca.online/sitemap-detail-1764.xml" "Mozilla/5.0 AppleWebKit/537.36 (KHTML, like Gecko; compatible; GPTBot/1.3; +https://openai.com/gptbot)" primemooca.online 216.172.172.98
74.7.242.7 - - [14/Mar/2026:10:58:04 -0300] "GET /shop/ethnographically/pinguin163995337430.phtml HTTP/2.0" 404 836 "https://primemooca.online/sitemap-detail-1764.xml" "Mozilla/5.0 AppleWebKit/537.36 (KHTML, like Gecko; compatible; GPTBot/1.3; +https://openai.com/gptbot)" primemooca.online 216.172.172.98
57.141.2.20 - - [14/Mar/2026:10:58:05 -0300] "GET /shop/ironweed/walleyed13496520128.phtml HTTP/1.1" 404 2361 "-" "meta-externalagent/1.1 (+https://developers.facebook.com/docs/sharing/webmasters/crawler)" primemooca.online 216.172.172.98
57.141.2.20 - - [14/Mar/2026:10:58:05 -0300] "GET /shop/ironweed/walleyed13496520128.phtml HTTP/2.0" 404 2361 "-" "meta-externalagent/1.1 (+https://developers.facebook.com/docs/sharing/webmasters/crawler)" primemooca.online 216.172.172.98
57.141.2.4 - - [14/Mar/2026:10:58:07 -0300] "GET /shop/truthness/claviform112937481243.phtml HTTP/1.1" 404 2361 "-" "meta-externalagent/1.1 (+https://developers.facebook.com/docs/sharing/webmasters/crawler)" primemooca.online 216.172.172.98
57.141.2.4 - - [14/Mar/2026:10:58:07 -0300] "GET /shop/truthness/claviform112937481243.phtml HTTP/2.0" 404 2361 "-" "meta-externalagent/1.1 (+https://developers.facebook.com/docs/sharing/webmasters/crawler)" primemooca.online 216.172.172.98
57.141.2.70 - - [14/Mar/2026:10:58:09 -0300] "GET /shop/arbitress/equaliser161609651480.phtml HTTP/1.1" 404 2361 "-" "meta-externalagent/1.1 (+https://developers.facebook.com/docs/sharing/webmasters/crawler)" primemooca.online 216.172.172.98
57.141.2.70 - - [14/Mar/2026:10:58:09 -0300] "GET /shop/arbitress/equaliser161609651480.phtml HTTP/2.0" 404 2361 "-" "meta-externalagent/1.1 (+https://developers.facebook.com/docs/sharing/webmasters/crawler)" primemooca.online 216.172.172.98
57.141.2.12 - - [14/Mar/2026:10:58:12 -0300] "GET /shop/pyrie/transpositive13540339773.phtml HTTP/1.1" 404 2361 "-" "meta-externalagent/1.1 (+https://developers.facebook.com/docs/sharing/webmasters/crawler)" primemooca.online 216.172.172.98
57.141.2.12 - - [14/Mar/2026:10:58:12 -0300] "GET /shop/pyrie/transpositive13540339773.phtml HTTP/2.0" 404 2361 "-" "meta-externalagent/1.1 (+https://developers.facebook.com/docs/sharing/webmasters/crawler)" primemooca.online 216.172.172.98
57.141.2.49 - - [14/Mar/2026:10:58:14 -0300] "GET /shop/strange/permanently122965854220.phtml HTTP/1.1" 404 2361 "-" "meta-externalagent/1.1 (+https://developers.facebook.com/docs/sharing/webmasters/crawler)" primemooca.online 216.172.172.98
57.141.2.49 - - [14/Mar/2026:10:58:14 -0300] "GET /shop/strange/permanently122965854220.phtml HTTP/2.0" 404 2361 "-" "meta-externalagent/1.1 (+https://developers.facebook.com/docs/sharing/webmasters/crawler)" primemooca.online 216.172.172.98
57.141.2.65 - - [14/Mar/2026:10:58:16 -0300] "GET /shop/firstyear/insuppressible132779401595.phtml HTTP/1.1" 404 2361 "-" "meta-externalagent/1.1 (+https://developers.facebook.com/docs/sharing/webmasters/crawler)" primemooca.online 216.172.172.98
74.7.242.7 - - [14/Mar/2026:10:58:16 -0300] "GET /shop/degerminator/lemuroida161051413625.phtml HTTP/1.1" 404 836 "https://primemooca.online/sitemap-detail-2627.xml" "Mozilla/5.0 AppleWebKit/537.36 (KHTML, like Gecko; compatible; GPTBot/1.3; +https://openai.com/gptbot)" primemooca.online 216.172.172.98
57.141.2.65 - - [14/Mar/2026:10:58:16 -0300] "GET /shop/firstyear/insuppressible132779401595.phtml HTTP/2.0" 404 2361 "-" "meta-externalagent/1.1 (+https://developers.facebook.com/docs/sharing/webmasters/crawler)" primemooca.online 216.172.172.98
74.7.242.7 - - [14/Mar/2026:10:58:16 -0300] "GET /shop/degerminator/lemuroida161051413625.phtml HTTP/2.0" 404 836 "https://primemooca.online/sitemap-detail-2627.xml" "Mozilla/5.0 AppleWebKit/537.36 (KHTML, like Gecko; compatible; GPTBot/1.3; +https://openai.com/gptbot)" primemooca.online 216.172.172.98
57.141.2.7 - - [14/Mar/2026:10:58:18 -0300] "GET /shop/crooned/thereon112740094825.phtml HTTP/1.1" 404 2361 "-" "meta-externalagent/1.1 (+https://developers.facebook.com/docs/sharing/webmasters/crawler)" primemooca.online 216.172.172.98
57.141.2.7 - - [14/Mar/2026:10:58:18 -0300] "GET /shop/crooned/thereon112740094825.phtml HTTP/2.0" 404 2361 "-" "meta-externalagent/1.1 (+https://developers.facebook.com/docs/sharing/webmasters/crawler)" primemooca.online 216.172.172.98
57.141.2.10 - - [14/Mar/2026:10:58:20 -0300] "GET /shop/tabular/garcinia132936742385.phtml HTTP/1.1" 404 2361 "-" "meta-externalagent/1.1 (+https://developers.facebook.com/docs/sharing/webmasters/crawler)" primemooca.online 216.172.172.98
57.141.2.10 - - [14/Mar/2026:10:58:20 -0300] "GET /shop/tabular/garcinia132936742385.phtml HTTP/2.0" 404 2361 "-" "meta-externalagent/1.1 (+https://developers.facebook.com/docs/sharing/webmasters/crawler)" primemooca.online 216.172.172.98
57.141.2.6 - - [14/Mar/2026:10:58:23 -0300] "GET /shop/paracentrical/tapor152517922505.phtml HTTP/1.1" 404 2361 "-" "meta-externalagent/1.1 (+https://developers.facebook.com/docs/sharing/webmasters/crawler)" primemooca.online 216.172.172.98
57.141.2.6 - - [14/Mar/2026:10:58:23 -0300] "GET /shop/paracentrical/tapor152517922505.phtml HTTP/2.0" 404 2361 "-" "meta-externalagent/1.1 (+https://developers.facebook.com/docs/sharing/webmasters/crawler)" primemooca.online 216.172.172.98
74.7.242.7 - - [14/Mar/2026:10:58:23 -0300] "GET /shop/amyloplastic/intaminated161244797586.phtml HTTP/1.1" 404 836 "https://primemooca.online/sitemap-detail-1244.xml" "Mozilla/5.0 AppleWebKit/537.36 (KHTML, like Gecko; compatible; GPTBot/1.3; +https://openai.com/gptbot)" primemooca.online 216.172.172.98
74.7.242.7 - - [14/Mar/2026:10:58:23 -0300] "GET /shop/amyloplastic/intaminated161244797586.phtml HTTP/2.0" 404 836 "https://primemooca.online/sitemap-detail-1244.xml" "Mozilla/5.0 AppleWebKit/537.36 (KHTML, like Gecko; compatible; GPTBot/1.3; +https://openai.com/gptbot)" primemooca.online 216.172.172.98
57.141.2.49 - - [14/Mar/2026:10:58:25 -0300] "GET /shop/medius/ambulative111396580319.phtml HTTP/1.1" 404 2361 "-" "meta-externalagent/1.1 (+https://developers.facebook.com/docs/sharing/webmasters/crawler)" primemooca.online 216.172.172.98
57.141.2.49 - - [14/Mar/2026:10:58:25 -0300] "GET /shop/medius/ambulative111396580319.phtml HTTP/2.0" 404 2361 "-" "meta-externalagent/1.1 (+https://developers.facebook.com/docs/sharing/webmasters/crawler)" primemooca.online 216.172.172.98
57.141.2.43 - - [14/Mar/2026:10:58:27 -0300] "GET /shop/codist/ninhursag161198286354.phtml HTTP/1.1" 404 2361 "-" "meta-externalagent/1.1 (+https://developers.facebook.com/docs/sharing/webmasters/crawler)" primemooca.online 216.172.172.98
57.141.2.43 - - [14/Mar/2026:10:58:27 -0300] "GET /shop/codist/ninhursag161198286354.phtml HTTP/2.0" 404 2361 "-" "meta-externalagent/1.1 (+https://developers.facebook.com/docs/sharing/webmasters/crawler)" primemooca.online 216.172.172.98
57.141.2.53 - - [14/Mar/2026:10:58:29 -0300] "GET /shop/panpipes/oligochaete153020431277.phtml HTTP/1.1" 404 2361 "-" "meta-externalagent/1.1 (+https://developers.facebook.com/docs/sharing/webmasters/crawler)" primemooca.online 216.172.172.98
57.141.2.53 - - [14/Mar/2026:10:58:29 -0300] "GET /shop/panpipes/oligochaete153020431277.phtml HTTP/2.0" 404 2361 "-" "meta-externalagent/1.1 (+https://developers.facebook.com/docs/sharing/webmasters/crawler)" primemooca.online 216.172.172.98
74.7.242.7 - - [14/Mar/2026:10:58:31 -0300] "GET /shop/erysipelous/minorleague161553746406.phtml HTTP/1.1" 404 836 "https://primemooca.online/sitemap-detail-2118.xml" "Mozilla/5.0 AppleWebKit/537.36 (KHTML, like Gecko; compatible; GPTBot/1.3; +https://openai.com/gptbot)" primemooca.online 216.172.172.98
74.7.242.7 - - [14/Mar/2026:10:58:31 -0300] "GET /shop/erysipelous/minorleague161553746406.phtml HTTP/2.0" 404 836 "https://primemooca.online/sitemap-detail-2118.xml" "Mozilla/5.0 AppleWebKit/537.36 (KHTML, like Gecko; compatible; GPTBot/1.3; +https://openai.com/gptbot)" primemooca.online 216.172.172.98
57.141.2.6 - - [14/Mar/2026:10:58:32 -0300] "GET /shop/toothleted/rulingly132937913035.phtml HTTP/1.1" 404 2361 "-" "meta-externalagent/1.1 (+https://developers.facebook.com/docs/sharing/webmasters/crawler)" primemooca.online 216.172.172.98
57.141.2.6 - - [14/Mar/2026:10:58:32 -0300] "GET /shop/toothleted/rulingly132937913035.phtml HTTP/2.0" 404 2361 "-" "meta-externalagent/1.1 (+https://developers.facebook.com/docs/sharing/webmasters/crawler)" primemooca.online 216.172.172.98
57.141.2.36 - - [14/Mar/2026:10:58:34 -0300] "GET /shop/hernia/glaver13795399967.phtml HTTP/1.1" 404 2361 "-" "meta-externalagent/1.1 (+https://developers.facebook.com/docs/sharing/webmasters/crawler)" primemooca.online 216.172.172.98
57.141.2.36 - - [14/Mar/2026:10:58:34 -0300] "GET /shop/hernia/glaver13795399967.phtml HTTP/2.0" 404 2361 "-" "meta-externalagent/1.1 (+https://developers.facebook.com/docs/sharing/webmasters/crawler)" primemooca.online 216.172.172.98
57.141.2.38 - - [14/Mar/2026:10:58:36 -0300] "GET /shop/paraguay/misbestow132780338614.phtml HTTP/1.1" 404 2361 "-" "meta-externalagent/1.1 (+https://developers.facebook.com/docs/sharing/webmasters/crawler)" primemooca.online 216.172.172.98
57.141.2.38 - - [14/Mar/2026:10:58:36 -0300] "GET /shop/paraguay/misbestow132780338614.phtml HTTP/2.0" 404 2361 "-" "meta-externalagent/1.1 (+https://developers.facebook.com/docs/sharing/webmasters/crawler)" primemooca.online 216.172.172.98
57.141.2.71 - - [14/Mar/2026:10:58:38 -0300] "GET /shop/quashing/nemaeus152362444000.phtml HTTP/1.1" 404 2361 "-" "meta-externalagent/1.1 (+https://developers.facebook.com/docs/sharing/webmasters/crawler)" primemooca.online 216.172.172.98
57.141.2.71 - - [14/Mar/2026:10:58:38 -0300] "GET /shop/quashing/nemaeus152362444000.phtml HTTP/2.0" 404 2361 "-" "meta-externalagent/1.1 (+https://developers.facebook.com/docs/sharing/webmasters/crawler)" primemooca.online 216.172.172.98
57.141.2.49 - - [14/Mar/2026:10:58:41 -0300] "GET /shop/subaquaneous/puzzleheaded121474192273.phtml HTTP/1.1" 404 2361 "-" "meta-externalagent/1.1 (+https://developers.facebook.com/docs/sharing/webmasters/crawler)" primemooca.online 216.172.172.98
57.141.2.49 - - [14/Mar/2026:10:58:41 -0300] "GET /shop/subaquaneous/puzzleheaded121474192273.phtml HTTP/2.0" 404 2361 "-" "meta-externalagent/1.1 (+https://developers.facebook.com/docs/sharing/webmasters/crawler)" primemooca.online 216.172.172.98
57.141.2.66 - - [14/Mar/2026:10:58:43 -0300] "GET /shop/entomology/nullity112769916515.phtml HTTP/1.1" 404 2361 "-" "meta-externalagent/1.1 (+https://developers.facebook.com/docs/sharing/webmasters/crawler)" primemooca.online 216.172.172.98
57.141.2.66 - - [14/Mar/2026:10:58:43 -0300] "GET /shop/entomology/nullity112769916515.phtml HTTP/2.0" 404 2361 "-" "meta-externalagent/1.1 (+https://developers.facebook.com/docs/sharing/webmasters/crawler)" primemooca.online 216.172.172.98
74.7.242.7 - - [14/Mar/2026:10:58:43 -0300] "GET /shop/whitsuntide/pepperbrand161707152058.phtml HTTP/1.1" 404 836 "https://primemooca.online/sitemap-detail-2951.xml" "Mozilla/5.0 AppleWebKit/537.36 (KHTML, like Gecko; compatible; GPTBot/1.3; +https://openai.com/gptbot)" primemooca.online 216.172.172.98
74.7.242.7 - - [14/Mar/2026:10:58:43 -0300] "GET /shop/whitsuntide/pepperbrand161707152058.phtml HTTP/2.0" 404 836 "https://primemooca.online/sitemap-detail-2951.xml" "Mozilla/5.0 AppleWebKit/537.36 (KHTML, like Gecko; compatible; GPTBot/1.3; +https://openai.com/gptbot)" primemooca.online 216.172.172.98
57.141.2.6 - - [14/Mar/2026:10:58:45 -0300] "GET /shop/grammatication/clavipes13456326679.phtml HTTP/1.1" 404 2361 "-" "meta-externalagent/1.1 (+https://developers.facebook.com/docs/sharing/webmasters/crawler)" primemooca.online 216.172.172.98
57.141.2.6 - - [14/Mar/2026:10:58:45 -0300] "GET /shop/grammatication/clavipes13456326679.phtml HTTP/2.0" 404 2361 "-" "meta-externalagent/1.1 (+https://developers.facebook.com/docs/sharing/webmasters/crawler)" primemooca.online 216.172.172.98
57.141.2.49 - - [14/Mar/2026:10:58:47 -0300] "GET /shop/indestructibleness/hopeless17122847245.phtml HTTP/1.1" 404 2361 "-" "meta-externalagent/1.1 (+https://developers.facebook.com/docs/sharing/webmasters/crawler)" primemooca.online 216.172.172.98
57.141.2.49 - - [14/Mar/2026:10:58:47 -0300] "GET /shop/indestructibleness/hopeless17122847245.phtml HTTP/2.0" 404 2361 "-" "meta-externalagent/1.1 (+https://developers.facebook.com/docs/sharing/webmasters/crawler)" primemooca.online 216.172.172.98
57.141.2.1 - - [14/Mar/2026:10:58:49 -0300] "GET /shop/lentiginous/damask124065993624.phtml HTTP/1.1" 404 2361 "-" "meta-externalagent/1.1 (+https://developers.facebook.com/docs/sharing/webmasters/crawler)" primemooca.online 216.172.172.98
57.141.2.1 - - [14/Mar/2026:10:58:49 -0300] "GET /shop/lentiginous/damask124065993624.phtml HTTP/2.0" 404 2361 "-" "meta-externalagent/1.1 (+https://developers.facebook.com/docs/sharing/webmasters/crawler)" primemooca.online 216.172.172.98
74.7.242.7 - - [14/Mar/2026:10:58:51 -0300] "GET /shop/divergement/allegation163193470116.phtml HTTP/1.1" 404 836 "https://primemooca.online/sitemap-detail-2621.xml" "Mozilla/5.0 AppleWebKit/537.36 (KHTML, like Gecko; compatible; GPTBot/1.3; +https://openai.com/gptbot)" primemooca.online 216.172.172.98
74.7.242.7 - - [14/Mar/2026:10:58:51 -0300] "GET /shop/divergement/allegation163193470116.phtml HTTP/2.0" 404 836 "https://primemooca.online/sitemap-detail-2621.xml" "Mozilla/5.0 AppleWebKit/537.36 (KHTML, like Gecko; compatible; GPTBot/1.3; +https://openai.com/gptbot)" primemooca.online 216.172.172.98
57.141.2.12 - - [14/Mar/2026:10:58:52 -0300] "GET /shop/breakage/bloncket132514849727.phtml HTTP/1.1" 404 2361 "-" "meta-externalagent/1.1 (+https://developers.facebook.com/docs/sharing/webmasters/crawler)" primemooca.online 216.172.172.98
57.141.2.12 - - [14/Mar/2026:10:58:52 -0300] "GET /shop/breakage/bloncket132514849727.phtml HTTP/2.0" 404 2361 "-" "meta-externalagent/1.1 (+https://developers.facebook.com/docs/sharing/webmasters/crawler)" primemooca.online 216.172.172.98
57.141.2.59 - - [14/Mar/2026:10:58:54 -0300] "GET /shop/tizzy/avicennia123193702481.phtml HTTP/1.1" 404 2361 "-" "meta-externalagent/1.1 (+https://developers.facebook.com/docs/sharing/webmasters/crawler)" primemooca.online 216.172.172.98
57.141.2.59 - - [14/Mar/2026:10:58:54 -0300] "GET /shop/tizzy/avicennia123193702481.phtml HTTP/2.0" 404 2361 "-" "meta-externalagent/1.1 (+https://developers.facebook.com/docs/sharing/webmasters/crawler)" primemooca.online 216.172.172.98
57.141.2.35 - - [14/Mar/2026:10:58:56 -0300] "GET /shop/imbalm/extensional131912758186.phtml HTTP/1.1" 404 2361 "-" "meta-externalagent/1.1 (+https://developers.facebook.com/docs/sharing/webmasters/crawler)" primemooca.online 216.172.172.98
57.141.2.35 - - [14/Mar/2026:10:58:56 -0300] "GET /shop/imbalm/extensional131912758186.phtml HTTP/2.0" 404 2361 "-" "meta-externalagent/1.1 (+https://developers.facebook.com/docs/sharing/webmasters/crawler)" primemooca.online 216.172.172.98
57.141.2.43 - - [14/Mar/2026:10:58:58 -0300] "GET /shop/kirghizia/farfara16647138294.phtml HTTP/1.1" 404 2361 "-" "meta-externalagent/1.1 (+https://developers.facebook.com/docs/sharing/webmasters/crawler)" primemooca.online 216.172.172.98
57.141.2.43 - - [14/Mar/2026:10:58:58 -0300] "GET /shop/kirghizia/farfara16647138294.phtml HTTP/2.0" 404 2361 "-" "meta-externalagent/1.1 (+https://developers.facebook.com/docs/sharing/webmasters/crawler)" primemooca.online 216.172.172.98
74.7.242.7 - - [14/Mar/2026:10:58:59 -0300] "GET /shop/uncoined/hallucinating162095231240.phtml HTTP/1.1" 404 836 "https://primemooca.online/sitemap-detail-1953.xml" "Mozilla/5.0 AppleWebKit/537.36 (KHTML, like Gecko; compatible; GPTBot/1.3; +https://openai.com/gptbot)" primemooca.online 216.172.172.98
74.7.242.7 - - [14/Mar/2026:10:58:59 -0300] "GET /shop/uncoined/hallucinating162095231240.phtml HTTP/2.0" 404 836 "https://primemooca.online/sitemap-detail-1953.xml" "Mozilla/5.0 AppleWebKit/537.36 (KHTML, like Gecko; compatible; GPTBot/1.3; +https://openai.com/gptbot)" primemooca.online 216.172.172.98
57.141.2.11 - - [14/Mar/2026:10:59:00 -0300] "GET /shop/imposer/humate152679537886.phtml HTTP/1.1" 404 2361 "-" "meta-externalagent/1.1 (+https://developers.facebook.com/docs/sharing/webmasters/crawler)" primemooca.online 216.172.172.98
57.141.2.11 - - [14/Mar/2026:10:59:00 -0300] "GET /shop/imposer/humate152679537886.phtml HTTP/2.0" 404 2361 "-" "meta-externalagent/1.1 (+https://developers.facebook.com/docs/sharing/webmasters/crawler)" primemooca.online 216.172.172.98
57.141.2.43 - - [14/Mar/2026:10:59:03 -0300] "GET /shop/roughly/pelvis152484540972.phtml HTTP/1.1" 404 2361 "-" "meta-externalagent/1.1 (+https://developers.facebook.com/docs/sharing/webmasters/crawler)" primemooca.online 216.172.172.98
57.141.2.43 - - [14/Mar/2026:10:59:03 -0300] "GET /shop/roughly/pelvis152484540972.phtml HTTP/2.0" 404 2361 "-" "meta-externalagent/1.1 (+https://developers.facebook.com/docs/sharing/webmasters/crawler)" primemooca.online 216.172.172.98
57.141.2.16 - - [14/Mar/2026:10:59:05 -0300] "GET /shop/tupaiid/spoor152986680720.phtml HTTP/1.1" 404 2361 "-" "meta-externalagent/1.1 (+https://developers.facebook.com/docs/sharing/webmasters/crawler)" primemooca.online 216.172.172.98
57.141.2.16 - - [14/Mar/2026:10:59:05 -0300] "GET /shop/tupaiid/spoor152986680720.phtml HTTP/2.0" 404 2361 "-" "meta-externalagent/1.1 (+https://developers.facebook.com/docs/sharing/webmasters/crawler)" primemooca.online 216.172.172.98
57.141.2.15 - - [14/Mar/2026:10:59:07 -0300] "GET /shop/conserves/meritot174175256062.phtml HTTP/1.1" 404 2361 "-" "meta-externalagent/1.1 (+https://developers.facebook.com/docs/sharing/webmasters/crawler)" primemooca.online 216.172.172.98
57.141.2.15 - - [14/Mar/2026:10:59:07 -0300] "GET /shop/conserves/meritot174175256062.phtml HTTP/2.0" 404 2361 "-" "meta-externalagent/1.1 (+https://developers.facebook.com/docs/sharing/webmasters/crawler)" primemooca.online 216.172.172.98
57.141.2.36 - - [14/Mar/2026:10:59:09 -0300] "GET /shop/misintelligence/inborn12742176587.phtml HTTP/1.1" 404 2361 "-" "meta-externalagent/1.1 (+https://developers.facebook.com/docs/sharing/webmasters/crawler)" primemooca.online 216.172.172.98
57.141.2.36 - - [14/Mar/2026:10:59:09 -0300] "GET /shop/misintelligence/inborn12742176587.phtml HTTP/2.0" 404 2361 "-" "meta-externalagent/1.1 (+https://developers.facebook.com/docs/sharing/webmasters/crawler)" primemooca.online 216.172.172.98
74.7.242.7 - - [14/Mar/2026:10:59:10 -0300] "GET /shop/reverberated/proconsul161570461421.phtml HTTP/1.1" 404 836 "https://primemooca.online/sitemap-detail-2260.xml" "Mozilla/5.0 AppleWebKit/537.36 (KHTML, like Gecko; compatible; GPTBot/1.3; +https://openai.com/gptbot)" primemooca.online 216.172.172.98
74.7.242.7 - - [14/Mar/2026:10:59:10 -0300] "GET /shop/reverberated/proconsul161570461421.phtml HTTP/2.0" 404 836 "https://primemooca.online/sitemap-detail-2260.xml" "Mozilla/5.0 AppleWebKit/537.36 (KHTML, like Gecko; compatible; GPTBot/1.3; +https://openai.com/gptbot)" primemooca.online 216.172.172.98
57.141.2.9 - - [14/Mar/2026:10:59:12 -0300] "GET /shop/ostend/unciae152691873191.phtml HTTP/1.1" 404 2361 "-" "meta-externalagent/1.1 (+https://developers.facebook.com/docs/sharing/webmasters/crawler)" primemooca.online 216.172.172.98
57.141.2.9 - - [14/Mar/2026:10:59:12 -0300] "GET /shop/ostend/unciae152691873191.phtml HTTP/2.0" 404 2361 "-" "meta-externalagent/1.1 (+https://developers.facebook.com/docs/sharing/webmasters/crawler)" primemooca.online 216.172.172.98
57.141.2.19 - - [14/Mar/2026:10:59:14 -0300] "GET /shop/paraphysis/averages162136629524.phtml HTTP/1.1" 404 2361 "-" "meta-externalagent/1.1 (+https://developers.facebook.com/docs/sharing/webmasters/crawler)" primemooca.online 216.172.172.98
57.141.2.19 - - [14/Mar/2026:10:59:14 -0300] "GET /shop/paraphysis/averages162136629524.phtml HTTP/2.0" 404 2361 "-" "meta-externalagent/1.1 (+https://developers.facebook.com/docs/sharing/webmasters/crawler)" primemooca.online 216.172.172.98
57.141.2.18 - - [14/Mar/2026:10:59:16 -0300] "GET /shop/sprinting/abreuvoir153172121243.phtml HTTP/1.1" 404 2361 "-" "meta-externalagent/1.1 (+https://developers.facebook.com/docs/sharing/webmasters/crawler)" primemooca.online 216.172.172.98
57.141.2.18 - - [14/Mar/2026:10:59:16 -0300] "GET /shop/sprinting/abreuvoir153172121243.phtml HTTP/2.0" 404 2361 "-" "meta-externalagent/1.1 (+https://developers.facebook.com/docs/sharing/webmasters/crawler)" primemooca.online 216.172.172.98
74.7.242.7 - - [14/Mar/2026:10:59:18 -0300] "GET /shop/stalked/ophidobatrachia161239248974.phtml HTTP/1.1" 404 836 "https://primemooca.online/sitemap-detail-2966.xml" "Mozilla/5.0 AppleWebKit/537.36 (KHTML, like Gecko; compatible; GPTBot/1.3; +https://openai.com/gptbot)" primemooca.online 216.172.172.98
74.7.242.7 - - [14/Mar/2026:10:59:18 -0300] "GET /shop/stalked/ophidobatrachia161239248974.phtml HTTP/2.0" 404 836 "https://primemooca.online/sitemap-detail-2966.xml" "Mozilla/5.0 AppleWebKit/537.36 (KHTML, like Gecko; compatible; GPTBot/1.3; +https://openai.com/gptbot)" primemooca.online 216.172.172.98
57.141.2.32 - - [14/Mar/2026:10:59:18 -0300] "GET /shop/coumarou/blatterer123302742811.phtml HTTP/1.1" 404 2361 "-" "meta-externalagent/1.1 (+https://developers.facebook.com/docs/sharing/webmasters/crawler)" primemooca.online 216.172.172.98
57.141.2.32 - - [14/Mar/2026:10:59:18 -0300] "GET /shop/coumarou/blatterer123302742811.phtml HTTP/2.0" 404 2361 "-" "meta-externalagent/1.1 (+https://developers.facebook.com/docs/sharing/webmasters/crawler)" primemooca.online 216.172.172.98
57.141.2.1 - - [14/Mar/2026:10:59:20 -0300] "GET /shop/caucasoid/efflux133170704520.phtml HTTP/1.1" 404 2361 "-" "meta-externalagent/1.1 (+https://developers.facebook.com/docs/sharing/webmasters/crawler)" primemooca.online 216.172.172.98
57.141.2.1 - - [14/Mar/2026:10:59:20 -0300] "GET /shop/caucasoid/efflux133170704520.phtml HTTP/2.0" 404 2361 "-" "meta-externalagent/1.1 (+https://developers.facebook.com/docs/sharing/webmasters/crawler)" primemooca.online 216.172.172.98
57.141.2.20 - - [14/Mar/2026:10:59:23 -0300] "GET /shop/descriptiveness/drubber173183111384.phtml HTTP/1.1" 404 2361 "-" "meta-externalagent/1.1 (+https://developers.facebook.com/docs/sharing/webmasters/crawler)" primemooca.online 216.172.172.98
57.141.2.20 - - [14/Mar/2026:10:59:23 -0300] "GET /shop/descriptiveness/drubber173183111384.phtml HTTP/2.0" 404 2361 "-" "meta-externalagent/1.1 (+https://developers.facebook.com/docs/sharing/webmasters/crawler)" primemooca.online 216.172.172.98
57.141.2.67 - - [14/Mar/2026:10:59:25 -0300] "GET /shop/nerine/crunodes15470714731.phtml HTTP/1.1" 404 2361 "-" "meta-externalagent/1.1 (+https://developers.facebook.com/docs/sharing/webmasters/crawler)" primemooca.online 216.172.172.98
57.141.2.67 - - [14/Mar/2026:10:59:25 -0300] "GET /shop/nerine/crunodes15470714731.phtml HTTP/2.0" 404 2361 "-" "meta-externalagent/1.1 (+https://developers.facebook.com/docs/sharing/webmasters/crawler)" primemooca.online 216.172.172.98
74.7.242.7 - - [14/Mar/2026:10:59:26 -0300] "GET /shop/entailing/cardiographic163924878772.phtml HTTP/1.1" 404 836 "https://primemooca.online/sitemap-detail-1466.xml" "Mozilla/5.0 AppleWebKit/537.36 (KHTML, like Gecko; compatible; GPTBot/1.3; +https://openai.com/gptbot)" primemooca.online 216.172.172.98
74.7.242.7 - - [14/Mar/2026:10:59:26 -0300] "GET /shop/entailing/cardiographic163924878772.phtml HTTP/2.0" 404 836 "https://primemooca.online/sitemap-detail-1466.xml" "Mozilla/5.0 AppleWebKit/537.36 (KHTML, like Gecko; compatible; GPTBot/1.3; +https://openai.com/gptbot)" primemooca.online 216.172.172.98
57.141.2.31 - - [14/Mar/2026:10:59:27 -0300] "GET /shop/bromatologist/pentathionic11317998964.phtml HTTP/1.1" 404 2361 "-" "meta-externalagent/1.1 (+https://developers.facebook.com/docs/sharing/webmasters/crawler)" primemooca.online 216.172.172.98
57.141.2.31 - - [14/Mar/2026:10:59:27 -0300] "GET /shop/bromatologist/pentathionic11317998964.phtml HTTP/2.0" 404 2361 "-" "meta-externalagent/1.1 (+https://developers.facebook.com/docs/sharing/webmasters/crawler)" primemooca.online 216.172.172.98
57.141.2.25 - - [14/Mar/2026:10:59:29 -0300] "GET /shop/irreversibility/glioma131713156041.phtml HTTP/1.1" 404 2361 "-" "meta-externalagent/1.1 (+https://developers.facebook.com/docs/sharing/webmasters/crawler)" primemooca.online 216.172.172.98
57.141.2.25 - - [14/Mar/2026:10:59:29 -0300] "GET /shop/irreversibility/glioma131713156041.phtml HTTP/2.0" 404 2361 "-" "meta-externalagent/1.1 (+https://developers.facebook.com/docs/sharing/webmasters/crawler)" primemooca.online 216.172.172.98
57.141.2.45 - - [14/Mar/2026:10:59:32 -0300] "GET /shop/unsoot/robberies112424595664.phtml HTTP/1.1" 404 2361 "-" "meta-externalagent/1.1 (+https://developers.facebook.com/docs/sharing/webmasters/crawler)" primemooca.online 216.172.172.98
57.141.2.45 - - [14/Mar/2026:10:59:32 -0300] "GET /shop/unsoot/robberies112424595664.phtml HTTP/2.0" 404 2361 "-" "meta-externalagent/1.1 (+https://developers.facebook.com/docs/sharing/webmasters/crawler)" primemooca.online 216.172.172.98
57.141.2.51 - - [14/Mar/2026:10:59:34 -0300] "GET /shop/uncausal/jesus162003347552.phtml HTTP/1.1" 404 2361 "-" "meta-externalagent/1.1 (+https://developers.facebook.com/docs/sharing/webmasters/crawler)" primemooca.online 216.172.172.98
57.141.2.51 - - [14/Mar/2026:10:59:34 -0300] "GET /shop/uncausal/jesus162003347552.phtml HTTP/2.0" 404 2361 "-" "meta-externalagent/1.1 (+https://developers.facebook.com/docs/sharing/webmasters/crawler)" primemooca.online 216.172.172.98
74.7.242.7 - - [14/Mar/2026:10:59:35 -0300] "GET /shop/limpitude/vocabularies164221964002.phtml HTTP/1.1" 404 836 "https://primemooca.online/sitemap-detail-1456.xml" "Mozilla/5.0 AppleWebKit/537.36 (KHTML, like Gecko; compatible; GPTBot/1.3; +https://openai.com/gptbot)" primemooca.online 216.172.172.98
74.7.242.7 - - [14/Mar/2026:10:59:35 -0300] "GET /shop/limpitude/vocabularies164221964002.phtml HTTP/2.0" 404 836 "https://primemooca.online/sitemap-detail-1456.xml" "Mozilla/5.0 AppleWebKit/537.36 (KHTML, like Gecko; compatible; GPTBot/1.3; +https://openai.com/gptbot)" primemooca.online 216.172.172.98
57.141.2.3 - - [14/Mar/2026:10:59:36 -0300] "GET /shop/coagulate/library14649931529.phtml HTTP/1.1" 404 2361 "-" "meta-externalagent/1.1 (+https://developers.facebook.com/docs/sharing/webmasters/crawler)" primemooca.online 216.172.172.98
57.141.2.3 - - [14/Mar/2026:10:59:36 -0300] "GET /shop/coagulate/library14649931529.phtml HTTP/2.0" 404 2361 "-" "meta-externalagent/1.1 (+https://developers.facebook.com/docs/sharing/webmasters/crawler)" primemooca.online 216.172.172.98
57.141.2.67 - - [14/Mar/2026:10:59:38 -0300] "GET /shop/readmission/blamed133695641440.phtml HTTP/1.1" 404 2361 "-" "meta-externalagent/1.1 (+https://developers.facebook.com/docs/sharing/webmasters/crawler)" primemooca.online 216.172.172.98
57.141.2.67 - - [14/Mar/2026:10:59:38 -0300] "GET /shop/readmission/blamed133695641440.phtml HTTP/2.0" 404 2361 "-" "meta-externalagent/1.1 (+https://developers.facebook.com/docs/sharing/webmasters/crawler)" primemooca.online 216.172.172.98
57.141.2.49 - - [14/Mar/2026:10:59:40 -0300] "GET /shop/pineapple/execrated15527374949.phtml HTTP/1.1" 404 2361 "-" "meta-externalagent/1.1 (+https://developers.facebook.com/docs/sharing/webmasters/crawler)" primemooca.online 216.172.172.98
57.141.2.49 - - [14/Mar/2026:10:59:40 -0300] "GET /shop/pineapple/execrated15527374949.phtml HTTP/2.0" 404 2361 "-" "meta-externalagent/1.1 (+https://developers.facebook.com/docs/sharing/webmasters/crawler)" primemooca.online 216.172.172.98
57.141.2.51 - - [14/Mar/2026:10:59:43 -0300] "GET /shop/bravadoes/hurricane133498381479.phtml HTTP/1.1" 404 2361 "-" "meta-externalagent/1.1 (+https://developers.facebook.com/docs/sharing/webmasters/crawler)" primemooca.online 216.172.172.98
57.141.2.51 - - [14/Mar/2026:10:59:43 -0300] "GET /shop/bravadoes/hurricane133498381479.phtml HTTP/2.0" 404 2361 "-" "meta-externalagent/1.1 (+https://developers.facebook.com/docs/sharing/webmasters/crawler)" primemooca.online 216.172.172.98
74.7.242.7 - - [14/Mar/2026:10:59:44 -0300] "GET /shop/vengeancely/compressible163722923753.phtml HTTP/1.1" 404 836 "https://primemooca.online/sitemap-detail-1918.xml" "Mozilla/5.0 AppleWebKit/537.36 (KHTML, like Gecko; compatible; GPTBot/1.3; +https://openai.com/gptbot)" primemooca.online 216.172.172.98
74.7.242.7 - - [14/Mar/2026:10:59:44 -0300] "GET /shop/vengeancely/compressible163722923753.phtml HTTP/2.0" 404 836 "https://primemooca.online/sitemap-detail-1918.xml" "Mozilla/5.0 AppleWebKit/537.36 (KHTML, like Gecko; compatible; GPTBot/1.3; +https://openai.com/gptbot)" primemooca.online 216.172.172.98
57.141.2.47 - - [14/Mar/2026:10:59:45 -0300] "GET /shop/chateau/buoyantly111834490478.phtml HTTP/1.1" 404 2361 "-" "meta-externalagent/1.1 (+https://developers.facebook.com/docs/sharing/webmasters/crawler)" primemooca.online 216.172.172.98
57.141.2.47 - - [14/Mar/2026:10:59:45 -0300] "GET /shop/chateau/buoyantly111834490478.phtml HTTP/2.0" 404 2361 "-" "meta-externalagent/1.1 (+https://developers.facebook.com/docs/sharing/webmasters/crawler)" primemooca.online 216.172.172.98
57.141.2.33 - - [14/Mar/2026:10:59:47 -0300] "GET /shop/taoiseach/blunging152641592740.phtml HTTP/1.1" 404 2361 "-" "meta-externalagent/1.1 (+https://developers.facebook.com/docs/sharing/webmasters/crawler)" primemooca.online 216.172.172.98
57.141.2.33 - - [14/Mar/2026:10:59:47 -0300] "GET /shop/taoiseach/blunging152641592740.phtml HTTP/2.0" 404 2361 "-" "meta-externalagent/1.1 (+https://developers.facebook.com/docs/sharing/webmasters/crawler)" primemooca.online 216.172.172.98
57.141.2.23 - - [14/Mar/2026:10:59:49 -0300] "GET /shop/drowner/ichneumonidan16658061389.phtml HTTP/1.1" 404 2361 "-" "meta-externalagent/1.1 (+https://developers.facebook.com/docs/sharing/webmasters/crawler)" primemooca.online 216.172.172.98
57.141.2.23 - - [14/Mar/2026:10:59:49 -0300] "GET /shop/drowner/ichneumonidan16658061389.phtml HTTP/2.0" 404 2361 "-" "meta-externalagent/1.1 (+https://developers.facebook.com/docs/sharing/webmasters/crawler)" primemooca.online 216.172.172.98
57.141.2.33 - - [14/Mar/2026:10:59:52 -0300] "GET /shop/deoxyribonucleic/metayage113706021652.phtml HTTP/1.1" 404 2361 "-" "meta-externalagent/1.1 (+https://developers.facebook.com/docs/sharing/webmasters/crawler)" primemooca.online 216.172.172.98
57.141.2.33 - - [14/Mar/2026:10:59:52 -0300] "GET /shop/deoxyribonucleic/metayage113706021652.phtml HTTP/2.0" 404 2361 "-" "meta-externalagent/1.1 (+https://developers.facebook.com/docs/sharing/webmasters/crawler)" primemooca.online 216.172.172.98
74.7.242.7 - - [14/Mar/2026:10:59:54 -0300] "GET /shop/enterobius/saccharifer162881695885.phtml HTTP/1.1" 404 836 "https://primemooca.online/sitemap-detail-1156.xml" "Mozilla/5.0 AppleWebKit/537.36 (KHTML, like Gecko; compatible; GPTBot/1.3; +https://openai.com/gptbot)" primemooca.online 216.172.172.98
74.7.242.7 - - [14/Mar/2026:10:59:54 -0300] "GET /shop/enterobius/saccharifer162881695885.phtml HTTP/2.0" 404 836 "https://primemooca.online/sitemap-detail-1156.xml" "Mozilla/5.0 AppleWebKit/537.36 (KHTML, like Gecko; compatible; GPTBot/1.3; +https://openai.com/gptbot)" primemooca.online 216.172.172.98
57.141.2.29 - - [14/Mar/2026:10:59:54 -0300] "GET /shop/hippophagi/fulvid161831913714.phtml HTTP/1.1" 404 2361 "-" "meta-externalagent/1.1 (+https://developers.facebook.com/docs/sharing/webmasters/crawler)" primemooca.online 216.172.172.98
57.141.2.29 - - [14/Mar/2026:10:59:54 -0300] "GET /shop/hippophagi/fulvid161831913714.phtml HTTP/2.0" 404 2361 "-" "meta-externalagent/1.1 (+https://developers.facebook.com/docs/sharing/webmasters/crawler)" primemooca.online 216.172.172.98
57.141.2.61 - - [14/Mar/2026:10:59:56 -0300] "GET /shop/koodoo/donaught143437315835.phtml HTTP/1.1" 404 2361 "-" "meta-externalagent/1.1 (+https://developers.facebook.com/docs/sharing/webmasters/crawler)" primemooca.online 216.172.172.98
57.141.2.61 - - [14/Mar/2026:10:59:56 -0300] "GET /shop/koodoo/donaught143437315835.phtml HTTP/2.0" 404 2361 "-" "meta-externalagent/1.1 (+https://developers.facebook.com/docs/sharing/webmasters/crawler)" primemooca.online 216.172.172.98
57.141.2.60 - - [14/Mar/2026:10:59:58 -0300] "GET /shop/sennight/postcornu11604621538.phtml HTTP/1.1" 404 2361 "-" "meta-externalagent/1.1 (+https://developers.facebook.com/docs/sharing/webmasters/crawler)" primemooca.online 216.172.172.98
57.141.2.60 - - [14/Mar/2026:10:59:58 -0300] "GET /shop/sennight/postcornu11604621538.phtml HTTP/2.0" 404 2361 "-" "meta-externalagent/1.1 (+https://developers.facebook.com/docs/sharing/webmasters/crawler)" primemooca.online 216.172.172.98
57.141.2.43 - - [14/Mar/2026:11:00:01 -0300] "GET /shop/rootstock/blows112812714800.phtml HTTP/1.1" 404 2361 "-" "meta-externalagent/1.1 (+https://developers.facebook.com/docs/sharing/webmasters/crawler)" primemooca.online 216.172.172.98
57.141.2.43 - - [14/Mar/2026:11:00:01 -0300] "GET /shop/rootstock/blows112812714800.phtml HTTP/2.0" 404 2361 "-" "meta-externalagent/1.1 (+https://developers.facebook.com/docs/sharing/webmasters/crawler)" primemooca.online 216.172.172.98
57.141.2.25 - - [14/Mar/2026:11:00:03 -0300] "GET /shop/thievery/solecistically161234306125.phtml HTTP/1.1" 404 2361 "-" "meta-externalagent/1.1 (+https://developers.facebook.com/docs/sharing/webmasters/crawler)" primemooca.online 216.172.172.98
57.141.2.25 - - [14/Mar/2026:11:00:03 -0300] "GET /shop/thievery/solecistically161234306125.phtml HTTP/2.0" 404 2361 "-" "meta-externalagent/1.1 (+https://developers.facebook.com/docs/sharing/webmasters/crawler)" primemooca.online 216.172.172.98
74.7.242.7 - - [14/Mar/2026:11:00:03 -0300] "GET /shop/guarder/intelligencing161332385337.phtml HTTP/1.1" 404 836 "https://primemooca.online/sitemap-detail-2618.xml" "Mozilla/5.0 AppleWebKit/537.36 (KHTML, like Gecko; compatible; GPTBot/1.3; +https://openai.com/gptbot)" primemooca.online 216.172.172.98
74.7.242.7 - - [14/Mar/2026:11:00:03 -0300] "GET /shop/guarder/intelligencing161332385337.phtml HTTP/2.0" 404 836 "https://primemooca.online/sitemap-detail-2618.xml" "Mozilla/5.0 AppleWebKit/537.36 (KHTML, like Gecko; compatible; GPTBot/1.3; +https://openai.com/gptbot)" primemooca.online 216.172.172.98
57.141.2.35 - - [14/Mar/2026:11:00:05 -0300] "GET /shop/quadrisection/cycloscope113992076706.phtml HTTP/1.1" 404 2361 "-" "meta-externalagent/1.1 (+https://developers.facebook.com/docs/sharing/webmasters/crawler)" primemooca.online 216.172.172.98
57.141.2.35 - - [14/Mar/2026:11:00:05 -0300] "GET /shop/quadrisection/cycloscope113992076706.phtml HTTP/2.0" 404 2361 "-" "meta-externalagent/1.1 (+https://developers.facebook.com/docs/sharing/webmasters/crawler)" primemooca.online 216.172.172.98
57.141.2.7 - - [14/Mar/2026:11:00:07 -0300] "GET /shop/irremovability/gelsemia132367866387.phtml HTTP/1.1" 404 2361 "-" "meta-externalagent/1.1 (+https://developers.facebook.com/docs/sharing/webmasters/crawler)" primemooca.online 216.172.172.98
57.141.2.7 - - [14/Mar/2026:11:00:07 -0300] "GET /shop/irremovability/gelsemia132367866387.phtml HTTP/2.0" 404 2361 "-" "meta-externalagent/1.1 (+https://developers.facebook.com/docs/sharing/webmasters/crawler)" primemooca.online 216.172.172.98
57.141.2.55 - - [14/Mar/2026:11:00:09 -0300] "GET /shop/tragedienne/perdy113075430172.phtml HTTP/1.1" 404 2361 "-" "meta-externalagent/1.1 (+https://developers.facebook.com/docs/sharing/webmasters/crawler)" primemooca.online 216.172.172.98
57.141.2.55 - - [14/Mar/2026:11:00:09 -0300] "GET /shop/tragedienne/perdy113075430172.phtml HTTP/2.0" 404 2361 "-" "meta-externalagent/1.1 (+https://developers.facebook.com/docs/sharing/webmasters/crawler)" primemooca.online 216.172.172.98
57.141.2.11 - - [14/Mar/2026:11:00:12 -0300] "GET /shop/understand/scirrhi121262033270.phtml HTTP/2.0" 404 2361 "-" "meta-externalagent/1.1 (+https://developers.facebook.com/docs/sharing/webmasters/crawler)" primemooca.online 216.172.172.98
57.141.2.11 - - [14/Mar/2026:11:00:12 -0300] "GET /shop/understand/scirrhi121262033270.phtml HTTP/1.1" 404 2361 "-" "meta-externalagent/1.1 (+https://developers.facebook.com/docs/sharing/webmasters/crawler)" primemooca.online 216.172.172.98
74.7.242.7 - - [14/Mar/2026:11:00:14 -0300] "GET /shop/unlivable/homeschooled163057901900.phtml HTTP/1.1" 404 836 "https://primemooca.online/sitemap-detail-2311.xml" "Mozilla/5.0 AppleWebKit/537.36 (KHTML, like Gecko; compatible; GPTBot/1.3; +https://openai.com/gptbot)" primemooca.online 216.172.172.98
74.7.242.7 - - [14/Mar/2026:11:00:14 -0300] "GET /shop/unlivable/homeschooled163057901900.phtml HTTP/2.0" 404 836 "https://primemooca.online/sitemap-detail-2311.xml" "Mozilla/5.0 AppleWebKit/537.36 (KHTML, like Gecko; compatible; GPTBot/1.3; +https://openai.com/gptbot)" primemooca.online 216.172.172.98
57.141.2.66 - - [14/Mar/2026:11:00:14 -0300] "GET /shop/ronco/selfmoved14864845328.phtml HTTP/1.1" 404 2361 "-" "meta-externalagent/1.1 (+https://developers.facebook.com/docs/sharing/webmasters/crawler)" primemooca.online 216.172.172.98
57.141.2.66 - - [14/Mar/2026:11:00:14 -0300] "GET /shop/ronco/selfmoved14864845328.phtml HTTP/2.0" 404 2361 "-" "meta-externalagent/1.1 (+https://developers.facebook.com/docs/sharing/webmasters/crawler)" primemooca.online 216.172.172.98
57.141.2.70 - - [14/Mar/2026:11:00:16 -0300] "GET /shop/haemachrome/superintending152022336715.phtml HTTP/1.1" 404 2361 "-" "meta-externalagent/1.1 (+https://developers.facebook.com/docs/sharing/webmasters/crawler)" primemooca.online 216.172.172.98
57.141.2.70 - - [14/Mar/2026:11:00:16 -0300] "GET /shop/haemachrome/superintending152022336715.phtml HTTP/2.0" 404 2361 "-" "meta-externalagent/1.1 (+https://developers.facebook.com/docs/sharing/webmasters/crawler)" primemooca.online 216.172.172.98
57.141.2.65 - - [14/Mar/2026:11:00:18 -0300] "GET /shop/havior/pianet162420960197.phtml HTTP/1.1" 404 2361 "-" "meta-externalagent/1.1 (+https://developers.facebook.com/docs/sharing/webmasters/crawler)" primemooca.online 216.172.172.98
57.141.2.65 - - [14/Mar/2026:11:00:18 -0300] "GET /shop/havior/pianet162420960197.phtml HTTP/2.0" 404 2361 "-" "meta-externalagent/1.1 (+https://developers.facebook.com/docs/sharing/webmasters/crawler)" primemooca.online 216.172.172.98
57.141.2.20 - - [14/Mar/2026:11:00:20 -0300] "GET /shop/bilinear/instrumentality162065281903.phtml HTTP/1.1" 404 2361 "-" "meta-externalagent/1.1 (+https://developers.facebook.com/docs/sharing/webmasters/crawler)" primemooca.online 216.172.172.98
57.141.2.20 - - [14/Mar/2026:11:00:20 -0300] "GET /shop/bilinear/instrumentality162065281903.phtml HTTP/2.0" 404 2361 "-" "meta-externalagent/1.1 (+https://developers.facebook.com/docs/sharing/webmasters/crawler)" primemooca.online 216.172.172.98
57.141.2.22 - - [14/Mar/2026:11:00:23 -0300] "GET /shop/nombril/atavism113585112432.phtml HTTP/1.1" 404 2361 "-" "meta-externalagent/1.1 (+https://developers.facebook.com/docs/sharing/webmasters/crawler)" primemooca.online 216.172.172.98
57.141.2.22 - - [14/Mar/2026:11:00:23 -0300] "GET /shop/nombril/atavism113585112432.phtml HTTP/2.0" 404 2361 "-" "meta-externalagent/1.1 (+https://developers.facebook.com/docs/sharing/webmasters/crawler)" primemooca.online 216.172.172.98
57.141.2.22 - - [14/Mar/2026:11:00:25 -0300] "GET /shop/glandage/periagua111547579016.phtml HTTP/1.1" 404 2361 "-" "meta-externalagent/1.1 (+https://developers.facebook.com/docs/sharing/webmasters/crawler)" primemooca.online 216.172.172.98
57.141.2.22 - - [14/Mar/2026:11:00:25 -0300] "GET /shop/glandage/periagua111547579016.phtml HTTP/2.0" 404 2361 "-" "meta-externalagent/1.1 (+https://developers.facebook.com/docs/sharing/webmasters/crawler)" primemooca.online 216.172.172.98
57.141.2.28 - - [14/Mar/2026:11:00:27 -0300] "GET /shop/reseller/spearwood172888022709.phtml HTTP/1.1" 404 2361 "-" "meta-externalagent/1.1 (+https://developers.facebook.com/docs/sharing/webmasters/crawler)" primemooca.online 216.172.172.98
57.141.2.28 - - [14/Mar/2026:11:00:27 -0300] "GET /shop/reseller/spearwood172888022709.phtml HTTP/2.0" 404 2361 "-" "meta-externalagent/1.1 (+https://developers.facebook.com/docs/sharing/webmasters/crawler)" primemooca.online 216.172.172.98
57.141.2.65 - - [14/Mar/2026:11:00:30 -0300] "GET /shop/flatout/ghibelline111720641000.phtml HTTP/1.1" 404 2361 "-" "meta-externalagent/1.1 (+https://developers.facebook.com/docs/sharing/webmasters/crawler)" primemooca.online 216.172.172.98
57.141.2.65 - - [14/Mar/2026:11:00:29 -0300] "GET /shop/flatout/ghibelline111720641000.phtml HTTP/2.0" 404 2361 "-" "meta-externalagent/1.1 (+https://developers.facebook.com/docs/sharing/webmasters/crawler)" primemooca.online 216.172.172.98
57.141.2.51 - - [14/Mar/2026:11:00:32 -0300] "GET /shop/cytotaxonomically/washer15290143312.phtml HTTP/1.1" 404 2361 "-" "meta-externalagent/1.1 (+https://developers.facebook.com/docs/sharing/webmasters/crawler)" primemooca.online 216.172.172.98
57.141.2.51 - - [14/Mar/2026:11:00:32 -0300] "GET /shop/cytotaxonomically/washer15290143312.phtml HTTP/2.0" 404 2361 "-" "meta-externalagent/1.1 (+https://developers.facebook.com/docs/sharing/webmasters/crawler)" primemooca.online 216.172.172.98
74.7.242.7 - - [14/Mar/2026:11:00:32 -0300] "GET /shop/dissolute/lacedaemonian161424632489.phtml HTTP/1.1" 404 836 "https://primemooca.online/sitemap-detail-2517.xml" "Mozilla/5.0 AppleWebKit/537.36 (KHTML, like Gecko; compatible; GPTBot/1.3; +https://openai.com/gptbot)" primemooca.online 216.172.172.98
74.7.242.7 - - [14/Mar/2026:11:00:32 -0300] "GET /shop/dissolute/lacedaemonian161424632489.phtml HTTP/2.0" 404 836 "https://primemooca.online/sitemap-detail-2517.xml" "Mozilla/5.0 AppleWebKit/537.36 (KHTML, like Gecko; compatible; GPTBot/1.3; +https://openai.com/gptbot)" primemooca.online 216.172.172.98
57.141.2.18 - - [14/Mar/2026:11:00:34 -0300] "GET /shop/synchronous/defecate151734768582.phtml HTTP/1.1" 404 2361 "-" "meta-externalagent/1.1 (+https://developers.facebook.com/docs/sharing/webmasters/crawler)" primemooca.online 216.172.172.98
