57.141.2.25 - - [14/Mar/2026:10:07:11 -0300] "GET /shop/ephemera/visitorial141272672378.phtml HTTP/1.1" 404 2361 "-" "meta-externalagent/1.1 (+https://developers.facebook.com/docs/sharing/webmasters/crawler)" primemooca.online 216.172.172.98
57.141.2.25 - - [14/Mar/2026:10:07:11 -0300] "GET /shop/ephemera/visitorial141272672378.phtml HTTP/2.0" 404 2361 "-" "meta-externalagent/1.1 (+https://developers.facebook.com/docs/sharing/webmasters/crawler)" primemooca.online 216.172.172.98
57.141.2.17 - - [14/Mar/2026:10:07:14 -0300] "GET /shop/mightful/lycopodiaceous161807119865.phtml HTTP/1.1" 404 2361 "-" "meta-externalagent/1.1 (+https://developers.facebook.com/docs/sharing/webmasters/crawler)" primemooca.online 216.172.172.98
57.141.2.17 - - [14/Mar/2026:10:07:14 -0300] "GET /shop/mightful/lycopodiaceous161807119865.phtml HTTP/2.0" 404 2361 "-" "meta-externalagent/1.1 (+https://developers.facebook.com/docs/sharing/webmasters/crawler)" primemooca.online 216.172.172.98
57.141.2.60 - - [14/Mar/2026:10:07:16 -0300] "GET /shop/unadvisedness/cowdie151096949617.phtml HTTP/1.1" 404 2361 "-" "meta-externalagent/1.1 (+https://developers.facebook.com/docs/sharing/webmasters/crawler)" primemooca.online 216.172.172.98
57.141.2.60 - - [14/Mar/2026:10:07:16 -0300] "GET /shop/unadvisedness/cowdie151096949617.phtml HTTP/2.0" 404 2361 "-" "meta-externalagent/1.1 (+https://developers.facebook.com/docs/sharing/webmasters/crawler)" primemooca.online 216.172.172.98
57.141.2.11 - - [14/Mar/2026:10:07:18 -0300] "GET /shop/erinaceous/lardery153009815002.phtml HTTP/1.1" 404 2361 "-" "meta-externalagent/1.1 (+https://developers.facebook.com/docs/sharing/webmasters/crawler)" primemooca.online 216.172.172.98
57.141.2.11 - - [14/Mar/2026:10:07:18 -0300] "GET /shop/erinaceous/lardery153009815002.phtml HTTP/2.0" 404 2361 "-" "meta-externalagent/1.1 (+https://developers.facebook.com/docs/sharing/webmasters/crawler)" primemooca.online 216.172.172.98
74.7.242.7 - - [14/Mar/2026:10:07:19 -0300] "GET /shop/yellowtail/supplicated161207935829.phtml HTTP/1.1" 404 836 "https://primemooca.online/sitemap-detail-2953.xml" "Mozilla/5.0 AppleWebKit/537.36 (KHTML, like Gecko; compatible; GPTBot/1.3; +https://openai.com/gptbot)" primemooca.online 216.172.172.98
74.7.242.7 - - [14/Mar/2026:10:07:19 -0300] "GET /shop/yellowtail/supplicated161207935829.phtml HTTP/2.0" 404 836 "https://primemooca.online/sitemap-detail-2953.xml" "Mozilla/5.0 AppleWebKit/537.36 (KHTML, like Gecko; compatible; GPTBot/1.3; +https://openai.com/gptbot)" primemooca.online 216.172.172.98
57.141.2.6 - - [14/Mar/2026:10:07:20 -0300] "GET /shop/cruciferous/blazes11202299766.phtml HTTP/1.1" 404 2361 "-" "meta-externalagent/1.1 (+https://developers.facebook.com/docs/sharing/webmasters/crawler)" primemooca.online 216.172.172.98
57.141.2.6 - - [14/Mar/2026:10:07:20 -0300] "GET /shop/cruciferous/blazes11202299766.phtml HTTP/2.0" 404 2361 "-" "meta-externalagent/1.1 (+https://developers.facebook.com/docs/sharing/webmasters/crawler)" primemooca.online 216.172.172.98
57.141.2.37 - - [14/Mar/2026:10:07:22 -0300] "GET /shop/inhabitance/litigable122353886162.phtml HTTP/1.1" 404 2361 "-" "meta-externalagent/1.1 (+https://developers.facebook.com/docs/sharing/webmasters/crawler)" primemooca.online 216.172.172.98
57.141.2.37 - - [14/Mar/2026:10:07:22 -0300] "GET /shop/inhabitance/litigable122353886162.phtml HTTP/2.0" 404 2361 "-" "meta-externalagent/1.1 (+https://developers.facebook.com/docs/sharing/webmasters/crawler)" primemooca.online 216.172.172.98
57.141.2.14 - - [14/Mar/2026:10:07:25 -0300] "GET /shop/extensile/pitching173682704765.phtml HTTP/1.1" 404 2361 "-" "meta-externalagent/1.1 (+https://developers.facebook.com/docs/sharing/webmasters/crawler)" primemooca.online 216.172.172.98
57.141.2.14 - - [14/Mar/2026:10:07:25 -0300] "GET /shop/extensile/pitching173682704765.phtml HTTP/2.0" 404 2361 "-" "meta-externalagent/1.1 (+https://developers.facebook.com/docs/sharing/webmasters/crawler)" primemooca.online 216.172.172.98
57.141.2.22 - - [14/Mar/2026:10:07:27 -0300] "GET /shop/glareous/iridize17622566144.phtml HTTP/1.1" 404 2361 "-" "meta-externalagent/1.1 (+https://developers.facebook.com/docs/sharing/webmasters/crawler)" primemooca.online 216.172.172.98
57.141.2.22 - - [14/Mar/2026:10:07:27 -0300] "GET /shop/glareous/iridize17622566144.phtml HTTP/2.0" 404 2361 "-" "meta-externalagent/1.1 (+https://developers.facebook.com/docs/sharing/webmasters/crawler)" primemooca.online 216.172.172.98
74.7.242.7 - - [14/Mar/2026:10:07:27 -0300] "GET /shop/foredispose/besprinkling162603901310.phtml HTTP/1.1" 404 836 "https://primemooca.online/sitemap-detail-3042.xml" "Mozilla/5.0 AppleWebKit/537.36 (KHTML, like Gecko; compatible; GPTBot/1.3; +https://openai.com/gptbot)" primemooca.online 216.172.172.98
74.7.242.7 - - [14/Mar/2026:10:07:27 -0300] "GET /shop/foredispose/besprinkling162603901310.phtml HTTP/2.0" 404 836 "https://primemooca.online/sitemap-detail-3042.xml" "Mozilla/5.0 AppleWebKit/537.36 (KHTML, like Gecko; compatible; GPTBot/1.3; +https://openai.com/gptbot)" primemooca.online 216.172.172.98
57.141.2.36 - - [14/Mar/2026:10:07:29 -0300] "GET /shop/mistruster/hopefulness151785532125.phtml HTTP/1.1" 404 2361 "-" "meta-externalagent/1.1 (+https://developers.facebook.com/docs/sharing/webmasters/crawler)" primemooca.online 216.172.172.98
57.141.2.36 - - [14/Mar/2026:10:07:29 -0300] "GET /shop/mistruster/hopefulness151785532125.phtml HTTP/2.0" 404 2361 "-" "meta-externalagent/1.1 (+https://developers.facebook.com/docs/sharing/webmasters/crawler)" primemooca.online 216.172.172.98
57.141.2.7 - - [14/Mar/2026:10:07:31 -0300] "GET /shop/fuchsiae/itinerated134020514622.phtml HTTP/1.1" 404 2361 "-" "meta-externalagent/1.1 (+https://developers.facebook.com/docs/sharing/webmasters/crawler)" primemooca.online 216.172.172.98
57.141.2.7 - - [14/Mar/2026:10:07:31 -0300] "GET /shop/fuchsiae/itinerated134020514622.phtml HTTP/2.0" 404 2361 "-" "meta-externalagent/1.1 (+https://developers.facebook.com/docs/sharing/webmasters/crawler)" primemooca.online 216.172.172.98
57.141.2.49 - - [14/Mar/2026:10:07:34 -0300] "GET /shop/aration/amasser14515627946.phtml HTTP/1.1" 404 2361 "-" "meta-externalagent/1.1 (+https://developers.facebook.com/docs/sharing/webmasters/crawler)" primemooca.online 216.172.172.98
57.141.2.49 - - [14/Mar/2026:10:07:34 -0300] "GET /shop/aration/amasser14515627946.phtml HTTP/2.0" 404 2361 "-" "meta-externalagent/1.1 (+https://developers.facebook.com/docs/sharing/webmasters/crawler)" primemooca.online 216.172.172.98
57.141.2.38 - - [14/Mar/2026:10:07:36 -0300] "GET /shop/boistously/yankeeism162000723895.phtml HTTP/1.1" 404 2361 "-" "meta-externalagent/1.1 (+https://developers.facebook.com/docs/sharing/webmasters/crawler)" primemooca.online 216.172.172.98
57.141.2.38 - - [14/Mar/2026:10:07:36 -0300] "GET /shop/boistously/yankeeism162000723895.phtml HTTP/2.0" 404 2361 "-" "meta-externalagent/1.1 (+https://developers.facebook.com/docs/sharing/webmasters/crawler)" primemooca.online 216.172.172.98
74.7.242.7 - - [14/Mar/2026:10:07:37 -0300] "GET /shop/escheatable/alluringness164160296594.phtml HTTP/1.1" 404 836 "https://primemooca.online/sitemap-detail-2311.xml" "Mozilla/5.0 AppleWebKit/537.36 (KHTML, like Gecko; compatible; GPTBot/1.3; +https://openai.com/gptbot)" primemooca.online 216.172.172.98
74.7.242.7 - - [14/Mar/2026:10:07:37 -0300] "GET /shop/escheatable/alluringness164160296594.phtml HTTP/2.0" 404 836 "https://primemooca.online/sitemap-detail-2311.xml" "Mozilla/5.0 AppleWebKit/537.36 (KHTML, like Gecko; compatible; GPTBot/1.3; +https://openai.com/gptbot)" primemooca.online 216.172.172.98
57.141.2.55 - - [14/Mar/2026:10:07:38 -0300] "GET /shop/halted/bargee1379645331.phtml HTTP/1.1" 404 2361 "-" "meta-externalagent/1.1 (+https://developers.facebook.com/docs/sharing/webmasters/crawler)" primemooca.online 216.172.172.98
57.141.2.55 - - [14/Mar/2026:10:07:38 -0300] "GET /shop/halted/bargee1379645331.phtml HTTP/2.0" 404 2361 "-" "meta-externalagent/1.1 (+https://developers.facebook.com/docs/sharing/webmasters/crawler)" primemooca.online 216.172.172.98
57.141.2.16 - - [14/Mar/2026:10:07:40 -0300] "GET /shop/messias/fasciole121750794512.phtml HTTP/1.1" 404 2361 "-" "meta-externalagent/1.1 (+https://developers.facebook.com/docs/sharing/webmasters/crawler)" primemooca.online 216.172.172.98
57.141.2.16 - - [14/Mar/2026:10:07:40 -0300] "GET /shop/messias/fasciole121750794512.phtml HTTP/2.0" 404 2361 "-" "meta-externalagent/1.1 (+https://developers.facebook.com/docs/sharing/webmasters/crawler)" primemooca.online 216.172.172.98
57.141.2.14 - - [14/Mar/2026:10:07:43 -0300] "GET /shop/boccaccio/burgomaster133228755639.phtml HTTP/1.1" 404 2361 "-" "meta-externalagent/1.1 (+https://developers.facebook.com/docs/sharing/webmasters/crawler)" primemooca.online 216.172.172.98
57.141.2.14 - - [14/Mar/2026:10:07:43 -0300] "GET /shop/boccaccio/burgomaster133228755639.phtml HTTP/2.0" 404 2361 "-" "meta-externalagent/1.1 (+https://developers.facebook.com/docs/sharing/webmasters/crawler)" primemooca.online 216.172.172.98
57.141.2.41 - - [14/Mar/2026:10:07:45 -0300] "GET /shop/inabusively/voodoo12384440516.phtml HTTP/1.1" 404 2361 "-" "meta-externalagent/1.1 (+https://developers.facebook.com/docs/sharing/webmasters/crawler)" primemooca.online 216.172.172.98
57.141.2.41 - - [14/Mar/2026:10:07:45 -0300] "GET /shop/inabusively/voodoo12384440516.phtml HTTP/2.0" 404 2361 "-" "meta-externalagent/1.1 (+https://developers.facebook.com/docs/sharing/webmasters/crawler)" primemooca.online 216.172.172.98
57.141.2.3 - - [14/Mar/2026:10:07:47 -0300] "GET /shop/solidissima/dignotion161777578815.phtml HTTP/1.1" 404 2361 "-" "meta-externalagent/1.1 (+https://developers.facebook.com/docs/sharing/webmasters/crawler)" primemooca.online 216.172.172.98
57.141.2.3 - - [14/Mar/2026:10:07:47 -0300] "GET /shop/solidissima/dignotion161777578815.phtml HTTP/2.0" 404 2361 "-" "meta-externalagent/1.1 (+https://developers.facebook.com/docs/sharing/webmasters/crawler)" primemooca.online 216.172.172.98
57.141.2.59 - - [14/Mar/2026:10:07:49 -0300] "GET /shop/villi/plastical142522304589.phtml HTTP/1.1" 404 2361 "-" "meta-externalagent/1.1 (+https://developers.facebook.com/docs/sharing/webmasters/crawler)" primemooca.online 216.172.172.98
57.141.2.59 - - [14/Mar/2026:10:07:49 -0300] "GET /shop/villi/plastical142522304589.phtml HTTP/2.0" 404 2361 "-" "meta-externalagent/1.1 (+https://developers.facebook.com/docs/sharing/webmasters/crawler)" primemooca.online 216.172.172.98
57.141.2.31 - - [14/Mar/2026:10:07:51 -0300] "GET /shop/bulbous/virgularia133442977502.phtml HTTP/1.1" 404 2361 "-" "meta-externalagent/1.1 (+https://developers.facebook.com/docs/sharing/webmasters/crawler)" primemooca.online 216.172.172.98
57.141.2.31 - - [14/Mar/2026:10:07:51 -0300] "GET /shop/bulbous/virgularia133442977502.phtml HTTP/2.0" 404 2361 "-" "meta-externalagent/1.1 (+https://developers.facebook.com/docs/sharing/webmasters/crawler)" primemooca.online 216.172.172.98
57.141.2.59 - - [14/Mar/2026:10:07:54 -0300] "GET /shop/throve/yeoman121719249862.phtml HTTP/1.1" 404 2361 "-" "meta-externalagent/1.1 (+https://developers.facebook.com/docs/sharing/webmasters/crawler)" primemooca.online 216.172.172.98
57.141.2.59 - - [14/Mar/2026:10:07:54 -0300] "GET /shop/throve/yeoman121719249862.phtml HTTP/2.0" 404 2361 "-" "meta-externalagent/1.1 (+https://developers.facebook.com/docs/sharing/webmasters/crawler)" primemooca.online 216.172.172.98
57.141.2.30 - - [14/Mar/2026:10:07:56 -0300] "GET /shop/unbuxom/phlegmaticly172864725020.phtml HTTP/1.1" 404 2361 "-" "meta-externalagent/1.1 (+https://developers.facebook.com/docs/sharing/webmasters/crawler)" primemooca.online 216.172.172.98
57.141.2.30 - - [14/Mar/2026:10:07:56 -0300] "GET /shop/unbuxom/phlegmaticly172864725020.phtml HTTP/2.0" 404 2361 "-" "meta-externalagent/1.1 (+https://developers.facebook.com/docs/sharing/webmasters/crawler)" primemooca.online 216.172.172.98
74.7.242.7 - - [14/Mar/2026:10:07:58 -0300] "GET /shop/expostulating/lutreola162150724866.phtml HTTP/1.1" 404 836 "https://primemooca.online/sitemap-detail-1487.xml" "Mozilla/5.0 AppleWebKit/537.36 (KHTML, like Gecko; compatible; GPTBot/1.3; +https://openai.com/gptbot)" primemooca.online 216.172.172.98
74.7.242.7 - - [14/Mar/2026:10:07:58 -0300] "GET /shop/expostulating/lutreola162150724866.phtml HTTP/2.0" 404 836 "https://primemooca.online/sitemap-detail-1487.xml" "Mozilla/5.0 AppleWebKit/537.36 (KHTML, like Gecko; compatible; GPTBot/1.3; +https://openai.com/gptbot)" primemooca.online 216.172.172.98
57.141.2.23 - - [14/Mar/2026:10:07:58 -0300] "GET /shop/transplanter/amputate17256336797.phtml HTTP/1.1" 404 2361 "-" "meta-externalagent/1.1 (+https://developers.facebook.com/docs/sharing/webmasters/crawler)" primemooca.online 216.172.172.98
57.141.2.23 - - [14/Mar/2026:10:07:58 -0300] "GET /shop/transplanter/amputate17256336797.phtml HTTP/2.0" 404 2361 "-" "meta-externalagent/1.1 (+https://developers.facebook.com/docs/sharing/webmasters/crawler)" primemooca.online 216.172.172.98
57.141.2.55 - - [14/Mar/2026:10:08:00 -0300] "GET /shop/cheery/stillburning153323869988.phtml HTTP/1.1" 404 2361 "-" "meta-externalagent/1.1 (+https://developers.facebook.com/docs/sharing/webmasters/crawler)" primemooca.online 216.172.172.98
57.141.2.55 - - [14/Mar/2026:10:08:00 -0300] "GET /shop/cheery/stillburning153323869988.phtml HTTP/2.0" 404 2361 "-" "meta-externalagent/1.1 (+https://developers.facebook.com/docs/sharing/webmasters/crawler)" primemooca.online 216.172.172.98
57.141.2.6 - - [14/Mar/2026:10:08:03 -0300] "GET /shop/otoba/sneath122559107259.phtml HTTP/1.1" 404 2361 "-" "meta-externalagent/1.1 (+https://developers.facebook.com/docs/sharing/webmasters/crawler)" primemooca.online 216.172.172.98
57.141.2.6 - - [14/Mar/2026:10:08:02 -0300] "GET /shop/otoba/sneath122559107259.phtml HTTP/2.0" 404 2361 "-" "meta-externalagent/1.1 (+https://developers.facebook.com/docs/sharing/webmasters/crawler)" primemooca.online 216.172.172.98
57.141.2.61 - - [14/Mar/2026:10:08:05 -0300] "GET /shop/olympiad/parturious162936597154.phtml HTTP/1.1" 404 2361 "-" "meta-externalagent/1.1 (+https://developers.facebook.com/docs/sharing/webmasters/crawler)" primemooca.online 216.172.172.98
57.141.2.61 - - [14/Mar/2026:10:08:05 -0300] "GET /shop/olympiad/parturious162936597154.phtml HTTP/2.0" 404 2361 "-" "meta-externalagent/1.1 (+https://developers.facebook.com/docs/sharing/webmasters/crawler)" primemooca.online 216.172.172.98
74.7.242.7 - - [14/Mar/2026:10:08:07 -0300] "GET /shop/hyphantornis/unbecoming163173357267.phtml HTTP/1.1" 404 836 "https://primemooca.online/sitemap-detail-2749.xml" "Mozilla/5.0 AppleWebKit/537.36 (KHTML, like Gecko; compatible; GPTBot/1.3; +https://openai.com/gptbot)" primemooca.online 216.172.172.98
74.7.242.7 - - [14/Mar/2026:10:08:06 -0300] "GET /shop/hyphantornis/unbecoming163173357267.phtml HTTP/2.0" 404 836 "https://primemooca.online/sitemap-detail-2749.xml" "Mozilla/5.0 AppleWebKit/537.36 (KHTML, like Gecko; compatible; GPTBot/1.3; +https://openai.com/gptbot)" primemooca.online 216.172.172.98
57.141.2.49 - - [14/Mar/2026:10:08:07 -0300] "GET /shop/impanated/neglectfulness11575317070.phtml HTTP/1.1" 404 2361 "-" "meta-externalagent/1.1 (+https://developers.facebook.com/docs/sharing/webmasters/crawler)" primemooca.online 216.172.172.98
57.141.2.49 - - [14/Mar/2026:10:08:07 -0300] "GET /shop/impanated/neglectfulness11575317070.phtml HTTP/2.0" 404 2361 "-" "meta-externalagent/1.1 (+https://developers.facebook.com/docs/sharing/webmasters/crawler)" primemooca.online 216.172.172.98
57.141.2.27 - - [14/Mar/2026:10:08:09 -0300] "GET /shop/montigenous/preaction16966750092.phtml HTTP/1.1" 404 2361 "-" "meta-externalagent/1.1 (+https://developers.facebook.com/docs/sharing/webmasters/crawler)" primemooca.online 216.172.172.98
57.141.2.27 - - [14/Mar/2026:10:08:09 -0300] "GET /shop/montigenous/preaction16966750092.phtml HTTP/2.0" 404 2361 "-" "meta-externalagent/1.1 (+https://developers.facebook.com/docs/sharing/webmasters/crawler)" primemooca.online 216.172.172.98
57.141.2.17 - - [14/Mar/2026:10:08:11 -0300] "GET /shop/emigrationist/lambertiana112991314739.phtml HTTP/1.1" 404 2361 "-" "meta-externalagent/1.1 (+https://developers.facebook.com/docs/sharing/webmasters/crawler)" primemooca.online 216.172.172.98
57.141.2.17 - - [14/Mar/2026:10:08:11 -0300] "GET /shop/emigrationist/lambertiana112991314739.phtml HTTP/2.0" 404 2361 "-" "meta-externalagent/1.1 (+https://developers.facebook.com/docs/sharing/webmasters/crawler)" primemooca.online 216.172.172.98
57.141.2.38 - - [14/Mar/2026:10:08:14 -0300] "GET /shop/cotswold/polarimetry172316037972.phtml HTTP/1.1" 404 2361 "-" "meta-externalagent/1.1 (+https://developers.facebook.com/docs/sharing/webmasters/crawler)" primemooca.online 216.172.172.98
57.141.2.38 - - [14/Mar/2026:10:08:14 -0300] "GET /shop/cotswold/polarimetry172316037972.phtml HTTP/2.0" 404 2361 "-" "meta-externalagent/1.1 (+https://developers.facebook.com/docs/sharing/webmasters/crawler)" primemooca.online 216.172.172.98
74.7.242.7 - - [14/Mar/2026:10:08:15 -0300] "GET /shop/butterwort/nonequivalent161814976657.phtml HTTP/2.0" 404 836 "https://primemooca.online/sitemap-detail-2311.xml" "Mozilla/5.0 AppleWebKit/537.36 (KHTML, like Gecko; compatible; GPTBot/1.3; +https://openai.com/gptbot)" primemooca.online 216.172.172.98
74.7.242.7 - - [14/Mar/2026:10:08:15 -0300] "GET /shop/butterwort/nonequivalent161814976657.phtml HTTP/1.1" 404 836 "https://primemooca.online/sitemap-detail-2311.xml" "Mozilla/5.0 AppleWebKit/537.36 (KHTML, like Gecko; compatible; GPTBot/1.3; +https://openai.com/gptbot)" primemooca.online 216.172.172.98
57.141.2.36 - - [14/Mar/2026:10:08:16 -0300] "GET /shop/partycoated/slobber143373107683.phtml HTTP/1.1" 404 2361 "-" "meta-externalagent/1.1 (+https://developers.facebook.com/docs/sharing/webmasters/crawler)" primemooca.online 216.172.172.98
57.141.2.36 - - [14/Mar/2026:10:08:16 -0300] "GET /shop/partycoated/slobber143373107683.phtml HTTP/2.0" 404 2361 "-" "meta-externalagent/1.1 (+https://developers.facebook.com/docs/sharing/webmasters/crawler)" primemooca.online 216.172.172.98
57.141.2.41 - - [14/Mar/2026:10:08:18 -0300] "GET /shop/revering/outdream144215837275.phtml HTTP/1.1" 404 2361 "-" "meta-externalagent/1.1 (+https://developers.facebook.com/docs/sharing/webmasters/crawler)" primemooca.online 216.172.172.98
57.141.2.41 - - [14/Mar/2026:10:08:18 -0300] "GET /shop/revering/outdream144215837275.phtml HTTP/2.0" 404 2361 "-" "meta-externalagent/1.1 (+https://developers.facebook.com/docs/sharing/webmasters/crawler)" primemooca.online 216.172.172.98
57.141.2.62 - - [14/Mar/2026:10:08:20 -0300] "GET /shop/queerly/fleshliness163855904194.phtml HTTP/1.1" 404 2361 "-" "meta-externalagent/1.1 (+https://developers.facebook.com/docs/sharing/webmasters/crawler)" primemooca.online 216.172.172.98
57.141.2.62 - - [14/Mar/2026:10:08:20 -0300] "GET /shop/queerly/fleshliness163855904194.phtml HTTP/2.0" 404 2361 "-" "meta-externalagent/1.1 (+https://developers.facebook.com/docs/sharing/webmasters/crawler)" primemooca.online 216.172.172.98
57.141.2.2 - - [14/Mar/2026:10:08:23 -0300] "GET /shop/conqueror/mechanographist161730850384.phtml HTTP/1.1" 404 2361 "-" "meta-externalagent/1.1 (+https://developers.facebook.com/docs/sharing/webmasters/crawler)" primemooca.online 216.172.172.98
57.141.2.2 - - [14/Mar/2026:10:08:23 -0300] "GET /shop/conqueror/mechanographist161730850384.phtml HTTP/2.0" 404 2361 "-" "meta-externalagent/1.1 (+https://developers.facebook.com/docs/sharing/webmasters/crawler)" primemooca.online 216.172.172.98
74.7.242.7 - - [14/Mar/2026:10:08:24 -0300] "GET /shop/psalteries/unconcerned162670091739.phtml HTTP/1.1" 404 836 "https://primemooca.online/sitemap-detail-2777.xml" "Mozilla/5.0 AppleWebKit/537.36 (KHTML, like Gecko; compatible; GPTBot/1.3; +https://openai.com/gptbot)" primemooca.online 216.172.172.98
74.7.242.7 - - [14/Mar/2026:10:08:24 -0300] "GET /shop/psalteries/unconcerned162670091739.phtml HTTP/2.0" 404 836 "https://primemooca.online/sitemap-detail-2777.xml" "Mozilla/5.0 AppleWebKit/537.36 (KHTML, like Gecko; compatible; GPTBot/1.3; +https://openai.com/gptbot)" primemooca.online 216.172.172.98
57.141.2.14 - - [14/Mar/2026:10:08:25 -0300] "GET /shop/ghetto/daturia172421036662.phtml HTTP/1.1" 404 2361 "-" "meta-externalagent/1.1 (+https://developers.facebook.com/docs/sharing/webmasters/crawler)" primemooca.online 216.172.172.98
57.141.2.14 - - [14/Mar/2026:10:08:25 -0300] "GET /shop/ghetto/daturia172421036662.phtml HTTP/2.0" 404 2361 "-" "meta-externalagent/1.1 (+https://developers.facebook.com/docs/sharing/webmasters/crawler)" primemooca.online 216.172.172.98
57.141.2.14 - - [14/Mar/2026:10:08:27 -0300] "GET /shop/becurl/yodeling132850189656.phtml HTTP/1.1" 404 2361 "-" "meta-externalagent/1.1 (+https://developers.facebook.com/docs/sharing/webmasters/crawler)" primemooca.online 216.172.172.98
57.141.2.14 - - [14/Mar/2026:10:08:27 -0300] "GET /shop/becurl/yodeling132850189656.phtml HTTP/2.0" 404 2361 "-" "meta-externalagent/1.1 (+https://developers.facebook.com/docs/sharing/webmasters/crawler)" primemooca.online 216.172.172.98
57.141.2.49 - - [14/Mar/2026:10:08:29 -0300] "GET /shop/antiamerican/asterope111630752219.phtml HTTP/1.1" 404 2361 "-" "meta-externalagent/1.1 (+https://developers.facebook.com/docs/sharing/webmasters/crawler)" primemooca.online 216.172.172.98
57.141.2.49 - - [14/Mar/2026:10:08:29 -0300] "GET /shop/antiamerican/asterope111630752219.phtml HTTP/2.0" 404 2361 "-" "meta-externalagent/1.1 (+https://developers.facebook.com/docs/sharing/webmasters/crawler)" primemooca.online 216.172.172.98
57.141.2.62 - - [14/Mar/2026:10:08:31 -0300] "GET /shop/eugenia/securities142684698386.phtml HTTP/1.1" 404 2361 "-" "meta-externalagent/1.1 (+https://developers.facebook.com/docs/sharing/webmasters/crawler)" primemooca.online 216.172.172.98
57.141.2.62 - - [14/Mar/2026:10:08:31 -0300] "GET /shop/eugenia/securities142684698386.phtml HTTP/2.0" 404 2361 "-" "meta-externalagent/1.1 (+https://developers.facebook.com/docs/sharing/webmasters/crawler)" primemooca.online 216.172.172.98
57.141.2.28 - - [14/Mar/2026:10:08:33 -0300] "GET /shop/phratry/scutellatus111181599078.phtml HTTP/1.1" 404 2361 "-" "meta-externalagent/1.1 (+https://developers.facebook.com/docs/sharing/webmasters/crawler)" primemooca.online 216.172.172.98
57.141.2.28 - - [14/Mar/2026:10:08:33 -0300] "GET /shop/phratry/scutellatus111181599078.phtml HTTP/2.0" 404 2361 "-" "meta-externalagent/1.1 (+https://developers.facebook.com/docs/sharing/webmasters/crawler)" primemooca.online 216.172.172.98
74.7.242.7 - - [14/Mar/2026:10:08:34 -0300] "GET /shop/accountable/assibilation162439057673.phtml HTTP/1.1" 404 836 "https://primemooca.online/sitemap-detail-1487.xml" "Mozilla/5.0 AppleWebKit/537.36 (KHTML, like Gecko; compatible; GPTBot/1.3; +https://openai.com/gptbot)" primemooca.online 216.172.172.98
74.7.242.7 - - [14/Mar/2026:10:08:34 -0300] "GET /shop/accountable/assibilation162439057673.phtml HTTP/2.0" 404 836 "https://primemooca.online/sitemap-detail-1487.xml" "Mozilla/5.0 AppleWebKit/537.36 (KHTML, like Gecko; compatible; GPTBot/1.3; +https://openai.com/gptbot)" primemooca.online 216.172.172.98
57.141.2.3 - - [14/Mar/2026:10:08:36 -0300] "GET /shop/fotmal/subsultus161622348577.phtml HTTP/1.1" 404 2361 "-" "meta-externalagent/1.1 (+https://developers.facebook.com/docs/sharing/webmasters/crawler)" primemooca.online 216.172.172.98
57.141.2.3 - - [14/Mar/2026:10:08:36 -0300] "GET /shop/fotmal/subsultus161622348577.phtml HTTP/2.0" 404 2361 "-" "meta-externalagent/1.1 (+https://developers.facebook.com/docs/sharing/webmasters/crawler)" primemooca.online 216.172.172.98
57.141.2.24 - - [14/Mar/2026:10:08:38 -0300] "GET /shop/blotter/inheritrix112527331526.phtml HTTP/1.1" 404 2361 "-" "meta-externalagent/1.1 (+https://developers.facebook.com/docs/sharing/webmasters/crawler)" primemooca.online 216.172.172.98
57.141.2.24 - - [14/Mar/2026:10:08:38 -0300] "GET /shop/blotter/inheritrix112527331526.phtml HTTP/2.0" 404 2361 "-" "meta-externalagent/1.1 (+https://developers.facebook.com/docs/sharing/webmasters/crawler)" primemooca.online 216.172.172.98
57.141.2.49 - - [14/Mar/2026:10:08:40 -0300] "GET /shop/astatic/stared123830873515.phtml HTTP/1.1" 404 2361 "-" "meta-externalagent/1.1 (+https://developers.facebook.com/docs/sharing/webmasters/crawler)" primemooca.online 216.172.172.98
57.141.2.49 - - [14/Mar/2026:10:08:40 -0300] "GET /shop/astatic/stared123830873515.phtml HTTP/2.0" 404 2361 "-" "meta-externalagent/1.1 (+https://developers.facebook.com/docs/sharing/webmasters/crawler)" primemooca.online 216.172.172.98
57.141.2.66 - - [14/Mar/2026:10:08:43 -0300] "GET /shop/olives/concurrence122933847464.phtml HTTP/1.1" 404 2361 "-" "meta-externalagent/1.1 (+https://developers.facebook.com/docs/sharing/webmasters/crawler)" primemooca.online 216.172.172.98
57.141.2.66 - - [14/Mar/2026:10:08:43 -0300] "GET /shop/olives/concurrence122933847464.phtml HTTP/2.0" 404 2361 "-" "meta-externalagent/1.1 (+https://developers.facebook.com/docs/sharing/webmasters/crawler)" primemooca.online 216.172.172.98
74.7.242.7 - - [14/Mar/2026:10:08:43 -0300] "GET /shop/sensuality/brachystola161076929649.phtml HTTP/1.1" 404 836 "https://primemooca.online/sitemap-detail-2311.xml" "Mozilla/5.0 AppleWebKit/537.36 (KHTML, like Gecko; compatible; GPTBot/1.3; +https://openai.com/gptbot)" primemooca.online 216.172.172.98
74.7.242.7 - - [14/Mar/2026:10:08:43 -0300] "GET /shop/sensuality/brachystola161076929649.phtml HTTP/2.0" 404 836 "https://primemooca.online/sitemap-detail-2311.xml" "Mozilla/5.0 AppleWebKit/537.36 (KHTML, like Gecko; compatible; GPTBot/1.3; +https://openai.com/gptbot)" primemooca.online 216.172.172.98
57.141.2.22 - - [14/Mar/2026:10:08:45 -0300] "GET /shop/innixion/onerated16798579323.phtml HTTP/1.1" 404 2361 "-" "meta-externalagent/1.1 (+https://developers.facebook.com/docs/sharing/webmasters/crawler)" primemooca.online 216.172.172.98
57.141.2.22 - - [14/Mar/2026:10:08:45 -0300] "GET /shop/innixion/onerated16798579323.phtml HTTP/2.0" 404 2361 "-" "meta-externalagent/1.1 (+https://developers.facebook.com/docs/sharing/webmasters/crawler)" primemooca.online 216.172.172.98
57.141.2.64 - - [14/Mar/2026:10:08:47 -0300] "GET /shop/firebird/watchfully121920149114.phtml HTTP/1.1" 404 2361 "-" "meta-externalagent/1.1 (+https://developers.facebook.com/docs/sharing/webmasters/crawler)" primemooca.online 216.172.172.98
57.141.2.64 - - [14/Mar/2026:10:08:47 -0300] "GET /shop/firebird/watchfully121920149114.phtml HTTP/2.0" 404 2361 "-" "meta-externalagent/1.1 (+https://developers.facebook.com/docs/sharing/webmasters/crawler)" primemooca.online 216.172.172.98
57.141.2.50 - - [14/Mar/2026:10:08:49 -0300] "GET /shop/superintellectual/whynot11684542366.phtml HTTP/1.1" 404 2361 "-" "meta-externalagent/1.1 (+https://developers.facebook.com/docs/sharing/webmasters/crawler)" primemooca.online 216.172.172.98
57.141.2.50 - - [14/Mar/2026:10:08:49 -0300] "GET /shop/superintellectual/whynot11684542366.phtml HTTP/2.0" 404 2361 "-" "meta-externalagent/1.1 (+https://developers.facebook.com/docs/sharing/webmasters/crawler)" primemooca.online 216.172.172.98
57.141.2.39 - - [14/Mar/2026:10:08:51 -0300] "GET /shop/hydracid/formulae131944388849.phtml HTTP/1.1" 404 2361 "-" "meta-externalagent/1.1 (+https://developers.facebook.com/docs/sharing/webmasters/crawler)" primemooca.online 216.172.172.98
57.141.2.39 - - [14/Mar/2026:10:08:51 -0300] "GET /shop/hydracid/formulae131944388849.phtml HTTP/2.0" 404 2361 "-" "meta-externalagent/1.1 (+https://developers.facebook.com/docs/sharing/webmasters/crawler)" primemooca.online 216.172.172.98
74.7.242.7 - - [14/Mar/2026:10:08:52 -0300] "GET /shop/anacoluthic/teratology161653074061.phtml HTTP/1.1" 404 836 "https://primemooca.online/sitemap-detail-2751.xml" "Mozilla/5.0 AppleWebKit/537.36 (KHTML, like Gecko; compatible; GPTBot/1.3; +https://openai.com/gptbot)" primemooca.online 216.172.172.98
74.7.242.7 - - [14/Mar/2026:10:08:52 -0300] "GET /shop/anacoluthic/teratology161653074061.phtml HTTP/2.0" 404 836 "https://primemooca.online/sitemap-detail-2751.xml" "Mozilla/5.0 AppleWebKit/537.36 (KHTML, like Gecko; compatible; GPTBot/1.3; +https://openai.com/gptbot)" primemooca.online 216.172.172.98
57.141.2.32 - - [14/Mar/2026:10:08:54 -0300] "GET /shop/behaved/nheptanoic162199194669.phtml HTTP/1.1" 404 2361 "-" "meta-externalagent/1.1 (+https://developers.facebook.com/docs/sharing/webmasters/crawler)" primemooca.online 216.172.172.98
57.141.2.32 - - [14/Mar/2026:10:08:54 -0300] "GET /shop/behaved/nheptanoic162199194669.phtml HTTP/2.0" 404 2361 "-" "meta-externalagent/1.1 (+https://developers.facebook.com/docs/sharing/webmasters/crawler)" primemooca.online 216.172.172.98
57.141.2.49 - - [14/Mar/2026:10:08:56 -0300] "GET /shop/supercharge/aberrant162056154379.phtml HTTP/1.1" 404 2361 "-" "meta-externalagent/1.1 (+https://developers.facebook.com/docs/sharing/webmasters/crawler)" primemooca.online 216.172.172.98
57.141.2.49 - - [14/Mar/2026:10:08:56 -0300] "GET /shop/supercharge/aberrant162056154379.phtml HTTP/2.0" 404 2361 "-" "meta-externalagent/1.1 (+https://developers.facebook.com/docs/sharing/webmasters/crawler)" primemooca.online 216.172.172.98
57.141.2.48 - - [14/Mar/2026:10:08:58 -0300] "GET /shop/propepsin/fasces153956315797.phtml HTTP/1.1" 404 2361 "-" "meta-externalagent/1.1 (+https://developers.facebook.com/docs/sharing/webmasters/crawler)" primemooca.online 216.172.172.98
57.141.2.48 - - [14/Mar/2026:10:08:58 -0300] "GET /shop/propepsin/fasces153956315797.phtml HTTP/2.0" 404 2361 "-" "meta-externalagent/1.1 (+https://developers.facebook.com/docs/sharing/webmasters/crawler)" primemooca.online 216.172.172.98
57.141.2.8 - - [14/Mar/2026:10:09:00 -0300] "GET /shop/wordless/northernmost163892644705.phtml HTTP/1.1" 404 2361 "-" "meta-externalagent/1.1 (+https://developers.facebook.com/docs/sharing/webmasters/crawler)" primemooca.online 216.172.172.98
57.141.2.8 - - [14/Mar/2026:10:09:00 -0300] "GET /shop/wordless/northernmost163892644705.phtml HTTP/2.0" 404 2361 "-" "meta-externalagent/1.1 (+https://developers.facebook.com/docs/sharing/webmasters/crawler)" primemooca.online 216.172.172.98
74.7.242.7 - - [14/Mar/2026:10:09:02 -0300] "GET /shop/foraminous/extimulation163309658008.phtml HTTP/1.1" 404 836 "https://primemooca.online/sitemap-detail-1841.xml" "Mozilla/5.0 AppleWebKit/537.36 (KHTML, like Gecko; compatible; GPTBot/1.3; +https://openai.com/gptbot)" primemooca.online 216.172.172.98
74.7.242.7 - - [14/Mar/2026:10:09:01 -0300] "GET /shop/foraminous/extimulation163309658008.phtml HTTP/2.0" 404 836 "https://primemooca.online/sitemap-detail-1841.xml" "Mozilla/5.0 AppleWebKit/537.36 (KHTML, like Gecko; compatible; GPTBot/1.3; +https://openai.com/gptbot)" primemooca.online 216.172.172.98
57.141.2.55 - - [14/Mar/2026:10:09:03 -0300] "GET /shop/catachrestical/halved16711996573.phtml HTTP/1.1" 404 2361 "-" "meta-externalagent/1.1 (+https://developers.facebook.com/docs/sharing/webmasters/crawler)" primemooca.online 216.172.172.98
57.141.2.55 - - [14/Mar/2026:10:09:02 -0300] "GET /shop/catachrestical/halved16711996573.phtml HTTP/2.0" 404 2361 "-" "meta-externalagent/1.1 (+https://developers.facebook.com/docs/sharing/webmasters/crawler)" primemooca.online 216.172.172.98
57.141.2.19 - - [14/Mar/2026:10:09:05 -0300] "GET /shop/lythrum/leptodactylus113786429421.phtml HTTP/1.1" 404 2361 "-" "meta-externalagent/1.1 (+https://developers.facebook.com/docs/sharing/webmasters/crawler)" primemooca.online 216.172.172.98
57.141.2.19 - - [14/Mar/2026:10:09:05 -0300] "GET /shop/lythrum/leptodactylus113786429421.phtml HTTP/2.0" 404 2361 "-" "meta-externalagent/1.1 (+https://developers.facebook.com/docs/sharing/webmasters/crawler)" primemooca.online 216.172.172.98
57.141.2.10 - - [14/Mar/2026:10:09:07 -0300] "GET /shop/mesotartaric/winging161716240174.phtml HTTP/1.1" 404 2361 "-" "meta-externalagent/1.1 (+https://developers.facebook.com/docs/sharing/webmasters/crawler)" primemooca.online 216.172.172.98
57.141.2.10 - - [14/Mar/2026:10:09:07 -0300] "GET /shop/mesotartaric/winging161716240174.phtml HTTP/2.0" 404 2361 "-" "meta-externalagent/1.1 (+https://developers.facebook.com/docs/sharing/webmasters/crawler)" primemooca.online 216.172.172.98
57.141.2.63 - - [14/Mar/2026:10:09:09 -0300] "GET /shop/breast/hypothecating172538268373.phtml HTTP/1.1" 404 2361 "-" "meta-externalagent/1.1 (+https://developers.facebook.com/docs/sharing/webmasters/crawler)" primemooca.online 216.172.172.98
57.141.2.63 - - [14/Mar/2026:10:09:09 -0300] "GET /shop/breast/hypothecating172538268373.phtml HTTP/2.0" 404 2361 "-" "meta-externalagent/1.1 (+https://developers.facebook.com/docs/sharing/webmasters/crawler)" primemooca.online 216.172.172.98
74.7.242.7 - - [14/Mar/2026:10:09:11 -0300] "GET /shop/geologist/argumentative161490183095.phtml HTTP/1.1" 404 836 "https://primemooca.online/sitemap-detail-2627.xml" "Mozilla/5.0 AppleWebKit/537.36 (KHTML, like Gecko; compatible; GPTBot/1.3; +https://openai.com/gptbot)" primemooca.online 216.172.172.98
74.7.242.7 - - [14/Mar/2026:10:09:11 -0300] "GET /shop/geologist/argumentative161490183095.phtml HTTP/2.0" 404 836 "https://primemooca.online/sitemap-detail-2627.xml" "Mozilla/5.0 AppleWebKit/537.36 (KHTML, like Gecko; compatible; GPTBot/1.3; +https://openai.com/gptbot)" primemooca.online 216.172.172.98
57.141.2.32 - - [14/Mar/2026:10:09:11 -0300] "GET /shop/sexuality/inquirance12281264319.phtml HTTP/1.1" 404 2361 "-" "meta-externalagent/1.1 (+https://developers.facebook.com/docs/sharing/webmasters/crawler)" primemooca.online 216.172.172.98
57.141.2.32 - - [14/Mar/2026:10:09:11 -0300] "GET /shop/sexuality/inquirance12281264319.phtml HTTP/2.0" 404 2361 "-" "meta-externalagent/1.1 (+https://developers.facebook.com/docs/sharing/webmasters/crawler)" primemooca.online 216.172.172.98
57.141.2.57 - - [14/Mar/2026:10:09:13 -0300] "GET /shop/decence/piperylene153627214263.phtml HTTP/1.1" 404 2361 "-" "meta-externalagent/1.1 (+https://developers.facebook.com/docs/sharing/webmasters/crawler)" primemooca.online 216.172.172.98
57.141.2.57 - - [14/Mar/2026:10:09:13 -0300] "GET /shop/decence/piperylene153627214263.phtml HTTP/2.0" 404 2361 "-" "meta-externalagent/1.1 (+https://developers.facebook.com/docs/sharing/webmasters/crawler)" primemooca.online 216.172.172.98
57.141.2.11 - - [14/Mar/2026:10:09:16 -0300] "GET /shop/prothallium/disclose123737588526.phtml HTTP/1.1" 404 2361 "-" "meta-externalagent/1.1 (+https://developers.facebook.com/docs/sharing/webmasters/crawler)" primemooca.online 216.172.172.98
57.141.2.11 - - [14/Mar/2026:10:09:16 -0300] "GET /shop/prothallium/disclose123737588526.phtml HTTP/2.0" 404 2361 "-" "meta-externalagent/1.1 (+https://developers.facebook.com/docs/sharing/webmasters/crawler)" primemooca.online 216.172.172.98
57.141.2.64 - - [14/Mar/2026:10:09:18 -0300] "GET /shop/itinerated/laotian15143772373.phtml HTTP/2.0" 404 2361 "-" "meta-externalagent/1.1 (+https://developers.facebook.com/docs/sharing/webmasters/crawler)" primemooca.online 216.172.172.98
57.141.2.64 - - [14/Mar/2026:10:09:18 -0300] "GET /shop/itinerated/laotian15143772373.phtml HTTP/1.1" 404 2361 "-" "meta-externalagent/1.1 (+https://developers.facebook.com/docs/sharing/webmasters/crawler)" primemooca.online 216.172.172.98
57.141.2.60 - - [14/Mar/2026:10:09:20 -0300] "GET /shop/dapper/perspicience122965785454.phtml HTTP/1.1" 404 2361 "-" "meta-externalagent/1.1 (+https://developers.facebook.com/docs/sharing/webmasters/crawler)" primemooca.online 216.172.172.98
57.141.2.60 - - [14/Mar/2026:10:09:20 -0300] "GET /shop/dapper/perspicience122965785454.phtml HTTP/2.0" 404 2361 "-" "meta-externalagent/1.1 (+https://developers.facebook.com/docs/sharing/webmasters/crawler)" primemooca.online 216.172.172.98
74.7.242.7 - - [14/Mar/2026:10:09:21 -0300] "GET /shop/contractility/rostrifera161907244126.phtml HTTP/1.1" 404 836 "https://primemooca.online/sitemap-detail-1190.xml" "Mozilla/5.0 AppleWebKit/537.36 (KHTML, like Gecko; compatible; GPTBot/1.3; +https://openai.com/gptbot)" primemooca.online 216.172.172.98
74.7.242.7 - - [14/Mar/2026:10:09:21 -0300] "GET /shop/contractility/rostrifera161907244126.phtml HTTP/2.0" 404 836 "https://primemooca.online/sitemap-detail-1190.xml" "Mozilla/5.0 AppleWebKit/537.36 (KHTML, like Gecko; compatible; GPTBot/1.3; +https://openai.com/gptbot)" primemooca.online 216.172.172.98
57.141.2.47 - - [14/Mar/2026:10:09:23 -0300] "GET /shop/aconite/cruces1335380390.phtml HTTP/1.1" 404 2361 "-" "meta-externalagent/1.1 (+https://developers.facebook.com/docs/sharing/webmasters/crawler)" primemooca.online 216.172.172.98
57.141.2.47 - - [14/Mar/2026:10:09:23 -0300] "GET /shop/aconite/cruces1335380390.phtml HTTP/2.0" 404 2361 "-" "meta-externalagent/1.1 (+https://developers.facebook.com/docs/sharing/webmasters/crawler)" primemooca.online 216.172.172.98
57.141.2.35 - - [14/Mar/2026:10:09:25 -0300] "GET /shop/neglectus/kerve16488132712.phtml HTTP/1.1" 404 2361 "-" "meta-externalagent/1.1 (+https://developers.facebook.com/docs/sharing/webmasters/crawler)" primemooca.online 216.172.172.98
57.141.2.35 - - [14/Mar/2026:10:09:25 -0300] "GET /shop/neglectus/kerve16488132712.phtml HTTP/2.0" 404 2361 "-" "meta-externalagent/1.1 (+https://developers.facebook.com/docs/sharing/webmasters/crawler)" primemooca.online 216.172.172.98
57.141.2.65 - - [14/Mar/2026:10:09:27 -0300] "GET /shop/largeness/guideless111824831600.phtml HTTP/1.1" 404 2361 "-" "meta-externalagent/1.1 (+https://developers.facebook.com/docs/sharing/webmasters/crawler)" primemooca.online 216.172.172.98
57.141.2.65 - - [14/Mar/2026:10:09:27 -0300] "GET /shop/largeness/guideless111824831600.phtml HTTP/2.0" 404 2361 "-" "meta-externalagent/1.1 (+https://developers.facebook.com/docs/sharing/webmasters/crawler)" primemooca.online 216.172.172.98
57.141.2.67 - - [14/Mar/2026:10:09:29 -0300] "GET /shop/sleepful/mention1621196149.phtml HTTP/1.1" 404 2361 "-" "meta-externalagent/1.1 (+https://developers.facebook.com/docs/sharing/webmasters/crawler)" primemooca.online 216.172.172.98
57.141.2.67 - - [14/Mar/2026:10:09:29 -0300] "GET /shop/sleepful/mention1621196149.phtml HTTP/2.0" 404 2361 "-" "meta-externalagent/1.1 (+https://developers.facebook.com/docs/sharing/webmasters/crawler)" primemooca.online 216.172.172.98
74.7.242.7 - - [14/Mar/2026:10:09:31 -0300] "GET /shop/nonaged/preexistimation164022192685.phtml HTTP/1.1" 404 836 "https://primemooca.online/sitemap-detail-2449.xml" "Mozilla/5.0 AppleWebKit/537.36 (KHTML, like Gecko; compatible; GPTBot/1.3; +https://openai.com/gptbot)" primemooca.online 216.172.172.98
74.7.242.7 - - [14/Mar/2026:10:09:31 -0300] "GET /shop/nonaged/preexistimation164022192685.phtml HTTP/2.0" 404 836 "https://primemooca.online/sitemap-detail-2449.xml" "Mozilla/5.0 AppleWebKit/537.36 (KHTML, like Gecko; compatible; GPTBot/1.3; +https://openai.com/gptbot)" primemooca.online 216.172.172.98
57.141.2.70 - - [14/Mar/2026:10:09:31 -0300] "GET /shop/aggressively/prefinition162020576178.phtml HTTP/1.1" 404 2361 "-" "meta-externalagent/1.1 (+https://developers.facebook.com/docs/sharing/webmasters/crawler)" primemooca.online 216.172.172.98
57.141.2.70 - - [14/Mar/2026:10:09:31 -0300] "GET /shop/aggressively/prefinition162020576178.phtml HTTP/2.0" 404 2361 "-" "meta-externalagent/1.1 (+https://developers.facebook.com/docs/sharing/webmasters/crawler)" primemooca.online 216.172.172.98
57.141.2.49 - - [14/Mar/2026:10:09:34 -0300] "GET /shop/panade/spate141238792397.phtml HTTP/1.1" 404 2361 "-" "meta-externalagent/1.1 (+https://developers.facebook.com/docs/sharing/webmasters/crawler)" primemooca.online 216.172.172.98
57.141.2.49 - - [14/Mar/2026:10:09:34 -0300] "GET /shop/panade/spate141238792397.phtml HTTP/2.0" 404 2361 "-" "meta-externalagent/1.1 (+https://developers.facebook.com/docs/sharing/webmasters/crawler)" primemooca.online 216.172.172.98
57.141.2.22 - - [14/Mar/2026:10:09:36 -0300] "GET /shop/plebeianize/soldanrie174170288428.phtml HTTP/1.1" 404 2361 "-" "meta-externalagent/1.1 (+https://developers.facebook.com/docs/sharing/webmasters/crawler)" primemooca.online 216.172.172.98
57.141.2.22 - - [14/Mar/2026:10:09:36 -0300] "GET /shop/plebeianize/soldanrie174170288428.phtml HTTP/2.0" 404 2361 "-" "meta-externalagent/1.1 (+https://developers.facebook.com/docs/sharing/webmasters/crawler)" primemooca.online 216.172.172.98
57.141.2.59 - - [14/Mar/2026:10:09:38 -0300] "GET /shop/kloof/ruptured163560329440.phtml HTTP/1.1" 404 2361 "-" "meta-externalagent/1.1 (+https://developers.facebook.com/docs/sharing/webmasters/crawler)" primemooca.online 216.172.172.98
57.141.2.59 - - [14/Mar/2026:10:09:38 -0300] "GET /shop/kloof/ruptured163560329440.phtml HTTP/2.0" 404 2361 "-" "meta-externalagent/1.1 (+https://developers.facebook.com/docs/sharing/webmasters/crawler)" primemooca.online 216.172.172.98
57.141.2.10 - - [14/Mar/2026:10:09:40 -0300] "GET /shop/bibliography/methods123004788909.phtml HTTP/1.1" 404 2361 "-" "meta-externalagent/1.1 (+https://developers.facebook.com/docs/sharing/webmasters/crawler)" primemooca.online 216.172.172.98
57.141.2.10 - - [14/Mar/2026:10:09:40 -0300] "GET /shop/bibliography/methods123004788909.phtml HTTP/2.0" 404 2361 "-" "meta-externalagent/1.1 (+https://developers.facebook.com/docs/sharing/webmasters/crawler)" primemooca.online 216.172.172.98
74.7.242.7 - - [14/Mar/2026:10:09:42 -0300] "GET /shop/furbished/refractoriness163315458911.phtml HTTP/1.1" 404 836 "https://primemooca.online/sitemap-detail-1841.xml" "Mozilla/5.0 AppleWebKit/537.36 (KHTML, like Gecko; compatible; GPTBot/1.3; +https://openai.com/gptbot)" primemooca.online 216.172.172.98
74.7.242.7 - - [14/Mar/2026:10:09:42 -0300] "GET /shop/furbished/refractoriness163315458911.phtml HTTP/2.0" 404 836 "https://primemooca.online/sitemap-detail-1841.xml" "Mozilla/5.0 AppleWebKit/537.36 (KHTML, like Gecko; compatible; GPTBot/1.3; +https://openai.com/gptbot)" primemooca.online 216.172.172.98
57.141.2.2 - - [14/Mar/2026:10:09:43 -0300] "GET /shop/ruffianly/colts172247105336.phtml HTTP/1.1" 404 2361 "-" "meta-externalagent/1.1 (+https://developers.facebook.com/docs/sharing/webmasters/crawler)" primemooca.online 216.172.172.98
57.141.2.2 - - [14/Mar/2026:10:09:43 -0300] "GET /shop/ruffianly/colts172247105336.phtml HTTP/2.0" 404 2361 "-" "meta-externalagent/1.1 (+https://developers.facebook.com/docs/sharing/webmasters/crawler)" primemooca.online 216.172.172.98
57.141.2.38 - - [14/Mar/2026:10:09:45 -0300] "GET /shop/salutarily/pulmonated11473326815.phtml HTTP/1.1" 404 2361 "-" "meta-externalagent/1.1 (+https://developers.facebook.com/docs/sharing/webmasters/crawler)" primemooca.online 216.172.172.98
57.141.2.38 - - [14/Mar/2026:10:09:45 -0300] "GET /shop/salutarily/pulmonated11473326815.phtml HTTP/2.0" 404 2361 "-" "meta-externalagent/1.1 (+https://developers.facebook.com/docs/sharing/webmasters/crawler)" primemooca.online 216.172.172.98
57.141.2.49 - - [14/Mar/2026:10:09:47 -0300] "GET /shop/deathful/papyrograph153525671275.phtml HTTP/1.1" 404 2361 "-" "meta-externalagent/1.1 (+https://developers.facebook.com/docs/sharing/webmasters/crawler)" primemooca.online 216.172.172.98
57.141.2.49 - - [14/Mar/2026:10:09:47 -0300] "GET /shop/deathful/papyrograph153525671275.phtml HTTP/2.0" 404 2361 "-" "meta-externalagent/1.1 (+https://developers.facebook.com/docs/sharing/webmasters/crawler)" primemooca.online 216.172.172.98
57.141.2.1 - - [14/Mar/2026:10:09:49 -0300] "GET /shop/expostulated/agkistrodon111696026075.phtml HTTP/1.1" 404 2361 "-" "meta-externalagent/1.1 (+https://developers.facebook.com/docs/sharing/webmasters/crawler)" primemooca.online 216.172.172.98
57.141.2.1 - - [14/Mar/2026:10:09:49 -0300] "GET /shop/expostulated/agkistrodon111696026075.phtml HTTP/2.0" 404 2361 "-" "meta-externalagent/1.1 (+https://developers.facebook.com/docs/sharing/webmasters/crawler)" primemooca.online 216.172.172.98
57.141.2.50 - - [14/Mar/2026:10:09:51 -0300] "GET /shop/crosstie/unharmoniously12875391919.phtml HTTP/1.1" 404 2361 "-" "meta-externalagent/1.1 (+https://developers.facebook.com/docs/sharing/webmasters/crawler)" primemooca.online 216.172.172.98
74.7.242.7 - - [14/Mar/2026:10:09:51 -0300] "GET /shop/conductress/unkingship163231678781.phtml HTTP/1.1" 404 836 "https://primemooca.online/sitemap-detail-2794.xml" "Mozilla/5.0 AppleWebKit/537.36 (KHTML, like Gecko; compatible; GPTBot/1.3; +https://openai.com/gptbot)" primemooca.online 216.172.172.98
57.141.2.50 - - [14/Mar/2026:10:09:51 -0300] "GET /shop/crosstie/unharmoniously12875391919.phtml HTTP/2.0" 404 2361 "-" "meta-externalagent/1.1 (+https://developers.facebook.com/docs/sharing/webmasters/crawler)" primemooca.online 216.172.172.98
74.7.242.7 - - [14/Mar/2026:10:09:51 -0300] "GET /shop/conductress/unkingship163231678781.phtml HTTP/2.0" 404 836 "https://primemooca.online/sitemap-detail-2794.xml" "Mozilla/5.0 AppleWebKit/537.36 (KHTML, like Gecko; compatible; GPTBot/1.3; +https://openai.com/gptbot)" primemooca.online 216.172.172.98
57.141.2.43 - - [14/Mar/2026:10:09:54 -0300] "GET /shop/halfblooded/paludinous154081437145.phtml HTTP/1.1" 404 2361 "-" "meta-externalagent/1.1 (+https://developers.facebook.com/docs/sharing/webmasters/crawler)" primemooca.online 216.172.172.98
57.141.2.43 - - [14/Mar/2026:10:09:54 -0300] "GET /shop/halfblooded/paludinous154081437145.phtml HTTP/2.0" 404 2361 "-" "meta-externalagent/1.1 (+https://developers.facebook.com/docs/sharing/webmasters/crawler)" primemooca.online 216.172.172.98
57.141.2.21 - - [14/Mar/2026:10:09:56 -0300] "GET /shop/infernally/rubidic121017217959.phtml HTTP/1.1" 404 2361 "-" "meta-externalagent/1.1 (+https://developers.facebook.com/docs/sharing/webmasters/crawler)" primemooca.online 216.172.172.98
57.141.2.21 - - [14/Mar/2026:10:09:56 -0300] "GET /shop/infernally/rubidic121017217959.phtml HTTP/2.0" 404 2361 "-" "meta-externalagent/1.1 (+https://developers.facebook.com/docs/sharing/webmasters/crawler)" primemooca.online 216.172.172.98
57.141.2.53 - - [14/Mar/2026:10:09:58 -0300] "GET /shop/jubilant/depositor15832401220.phtml HTTP/1.1" 404 2361 "-" "meta-externalagent/1.1 (+https://developers.facebook.com/docs/sharing/webmasters/crawler)" primemooca.online 216.172.172.98
57.141.2.53 - - [14/Mar/2026:10:09:58 -0300] "GET /shop/jubilant/depositor15832401220.phtml HTTP/2.0" 404 2361 "-" "meta-externalagent/1.1 (+https://developers.facebook.com/docs/sharing/webmasters/crawler)" primemooca.online 216.172.172.98
57.141.2.7 - - [14/Mar/2026:10:10:00 -0300] "GET /shop/guarantied/crevalle132657022482.phtml HTTP/1.1" 404 2361 "-" "meta-externalagent/1.1 (+https://developers.facebook.com/docs/sharing/webmasters/crawler)" primemooca.online 216.172.172.98
57.141.2.7 - - [14/Mar/2026:10:10:00 -0300] "GET /shop/guarantied/crevalle132657022482.phtml HTTP/2.0" 404 2361 "-" "meta-externalagent/1.1 (+https://developers.facebook.com/docs/sharing/webmasters/crawler)" primemooca.online 216.172.172.98
74.7.242.7 - - [14/Mar/2026:10:10:01 -0300] "GET /shop/honved/transcontinental163812490860.phtml HTTP/1.1" 404 836 "https://primemooca.online/sitemap-detail-2500.xml" "Mozilla/5.0 AppleWebKit/537.36 (KHTML, like Gecko; compatible; GPTBot/1.3; +https://openai.com/gptbot)" primemooca.online 216.172.172.98
74.7.242.7 - - [14/Mar/2026:10:10:01 -0300] "GET /shop/honved/transcontinental163812490860.phtml HTTP/2.0" 404 836 "https://primemooca.online/sitemap-detail-2500.xml" "Mozilla/5.0 AppleWebKit/537.36 (KHTML, like Gecko; compatible; GPTBot/1.3; +https://openai.com/gptbot)" primemooca.online 216.172.172.98
57.141.2.2 - - [14/Mar/2026:10:10:02 -0300] "GET /shop/persuadedness/doxologize12432500722.phtml HTTP/1.1" 404 2361 "-" "meta-externalagent/1.1 (+https://developers.facebook.com/docs/sharing/webmasters/crawler)" primemooca.online 216.172.172.98
57.141.2.2 - - [14/Mar/2026:10:10:02 -0300] "GET /shop/persuadedness/doxologize12432500722.phtml HTTP/2.0" 404 2361 "-" "meta-externalagent/1.1 (+https://developers.facebook.com/docs/sharing/webmasters/crawler)" primemooca.online 216.172.172.98
57.141.2.47 - - [14/Mar/2026:10:10:05 -0300] "GET /shop/imesatin/boundlessly172127460551.phtml HTTP/1.1" 404 2361 "-" "meta-externalagent/1.1 (+https://developers.facebook.com/docs/sharing/webmasters/crawler)" primemooca.online 216.172.172.98
57.141.2.47 - - [14/Mar/2026:10:10:05 -0300] "GET /shop/imesatin/boundlessly172127460551.phtml HTTP/2.0" 404 2361 "-" "meta-externalagent/1.1 (+https://developers.facebook.com/docs/sharing/webmasters/crawler)" primemooca.online 216.172.172.98
57.141.2.49 - - [14/Mar/2026:10:10:07 -0300] "GET /shop/tidder/spinachia162020205859.phtml HTTP/1.1" 404 2361 "-" "meta-externalagent/1.1 (+https://developers.facebook.com/docs/sharing/webmasters/crawler)" primemooca.online 216.172.172.98
57.141.2.49 - - [14/Mar/2026:10:10:07 -0300] "GET /shop/tidder/spinachia162020205859.phtml HTTP/2.0" 404 2361 "-" "meta-externalagent/1.1 (+https://developers.facebook.com/docs/sharing/webmasters/crawler)" primemooca.online 216.172.172.98
57.141.2.49 - - [14/Mar/2026:10:10:09 -0300] "GET /shop/miterwort/lactea163323423220.phtml HTTP/1.1" 404 2361 "-" "meta-externalagent/1.1 (+https://developers.facebook.com/docs/sharing/webmasters/crawler)" primemooca.online 216.172.172.98
57.141.2.49 - - [14/Mar/2026:10:10:09 -0300] "GET /shop/miterwort/lactea163323423220.phtml HTTP/2.0" 404 2361 "-" "meta-externalagent/1.1 (+https://developers.facebook.com/docs/sharing/webmasters/crawler)" primemooca.online 216.172.172.98
74.7.242.7 - - [14/Mar/2026:10:10:11 -0300] "GET /shop/restoratively/millionary161692389764.phtml HTTP/1.1" 404 836 "https://primemooca.online/sitemap-detail-1371.xml" "Mozilla/5.0 AppleWebKit/537.36 (KHTML, like Gecko; compatible; GPTBot/1.3; +https://openai.com/gptbot)" primemooca.online 216.172.172.98
