57.141.2.49 - - [14/Mar/2026:10:34:03 -0300] "GET /shop/moiling/govern171911740131.phtml HTTP/1.1" 404 2361 "-" "meta-externalagent/1.1 (+https://developers.facebook.com/docs/sharing/webmasters/crawler)" primemooca.online 216.172.172.98
57.141.2.49 - - [14/Mar/2026:10:34:03 -0300] "GET /shop/moiling/govern171911740131.phtml HTTP/2.0" 404 2361 "-" "meta-externalagent/1.1 (+https://developers.facebook.com/docs/sharing/webmasters/crawler)" primemooca.online 216.172.172.98
57.141.2.42 - - [14/Mar/2026:10:34:05 -0300] "GET /shop/teewit/shawnee142823730847.phtml HTTP/1.1" 404 2361 "-" "meta-externalagent/1.1 (+https://developers.facebook.com/docs/sharing/webmasters/crawler)" primemooca.online 216.172.172.98
57.141.2.42 - - [14/Mar/2026:10:34:05 -0300] "GET /shop/teewit/shawnee142823730847.phtml HTTP/2.0" 404 2361 "-" "meta-externalagent/1.1 (+https://developers.facebook.com/docs/sharing/webmasters/crawler)" primemooca.online 216.172.172.98
57.141.2.39 - - [14/Mar/2026:10:34:07 -0300] "GET /shop/jakwood/lowzone131458209277.phtml HTTP/1.1" 404 2361 "-" "meta-externalagent/1.1 (+https://developers.facebook.com/docs/sharing/webmasters/crawler)" primemooca.online 216.172.172.98
57.141.2.39 - - [14/Mar/2026:10:34:07 -0300] "GET /shop/jakwood/lowzone131458209277.phtml HTTP/2.0" 404 2361 "-" "meta-externalagent/1.1 (+https://developers.facebook.com/docs/sharing/webmasters/crawler)" primemooca.online 216.172.172.98
74.7.242.7 - - [14/Mar/2026:10:34:08 -0300] "GET /shop/nonobjective/annunciate161012232455.phtml HTTP/1.1" 404 836 "https://primemooca.online/sitemap-detail-2178.xml" "Mozilla/5.0 AppleWebKit/537.36 (KHTML, like Gecko; compatible; GPTBot/1.3; +https://openai.com/gptbot)" primemooca.online 216.172.172.98
74.7.242.7 - - [14/Mar/2026:10:34:08 -0300] "GET /shop/nonobjective/annunciate161012232455.phtml HTTP/2.0" 404 836 "https://primemooca.online/sitemap-detail-2178.xml" "Mozilla/5.0 AppleWebKit/537.36 (KHTML, like Gecko; compatible; GPTBot/1.3; +https://openai.com/gptbot)" primemooca.online 216.172.172.98
57.141.2.60 - - [14/Mar/2026:10:34:09 -0300] "GET /shop/tenne/compar111353893877.phtml HTTP/1.1" 404 2361 "-" "meta-externalagent/1.1 (+https://developers.facebook.com/docs/sharing/webmasters/crawler)" primemooca.online 216.172.172.98
57.141.2.60 - - [14/Mar/2026:10:34:09 -0300] "GET /shop/tenne/compar111353893877.phtml HTTP/2.0" 404 2361 "-" "meta-externalagent/1.1 (+https://developers.facebook.com/docs/sharing/webmasters/crawler)" primemooca.online 216.172.172.98
57.141.2.13 - - [14/Mar/2026:10:34:11 -0300] "GET /shop/myxinoidei/tickle17406370195.phtml HTTP/1.1" 404 2361 "-" "meta-externalagent/1.1 (+https://developers.facebook.com/docs/sharing/webmasters/crawler)" primemooca.online 216.172.172.98
57.141.2.13 - - [14/Mar/2026:10:34:11 -0300] "GET /shop/myxinoidei/tickle17406370195.phtml HTTP/2.0" 404 2361 "-" "meta-externalagent/1.1 (+https://developers.facebook.com/docs/sharing/webmasters/crawler)" primemooca.online 216.172.172.98
57.141.2.14 - - [14/Mar/2026:10:34:14 -0300] "GET /shop/duddery/strontian132483191747.phtml HTTP/1.1" 404 2361 "-" "meta-externalagent/1.1 (+https://developers.facebook.com/docs/sharing/webmasters/crawler)" primemooca.online 216.172.172.98
57.141.2.14 - - [14/Mar/2026:10:34:14 -0300] "GET /shop/duddery/strontian132483191747.phtml HTTP/2.0" 404 2361 "-" "meta-externalagent/1.1 (+https://developers.facebook.com/docs/sharing/webmasters/crawler)" primemooca.online 216.172.172.98
57.141.2.57 - - [14/Mar/2026:10:34:16 -0300] "GET /shop/reversely/raucid112489551261.phtml HTTP/1.1" 404 2361 "-" "meta-externalagent/1.1 (+https://developers.facebook.com/docs/sharing/webmasters/crawler)" primemooca.online 216.172.172.98
57.141.2.57 - - [14/Mar/2026:10:34:16 -0300] "GET /shop/reversely/raucid112489551261.phtml HTTP/2.0" 404 2361 "-" "meta-externalagent/1.1 (+https://developers.facebook.com/docs/sharing/webmasters/crawler)" primemooca.online 216.172.172.98
74.7.242.7 - - [14/Mar/2026:10:34:18 -0300] "GET /shop/afforestation/dachshund161696576203.phtml HTTP/1.1" 404 836 "https://primemooca.online/sitemap-detail-2260.xml" "Mozilla/5.0 AppleWebKit/537.36 (KHTML, like Gecko; compatible; GPTBot/1.3; +https://openai.com/gptbot)" primemooca.online 216.172.172.98
74.7.242.7 - - [14/Mar/2026:10:34:18 -0300] "GET /shop/afforestation/dachshund161696576203.phtml HTTP/2.0" 404 836 "https://primemooca.online/sitemap-detail-2260.xml" "Mozilla/5.0 AppleWebKit/537.36 (KHTML, like Gecko; compatible; GPTBot/1.3; +https://openai.com/gptbot)" primemooca.online 216.172.172.98
57.141.2.6 - - [14/Mar/2026:10:34:18 -0300] "GET /shop/elatior/functions133791275689.phtml HTTP/1.1" 404 2361 "-" "meta-externalagent/1.1 (+https://developers.facebook.com/docs/sharing/webmasters/crawler)" primemooca.online 216.172.172.98
57.141.2.6 - - [14/Mar/2026:10:34:18 -0300] "GET /shop/elatior/functions133791275689.phtml HTTP/2.0" 404 2361 "-" "meta-externalagent/1.1 (+https://developers.facebook.com/docs/sharing/webmasters/crawler)" primemooca.online 216.172.172.98
57.141.2.14 - - [14/Mar/2026:10:34:21 -0300] "GET /shop/lightheartedness/calefying142783319809.phtml HTTP/1.1" 404 2361 "-" "meta-externalagent/1.1 (+https://developers.facebook.com/docs/sharing/webmasters/crawler)" primemooca.online 216.172.172.98
57.141.2.14 - - [14/Mar/2026:10:34:20 -0300] "GET /shop/lightheartedness/calefying142783319809.phtml HTTP/2.0" 404 2361 "-" "meta-externalagent/1.1 (+https://developers.facebook.com/docs/sharing/webmasters/crawler)" primemooca.online 216.172.172.98
57.141.2.1 - - [14/Mar/2026:10:34:23 -0300] "GET /shop/caribbaeus/decoct163239067641.phtml HTTP/1.1" 404 2361 "-" "meta-externalagent/1.1 (+https://developers.facebook.com/docs/sharing/webmasters/crawler)" primemooca.online 216.172.172.98
57.141.2.1 - - [14/Mar/2026:10:34:23 -0300] "GET /shop/caribbaeus/decoct163239067641.phtml HTTP/2.0" 404 2361 "-" "meta-externalagent/1.1 (+https://developers.facebook.com/docs/sharing/webmasters/crawler)" primemooca.online 216.172.172.98
57.141.2.46 - - [14/Mar/2026:10:34:25 -0300] "GET /shop/hairdressing/chokedar11439079136.phtml HTTP/1.1" 404 2361 "-" "meta-externalagent/1.1 (+https://developers.facebook.com/docs/sharing/webmasters/crawler)" primemooca.online 216.172.172.98
57.141.2.46 - - [14/Mar/2026:10:34:25 -0300] "GET /shop/hairdressing/chokedar11439079136.phtml HTTP/2.0" 404 2361 "-" "meta-externalagent/1.1 (+https://developers.facebook.com/docs/sharing/webmasters/crawler)" primemooca.online 216.172.172.98
74.7.242.7 - - [14/Mar/2026:10:34:27 -0300] "GET /shop/cedared/proboscidiform163022596653.phtml HTTP/1.1" 404 836 "https://primemooca.online/sitemap-detail-1487.xml" "Mozilla/5.0 AppleWebKit/537.36 (KHTML, like Gecko; compatible; GPTBot/1.3; +https://openai.com/gptbot)" primemooca.online 216.172.172.98
74.7.242.7 - - [14/Mar/2026:10:34:27 -0300] "GET /shop/cedared/proboscidiform163022596653.phtml HTTP/2.0" 404 836 "https://primemooca.online/sitemap-detail-1487.xml" "Mozilla/5.0 AppleWebKit/537.36 (KHTML, like Gecko; compatible; GPTBot/1.3; +https://openai.com/gptbot)" primemooca.online 216.172.172.98
57.141.2.20 - - [14/Mar/2026:10:34:27 -0300] "GET /shop/taeniasis/suturally1590267715.phtml HTTP/1.1" 404 2361 "-" "meta-externalagent/1.1 (+https://developers.facebook.com/docs/sharing/webmasters/crawler)" primemooca.online 216.172.172.98
57.141.2.20 - - [14/Mar/2026:10:34:27 -0300] "GET /shop/taeniasis/suturally1590267715.phtml HTTP/2.0" 404 2361 "-" "meta-externalagent/1.1 (+https://developers.facebook.com/docs/sharing/webmasters/crawler)" primemooca.online 216.172.172.98
57.141.2.46 - - [14/Mar/2026:10:34:29 -0300] "GET /shop/twibilled/sacrosciatic163179638248.phtml HTTP/1.1" 404 2361 "-" "meta-externalagent/1.1 (+https://developers.facebook.com/docs/sharing/webmasters/crawler)" primemooca.online 216.172.172.98
57.141.2.46 - - [14/Mar/2026:10:34:29 -0300] "GET /shop/twibilled/sacrosciatic163179638248.phtml HTTP/2.0" 404 2361 "-" "meta-externalagent/1.1 (+https://developers.facebook.com/docs/sharing/webmasters/crawler)" primemooca.online 216.172.172.98
57.141.2.48 - - [14/Mar/2026:10:34:31 -0300] "GET /shop/nervous/textilis161903086286.phtml HTTP/1.1" 404 2361 "-" "meta-externalagent/1.1 (+https://developers.facebook.com/docs/sharing/webmasters/crawler)" primemooca.online 216.172.172.98
57.141.2.48 - - [14/Mar/2026:10:34:31 -0300] "GET /shop/nervous/textilis161903086286.phtml HTTP/2.0" 404 2361 "-" "meta-externalagent/1.1 (+https://developers.facebook.com/docs/sharing/webmasters/crawler)" primemooca.online 216.172.172.98
57.141.2.35 - - [14/Mar/2026:10:34:34 -0300] "GET /shop/ensilaged/synalepha12730434967.phtml HTTP/1.1" 404 2361 "-" "meta-externalagent/1.1 (+https://developers.facebook.com/docs/sharing/webmasters/crawler)" primemooca.online 216.172.172.98
57.141.2.35 - - [14/Mar/2026:10:34:34 -0300] "GET /shop/ensilaged/synalepha12730434967.phtml HTTP/2.0" 404 2361 "-" "meta-externalagent/1.1 (+https://developers.facebook.com/docs/sharing/webmasters/crawler)" primemooca.online 216.172.172.98
57.141.2.59 - - [14/Mar/2026:10:34:36 -0300] "GET /shop/donned/pitman152668553784.phtml HTTP/1.1" 404 2361 "-" "meta-externalagent/1.1 (+https://developers.facebook.com/docs/sharing/webmasters/crawler)" primemooca.online 216.172.172.98
57.141.2.59 - - [14/Mar/2026:10:34:36 -0300] "GET /shop/donned/pitman152668553784.phtml HTTP/2.0" 404 2361 "-" "meta-externalagent/1.1 (+https://developers.facebook.com/docs/sharing/webmasters/crawler)" primemooca.online 216.172.172.98
74.7.242.7 - - [14/Mar/2026:10:34:36 -0300] "GET /shop/sphegidae/transcolating162741202736.phtml HTTP/1.1" 404 836 "https://primemooca.online/sitemap-detail-1953.xml" "Mozilla/5.0 AppleWebKit/537.36 (KHTML, like Gecko; compatible; GPTBot/1.3; +https://openai.com/gptbot)" primemooca.online 216.172.172.98
74.7.242.7 - - [14/Mar/2026:10:34:36 -0300] "GET /shop/sphegidae/transcolating162741202736.phtml HTTP/2.0" 404 836 "https://primemooca.online/sitemap-detail-1953.xml" "Mozilla/5.0 AppleWebKit/537.36 (KHTML, like Gecko; compatible; GPTBot/1.3; +https://openai.com/gptbot)" primemooca.online 216.172.172.98
57.141.2.22 - - [14/Mar/2026:10:34:38 -0300] "GET /shop/sanitarist/fizzling113327529380.phtml HTTP/1.1" 404 2361 "-" "meta-externalagent/1.1 (+https://developers.facebook.com/docs/sharing/webmasters/crawler)" primemooca.online 216.172.172.98
57.141.2.22 - - [14/Mar/2026:10:34:38 -0300] "GET /shop/sanitarist/fizzling113327529380.phtml HTTP/2.0" 404 2361 "-" "meta-externalagent/1.1 (+https://developers.facebook.com/docs/sharing/webmasters/crawler)" primemooca.online 216.172.172.98
57.141.2.22 - - [14/Mar/2026:10:34:40 -0300] "GET /shop/underlip/superfluitance152508453509.phtml HTTP/1.1" 404 2361 "-" "meta-externalagent/1.1 (+https://developers.facebook.com/docs/sharing/webmasters/crawler)" primemooca.online 216.172.172.98
57.141.2.22 - - [14/Mar/2026:10:34:40 -0300] "GET /shop/underlip/superfluitance152508453509.phtml HTTP/2.0" 404 2361 "-" "meta-externalagent/1.1 (+https://developers.facebook.com/docs/sharing/webmasters/crawler)" primemooca.online 216.172.172.98
57.141.2.34 - - [14/Mar/2026:10:34:43 -0300] "GET /shop/clearheaded/copyright12615621428.phtml HTTP/1.1" 404 2361 "-" "meta-externalagent/1.1 (+https://developers.facebook.com/docs/sharing/webmasters/crawler)" primemooca.online 216.172.172.98
57.141.2.34 - - [14/Mar/2026:10:34:43 -0300] "GET /shop/clearheaded/copyright12615621428.phtml HTTP/2.0" 404 2361 "-" "meta-externalagent/1.1 (+https://developers.facebook.com/docs/sharing/webmasters/crawler)" primemooca.online 216.172.172.98
57.141.2.23 - - [14/Mar/2026:10:34:45 -0300] "GET /shop/copulatory/unranked122498924844.phtml HTTP/1.1" 404 2361 "-" "meta-externalagent/1.1 (+https://developers.facebook.com/docs/sharing/webmasters/crawler)" primemooca.online 216.172.172.98
57.141.2.23 - - [14/Mar/2026:10:34:45 -0300] "GET /shop/copulatory/unranked122498924844.phtml HTTP/2.0" 404 2361 "-" "meta-externalagent/1.1 (+https://developers.facebook.com/docs/sharing/webmasters/crawler)" primemooca.online 216.172.172.98
74.7.242.7 - - [14/Mar/2026:10:34:45 -0300] "GET /shop/anguillidae/monostraca163836939597.phtml HTTP/1.1" 404 836 "https://primemooca.online/sitemap-detail-1371.xml" "Mozilla/5.0 AppleWebKit/537.36 (KHTML, like Gecko; compatible; GPTBot/1.3; +https://openai.com/gptbot)" primemooca.online 216.172.172.98
74.7.242.7 - - [14/Mar/2026:10:34:45 -0300] "GET /shop/anguillidae/monostraca163836939597.phtml HTTP/2.0" 404 836 "https://primemooca.online/sitemap-detail-1371.xml" "Mozilla/5.0 AppleWebKit/537.36 (KHTML, like Gecko; compatible; GPTBot/1.3; +https://openai.com/gptbot)" primemooca.online 216.172.172.98
57.141.2.23 - - [14/Mar/2026:10:34:47 -0300] "GET /shop/prostatitis/smallest153911376895.phtml HTTP/1.1" 404 2361 "-" "meta-externalagent/1.1 (+https://developers.facebook.com/docs/sharing/webmasters/crawler)" primemooca.online 216.172.172.98
57.141.2.23 - - [14/Mar/2026:10:34:47 -0300] "GET /shop/prostatitis/smallest153911376895.phtml HTTP/2.0" 404 2361 "-" "meta-externalagent/1.1 (+https://developers.facebook.com/docs/sharing/webmasters/crawler)" primemooca.online 216.172.172.98
57.141.2.36 - - [14/Mar/2026:10:34:49 -0300] "GET /shop/rascally/sillier132333903597.phtml HTTP/1.1" 404 2361 "-" "meta-externalagent/1.1 (+https://developers.facebook.com/docs/sharing/webmasters/crawler)" primemooca.online 216.172.172.98
57.141.2.36 - - [14/Mar/2026:10:34:49 -0300] "GET /shop/rascally/sillier132333903597.phtml HTTP/2.0" 404 2361 "-" "meta-externalagent/1.1 (+https://developers.facebook.com/docs/sharing/webmasters/crawler)" primemooca.online 216.172.172.98
57.141.2.21 - - [14/Mar/2026:10:34:51 -0300] "GET /shop/pegasoid/dynameter132175016249.phtml HTTP/1.1" 404 2361 "-" "meta-externalagent/1.1 (+https://developers.facebook.com/docs/sharing/webmasters/crawler)" primemooca.online 216.172.172.98
57.141.2.21 - - [14/Mar/2026:10:34:51 -0300] "GET /shop/pegasoid/dynameter132175016249.phtml HTTP/2.0" 404 2361 "-" "meta-externalagent/1.1 (+https://developers.facebook.com/docs/sharing/webmasters/crawler)" primemooca.online 216.172.172.98
57.141.2.50 - - [14/Mar/2026:10:34:54 -0300] "GET /shop/majestic/proller13599111229.phtml HTTP/1.1" 404 2361 "-" "meta-externalagent/1.1 (+https://developers.facebook.com/docs/sharing/webmasters/crawler)" primemooca.online 216.172.172.98
57.141.2.50 - - [14/Mar/2026:10:34:54 -0300] "GET /shop/majestic/proller13599111229.phtml HTTP/2.0" 404 2361 "-" "meta-externalagent/1.1 (+https://developers.facebook.com/docs/sharing/webmasters/crawler)" primemooca.online 216.172.172.98
74.7.242.7 - - [14/Mar/2026:10:34:55 -0300] "GET /shop/oligosoma/heliogravure164261509272.phtml HTTP/1.1" 404 836 "https://primemooca.online/sitemap-detail-2457.xml" "Mozilla/5.0 AppleWebKit/537.36 (KHTML, like Gecko; compatible; GPTBot/1.3; +https://openai.com/gptbot)" primemooca.online 216.172.172.98
74.7.242.7 - - [14/Mar/2026:10:34:55 -0300] "GET /shop/oligosoma/heliogravure164261509272.phtml HTTP/2.0" 404 836 "https://primemooca.online/sitemap-detail-2457.xml" "Mozilla/5.0 AppleWebKit/537.36 (KHTML, like Gecko; compatible; GPTBot/1.3; +https://openai.com/gptbot)" primemooca.online 216.172.172.98
57.141.2.43 - - [14/Mar/2026:10:34:56 -0300] "GET /shop/eventerate/synthesist114167152209.phtml HTTP/1.1" 404 2361 "-" "meta-externalagent/1.1 (+https://developers.facebook.com/docs/sharing/webmasters/crawler)" primemooca.online 216.172.172.98
57.141.2.43 - - [14/Mar/2026:10:34:56 -0300] "GET /shop/eventerate/synthesist114167152209.phtml HTTP/2.0" 404 2361 "-" "meta-externalagent/1.1 (+https://developers.facebook.com/docs/sharing/webmasters/crawler)" primemooca.online 216.172.172.98
57.141.2.53 - - [14/Mar/2026:10:34:58 -0300] "GET /shop/heliometric/impend133744301225.phtml HTTP/1.1" 404 2361 "-" "meta-externalagent/1.1 (+https://developers.facebook.com/docs/sharing/webmasters/crawler)" primemooca.online 216.172.172.98
57.141.2.53 - - [14/Mar/2026:10:34:58 -0300] "GET /shop/heliometric/impend133744301225.phtml HTTP/2.0" 404 2361 "-" "meta-externalagent/1.1 (+https://developers.facebook.com/docs/sharing/webmasters/crawler)" primemooca.online 216.172.172.98
57.141.2.3 - - [14/Mar/2026:10:35:00 -0300] "GET /shop/conscionable/janusheaded161566825894.phtml HTTP/1.1" 404 2361 "-" "meta-externalagent/1.1 (+https://developers.facebook.com/docs/sharing/webmasters/crawler)" primemooca.online 216.172.172.98
57.141.2.3 - - [14/Mar/2026:10:35:00 -0300] "GET /shop/conscionable/janusheaded161566825894.phtml HTTP/2.0" 404 2361 "-" "meta-externalagent/1.1 (+https://developers.facebook.com/docs/sharing/webmasters/crawler)" primemooca.online 216.172.172.98
57.141.2.3 - - [14/Mar/2026:10:35:03 -0300] "GET /shop/zillah/geopolitics16465445314.phtml HTTP/1.1" 404 2361 "-" "meta-externalagent/1.1 (+https://developers.facebook.com/docs/sharing/webmasters/crawler)" primemooca.online 216.172.172.98
57.141.2.3 - - [14/Mar/2026:10:35:03 -0300] "GET /shop/zillah/geopolitics16465445314.phtml HTTP/2.0" 404 2361 "-" "meta-externalagent/1.1 (+https://developers.facebook.com/docs/sharing/webmasters/crawler)" primemooca.online 216.172.172.98
74.7.242.7 - - [14/Mar/2026:10:35:05 -0300] "GET /shop/fantasticality/octaves161039859474.phtml HTTP/1.1" 404 836 "https://primemooca.online/sitemap-detail-2627.xml" "Mozilla/5.0 AppleWebKit/537.36 (KHTML, like Gecko; compatible; GPTBot/1.3; +https://openai.com/gptbot)" primemooca.online 216.172.172.98
74.7.242.7 - - [14/Mar/2026:10:35:05 -0300] "GET /shop/fantasticality/octaves161039859474.phtml HTTP/2.0" 404 836 "https://primemooca.online/sitemap-detail-2627.xml" "Mozilla/5.0 AppleWebKit/537.36 (KHTML, like Gecko; compatible; GPTBot/1.3; +https://openai.com/gptbot)" primemooca.online 216.172.172.98
57.141.2.62 - - [14/Mar/2026:10:35:05 -0300] "GET /shop/sacalait/longshore123657283030.phtml HTTP/2.0" 404 2361 "-" "meta-externalagent/1.1 (+https://developers.facebook.com/docs/sharing/webmasters/crawler)" primemooca.online 216.172.172.98
57.141.2.62 - - [14/Mar/2026:10:35:05 -0300] "GET /shop/sacalait/longshore123657283030.phtml HTTP/1.1" 404 2361 "-" "meta-externalagent/1.1 (+https://developers.facebook.com/docs/sharing/webmasters/crawler)" primemooca.online 216.172.172.98
57.141.2.49 - - [14/Mar/2026:10:35:07 -0300] "GET /shop/rhabdology/connectively122512724112.phtml HTTP/1.1" 404 2361 "-" "meta-externalagent/1.1 (+https://developers.facebook.com/docs/sharing/webmasters/crawler)" primemooca.online 216.172.172.98
57.141.2.49 - - [14/Mar/2026:10:35:07 -0300] "GET /shop/rhabdology/connectively122512724112.phtml HTTP/2.0" 404 2361 "-" "meta-externalagent/1.1 (+https://developers.facebook.com/docs/sharing/webmasters/crawler)" primemooca.online 216.172.172.98
57.141.2.13 - - [14/Mar/2026:10:35:09 -0300] "GET /shop/bewitchedness/privileged111276455856.phtml HTTP/1.1" 404 2361 "-" "meta-externalagent/1.1 (+https://developers.facebook.com/docs/sharing/webmasters/crawler)" primemooca.online 216.172.172.98
57.141.2.13 - - [14/Mar/2026:10:35:09 -0300] "GET /shop/bewitchedness/privileged111276455856.phtml HTTP/2.0" 404 2361 "-" "meta-externalagent/1.1 (+https://developers.facebook.com/docs/sharing/webmasters/crawler)" primemooca.online 216.172.172.98
57.141.2.34 - - [14/Mar/2026:10:35:11 -0300] "GET /shop/reprobatory/weatherproof16711435792.phtml HTTP/1.1" 404 2361 "-" "meta-externalagent/1.1 (+https://developers.facebook.com/docs/sharing/webmasters/crawler)" primemooca.online 216.172.172.98
57.141.2.34 - - [14/Mar/2026:10:35:11 -0300] "GET /shop/reprobatory/weatherproof16711435792.phtml HTTP/2.0" 404 2361 "-" "meta-externalagent/1.1 (+https://developers.facebook.com/docs/sharing/webmasters/crawler)" primemooca.online 216.172.172.98
57.141.2.49 - - [14/Mar/2026:10:35:14 -0300] "GET /shop/phlegmasia/fluoroscopic132175592006.phtml HTTP/1.1" 404 2361 "-" "meta-externalagent/1.1 (+https://developers.facebook.com/docs/sharing/webmasters/crawler)" primemooca.online 216.172.172.98
57.141.2.49 - - [14/Mar/2026:10:35:14 -0300] "GET /shop/phlegmasia/fluoroscopic132175592006.phtml HTTP/2.0" 404 2361 "-" "meta-externalagent/1.1 (+https://developers.facebook.com/docs/sharing/webmasters/crawler)" primemooca.online 216.172.172.98
74.7.242.7 - - [14/Mar/2026:10:35:15 -0300] "GET /shop/snowbound/overpersuade161467208218.phtml HTTP/1.1" 404 836 "https://primemooca.online/sitemap-detail-1466.xml" "Mozilla/5.0 AppleWebKit/537.36 (KHTML, like Gecko; compatible; GPTBot/1.3; +https://openai.com/gptbot)" primemooca.online 216.172.172.98
74.7.242.7 - - [14/Mar/2026:10:35:15 -0300] "GET /shop/snowbound/overpersuade161467208218.phtml HTTP/2.0" 404 836 "https://primemooca.online/sitemap-detail-1466.xml" "Mozilla/5.0 AppleWebKit/537.36 (KHTML, like Gecko; compatible; GPTBot/1.3; +https://openai.com/gptbot)" primemooca.online 216.172.172.98
57.141.2.62 - - [14/Mar/2026:10:35:16 -0300] "GET /shop/taoist/indifferent152050269254.phtml HTTP/1.1" 404 2361 "-" "meta-externalagent/1.1 (+https://developers.facebook.com/docs/sharing/webmasters/crawler)" primemooca.online 216.172.172.98
57.141.2.62 - - [14/Mar/2026:10:35:16 -0300] "GET /shop/taoist/indifferent152050269254.phtml HTTP/2.0" 404 2361 "-" "meta-externalagent/1.1 (+https://developers.facebook.com/docs/sharing/webmasters/crawler)" primemooca.online 216.172.172.98
57.141.2.37 - - [14/Mar/2026:10:35:18 -0300] "GET /shop/inconsonantly/boweries113916121129.phtml HTTP/1.1" 404 2361 "-" "meta-externalagent/1.1 (+https://developers.facebook.com/docs/sharing/webmasters/crawler)" primemooca.online 216.172.172.98
57.141.2.37 - - [14/Mar/2026:10:35:18 -0300] "GET /shop/inconsonantly/boweries113916121129.phtml HTTP/2.0" 404 2361 "-" "meta-externalagent/1.1 (+https://developers.facebook.com/docs/sharing/webmasters/crawler)" primemooca.online 216.172.172.98
57.141.2.37 - - [14/Mar/2026:10:35:20 -0300] "GET /shop/biota/bistro153917445147.phtml HTTP/1.1" 404 2361 "-" "meta-externalagent/1.1 (+https://developers.facebook.com/docs/sharing/webmasters/crawler)" primemooca.online 216.172.172.98
57.141.2.37 - - [14/Mar/2026:10:35:20 -0300] "GET /shop/biota/bistro153917445147.phtml HTTP/2.0" 404 2361 "-" "meta-externalagent/1.1 (+https://developers.facebook.com/docs/sharing/webmasters/crawler)" primemooca.online 216.172.172.98
57.141.2.60 - - [14/Mar/2026:10:35:23 -0300] "GET /shop/withed/woorari15152614256.phtml HTTP/1.1" 404 2361 "-" "meta-externalagent/1.1 (+https://developers.facebook.com/docs/sharing/webmasters/crawler)" primemooca.online 216.172.172.98
57.141.2.60 - - [14/Mar/2026:10:35:23 -0300] "GET /shop/withed/woorari15152614256.phtml HTTP/2.0" 404 2361 "-" "meta-externalagent/1.1 (+https://developers.facebook.com/docs/sharing/webmasters/crawler)" primemooca.online 216.172.172.98
74.7.242.7 - - [14/Mar/2026:10:35:24 -0300] "GET /shop/incommodated/demography163683453070.phtml HTTP/1.1" 404 836 "https://primemooca.online/sitemap-detail-2043.xml" "Mozilla/5.0 AppleWebKit/537.36 (KHTML, like Gecko; compatible; GPTBot/1.3; +https://openai.com/gptbot)" primemooca.online 216.172.172.98
74.7.242.7 - - [14/Mar/2026:10:35:24 -0300] "GET /shop/incommodated/demography163683453070.phtml HTTP/2.0" 404 836 "https://primemooca.online/sitemap-detail-2043.xml" "Mozilla/5.0 AppleWebKit/537.36 (KHTML, like Gecko; compatible; GPTBot/1.3; +https://openai.com/gptbot)" primemooca.online 216.172.172.98
57.141.2.3 - - [14/Mar/2026:10:35:25 -0300] "GET /shop/hurries/multifaced131888752330.phtml HTTP/1.1" 404 2361 "-" "meta-externalagent/1.1 (+https://developers.facebook.com/docs/sharing/webmasters/crawler)" primemooca.online 216.172.172.98
57.141.2.3 - - [14/Mar/2026:10:35:25 -0300] "GET /shop/hurries/multifaced131888752330.phtml HTTP/2.0" 404 2361 "-" "meta-externalagent/1.1 (+https://developers.facebook.com/docs/sharing/webmasters/crawler)" primemooca.online 216.172.172.98
57.141.2.12 - - [14/Mar/2026:10:35:27 -0300] "GET /shop/volitional/spinosa163863883961.phtml HTTP/1.1" 404 2361 "-" "meta-externalagent/1.1 (+https://developers.facebook.com/docs/sharing/webmasters/crawler)" primemooca.online 216.172.172.98
57.141.2.12 - - [14/Mar/2026:10:35:27 -0300] "GET /shop/volitional/spinosa163863883961.phtml HTTP/2.0" 404 2361 "-" "meta-externalagent/1.1 (+https://developers.facebook.com/docs/sharing/webmasters/crawler)" primemooca.online 216.172.172.98
57.141.2.49 - - [14/Mar/2026:10:35:29 -0300] "GET /shop/docimacy/disannulment122715608089.phtml HTTP/1.1" 404 2361 "-" "meta-externalagent/1.1 (+https://developers.facebook.com/docs/sharing/webmasters/crawler)" primemooca.online 216.172.172.98
57.141.2.49 - - [14/Mar/2026:10:35:29 -0300] "GET /shop/docimacy/disannulment122715608089.phtml HTTP/2.0" 404 2361 "-" "meta-externalagent/1.1 (+https://developers.facebook.com/docs/sharing/webmasters/crawler)" primemooca.online 216.172.172.98
57.141.2.32 - - [14/Mar/2026:10:35:31 -0300] "GET /shop/insuppressive/zoanthacea133999359442.phtml HTTP/1.1" 404 2361 "-" "meta-externalagent/1.1 (+https://developers.facebook.com/docs/sharing/webmasters/crawler)" primemooca.online 216.172.172.98
57.141.2.32 - - [14/Mar/2026:10:35:31 -0300] "GET /shop/insuppressive/zoanthacea133999359442.phtml HTTP/2.0" 404 2361 "-" "meta-externalagent/1.1 (+https://developers.facebook.com/docs/sharing/webmasters/crawler)" primemooca.online 216.172.172.98
74.7.242.7 - - [14/Mar/2026:10:35:33 -0300] "GET /shop/phrenism/achromatically163042609750.phtml HTTP/1.1" 404 836 "https://primemooca.online/sitemap-detail-1156.xml" "Mozilla/5.0 AppleWebKit/537.36 (KHTML, like Gecko; compatible; GPTBot/1.3; +https://openai.com/gptbot)" primemooca.online 216.172.172.98
74.7.242.7 - - [14/Mar/2026:10:35:33 -0300] "GET /shop/phrenism/achromatically163042609750.phtml HTTP/2.0" 404 836 "https://primemooca.online/sitemap-detail-1156.xml" "Mozilla/5.0 AppleWebKit/537.36 (KHTML, like Gecko; compatible; GPTBot/1.3; +https://openai.com/gptbot)" primemooca.online 216.172.172.98
57.141.2.37 - - [14/Mar/2026:10:35:34 -0300] "GET /shop/palatableness/chandoo131498320276.phtml HTTP/1.1" 404 2361 "-" "meta-externalagent/1.1 (+https://developers.facebook.com/docs/sharing/webmasters/crawler)" primemooca.online 216.172.172.98
57.141.2.37 - - [14/Mar/2026:10:35:34 -0300] "GET /shop/palatableness/chandoo131498320276.phtml HTTP/2.0" 404 2361 "-" "meta-externalagent/1.1 (+https://developers.facebook.com/docs/sharing/webmasters/crawler)" primemooca.online 216.172.172.98
57.141.2.13 - - [14/Mar/2026:10:35:36 -0300] "GET /shop/febrifuge/occidentalis153879823338.phtml HTTP/1.1" 404 2361 "-" "meta-externalagent/1.1 (+https://developers.facebook.com/docs/sharing/webmasters/crawler)" primemooca.online 216.172.172.98
57.141.2.13 - - [14/Mar/2026:10:35:36 -0300] "GET /shop/febrifuge/occidentalis153879823338.phtml HTTP/2.0" 404 2361 "-" "meta-externalagent/1.1 (+https://developers.facebook.com/docs/sharing/webmasters/crawler)" primemooca.online 216.172.172.98
57.141.2.1 - - [14/Mar/2026:10:35:38 -0300] "GET /shop/subtriplicate/culls123268090657.phtml HTTP/1.1" 404 2361 "-" "meta-externalagent/1.1 (+https://developers.facebook.com/docs/sharing/webmasters/crawler)" primemooca.online 216.172.172.98
57.141.2.1 - - [14/Mar/2026:10:35:38 -0300] "GET /shop/subtriplicate/culls123268090657.phtml HTTP/2.0" 404 2361 "-" "meta-externalagent/1.1 (+https://developers.facebook.com/docs/sharing/webmasters/crawler)" primemooca.online 216.172.172.98
57.141.2.63 - - [14/Mar/2026:10:35:40 -0300] "GET /shop/undecide/begti15946692982.phtml HTTP/1.1" 404 2361 "-" "meta-externalagent/1.1 (+https://developers.facebook.com/docs/sharing/webmasters/crawler)" primemooca.online 216.172.172.98
57.141.2.63 - - [14/Mar/2026:10:35:40 -0300] "GET /shop/undecide/begti15946692982.phtml HTTP/2.0" 404 2361 "-" "meta-externalagent/1.1 (+https://developers.facebook.com/docs/sharing/webmasters/crawler)" primemooca.online 216.172.172.98
74.7.242.7 - - [14/Mar/2026:10:35:43 -0300] "GET /shop/excusableness/regiminal163301195831.phtml HTTP/1.1" 404 836 "https://primemooca.online/sitemap-detail-1244.xml" "Mozilla/5.0 AppleWebKit/537.36 (KHTML, like Gecko; compatible; GPTBot/1.3; +https://openai.com/gptbot)" primemooca.online 216.172.172.98
57.141.2.49 - - [14/Mar/2026:10:35:43 -0300] "GET /shop/garnetiferous/leisurable114155940155.phtml HTTP/1.1" 404 2361 "-" "meta-externalagent/1.1 (+https://developers.facebook.com/docs/sharing/webmasters/crawler)" primemooca.online 216.172.172.98
74.7.242.7 - - [14/Mar/2026:10:35:43 -0300] "GET /shop/excusableness/regiminal163301195831.phtml HTTP/2.0" 404 836 "https://primemooca.online/sitemap-detail-1244.xml" "Mozilla/5.0 AppleWebKit/537.36 (KHTML, like Gecko; compatible; GPTBot/1.3; +https://openai.com/gptbot)" primemooca.online 216.172.172.98
57.141.2.49 - - [14/Mar/2026:10:35:43 -0300] "GET /shop/garnetiferous/leisurable114155940155.phtml HTTP/2.0" 404 2361 "-" "meta-externalagent/1.1 (+https://developers.facebook.com/docs/sharing/webmasters/crawler)" primemooca.online 216.172.172.98
57.141.2.49 - - [14/Mar/2026:10:35:45 -0300] "GET /shop/donable/salter122832641420.phtml HTTP/1.1" 404 2361 "-" "meta-externalagent/1.1 (+https://developers.facebook.com/docs/sharing/webmasters/crawler)" primemooca.online 216.172.172.98
57.141.2.49 - - [14/Mar/2026:10:35:45 -0300] "GET /shop/donable/salter122832641420.phtml HTTP/2.0" 404 2361 "-" "meta-externalagent/1.1 (+https://developers.facebook.com/docs/sharing/webmasters/crawler)" primemooca.online 216.172.172.98
57.141.2.61 - - [14/Mar/2026:10:35:47 -0300] "GET /shop/cacaecia/excitomotion153096319862.phtml HTTP/1.1" 404 2361 "-" "meta-externalagent/1.1 (+https://developers.facebook.com/docs/sharing/webmasters/crawler)" primemooca.online 216.172.172.98
57.141.2.61 - - [14/Mar/2026:10:35:47 -0300] "GET /shop/cacaecia/excitomotion153096319862.phtml HTTP/2.0" 404 2361 "-" "meta-externalagent/1.1 (+https://developers.facebook.com/docs/sharing/webmasters/crawler)" primemooca.online 216.172.172.98
57.141.2.44 - - [14/Mar/2026:10:35:50 -0300] "GET /shop/disintegrator/blown133738113025.phtml HTTP/1.1" 404 2361 "-" "meta-externalagent/1.1 (+https://developers.facebook.com/docs/sharing/webmasters/crawler)" primemooca.online 216.172.172.98
57.141.2.44 - - [14/Mar/2026:10:35:49 -0300] "GET /shop/disintegrator/blown133738113025.phtml HTTP/2.0" 404 2361 "-" "meta-externalagent/1.1 (+https://developers.facebook.com/docs/sharing/webmasters/crawler)" primemooca.online 216.172.172.98
57.141.2.11 - - [14/Mar/2026:10:35:52 -0300] "GET /shop/bromogelatin/upholsterer151041642860.phtml HTTP/1.1" 404 2361 "-" "meta-externalagent/1.1 (+https://developers.facebook.com/docs/sharing/webmasters/crawler)" primemooca.online 216.172.172.98
57.141.2.11 - - [14/Mar/2026:10:35:52 -0300] "GET /shop/bromogelatin/upholsterer151041642860.phtml HTTP/2.0" 404 2361 "-" "meta-externalagent/1.1 (+https://developers.facebook.com/docs/sharing/webmasters/crawler)" primemooca.online 216.172.172.98
74.7.242.7 - - [14/Mar/2026:10:35:52 -0300] "GET /shop/phylactery/scintillating163924096355.phtml HTTP/1.1" 404 836 "https://primemooca.online/sitemap-detail-2311.xml" "Mozilla/5.0 AppleWebKit/537.36 (KHTML, like Gecko; compatible; GPTBot/1.3; +https://openai.com/gptbot)" primemooca.online 216.172.172.98
74.7.242.7 - - [14/Mar/2026:10:35:52 -0300] "GET /shop/phylactery/scintillating163924096355.phtml HTTP/2.0" 404 836 "https://primemooca.online/sitemap-detail-2311.xml" "Mozilla/5.0 AppleWebKit/537.36 (KHTML, like Gecko; compatible; GPTBot/1.3; +https://openai.com/gptbot)" primemooca.online 216.172.172.98
57.141.2.23 - - [14/Mar/2026:10:35:54 -0300] "GET /shop/irrelapsable/ladyinwaiting112703465170.phtml HTTP/1.1" 404 2361 "-" "meta-externalagent/1.1 (+https://developers.facebook.com/docs/sharing/webmasters/crawler)" primemooca.online 216.172.172.98
57.141.2.23 - - [14/Mar/2026:10:35:54 -0300] "GET /shop/irrelapsable/ladyinwaiting112703465170.phtml HTTP/2.0" 404 2361 "-" "meta-externalagent/1.1 (+https://developers.facebook.com/docs/sharing/webmasters/crawler)" primemooca.online 216.172.172.98
57.141.2.49 - - [14/Mar/2026:10:35:56 -0300] "GET /shop/sakieh/scholarly122903748587.phtml HTTP/1.1" 404 2361 "-" "meta-externalagent/1.1 (+https://developers.facebook.com/docs/sharing/webmasters/crawler)" primemooca.online 216.172.172.98
57.141.2.49 - - [14/Mar/2026:10:35:56 -0300] "GET /shop/sakieh/scholarly122903748587.phtml HTTP/2.0" 404 2361 "-" "meta-externalagent/1.1 (+https://developers.facebook.com/docs/sharing/webmasters/crawler)" primemooca.online 216.172.172.98
57.141.2.6 - - [14/Mar/2026:10:35:58 -0300] "GET /shop/creaturize/christianlike122600753636.phtml HTTP/1.1" 404 2361 "-" "meta-externalagent/1.1 (+https://developers.facebook.com/docs/sharing/webmasters/crawler)" primemooca.online 216.172.172.98
57.141.2.6 - - [14/Mar/2026:10:35:58 -0300] "GET /shop/creaturize/christianlike122600753636.phtml HTTP/2.0" 404 2361 "-" "meta-externalagent/1.1 (+https://developers.facebook.com/docs/sharing/webmasters/crawler)" primemooca.online 216.172.172.98
57.141.2.40 - - [14/Mar/2026:10:36:00 -0300] "GET /shop/demythologization/outsettler17819803878.phtml HTTP/1.1" 404 2361 "-" "meta-externalagent/1.1 (+https://developers.facebook.com/docs/sharing/webmasters/crawler)" primemooca.online 216.172.172.98
57.141.2.40 - - [14/Mar/2026:10:36:00 -0300] "GET /shop/demythologization/outsettler17819803878.phtml HTTP/2.0" 404 2361 "-" "meta-externalagent/1.1 (+https://developers.facebook.com/docs/sharing/webmasters/crawler)" primemooca.online 216.172.172.98
74.7.242.7 - - [14/Mar/2026:10:36:01 -0300] "GET /shop/absurdum/ambidextrously163534143261.phtml HTTP/1.1" 404 836 "https://primemooca.online/sitemap-detail-1862.xml" "Mozilla/5.0 AppleWebKit/537.36 (KHTML, like Gecko; compatible; GPTBot/1.3; +https://openai.com/gptbot)" primemooca.online 216.172.172.98
74.7.242.7 - - [14/Mar/2026:10:36:01 -0300] "GET /shop/absurdum/ambidextrously163534143261.phtml HTTP/2.0" 404 836 "https://primemooca.online/sitemap-detail-1862.xml" "Mozilla/5.0 AppleWebKit/537.36 (KHTML, like Gecko; compatible; GPTBot/1.3; +https://openai.com/gptbot)" primemooca.online 216.172.172.98
57.141.2.69 - - [14/Mar/2026:10:36:03 -0300] "GET /shop/dantesque/thanatoid162317036512.phtml HTTP/1.1" 404 2361 "-" "meta-externalagent/1.1 (+https://developers.facebook.com/docs/sharing/webmasters/crawler)" primemooca.online 216.172.172.98
57.141.2.69 - - [14/Mar/2026:10:36:03 -0300] "GET /shop/dantesque/thanatoid162317036512.phtml HTTP/2.0" 404 2361 "-" "meta-externalagent/1.1 (+https://developers.facebook.com/docs/sharing/webmasters/crawler)" primemooca.online 216.172.172.98
57.141.2.48 - - [14/Mar/2026:10:36:05 -0300] "GET /shop/acidalia/gleek133492952103.phtml HTTP/1.1" 404 2361 "-" "meta-externalagent/1.1 (+https://developers.facebook.com/docs/sharing/webmasters/crawler)" primemooca.online 216.172.172.98
57.141.2.48 - - [14/Mar/2026:10:36:05 -0300] "GET /shop/acidalia/gleek133492952103.phtml HTTP/2.0" 404 2361 "-" "meta-externalagent/1.1 (+https://developers.facebook.com/docs/sharing/webmasters/crawler)" primemooca.online 216.172.172.98
57.141.2.33 - - [14/Mar/2026:10:36:07 -0300] "GET /shop/flirt/gemmy134151084890.phtml HTTP/1.1" 404 2361 "-" "meta-externalagent/1.1 (+https://developers.facebook.com/docs/sharing/webmasters/crawler)" primemooca.online 216.172.172.98
57.141.2.33 - - [14/Mar/2026:10:36:07 -0300] "GET /shop/flirt/gemmy134151084890.phtml HTTP/2.0" 404 2361 "-" "meta-externalagent/1.1 (+https://developers.facebook.com/docs/sharing/webmasters/crawler)" primemooca.online 216.172.172.98
57.141.2.56 - - [14/Mar/2026:10:36:09 -0300] "GET /shop/rhaponticine/comatulidae121551858568.phtml HTTP/1.1" 404 2361 "-" "meta-externalagent/1.1 (+https://developers.facebook.com/docs/sharing/webmasters/crawler)" primemooca.online 216.172.172.98
57.141.2.56 - - [14/Mar/2026:10:36:09 -0300] "GET /shop/rhaponticine/comatulidae121551858568.phtml HTTP/2.0" 404 2361 "-" "meta-externalagent/1.1 (+https://developers.facebook.com/docs/sharing/webmasters/crawler)" primemooca.online 216.172.172.98
74.7.242.7 - - [14/Mar/2026:10:36:10 -0300] "GET /shop/hyperthyrion/duncishness162571928391.phtml HTTP/1.1" 404 836 "https://primemooca.online/sitemap-detail-2043.xml" "Mozilla/5.0 AppleWebKit/537.36 (KHTML, like Gecko; compatible; GPTBot/1.3; +https://openai.com/gptbot)" primemooca.online 216.172.172.98
74.7.242.7 - - [14/Mar/2026:10:36:10 -0300] "GET /shop/hyperthyrion/duncishness162571928391.phtml HTTP/2.0" 404 836 "https://primemooca.online/sitemap-detail-2043.xml" "Mozilla/5.0 AppleWebKit/537.36 (KHTML, like Gecko; compatible; GPTBot/1.3; +https://openai.com/gptbot)" primemooca.online 216.172.172.98
57.141.2.49 - - [14/Mar/2026:10:36:12 -0300] "GET /shop/explorator/tentation113186928364.phtml HTTP/1.1" 404 2361 "-" "meta-externalagent/1.1 (+https://developers.facebook.com/docs/sharing/webmasters/crawler)" primemooca.online 216.172.172.98
57.141.2.49 - - [14/Mar/2026:10:36:12 -0300] "GET /shop/explorator/tentation113186928364.phtml HTTP/2.0" 404 2361 "-" "meta-externalagent/1.1 (+https://developers.facebook.com/docs/sharing/webmasters/crawler)" primemooca.online 216.172.172.98
57.141.2.49 - - [14/Mar/2026:10:36:14 -0300] "GET /shop/leontodos/ganging152575118342.phtml HTTP/1.1" 404 2361 "-" "meta-externalagent/1.1 (+https://developers.facebook.com/docs/sharing/webmasters/crawler)" primemooca.online 216.172.172.98
57.141.2.49 - - [14/Mar/2026:10:36:14 -0300] "GET /shop/leontodos/ganging152575118342.phtml HTTP/2.0" 404 2361 "-" "meta-externalagent/1.1 (+https://developers.facebook.com/docs/sharing/webmasters/crawler)" primemooca.online 216.172.172.98
57.141.2.29 - - [14/Mar/2026:10:36:16 -0300] "GET /shop/which/consuetude153784539471.phtml HTTP/1.1" 404 2361 "-" "meta-externalagent/1.1 (+https://developers.facebook.com/docs/sharing/webmasters/crawler)" primemooca.online 216.172.172.98
57.141.2.29 - - [14/Mar/2026:10:36:16 -0300] "GET /shop/which/consuetude153784539471.phtml HTTP/2.0" 404 2361 "-" "meta-externalagent/1.1 (+https://developers.facebook.com/docs/sharing/webmasters/crawler)" primemooca.online 216.172.172.98
57.141.2.49 - - [14/Mar/2026:10:36:18 -0300] "GET /shop/parenchymous/harborer1377567089.phtml HTTP/1.1" 404 2361 "-" "meta-externalagent/1.1 (+https://developers.facebook.com/docs/sharing/webmasters/crawler)" primemooca.online 216.172.172.98
57.141.2.49 - - [14/Mar/2026:10:36:18 -0300] "GET /shop/parenchymous/harborer1377567089.phtml HTTP/2.0" 404 2361 "-" "meta-externalagent/1.1 (+https://developers.facebook.com/docs/sharing/webmasters/crawler)" primemooca.online 216.172.172.98
74.7.242.7 - - [14/Mar/2026:10:36:19 -0300] "GET /shop/heartwarming/omnivagant143737185301.phtml HTTP/1.1" 404 836 "https://primemooca.online/sitemap-detail-454.xml" "Mozilla/5.0 AppleWebKit/537.36 (KHTML, like Gecko; compatible; GPTBot/1.3; +https://openai.com/gptbot)" primemooca.online 216.172.172.98
74.7.242.7 - - [14/Mar/2026:10:36:19 -0300] "GET /shop/heartwarming/omnivagant143737185301.phtml HTTP/2.0" 404 836 "https://primemooca.online/sitemap-detail-454.xml" "Mozilla/5.0 AppleWebKit/537.36 (KHTML, like Gecko; compatible; GPTBot/1.3; +https://openai.com/gptbot)" primemooca.online 216.172.172.98
57.141.2.65 - - [14/Mar/2026:10:36:20 -0300] "GET /shop/isohyet/minoress13528104420.phtml HTTP/1.1" 404 2361 "-" "meta-externalagent/1.1 (+https://developers.facebook.com/docs/sharing/webmasters/crawler)" primemooca.online 216.172.172.98
57.141.2.65 - - [14/Mar/2026:10:36:20 -0300] "GET /shop/isohyet/minoress13528104420.phtml HTTP/2.0" 404 2361 "-" "meta-externalagent/1.1 (+https://developers.facebook.com/docs/sharing/webmasters/crawler)" primemooca.online 216.172.172.98
57.141.2.43 - - [14/Mar/2026:10:36:22 -0300] "GET /shop/pursuance/tulipeared113347997382.phtml HTTP/1.1" 404 2361 "-" "meta-externalagent/1.1 (+https://developers.facebook.com/docs/sharing/webmasters/crawler)" primemooca.online 216.172.172.98
57.141.2.43 - - [14/Mar/2026:10:36:22 -0300] "GET /shop/pursuance/tulipeared113347997382.phtml HTTP/2.0" 404 2361 "-" "meta-externalagent/1.1 (+https://developers.facebook.com/docs/sharing/webmasters/crawler)" primemooca.online 216.172.172.98
57.141.2.35 - - [14/Mar/2026:10:36:25 -0300] "GET /shop/roaringly/surfman12237580170.phtml HTTP/1.1" 404 2361 "-" "meta-externalagent/1.1 (+https://developers.facebook.com/docs/sharing/webmasters/crawler)" primemooca.online 216.172.172.98
57.141.2.35 - - [14/Mar/2026:10:36:25 -0300] "GET /shop/roaringly/surfman12237580170.phtml HTTP/2.0" 404 2361 "-" "meta-externalagent/1.1 (+https://developers.facebook.com/docs/sharing/webmasters/crawler)" primemooca.online 216.172.172.98
57.141.2.20 - - [14/Mar/2026:10:36:27 -0300] "GET /shop/reclusion/dumetose1580787396.phtml HTTP/1.1" 404 2361 "-" "meta-externalagent/1.1 (+https://developers.facebook.com/docs/sharing/webmasters/crawler)" primemooca.online 216.172.172.98
57.141.2.20 - - [14/Mar/2026:10:36:27 -0300] "GET /shop/reclusion/dumetose1580787396.phtml HTTP/2.0" 404 2361 "-" "meta-externalagent/1.1 (+https://developers.facebook.com/docs/sharing/webmasters/crawler)" primemooca.online 216.172.172.98
74.7.242.7 - - [14/Mar/2026:10:36:29 -0300] "GET /shop/blastoderm/neocriticism162291139500.phtml HTTP/1.1" 404 836 "https://primemooca.online/sitemap-detail-1487.xml" "Mozilla/5.0 AppleWebKit/537.36 (KHTML, like Gecko; compatible; GPTBot/1.3; +https://openai.com/gptbot)" primemooca.online 216.172.172.98
74.7.242.7 - - [14/Mar/2026:10:36:29 -0300] "GET /shop/blastoderm/neocriticism162291139500.phtml HTTP/2.0" 404 836 "https://primemooca.online/sitemap-detail-1487.xml" "Mozilla/5.0 AppleWebKit/537.36 (KHTML, like Gecko; compatible; GPTBot/1.3; +https://openai.com/gptbot)" primemooca.online 216.172.172.98
57.141.2.65 - - [14/Mar/2026:10:36:29 -0300] "GET /shop/predesign/acrocephalic13159505106.phtml HTTP/1.1" 404 2361 "-" "meta-externalagent/1.1 (+https://developers.facebook.com/docs/sharing/webmasters/crawler)" primemooca.online 216.172.172.98
57.141.2.65 - - [14/Mar/2026:10:36:29 -0300] "GET /shop/predesign/acrocephalic13159505106.phtml HTTP/2.0" 404 2361 "-" "meta-externalagent/1.1 (+https://developers.facebook.com/docs/sharing/webmasters/crawler)" primemooca.online 216.172.172.98
57.141.2.25 - - [14/Mar/2026:10:36:31 -0300] "GET /shop/bereft/obese162251647303.phtml HTTP/1.1" 404 2361 "-" "meta-externalagent/1.1 (+https://developers.facebook.com/docs/sharing/webmasters/crawler)" primemooca.online 216.172.172.98
57.141.2.25 - - [14/Mar/2026:10:36:31 -0300] "GET /shop/bereft/obese162251647303.phtml HTTP/2.0" 404 2361 "-" "meta-externalagent/1.1 (+https://developers.facebook.com/docs/sharing/webmasters/crawler)" primemooca.online 216.172.172.98
57.141.2.47 - - [14/Mar/2026:10:36:34 -0300] "GET /shop/ceruleous/spectroscopic174120958680.phtml HTTP/1.1" 404 2361 "-" "meta-externalagent/1.1 (+https://developers.facebook.com/docs/sharing/webmasters/crawler)" primemooca.online 216.172.172.98
57.141.2.47 - - [14/Mar/2026:10:36:34 -0300] "GET /shop/ceruleous/spectroscopic174120958680.phtml HTTP/2.0" 404 2361 "-" "meta-externalagent/1.1 (+https://developers.facebook.com/docs/sharing/webmasters/crawler)" primemooca.online 216.172.172.98
57.141.2.49 - - [14/Mar/2026:10:36:36 -0300] "GET /shop/consideringly/foolhardily124131472874.phtml HTTP/1.1" 404 2361 "-" "meta-externalagent/1.1 (+https://developers.facebook.com/docs/sharing/webmasters/crawler)" primemooca.online 216.172.172.98
57.141.2.49 - - [14/Mar/2026:10:36:36 -0300] "GET /shop/consideringly/foolhardily124131472874.phtml HTTP/2.0" 404 2361 "-" "meta-externalagent/1.1 (+https://developers.facebook.com/docs/sharing/webmasters/crawler)" primemooca.online 216.172.172.98
74.7.242.7 - - [14/Mar/2026:10:36:38 -0300] "GET /shop/transaudient/inhearsing161276052285.phtml HTTP/1.1" 404 836 "https://primemooca.online/sitemap-detail-2673.xml" "Mozilla/5.0 AppleWebKit/537.36 (KHTML, like Gecko; compatible; GPTBot/1.3; +https://openai.com/gptbot)" primemooca.online 216.172.172.98
74.7.242.7 - - [14/Mar/2026:10:36:38 -0300] "GET /shop/transaudient/inhearsing161276052285.phtml HTTP/2.0" 404 836 "https://primemooca.online/sitemap-detail-2673.xml" "Mozilla/5.0 AppleWebKit/537.36 (KHTML, like Gecko; compatible; GPTBot/1.3; +https://openai.com/gptbot)" primemooca.online 216.172.172.98
57.141.2.61 - - [14/Mar/2026:10:36:38 -0300] "GET /shop/acrylonitrile/celerity151260031915.phtml HTTP/1.1" 404 2361 "-" "meta-externalagent/1.1 (+https://developers.facebook.com/docs/sharing/webmasters/crawler)" primemooca.online 216.172.172.98
57.141.2.61 - - [14/Mar/2026:10:36:38 -0300] "GET /shop/acrylonitrile/celerity151260031915.phtml HTTP/2.0" 404 2361 "-" "meta-externalagent/1.1 (+https://developers.facebook.com/docs/sharing/webmasters/crawler)" primemooca.online 216.172.172.98
57.141.2.48 - - [14/Mar/2026:10:36:40 -0300] "GET /shop/artiodactyle/gusset172471569687.phtml HTTP/1.1" 404 2361 "-" "meta-externalagent/1.1 (+https://developers.facebook.com/docs/sharing/webmasters/crawler)" primemooca.online 216.172.172.98
57.141.2.48 - - [14/Mar/2026:10:36:40 -0300] "GET /shop/artiodactyle/gusset172471569687.phtml HTTP/2.0" 404 2361 "-" "meta-externalagent/1.1 (+https://developers.facebook.com/docs/sharing/webmasters/crawler)" primemooca.online 216.172.172.98
57.141.2.61 - - [14/Mar/2026:10:36:43 -0300] "GET /shop/feigner/anserine111108821985.phtml HTTP/1.1" 404 2361 "-" "meta-externalagent/1.1 (+https://developers.facebook.com/docs/sharing/webmasters/crawler)" primemooca.online 216.172.172.98
57.141.2.61 - - [14/Mar/2026:10:36:43 -0300] "GET /shop/feigner/anserine111108821985.phtml HTTP/2.0" 404 2361 "-" "meta-externalagent/1.1 (+https://developers.facebook.com/docs/sharing/webmasters/crawler)" primemooca.online 216.172.172.98
57.141.2.59 - - [14/Mar/2026:10:36:45 -0300] "GET /shop/chemotactic/stoicity123138758903.phtml HTTP/1.1" 404 2361 "-" "meta-externalagent/1.1 (+https://developers.facebook.com/docs/sharing/webmasters/crawler)" primemooca.online 216.172.172.98
57.141.2.59 - - [14/Mar/2026:10:36:45 -0300] "GET /shop/chemotactic/stoicity123138758903.phtml HTTP/2.0" 404 2361 "-" "meta-externalagent/1.1 (+https://developers.facebook.com/docs/sharing/webmasters/crawler)" primemooca.online 216.172.172.98
57.141.2.53 - - [14/Mar/2026:10:36:47 -0300] "GET /shop/quirk/priggish134003862800.phtml HTTP/1.1" 404 2361 "-" "meta-externalagent/1.1 (+https://developers.facebook.com/docs/sharing/webmasters/crawler)" primemooca.online 216.172.172.98
57.141.2.53 - - [14/Mar/2026:10:36:47 -0300] "GET /shop/quirk/priggish134003862800.phtml HTTP/2.0" 404 2361 "-" "meta-externalagent/1.1 (+https://developers.facebook.com/docs/sharing/webmasters/crawler)" primemooca.online 216.172.172.98
74.7.242.7 - - [14/Mar/2026:10:36:48 -0300] "GET /shop/dermostosis/carabineer162204470197.phtml HTTP/1.1" 404 836 "https://primemooca.online/sitemap-detail-2118.xml" "Mozilla/5.0 AppleWebKit/537.36 (KHTML, like Gecko; compatible; GPTBot/1.3; +https://openai.com/gptbot)" primemooca.online 216.172.172.98
74.7.242.7 - - [14/Mar/2026:10:36:48 -0300] "GET /shop/dermostosis/carabineer162204470197.phtml HTTP/2.0" 404 836 "https://primemooca.online/sitemap-detail-2118.xml" "Mozilla/5.0 AppleWebKit/537.36 (KHTML, like Gecko; compatible; GPTBot/1.3; +https://openai.com/gptbot)" primemooca.online 216.172.172.98
57.141.2.38 - - [14/Mar/2026:10:36:49 -0300] "GET /shop/uphoard/siphuncular113536324921.phtml HTTP/1.1" 404 2361 "-" "meta-externalagent/1.1 (+https://developers.facebook.com/docs/sharing/webmasters/crawler)" primemooca.online 216.172.172.98
57.141.2.38 - - [14/Mar/2026:10:36:49 -0300] "GET /shop/uphoard/siphuncular113536324921.phtml HTTP/2.0" 404 2361 "-" "meta-externalagent/1.1 (+https://developers.facebook.com/docs/sharing/webmasters/crawler)" primemooca.online 216.172.172.98
57.141.2.55 - - [14/Mar/2026:10:36:51 -0300] "GET /shop/scene/longitudinal132161765073.phtml HTTP/1.1" 404 2361 "-" "meta-externalagent/1.1 (+https://developers.facebook.com/docs/sharing/webmasters/crawler)" primemooca.online 216.172.172.98
57.141.2.55 - - [14/Mar/2026:10:36:51 -0300] "GET /shop/scene/longitudinal132161765073.phtml HTTP/2.0" 404 2361 "-" "meta-externalagent/1.1 (+https://developers.facebook.com/docs/sharing/webmasters/crawler)" primemooca.online 216.172.172.98
57.141.2.49 - - [14/Mar/2026:10:36:54 -0300] "GET /shop/sultanship/xylorcin151690877410.phtml HTTP/1.1" 404 2361 "-" "meta-externalagent/1.1 (+https://developers.facebook.com/docs/sharing/webmasters/crawler)" primemooca.online 216.172.172.98
57.141.2.49 - - [14/Mar/2026:10:36:54 -0300] "GET /shop/sultanship/xylorcin151690877410.phtml HTTP/2.0" 404 2361 "-" "meta-externalagent/1.1 (+https://developers.facebook.com/docs/sharing/webmasters/crawler)" primemooca.online 216.172.172.98
57.141.2.69 - - [14/Mar/2026:10:36:56 -0300] "GET /shop/fineness/sylvius153857322997.phtml HTTP/1.1" 404 2361 "-" "meta-externalagent/1.1 (+https://developers.facebook.com/docs/sharing/webmasters/crawler)" primemooca.online 216.172.172.98
57.141.2.69 - - [14/Mar/2026:10:36:56 -0300] "GET /shop/fineness/sylvius153857322997.phtml HTTP/2.0" 404 2361 "-" "meta-externalagent/1.1 (+https://developers.facebook.com/docs/sharing/webmasters/crawler)" primemooca.online 216.172.172.98
74.7.242.7 - - [14/Mar/2026:10:36:57 -0300] "GET /shop/statistically/enubilate162154067367.phtml HTTP/1.1" 404 836 "https://primemooca.online/sitemap-detail-2134.xml" "Mozilla/5.0 AppleWebKit/537.36 (KHTML, like Gecko; compatible; GPTBot/1.3; +https://openai.com/gptbot)" primemooca.online 216.172.172.98
74.7.242.7 - - [14/Mar/2026:10:36:57 -0300] "GET /shop/statistically/enubilate162154067367.phtml HTTP/2.0" 404 836 "https://primemooca.online/sitemap-detail-2134.xml" "Mozilla/5.0 AppleWebKit/537.36 (KHTML, like Gecko; compatible; GPTBot/1.3; +https://openai.com/gptbot)" primemooca.online 216.172.172.98
