57.141.2.69 - - [14/Mar/2026:09:46:25 -0300] "GET /shop/creamfruit/serranoid111425902717.phtml HTTP/1.1" 404 2361 "-" "meta-externalagent/1.1 (+https://developers.facebook.com/docs/sharing/webmasters/crawler)" primemooca.online 216.172.172.98
57.141.2.69 - - [14/Mar/2026:09:46:25 -0300] "GET /shop/creamfruit/serranoid111425902717.phtml HTTP/2.0" 404 2361 "-" "meta-externalagent/1.1 (+https://developers.facebook.com/docs/sharing/webmasters/crawler)" primemooca.online 216.172.172.98
57.141.2.9 - - [14/Mar/2026:09:46:27 -0300] "GET /shop/eudialyte/tenonitis134063005184.phtml HTTP/1.1" 404 2361 "-" "meta-externalagent/1.1 (+https://developers.facebook.com/docs/sharing/webmasters/crawler)" primemooca.online 216.172.172.98
57.141.2.9 - - [14/Mar/2026:09:46:27 -0300] "GET /shop/eudialyte/tenonitis134063005184.phtml HTTP/2.0" 404 2361 "-" "meta-externalagent/1.1 (+https://developers.facebook.com/docs/sharing/webmasters/crawler)" primemooca.online 216.172.172.98
74.7.242.7 - - [14/Mar/2026:09:46:29 -0300] "GET /shop/phonocamptic/wealthier162494310065.phtml HTTP/1.1" 404 836 "https://primemooca.online/sitemap-detail-1633.xml" "Mozilla/5.0 AppleWebKit/537.36 (KHTML, like Gecko; compatible; GPTBot/1.3; +https://openai.com/gptbot)" primemooca.online 216.172.172.98
74.7.242.7 - - [14/Mar/2026:09:46:29 -0300] "GET /shop/phonocamptic/wealthier162494310065.phtml HTTP/2.0" 404 836 "https://primemooca.online/sitemap-detail-1633.xml" "Mozilla/5.0 AppleWebKit/537.36 (KHTML, like Gecko; compatible; GPTBot/1.3; +https://openai.com/gptbot)" primemooca.online 216.172.172.98
57.141.2.8 - - [14/Mar/2026:09:46:29 -0300] "GET /shop/coating/janizar114074329766.phtml HTTP/1.1" 404 2361 "-" "meta-externalagent/1.1 (+https://developers.facebook.com/docs/sharing/webmasters/crawler)" primemooca.online 216.172.172.98
57.141.2.8 - - [14/Mar/2026:09:46:29 -0300] "GET /shop/coating/janizar114074329766.phtml HTTP/2.0" 404 2361 "-" "meta-externalagent/1.1 (+https://developers.facebook.com/docs/sharing/webmasters/crawler)" primemooca.online 216.172.172.98
57.141.2.41 - - [14/Mar/2026:09:46:31 -0300] "GET /shop/anomalopteryx/prefect112577711726.phtml HTTP/1.1" 404 2361 "-" "meta-externalagent/1.1 (+https://developers.facebook.com/docs/sharing/webmasters/crawler)" primemooca.online 216.172.172.98
57.141.2.41 - - [14/Mar/2026:09:46:31 -0300] "GET /shop/anomalopteryx/prefect112577711726.phtml HTTP/2.0" 404 2361 "-" "meta-externalagent/1.1 (+https://developers.facebook.com/docs/sharing/webmasters/crawler)" primemooca.online 216.172.172.98
57.141.2.17 - - [14/Mar/2026:09:46:34 -0300] "GET /shop/leucostegia/microgeological173387061889.phtml HTTP/1.1" 404 2361 "-" "meta-externalagent/1.1 (+https://developers.facebook.com/docs/sharing/webmasters/crawler)" primemooca.online 216.172.172.98
57.141.2.17 - - [14/Mar/2026:09:46:34 -0300] "GET /shop/leucostegia/microgeological173387061889.phtml HTTP/2.0" 404 2361 "-" "meta-externalagent/1.1 (+https://developers.facebook.com/docs/sharing/webmasters/crawler)" primemooca.online 216.172.172.98
57.141.2.25 - - [14/Mar/2026:09:46:36 -0300] "GET /shop/oreodaphne/commigration172844138144.phtml HTTP/1.1" 404 2361 "-" "meta-externalagent/1.1 (+https://developers.facebook.com/docs/sharing/webmasters/crawler)" primemooca.online 216.172.172.98
57.141.2.25 - - [14/Mar/2026:09:46:36 -0300] "GET /shop/oreodaphne/commigration172844138144.phtml HTTP/2.0" 404 2361 "-" "meta-externalagent/1.1 (+https://developers.facebook.com/docs/sharing/webmasters/crawler)" primemooca.online 216.172.172.98
74.7.242.7 - - [14/Mar/2026:09:46:38 -0300] "GET /shop/soboliferous/breastwork161015127376.phtml HTTP/1.1" 404 836 "https://primemooca.online/sitemap-detail-1509.xml" "Mozilla/5.0 AppleWebKit/537.36 (KHTML, like Gecko; compatible; GPTBot/1.3; +https://openai.com/gptbot)" primemooca.online 216.172.172.98
74.7.242.7 - - [14/Mar/2026:09:46:38 -0300] "GET /shop/soboliferous/breastwork161015127376.phtml HTTP/2.0" 404 836 "https://primemooca.online/sitemap-detail-1509.xml" "Mozilla/5.0 AppleWebKit/537.36 (KHTML, like Gecko; compatible; GPTBot/1.3; +https://openai.com/gptbot)" primemooca.online 216.172.172.98
57.141.2.52 - - [14/Mar/2026:09:46:38 -0300] "GET /shop/crowstep/salamandroidea113347387469.phtml HTTP/1.1" 404 2361 "-" "meta-externalagent/1.1 (+https://developers.facebook.com/docs/sharing/webmasters/crawler)" primemooca.online 216.172.172.98
57.141.2.52 - - [14/Mar/2026:09:46:38 -0300] "GET /shop/crowstep/salamandroidea113347387469.phtml HTTP/2.0" 404 2361 "-" "meta-externalagent/1.1 (+https://developers.facebook.com/docs/sharing/webmasters/crawler)" primemooca.online 216.172.172.98
57.141.2.49 - - [14/Mar/2026:09:46:40 -0300] "GET /shop/quinquarticular/stoechiology154226562177.phtml HTTP/1.1" 404 2361 "-" "meta-externalagent/1.1 (+https://developers.facebook.com/docs/sharing/webmasters/crawler)" primemooca.online 216.172.172.98
57.141.2.49 - - [14/Mar/2026:09:46:40 -0300] "GET /shop/quinquarticular/stoechiology154226562177.phtml HTTP/2.0" 404 2361 "-" "meta-externalagent/1.1 (+https://developers.facebook.com/docs/sharing/webmasters/crawler)" primemooca.online 216.172.172.98
57.141.2.40 - - [14/Mar/2026:09:46:42 -0300] "GET /shop/multiplying/spectroscopical131827082390.phtml HTTP/1.1" 404 2361 "-" "meta-externalagent/1.1 (+https://developers.facebook.com/docs/sharing/webmasters/crawler)" primemooca.online 216.172.172.98
57.141.2.40 - - [14/Mar/2026:09:46:42 -0300] "GET /shop/multiplying/spectroscopical131827082390.phtml HTTP/2.0" 404 2361 "-" "meta-externalagent/1.1 (+https://developers.facebook.com/docs/sharing/webmasters/crawler)" primemooca.online 216.172.172.98
57.141.2.48 - - [14/Mar/2026:09:46:44 -0300] "GET /shop/glandulation/examined142296759642.phtml HTTP/1.1" 404 2361 "-" "meta-externalagent/1.1 (+https://developers.facebook.com/docs/sharing/webmasters/crawler)" primemooca.online 216.172.172.98
57.141.2.48 - - [14/Mar/2026:09:46:44 -0300] "GET /shop/glandulation/examined142296759642.phtml HTTP/2.0" 404 2361 "-" "meta-externalagent/1.1 (+https://developers.facebook.com/docs/sharing/webmasters/crawler)" primemooca.online 216.172.172.98
57.141.2.46 - - [14/Mar/2026:09:46:47 -0300] "GET /shop/statuaries/sooty114213938346.phtml HTTP/1.1" 404 2361 "-" "meta-externalagent/1.1 (+https://developers.facebook.com/docs/sharing/webmasters/crawler)" primemooca.online 216.172.172.98
57.141.2.46 - - [14/Mar/2026:09:46:47 -0300] "GET /shop/statuaries/sooty114213938346.phtml HTTP/2.0" 404 2361 "-" "meta-externalagent/1.1 (+https://developers.facebook.com/docs/sharing/webmasters/crawler)" primemooca.online 216.172.172.98
74.7.242.7 - - [14/Mar/2026:09:46:47 -0300] "GET /shop/bedraggled/crackleware163706820311.phtml HTTP/1.1" 404 836 "https://primemooca.online/sitemap-detail-2240.xml" "Mozilla/5.0 AppleWebKit/537.36 (KHTML, like Gecko; compatible; GPTBot/1.3; +https://openai.com/gptbot)" primemooca.online 216.172.172.98
74.7.242.7 - - [14/Mar/2026:09:46:47 -0300] "GET /shop/bedraggled/crackleware163706820311.phtml HTTP/2.0" 404 836 "https://primemooca.online/sitemap-detail-2240.xml" "Mozilla/5.0 AppleWebKit/537.36 (KHTML, like Gecko; compatible; GPTBot/1.3; +https://openai.com/gptbot)" primemooca.online 216.172.172.98
57.141.2.35 - - [14/Mar/2026:09:46:49 -0300] "GET /shop/glassworks/unchristened12344862224.phtml HTTP/1.1" 404 2361 "-" "meta-externalagent/1.1 (+https://developers.facebook.com/docs/sharing/webmasters/crawler)" primemooca.online 216.172.172.98
57.141.2.35 - - [14/Mar/2026:09:46:49 -0300] "GET /shop/glassworks/unchristened12344862224.phtml HTTP/2.0" 404 2361 "-" "meta-externalagent/1.1 (+https://developers.facebook.com/docs/sharing/webmasters/crawler)" primemooca.online 216.172.172.98
57.141.2.20 - - [14/Mar/2026:09:46:51 -0300] "GET /shop/selfworship/facade163955036638.phtml HTTP/1.1" 404 2361 "-" "meta-externalagent/1.1 (+https://developers.facebook.com/docs/sharing/webmasters/crawler)" primemooca.online 216.172.172.98
57.141.2.20 - - [14/Mar/2026:09:46:51 -0300] "GET /shop/selfworship/facade163955036638.phtml HTTP/2.0" 404 2361 "-" "meta-externalagent/1.1 (+https://developers.facebook.com/docs/sharing/webmasters/crawler)" primemooca.online 216.172.172.98
57.141.2.64 - - [14/Mar/2026:09:46:54 -0300] "GET /shop/nidificate/pedestrianizing113679946532.phtml HTTP/1.1" 404 2361 "-" "meta-externalagent/1.1 (+https://developers.facebook.com/docs/sharing/webmasters/crawler)" primemooca.online 216.172.172.98
57.141.2.64 - - [14/Mar/2026:09:46:54 -0300] "GET /shop/nidificate/pedestrianizing113679946532.phtml HTTP/2.0" 404 2361 "-" "meta-externalagent/1.1 (+https://developers.facebook.com/docs/sharing/webmasters/crawler)" primemooca.online 216.172.172.98
57.141.2.47 - - [14/Mar/2026:09:46:56 -0300] "GET /shop/railroad/larboard153395301322.phtml HTTP/1.1" 404 2361 "-" "meta-externalagent/1.1 (+https://developers.facebook.com/docs/sharing/webmasters/crawler)" primemooca.online 216.172.172.98
57.141.2.47 - - [14/Mar/2026:09:46:56 -0300] "GET /shop/railroad/larboard153395301322.phtml HTTP/2.0" 404 2361 "-" "meta-externalagent/1.1 (+https://developers.facebook.com/docs/sharing/webmasters/crawler)" primemooca.online 216.172.172.98
74.7.242.7 - - [14/Mar/2026:09:46:56 -0300] "GET /shop/chasteness/deracinating162317475521.phtml HTTP/2.0" 404 836 "https://primemooca.online/sitemap-detail-2517.xml" "Mozilla/5.0 AppleWebKit/537.36 (KHTML, like Gecko; compatible; GPTBot/1.3; +https://openai.com/gptbot)" primemooca.online 216.172.172.98
74.7.242.7 - - [14/Mar/2026:09:46:56 -0300] "GET /shop/chasteness/deracinating162317475521.phtml HTTP/1.1" 404 836 "https://primemooca.online/sitemap-detail-2517.xml" "Mozilla/5.0 AppleWebKit/537.36 (KHTML, like Gecko; compatible; GPTBot/1.3; +https://openai.com/gptbot)" primemooca.online 216.172.172.98
57.141.2.9 - - [14/Mar/2026:09:46:58 -0300] "GET /shop/aggregating/edifying133580919154.phtml HTTP/1.1" 404 2361 "-" "meta-externalagent/1.1 (+https://developers.facebook.com/docs/sharing/webmasters/crawler)" primemooca.online 216.172.172.98
57.141.2.9 - - [14/Mar/2026:09:46:58 -0300] "GET /shop/aggregating/edifying133580919154.phtml HTTP/2.0" 404 2361 "-" "meta-externalagent/1.1 (+https://developers.facebook.com/docs/sharing/webmasters/crawler)" primemooca.online 216.172.172.98
57.141.2.66 - - [14/Mar/2026:09:47:00 -0300] "GET /shop/independentism/verruculose124012867812.phtml HTTP/1.1" 404 2361 "-" "meta-externalagent/1.1 (+https://developers.facebook.com/docs/sharing/webmasters/crawler)" primemooca.online 216.172.172.98
57.141.2.66 - - [14/Mar/2026:09:47:00 -0300] "GET /shop/independentism/verruculose124012867812.phtml HTTP/2.0" 404 2361 "-" "meta-externalagent/1.1 (+https://developers.facebook.com/docs/sharing/webmasters/crawler)" primemooca.online 216.172.172.98
57.141.2.17 - - [14/Mar/2026:09:47:02 -0300] "GET /shop/synchronistic/vility16671360708.phtml HTTP/1.1" 404 2361 "-" "meta-externalagent/1.1 (+https://developers.facebook.com/docs/sharing/webmasters/crawler)" primemooca.online 216.172.172.98
57.141.2.17 - - [14/Mar/2026:09:47:02 -0300] "GET /shop/synchronistic/vility16671360708.phtml HTTP/2.0" 404 2361 "-" "meta-externalagent/1.1 (+https://developers.facebook.com/docs/sharing/webmasters/crawler)" primemooca.online 216.172.172.98
57.141.2.63 - - [14/Mar/2026:09:47:05 -0300] "GET /shop/recombine/hissingly132604459137.phtml HTTP/1.1" 404 2361 "-" "meta-externalagent/1.1 (+https://developers.facebook.com/docs/sharing/webmasters/crawler)" primemooca.online 216.172.172.98
57.141.2.63 - - [14/Mar/2026:09:47:05 -0300] "GET /shop/recombine/hissingly132604459137.phtml HTTP/2.0" 404 2361 "-" "meta-externalagent/1.1 (+https://developers.facebook.com/docs/sharing/webmasters/crawler)" primemooca.online 216.172.172.98
74.7.242.7 - - [14/Mar/2026:09:47:05 -0300] "GET /shop/interrogationis/eucalyn162122767559.phtml HTTP/1.1" 404 836 "https://primemooca.online/sitemap-detail-1633.xml" "Mozilla/5.0 AppleWebKit/537.36 (KHTML, like Gecko; compatible; GPTBot/1.3; +https://openai.com/gptbot)" primemooca.online 216.172.172.98
74.7.242.7 - - [14/Mar/2026:09:47:05 -0300] "GET /shop/interrogationis/eucalyn162122767559.phtml HTTP/2.0" 404 836 "https://primemooca.online/sitemap-detail-1633.xml" "Mozilla/5.0 AppleWebKit/537.36 (KHTML, like Gecko; compatible; GPTBot/1.3; +https://openai.com/gptbot)" primemooca.online 216.172.172.98
57.141.2.49 - - [14/Mar/2026:09:47:07 -0300] "GET /shop/excise/snipped171879161796.phtml HTTP/1.1" 404 2361 "-" "meta-externalagent/1.1 (+https://developers.facebook.com/docs/sharing/webmasters/crawler)" primemooca.online 216.172.172.98
57.141.2.49 - - [14/Mar/2026:09:47:07 -0300] "GET /shop/excise/snipped171879161796.phtml HTTP/2.0" 404 2361 "-" "meta-externalagent/1.1 (+https://developers.facebook.com/docs/sharing/webmasters/crawler)" primemooca.online 216.172.172.98
57.141.2.17 - - [14/Mar/2026:09:47:09 -0300] "GET /shop/shaggy/thermotics121280321590.phtml HTTP/1.1" 404 2361 "-" "meta-externalagent/1.1 (+https://developers.facebook.com/docs/sharing/webmasters/crawler)" primemooca.online 216.172.172.98
57.141.2.17 - - [14/Mar/2026:09:47:09 -0300] "GET /shop/shaggy/thermotics121280321590.phtml HTTP/2.0" 404 2361 "-" "meta-externalagent/1.1 (+https://developers.facebook.com/docs/sharing/webmasters/crawler)" primemooca.online 216.172.172.98
57.141.2.11 - - [14/Mar/2026:09:47:11 -0300] "GET /shop/laffer/amarantaceous112440089963.phtml HTTP/1.1" 404 2361 "-" "meta-externalagent/1.1 (+https://developers.facebook.com/docs/sharing/webmasters/crawler)" primemooca.online 216.172.172.98
57.141.2.11 - - [14/Mar/2026:09:47:11 -0300] "GET /shop/laffer/amarantaceous112440089963.phtml HTTP/2.0" 404 2361 "-" "meta-externalagent/1.1 (+https://developers.facebook.com/docs/sharing/webmasters/crawler)" primemooca.online 216.172.172.98
57.141.2.29 - - [14/Mar/2026:09:47:13 -0300] "GET /shop/amphicerus/inevitability171704885012.phtml HTTP/1.1" 404 2361 "-" "meta-externalagent/1.1 (+https://developers.facebook.com/docs/sharing/webmasters/crawler)" primemooca.online 216.172.172.98
57.141.2.29 - - [14/Mar/2026:09:47:13 -0300] "GET /shop/amphicerus/inevitability171704885012.phtml HTTP/2.0" 404 2361 "-" "meta-externalagent/1.1 (+https://developers.facebook.com/docs/sharing/webmasters/crawler)" primemooca.online 216.172.172.98
74.7.242.7 - - [14/Mar/2026:09:47:15 -0300] "GET /shop/anguillidae/circumciser161287179898.phtml HTTP/1.1" 404 836 "https://primemooca.online/sitemap-detail-2459.xml" "Mozilla/5.0 AppleWebKit/537.36 (KHTML, like Gecko; compatible; GPTBot/1.3; +https://openai.com/gptbot)" primemooca.online 216.172.172.98
74.7.242.7 - - [14/Mar/2026:09:47:14 -0300] "GET /shop/anguillidae/circumciser161287179898.phtml HTTP/2.0" 404 836 "https://primemooca.online/sitemap-detail-2459.xml" "Mozilla/5.0 AppleWebKit/537.36 (KHTML, like Gecko; compatible; GPTBot/1.3; +https://openai.com/gptbot)" primemooca.online 216.172.172.98
57.141.2.59 - - [14/Mar/2026:09:47:16 -0300] "GET /shop/susurrus/conducibleness13574554197.phtml HTTP/1.1" 404 2361 "-" "meta-externalagent/1.1 (+https://developers.facebook.com/docs/sharing/webmasters/crawler)" primemooca.online 216.172.172.98
57.141.2.59 - - [14/Mar/2026:09:47:16 -0300] "GET /shop/susurrus/conducibleness13574554197.phtml HTTP/2.0" 404 2361 "-" "meta-externalagent/1.1 (+https://developers.facebook.com/docs/sharing/webmasters/crawler)" primemooca.online 216.172.172.98
57.141.2.18 - - [14/Mar/2026:09:47:18 -0300] "GET /shop/perfumer/impalpable173451099647.phtml HTTP/1.1" 404 2361 "-" "meta-externalagent/1.1 (+https://developers.facebook.com/docs/sharing/webmasters/crawler)" primemooca.online 216.172.172.98
57.141.2.18 - - [14/Mar/2026:09:47:18 -0300] "GET /shop/perfumer/impalpable173451099647.phtml HTTP/2.0" 404 2361 "-" "meta-externalagent/1.1 (+https://developers.facebook.com/docs/sharing/webmasters/crawler)" primemooca.online 216.172.172.98
57.141.2.3 - - [14/Mar/2026:09:47:20 -0300] "GET /shop/acyonaria/atticum162790372306.phtml HTTP/1.1" 404 2361 "-" "meta-externalagent/1.1 (+https://developers.facebook.com/docs/sharing/webmasters/crawler)" primemooca.online 216.172.172.98
57.141.2.3 - - [14/Mar/2026:09:47:20 -0300] "GET /shop/acyonaria/atticum162790372306.phtml HTTP/2.0" 404 2361 "-" "meta-externalagent/1.1 (+https://developers.facebook.com/docs/sharing/webmasters/crawler)" primemooca.online 216.172.172.98
57.141.2.45 - - [14/Mar/2026:09:47:22 -0300] "GET /shop/coursed/spicewood14799267345.phtml HTTP/1.1" 404 2361 "-" "meta-externalagent/1.1 (+https://developers.facebook.com/docs/sharing/webmasters/crawler)" primemooca.online 216.172.172.98
57.141.2.45 - - [14/Mar/2026:09:47:22 -0300] "GET /shop/coursed/spicewood14799267345.phtml HTTP/2.0" 404 2361 "-" "meta-externalagent/1.1 (+https://developers.facebook.com/docs/sharing/webmasters/crawler)" primemooca.online 216.172.172.98
74.7.242.7 - - [14/Mar/2026:09:47:24 -0300] "GET /shop/norbertine/inquisitively163159506377.phtml HTTP/1.1" 404 836 "https://primemooca.online/sitemap-detail-2500.xml" "Mozilla/5.0 AppleWebKit/537.36 (KHTML, like Gecko; compatible; GPTBot/1.3; +https://openai.com/gptbot)" primemooca.online 216.172.172.98
74.7.242.7 - - [14/Mar/2026:09:47:24 -0300] "GET /shop/norbertine/inquisitively163159506377.phtml HTTP/2.0" 404 836 "https://primemooca.online/sitemap-detail-2500.xml" "Mozilla/5.0 AppleWebKit/537.36 (KHTML, like Gecko; compatible; GPTBot/1.3; +https://openai.com/gptbot)" primemooca.online 216.172.172.98
57.141.2.42 - - [14/Mar/2026:09:47:25 -0300] "GET /shop/homeopathically/bastinadoes16335908438.phtml HTTP/1.1" 404 2361 "-" "meta-externalagent/1.1 (+https://developers.facebook.com/docs/sharing/webmasters/crawler)" primemooca.online 216.172.172.98
57.141.2.42 - - [14/Mar/2026:09:47:25 -0300] "GET /shop/homeopathically/bastinadoes16335908438.phtml HTTP/2.0" 404 2361 "-" "meta-externalagent/1.1 (+https://developers.facebook.com/docs/sharing/webmasters/crawler)" primemooca.online 216.172.172.98
57.141.2.16 - - [14/Mar/2026:09:47:27 -0300] "GET /shop/nevadan/adjectiving168976387.phtml HTTP/1.1" 404 2361 "-" "meta-externalagent/1.1 (+https://developers.facebook.com/docs/sharing/webmasters/crawler)" primemooca.online 216.172.172.98
57.141.2.16 - - [14/Mar/2026:09:47:27 -0300] "GET /shop/nevadan/adjectiving168976387.phtml HTTP/2.0" 404 2361 "-" "meta-externalagent/1.1 (+https://developers.facebook.com/docs/sharing/webmasters/crawler)" primemooca.online 216.172.172.98
57.141.2.29 - - [14/Mar/2026:09:47:29 -0300] "GET /shop/reniformis/utopist132656163946.phtml HTTP/1.1" 404 2361 "-" "meta-externalagent/1.1 (+https://developers.facebook.com/docs/sharing/webmasters/crawler)" primemooca.online 216.172.172.98
57.141.2.29 - - [14/Mar/2026:09:47:29 -0300] "GET /shop/reniformis/utopist132656163946.phtml HTTP/2.0" 404 2361 "-" "meta-externalagent/1.1 (+https://developers.facebook.com/docs/sharing/webmasters/crawler)" primemooca.online 216.172.172.98
57.141.2.56 - - [14/Mar/2026:09:47:31 -0300] "GET /shop/secretion/unites132293719100.phtml HTTP/1.1" 404 2361 "-" "meta-externalagent/1.1 (+https://developers.facebook.com/docs/sharing/webmasters/crawler)" primemooca.online 216.172.172.98
57.141.2.56 - - [14/Mar/2026:09:47:31 -0300] "GET /shop/secretion/unites132293719100.phtml HTTP/2.0" 404 2361 "-" "meta-externalagent/1.1 (+https://developers.facebook.com/docs/sharing/webmasters/crawler)" primemooca.online 216.172.172.98
57.141.2.23 - - [14/Mar/2026:09:47:33 -0300] "GET /shop/historian/lantanuric17844582780.phtml HTTP/1.1" 404 2361 "-" "meta-externalagent/1.1 (+https://developers.facebook.com/docs/sharing/webmasters/crawler)" primemooca.online 216.172.172.98
57.141.2.23 - - [14/Mar/2026:09:47:33 -0300] "GET /shop/historian/lantanuric17844582780.phtml HTTP/2.0" 404 2361 "-" "meta-externalagent/1.1 (+https://developers.facebook.com/docs/sharing/webmasters/crawler)" primemooca.online 216.172.172.98
74.7.242.7 - - [14/Mar/2026:09:47:33 -0300] "GET /shop/recently/pseudocapsicum163536591458.phtml HTTP/1.1" 404 836 "https://primemooca.online/sitemap-detail-2637.xml" "Mozilla/5.0 AppleWebKit/537.36 (KHTML, like Gecko; compatible; GPTBot/1.3; +https://openai.com/gptbot)" primemooca.online 216.172.172.98
74.7.242.7 - - [14/Mar/2026:09:47:33 -0300] "GET /shop/recently/pseudocapsicum163536591458.phtml HTTP/2.0" 404 836 "https://primemooca.online/sitemap-detail-2637.xml" "Mozilla/5.0 AppleWebKit/537.36 (KHTML, like Gecko; compatible; GPTBot/1.3; +https://openai.com/gptbot)" primemooca.online 216.172.172.98
57.141.2.70 - - [14/Mar/2026:09:47:36 -0300] "GET /shop/speechifying/masquinongy16183700522.phtml HTTP/1.1" 404 2361 "-" "meta-externalagent/1.1 (+https://developers.facebook.com/docs/sharing/webmasters/crawler)" primemooca.online 216.172.172.98
57.141.2.70 - - [14/Mar/2026:09:47:36 -0300] "GET /shop/speechifying/masquinongy16183700522.phtml HTTP/2.0" 404 2361 "-" "meta-externalagent/1.1 (+https://developers.facebook.com/docs/sharing/webmasters/crawler)" primemooca.online 216.172.172.98
57.141.2.69 - - [14/Mar/2026:09:47:38 -0300] "GET /shop/sauciest/grape12234652623.phtml HTTP/1.1" 404 2361 "-" "meta-externalagent/1.1 (+https://developers.facebook.com/docs/sharing/webmasters/crawler)" primemooca.online 216.172.172.98
57.141.2.69 - - [14/Mar/2026:09:47:38 -0300] "GET /shop/sauciest/grape12234652623.phtml HTTP/2.0" 404 2361 "-" "meta-externalagent/1.1 (+https://developers.facebook.com/docs/sharing/webmasters/crawler)" primemooca.online 216.172.172.98
57.141.2.43 - - [14/Mar/2026:09:47:40 -0300] "GET /shop/avocet/equirotal172382453851.phtml HTTP/1.1" 404 2361 "-" "meta-externalagent/1.1 (+https://developers.facebook.com/docs/sharing/webmasters/crawler)" primemooca.online 216.172.172.98
57.141.2.43 - - [14/Mar/2026:09:47:40 -0300] "GET /shop/avocet/equirotal172382453851.phtml HTTP/2.0" 404 2361 "-" "meta-externalagent/1.1 (+https://developers.facebook.com/docs/sharing/webmasters/crawler)" primemooca.online 216.172.172.98
57.141.2.22 - - [14/Mar/2026:09:47:42 -0300] "GET /shop/catamite/damnatory14127351869.phtml HTTP/1.1" 404 2361 "-" "meta-externalagent/1.1 (+https://developers.facebook.com/docs/sharing/webmasters/crawler)" primemooca.online 216.172.172.98
57.141.2.22 - - [14/Mar/2026:09:47:42 -0300] "GET /shop/catamite/damnatory14127351869.phtml HTTP/2.0" 404 2361 "-" "meta-externalagent/1.1 (+https://developers.facebook.com/docs/sharing/webmasters/crawler)" primemooca.online 216.172.172.98
74.7.242.7 - - [14/Mar/2026:09:47:43 -0300] "GET /shop/heterologous/australize163762479302.phtml HTTP/1.1" 404 836 "https://primemooca.online/sitemap-detail-1190.xml" "Mozilla/5.0 AppleWebKit/537.36 (KHTML, like Gecko; compatible; GPTBot/1.3; +https://openai.com/gptbot)" primemooca.online 216.172.172.98
74.7.242.7 - - [14/Mar/2026:09:47:43 -0300] "GET /shop/heterologous/australize163762479302.phtml HTTP/2.0" 404 836 "https://primemooca.online/sitemap-detail-1190.xml" "Mozilla/5.0 AppleWebKit/537.36 (KHTML, like Gecko; compatible; GPTBot/1.3; +https://openai.com/gptbot)" primemooca.online 216.172.172.98
57.141.2.66 - - [14/Mar/2026:09:47:45 -0300] "GET /shop/ingenie/laymen121324902082.phtml HTTP/1.1" 404 2361 "-" "meta-externalagent/1.1 (+https://developers.facebook.com/docs/sharing/webmasters/crawler)" primemooca.online 216.172.172.98
57.141.2.66 - - [14/Mar/2026:09:47:45 -0300] "GET /shop/ingenie/laymen121324902082.phtml HTTP/2.0" 404 2361 "-" "meta-externalagent/1.1 (+https://developers.facebook.com/docs/sharing/webmasters/crawler)" primemooca.online 216.172.172.98
57.141.2.55 - - [14/Mar/2026:09:47:47 -0300] "GET /shop/disembowered/kivikivi153192937150.phtml HTTP/1.1" 404 2361 "-" "meta-externalagent/1.1 (+https://developers.facebook.com/docs/sharing/webmasters/crawler)" primemooca.online 216.172.172.98
57.141.2.55 - - [14/Mar/2026:09:47:47 -0300] "GET /shop/disembowered/kivikivi153192937150.phtml HTTP/2.0" 404 2361 "-" "meta-externalagent/1.1 (+https://developers.facebook.com/docs/sharing/webmasters/crawler)" primemooca.online 216.172.172.98
57.141.2.6 - - [14/Mar/2026:09:47:49 -0300] "GET /shop/simblot/referendum162690480483.phtml HTTP/1.1" 404 2361 "-" "meta-externalagent/1.1 (+https://developers.facebook.com/docs/sharing/webmasters/crawler)" primemooca.online 216.172.172.98
57.141.2.6 - - [14/Mar/2026:09:47:49 -0300] "GET /shop/simblot/referendum162690480483.phtml HTTP/2.0" 404 2361 "-" "meta-externalagent/1.1 (+https://developers.facebook.com/docs/sharing/webmasters/crawler)" primemooca.online 216.172.172.98
57.141.2.43 - - [14/Mar/2026:09:47:51 -0300] "GET /shop/anthelmia/hypostoma131572899733.phtml HTTP/1.1" 404 2361 "-" "meta-externalagent/1.1 (+https://developers.facebook.com/docs/sharing/webmasters/crawler)" primemooca.online 216.172.172.98
57.141.2.43 - - [14/Mar/2026:09:47:51 -0300] "GET /shop/anthelmia/hypostoma131572899733.phtml HTTP/2.0" 404 2361 "-" "meta-externalagent/1.1 (+https://developers.facebook.com/docs/sharing/webmasters/crawler)" primemooca.online 216.172.172.98
74.7.242.7 - - [14/Mar/2026:09:47:53 -0300] "GET /shop/dasyurine/seneschalship162674526331.phtml HTTP/1.1" 404 836 "https://primemooca.online/sitemap-detail-1918.xml" "Mozilla/5.0 AppleWebKit/537.36 (KHTML, like Gecko; compatible; GPTBot/1.3; +https://openai.com/gptbot)" primemooca.online 216.172.172.98
74.7.242.7 - - [14/Mar/2026:09:47:53 -0300] "GET /shop/dasyurine/seneschalship162674526331.phtml HTTP/2.0" 404 836 "https://primemooca.online/sitemap-detail-1918.xml" "Mozilla/5.0 AppleWebKit/537.36 (KHTML, like Gecko; compatible; GPTBot/1.3; +https://openai.com/gptbot)" primemooca.online 216.172.172.98
57.141.2.8 - - [14/Mar/2026:09:47:53 -0300] "GET /shop/daimios/dernful123832515702.phtml HTTP/1.1" 404 2361 "-" "meta-externalagent/1.1 (+https://developers.facebook.com/docs/sharing/webmasters/crawler)" primemooca.online 216.172.172.98
57.141.2.8 - - [14/Mar/2026:09:47:53 -0300] "GET /shop/daimios/dernful123832515702.phtml HTTP/2.0" 404 2361 "-" "meta-externalagent/1.1 (+https://developers.facebook.com/docs/sharing/webmasters/crawler)" primemooca.online 216.172.172.98
57.141.2.46 - - [14/Mar/2026:09:47:56 -0300] "GET /shop/deflorate/defense17323255808.phtml HTTP/1.1" 404 2361 "-" "meta-externalagent/1.1 (+https://developers.facebook.com/docs/sharing/webmasters/crawler)" primemooca.online 216.172.172.98
57.141.2.46 - - [14/Mar/2026:09:47:56 -0300] "GET /shop/deflorate/defense17323255808.phtml HTTP/2.0" 404 2361 "-" "meta-externalagent/1.1 (+https://developers.facebook.com/docs/sharing/webmasters/crawler)" primemooca.online 216.172.172.98
57.141.2.69 - - [14/Mar/2026:09:47:58 -0300] "GET /shop/debarment/hodmandod17812394978.phtml HTTP/1.1" 404 2361 "-" "meta-externalagent/1.1 (+https://developers.facebook.com/docs/sharing/webmasters/crawler)" primemooca.online 216.172.172.98
57.141.2.69 - - [14/Mar/2026:09:47:58 -0300] "GET /shop/debarment/hodmandod17812394978.phtml HTTP/2.0" 404 2361 "-" "meta-externalagent/1.1 (+https://developers.facebook.com/docs/sharing/webmasters/crawler)" primemooca.online 216.172.172.98
57.141.2.49 - - [14/Mar/2026:09:48:00 -0300] "GET /shop/shude/murinus15933571782.phtml HTTP/1.1" 404 2361 "-" "meta-externalagent/1.1 (+https://developers.facebook.com/docs/sharing/webmasters/crawler)" primemooca.online 216.172.172.98
57.141.2.49 - - [14/Mar/2026:09:48:00 -0300] "GET /shop/shude/murinus15933571782.phtml HTTP/2.0" 404 2361 "-" "meta-externalagent/1.1 (+https://developers.facebook.com/docs/sharing/webmasters/crawler)" primemooca.online 216.172.172.98
74.7.242.7 - - [14/Mar/2026:09:48:02 -0300] "GET /shop/demonstrably/aggravative161367857166.phtml HTTP/1.1" 404 836 "https://primemooca.online/sitemap-detail-1244.xml" "Mozilla/5.0 AppleWebKit/537.36 (KHTML, like Gecko; compatible; GPTBot/1.3; +https://openai.com/gptbot)" primemooca.online 216.172.172.98
57.141.2.20 - - [14/Mar/2026:09:48:02 -0300] "GET /shop/spinispirulate/lovelily16486484094.phtml HTTP/1.1" 404 2361 "-" "meta-externalagent/1.1 (+https://developers.facebook.com/docs/sharing/webmasters/crawler)" primemooca.online 216.172.172.98
74.7.242.7 - - [14/Mar/2026:09:48:02 -0300] "GET /shop/demonstrably/aggravative161367857166.phtml HTTP/2.0" 404 836 "https://primemooca.online/sitemap-detail-1244.xml" "Mozilla/5.0 AppleWebKit/537.36 (KHTML, like Gecko; compatible; GPTBot/1.3; +https://openai.com/gptbot)" primemooca.online 216.172.172.98
57.141.2.20 - - [14/Mar/2026:09:48:02 -0300] "GET /shop/spinispirulate/lovelily16486484094.phtml HTTP/2.0" 404 2361 "-" "meta-externalagent/1.1 (+https://developers.facebook.com/docs/sharing/webmasters/crawler)" primemooca.online 216.172.172.98
57.141.2.35 - - [14/Mar/2026:09:48:05 -0300] "GET /shop/fumid/equal153415227755.phtml HTTP/1.1" 404 2361 "-" "meta-externalagent/1.1 (+https://developers.facebook.com/docs/sharing/webmasters/crawler)" primemooca.online 216.172.172.98
57.141.2.35 - - [14/Mar/2026:09:48:05 -0300] "GET /shop/fumid/equal153415227755.phtml HTTP/2.0" 404 2361 "-" "meta-externalagent/1.1 (+https://developers.facebook.com/docs/sharing/webmasters/crawler)" primemooca.online 216.172.172.98
57.141.2.60 - - [14/Mar/2026:09:48:07 -0300] "GET /shop/opodeldoc/soapiest123018744409.phtml HTTP/1.1" 404 2361 "-" "meta-externalagent/1.1 (+https://developers.facebook.com/docs/sharing/webmasters/crawler)" primemooca.online 216.172.172.98
57.141.2.60 - - [14/Mar/2026:09:48:07 -0300] "GET /shop/opodeldoc/soapiest123018744409.phtml HTTP/2.0" 404 2361 "-" "meta-externalagent/1.1 (+https://developers.facebook.com/docs/sharing/webmasters/crawler)" primemooca.online 216.172.172.98
57.141.2.20 - - [14/Mar/2026:09:48:09 -0300] "GET /shop/lapidescence/chopness111017499472.phtml HTTP/1.1" 404 2361 "-" "meta-externalagent/1.1 (+https://developers.facebook.com/docs/sharing/webmasters/crawler)" primemooca.online 216.172.172.98
57.141.2.20 - - [14/Mar/2026:09:48:09 -0300] "GET /shop/lapidescence/chopness111017499472.phtml HTTP/2.0" 404 2361 "-" "meta-externalagent/1.1 (+https://developers.facebook.com/docs/sharing/webmasters/crawler)" primemooca.online 216.172.172.98
57.141.2.17 - - [14/Mar/2026:09:48:11 -0300] "GET /shop/disacknowledged/photo142324211797.phtml HTTP/1.1" 404 2361 "-" "meta-externalagent/1.1 (+https://developers.facebook.com/docs/sharing/webmasters/crawler)" primemooca.online 216.172.172.98
57.141.2.17 - - [14/Mar/2026:09:48:11 -0300] "GET /shop/disacknowledged/photo142324211797.phtml HTTP/2.0" 404 2361 "-" "meta-externalagent/1.1 (+https://developers.facebook.com/docs/sharing/webmasters/crawler)" primemooca.online 216.172.172.98
74.7.242.7 - - [14/Mar/2026:09:48:12 -0300] "GET /shop/unicursal/chlamydomonas162173322864.phtml HTTP/1.1" 404 836 "https://primemooca.online/sitemap-detail-1862.xml" "Mozilla/5.0 AppleWebKit/537.36 (KHTML, like Gecko; compatible; GPTBot/1.3; +https://openai.com/gptbot)" primemooca.online 216.172.172.98
74.7.242.7 - - [14/Mar/2026:09:48:12 -0300] "GET /shop/unicursal/chlamydomonas162173322864.phtml HTTP/2.0" 404 836 "https://primemooca.online/sitemap-detail-1862.xml" "Mozilla/5.0 AppleWebKit/537.36 (KHTML, like Gecko; compatible; GPTBot/1.3; +https://openai.com/gptbot)" primemooca.online 216.172.172.98
57.141.2.20 - - [14/Mar/2026:09:48:13 -0300] "GET /shop/seasonal/basely112527013385.phtml HTTP/1.1" 404 2361 "-" "meta-externalagent/1.1 (+https://developers.facebook.com/docs/sharing/webmasters/crawler)" primemooca.online 216.172.172.98
57.141.2.20 - - [14/Mar/2026:09:48:13 -0300] "GET /shop/seasonal/basely112527013385.phtml HTTP/2.0" 404 2361 "-" "meta-externalagent/1.1 (+https://developers.facebook.com/docs/sharing/webmasters/crawler)" primemooca.online 216.172.172.98
57.141.2.2 - - [14/Mar/2026:09:48:16 -0300] "GET /shop/desiccative/diagnostics173259422166.phtml HTTP/1.1" 404 2361 "-" "meta-externalagent/1.1 (+https://developers.facebook.com/docs/sharing/webmasters/crawler)" primemooca.online 216.172.172.98
57.141.2.2 - - [14/Mar/2026:09:48:16 -0300] "GET /shop/desiccative/diagnostics173259422166.phtml HTTP/2.0" 404 2361 "-" "meta-externalagent/1.1 (+https://developers.facebook.com/docs/sharing/webmasters/crawler)" primemooca.online 216.172.172.98
57.141.2.49 - - [14/Mar/2026:09:48:18 -0300] "GET /shop/sluttish/ovatesubulate112483413037.phtml HTTP/1.1" 404 2361 "-" "meta-externalagent/1.1 (+https://developers.facebook.com/docs/sharing/webmasters/crawler)" primemooca.online 216.172.172.98
57.141.2.49 - - [14/Mar/2026:09:48:18 -0300] "GET /shop/sluttish/ovatesubulate112483413037.phtml HTTP/2.0" 404 2361 "-" "meta-externalagent/1.1 (+https://developers.facebook.com/docs/sharing/webmasters/crawler)" primemooca.online 216.172.172.98
57.141.2.49 - - [14/Mar/2026:09:48:20 -0300] "GET /shop/boylike/ernest15379627938.phtml HTTP/1.1" 404 2361 "-" "meta-externalagent/1.1 (+https://developers.facebook.com/docs/sharing/webmasters/crawler)" primemooca.online 216.172.172.98
57.141.2.49 - - [14/Mar/2026:09:48:20 -0300] "GET /shop/boylike/ernest15379627938.phtml HTTP/2.0" 404 2361 "-" "meta-externalagent/1.1 (+https://developers.facebook.com/docs/sharing/webmasters/crawler)" primemooca.online 216.172.172.98
74.7.242.7 - - [14/Mar/2026:09:48:22 -0300] "GET /shop/hibernoceltic/zenithal162199573077.phtml HTTP/1.1" 404 836 "https://primemooca.online/sitemap-detail-2043.xml" "Mozilla/5.0 AppleWebKit/537.36 (KHTML, like Gecko; compatible; GPTBot/1.3; +https://openai.com/gptbot)" primemooca.online 216.172.172.98
74.7.242.7 - - [14/Mar/2026:09:48:21 -0300] "GET /shop/hibernoceltic/zenithal162199573077.phtml HTTP/2.0" 404 836 "https://primemooca.online/sitemap-detail-2043.xml" "Mozilla/5.0 AppleWebKit/537.36 (KHTML, like Gecko; compatible; GPTBot/1.3; +https://openai.com/gptbot)" primemooca.online 216.172.172.98
57.141.2.71 - - [14/Mar/2026:09:48:22 -0300] "GET /shop/entellus/reelection122555163400.phtml HTTP/1.1" 404 2361 "-" "meta-externalagent/1.1 (+https://developers.facebook.com/docs/sharing/webmasters/crawler)" primemooca.online 216.172.172.98
57.141.2.71 - - [14/Mar/2026:09:48:22 -0300] "GET /shop/entellus/reelection122555163400.phtml HTTP/2.0" 404 2361 "-" "meta-externalagent/1.1 (+https://developers.facebook.com/docs/sharing/webmasters/crawler)" primemooca.online 216.172.172.98
57.141.2.61 - - [14/Mar/2026:09:48:25 -0300] "GET /shop/stipend/colliquated163952981461.phtml HTTP/1.1" 404 2361 "-" "meta-externalagent/1.1 (+https://developers.facebook.com/docs/sharing/webmasters/crawler)" primemooca.online 216.172.172.98
57.141.2.61 - - [14/Mar/2026:09:48:25 -0300] "GET /shop/stipend/colliquated163952981461.phtml HTTP/2.0" 404 2361 "-" "meta-externalagent/1.1 (+https://developers.facebook.com/docs/sharing/webmasters/crawler)" primemooca.online 216.172.172.98
57.141.2.25 - - [14/Mar/2026:09:48:27 -0300] "GET /shop/waggish/burgeois113114410483.phtml HTTP/1.1" 404 2361 "-" "meta-externalagent/1.1 (+https://developers.facebook.com/docs/sharing/webmasters/crawler)" primemooca.online 216.172.172.98
57.141.2.25 - - [14/Mar/2026:09:48:27 -0300] "GET /shop/waggish/burgeois113114410483.phtml HTTP/2.0" 404 2361 "-" "meta-externalagent/1.1 (+https://developers.facebook.com/docs/sharing/webmasters/crawler)" primemooca.online 216.172.172.98
57.141.2.55 - - [14/Mar/2026:09:48:29 -0300] "GET /shop/unplight/atricapillus16928107448.phtml HTTP/1.1" 404 2361 "-" "meta-externalagent/1.1 (+https://developers.facebook.com/docs/sharing/webmasters/crawler)" primemooca.online 216.172.172.98
57.141.2.55 - - [14/Mar/2026:09:48:29 -0300] "GET /shop/unplight/atricapillus16928107448.phtml HTTP/2.0" 404 2361 "-" "meta-externalagent/1.1 (+https://developers.facebook.com/docs/sharing/webmasters/crawler)" primemooca.online 216.172.172.98
57.141.2.60 - - [14/Mar/2026:09:48:31 -0300] "GET /shop/ineffability/hopomythumb131652626027.phtml HTTP/1.1" 404 2361 "-" "meta-externalagent/1.1 (+https://developers.facebook.com/docs/sharing/webmasters/crawler)" primemooca.online 216.172.172.98
57.141.2.60 - - [14/Mar/2026:09:48:31 -0300] "GET /shop/ineffability/hopomythumb131652626027.phtml HTTP/2.0" 404 2361 "-" "meta-externalagent/1.1 (+https://developers.facebook.com/docs/sharing/webmasters/crawler)" primemooca.online 216.172.172.98
74.7.242.7 - - [14/Mar/2026:09:48:31 -0300] "GET /shop/jumpedup/superintending161345738826.phtml HTTP/1.1" 404 836 "https://primemooca.online/sitemap-detail-2178.xml" "Mozilla/5.0 AppleWebKit/537.36 (KHTML, like Gecko; compatible; GPTBot/1.3; +https://openai.com/gptbot)" primemooca.online 216.172.172.98
74.7.242.7 - - [14/Mar/2026:09:48:31 -0300] "GET /shop/jumpedup/superintending161345738826.phtml HTTP/2.0" 404 836 "https://primemooca.online/sitemap-detail-2178.xml" "Mozilla/5.0 AppleWebKit/537.36 (KHTML, like Gecko; compatible; GPTBot/1.3; +https://openai.com/gptbot)" primemooca.online 216.172.172.98
57.141.2.24 - - [14/Mar/2026:09:48:34 -0300] "GET /shop/haematemesis/denitration172115670427.phtml HTTP/1.1" 404 2361 "-" "meta-externalagent/1.1 (+https://developers.facebook.com/docs/sharing/webmasters/crawler)" primemooca.online 216.172.172.98
57.141.2.24 - - [14/Mar/2026:09:48:34 -0300] "GET /shop/haematemesis/denitration172115670427.phtml HTTP/2.0" 404 2361 "-" "meta-externalagent/1.1 (+https://developers.facebook.com/docs/sharing/webmasters/crawler)" primemooca.online 216.172.172.98
57.141.2.52 - - [14/Mar/2026:09:48:36 -0300] "GET /shop/planchet/hostile131591700939.phtml HTTP/1.1" 404 2361 "-" "meta-externalagent/1.1 (+https://developers.facebook.com/docs/sharing/webmasters/crawler)" primemooca.online 216.172.172.98
57.141.2.52 - - [14/Mar/2026:09:48:36 -0300] "GET /shop/planchet/hostile131591700939.phtml HTTP/2.0" 404 2361 "-" "meta-externalagent/1.1 (+https://developers.facebook.com/docs/sharing/webmasters/crawler)" primemooca.online 216.172.172.98
57.141.2.63 - - [14/Mar/2026:09:48:38 -0300] "GET /shop/catechol/herodii132472162124.phtml HTTP/1.1" 404 2361 "-" "meta-externalagent/1.1 (+https://developers.facebook.com/docs/sharing/webmasters/crawler)" primemooca.online 216.172.172.98
57.141.2.63 - - [14/Mar/2026:09:48:38 -0300] "GET /shop/catechol/herodii132472162124.phtml HTTP/2.0" 404 2361 "-" "meta-externalagent/1.1 (+https://developers.facebook.com/docs/sharing/webmasters/crawler)" primemooca.online 216.172.172.98
57.141.2.35 - - [14/Mar/2026:09:48:40 -0300] "GET /shop/supermaxilla/ascomycota123258727247.phtml HTTP/1.1" 404 2361 "-" "meta-externalagent/1.1 (+https://developers.facebook.com/docs/sharing/webmasters/crawler)" primemooca.online 216.172.172.98
57.141.2.35 - - [14/Mar/2026:09:48:40 -0300] "GET /shop/supermaxilla/ascomycota123258727247.phtml HTTP/2.0" 404 2361 "-" "meta-externalagent/1.1 (+https://developers.facebook.com/docs/sharing/webmasters/crawler)" primemooca.online 216.172.172.98
74.7.242.7 - - [14/Mar/2026:09:48:41 -0300] "GET /shop/encomium/exauctoration162058905261.phtml HTTP/1.1" 404 836 "https://primemooca.online/sitemap-detail-2240.xml" "Mozilla/5.0 AppleWebKit/537.36 (KHTML, like Gecko; compatible; GPTBot/1.3; +https://openai.com/gptbot)" primemooca.online 216.172.172.98
74.7.242.7 - - [14/Mar/2026:09:48:41 -0300] "GET /shop/encomium/exauctoration162058905261.phtml HTTP/2.0" 404 836 "https://primemooca.online/sitemap-detail-2240.xml" "Mozilla/5.0 AppleWebKit/537.36 (KHTML, like Gecko; compatible; GPTBot/1.3; +https://openai.com/gptbot)" primemooca.online 216.172.172.98
57.141.2.49 - - [14/Mar/2026:09:48:42 -0300] "GET /shop/caption/claptrap163038519004.phtml HTTP/1.1" 404 2361 "-" "meta-externalagent/1.1 (+https://developers.facebook.com/docs/sharing/webmasters/crawler)" primemooca.online 216.172.172.98
57.141.2.49 - - [14/Mar/2026:09:48:42 -0300] "GET /shop/caption/claptrap163038519004.phtml HTTP/2.0" 404 2361 "-" "meta-externalagent/1.1 (+https://developers.facebook.com/docs/sharing/webmasters/crawler)" primemooca.online 216.172.172.98
57.141.2.60 - - [14/Mar/2026:09:48:45 -0300] "GET /shop/scutum/concubine142584968411.phtml HTTP/1.1" 404 2361 "-" "meta-externalagent/1.1 (+https://developers.facebook.com/docs/sharing/webmasters/crawler)" primemooca.online 216.172.172.98
57.141.2.60 - - [14/Mar/2026:09:48:45 -0300] "GET /shop/scutum/concubine142584968411.phtml HTTP/2.0" 404 2361 "-" "meta-externalagent/1.1 (+https://developers.facebook.com/docs/sharing/webmasters/crawler)" primemooca.online 216.172.172.98
57.141.2.41 - - [14/Mar/2026:09:48:47 -0300] "GET /shop/genian/imposing124025551806.phtml HTTP/1.1" 404 2361 "-" "meta-externalagent/1.1 (+https://developers.facebook.com/docs/sharing/webmasters/crawler)" primemooca.online 216.172.172.98
57.141.2.41 - - [14/Mar/2026:09:48:47 -0300] "GET /shop/genian/imposing124025551806.phtml HTTP/2.0" 404 2361 "-" "meta-externalagent/1.1 (+https://developers.facebook.com/docs/sharing/webmasters/crawler)" primemooca.online 216.172.172.98
57.141.2.3 - - [14/Mar/2026:09:48:49 -0300] "GET /shop/dismember/ulodendron122078188481.phtml HTTP/1.1" 404 2361 "-" "meta-externalagent/1.1 (+https://developers.facebook.com/docs/sharing/webmasters/crawler)" primemooca.online 216.172.172.98
57.141.2.3 - - [14/Mar/2026:09:48:49 -0300] "GET /shop/dismember/ulodendron122078188481.phtml HTTP/2.0" 404 2361 "-" "meta-externalagent/1.1 (+https://developers.facebook.com/docs/sharing/webmasters/crawler)" primemooca.online 216.172.172.98
74.7.242.7 - - [14/Mar/2026:09:48:51 -0300] "GET /shop/indictment/confutative161260469220.phtml HTTP/1.1" 404 836 "https://primemooca.online/sitemap-detail-2951.xml" "Mozilla/5.0 AppleWebKit/537.36 (KHTML, like Gecko; compatible; GPTBot/1.3; +https://openai.com/gptbot)" primemooca.online 216.172.172.98
74.7.242.7 - - [14/Mar/2026:09:48:51 -0300] "GET /shop/indictment/confutative161260469220.phtml HTTP/2.0" 404 836 "https://primemooca.online/sitemap-detail-2951.xml" "Mozilla/5.0 AppleWebKit/537.36 (KHTML, like Gecko; compatible; GPTBot/1.3; +https://openai.com/gptbot)" primemooca.online 216.172.172.98
57.141.2.15 - - [14/Mar/2026:09:48:51 -0300] "GET /shop/kislev/innixion13441992815.phtml HTTP/1.1" 404 2361 "-" "meta-externalagent/1.1 (+https://developers.facebook.com/docs/sharing/webmasters/crawler)" primemooca.online 216.172.172.98
57.141.2.15 - - [14/Mar/2026:09:48:51 -0300] "GET /shop/kislev/innixion13441992815.phtml HTTP/2.0" 404 2361 "-" "meta-externalagent/1.1 (+https://developers.facebook.com/docs/sharing/webmasters/crawler)" primemooca.online 216.172.172.98
57.141.2.30 - - [14/Mar/2026:09:48:53 -0300] "GET /shop/crambo/bumbling13578464306.phtml HTTP/1.1" 404 2361 "-" "meta-externalagent/1.1 (+https://developers.facebook.com/docs/sharing/webmasters/crawler)" primemooca.online 216.172.172.98
57.141.2.30 - - [14/Mar/2026:09:48:53 -0300] "GET /shop/crambo/bumbling13578464306.phtml HTTP/2.0" 404 2361 "-" "meta-externalagent/1.1 (+https://developers.facebook.com/docs/sharing/webmasters/crawler)" primemooca.online 216.172.172.98
57.141.2.38 - - [14/Mar/2026:09:48:56 -0300] "GET /shop/designfulness/syntony133494007970.phtml HTTP/1.1" 404 2361 "-" "meta-externalagent/1.1 (+https://developers.facebook.com/docs/sharing/webmasters/crawler)" primemooca.online 216.172.172.98
57.141.2.38 - - [14/Mar/2026:09:48:56 -0300] "GET /shop/designfulness/syntony133494007970.phtml HTTP/2.0" 404 2361 "-" "meta-externalagent/1.1 (+https://developers.facebook.com/docs/sharing/webmasters/crawler)" primemooca.online 216.172.172.98
66.249.73.10 - - [14/Mar/2026:09:48:56 -0300] "GET /reserve/tool/ HTTP/1.1" 404 836 "-" "Mozilla/5.0 (Linux; Android 6.0.1; Nexus 5X Build/MMB29P) AppleWebKit/537.36 (KHTML, like Gecko) Chrome/145.0.7632.116 Mobile Safari/537.36 (compatible; GoogleOther)" primemooca.online 216.172.172.98
66.249.73.10 - - [14/Mar/2026:09:48:56 -0300] "GET /reserve/tool/ HTTP/1.1" 404 836 "-" "Mozilla/5.0 (Linux; Android 6.0.1; Nexus 5X Build/MMB29P) AppleWebKit/537.36 (KHTML, like Gecko) Chrome/145.0.7632.116 Mobile Safari/537.36 (compatible; GoogleOther)" primemooca.online 216.172.172.98
57.141.2.67 - - [14/Mar/2026:09:48:58 -0300] "GET /shop/invendibleness/graved12380608154.phtml HTTP/1.1" 404 2361 "-" "meta-externalagent/1.1 (+https://developers.facebook.com/docs/sharing/webmasters/crawler)" primemooca.online 216.172.172.98
57.141.2.67 - - [14/Mar/2026:09:48:58 -0300] "GET /shop/invendibleness/graved12380608154.phtml HTTP/2.0" 404 2361 "-" "meta-externalagent/1.1 (+https://developers.facebook.com/docs/sharing/webmasters/crawler)" primemooca.online 216.172.172.98
57.141.2.32 - - [14/Mar/2026:09:49:00 -0300] "GET /shop/eventration/surangular123849545466.phtml HTTP/1.1" 404 2361 "-" "meta-externalagent/1.1 (+https://developers.facebook.com/docs/sharing/webmasters/crawler)" primemooca.online 216.172.172.98
57.141.2.32 - - [14/Mar/2026:09:49:00 -0300] "GET /shop/eventration/surangular123849545466.phtml HTTP/2.0" 404 2361 "-" "meta-externalagent/1.1 (+https://developers.facebook.com/docs/sharing/webmasters/crawler)" primemooca.online 216.172.172.98
74.7.242.7 - - [14/Mar/2026:09:49:01 -0300] "GET /shop/centralisation/reshape161021943873.phtml HTTP/1.1" 404 836 "https://primemooca.online/sitemap-detail-1938.xml" "Mozilla/5.0 AppleWebKit/537.36 (KHTML, like Gecko; compatible; GPTBot/1.3; +https://openai.com/gptbot)" primemooca.online 216.172.172.98
74.7.242.7 - - [14/Mar/2026:09:49:00 -0300] "GET /shop/centralisation/reshape161021943873.phtml HTTP/2.0" 404 836 "https://primemooca.online/sitemap-detail-1938.xml" "Mozilla/5.0 AppleWebKit/537.36 (KHTML, like Gecko; compatible; GPTBot/1.3; +https://openai.com/gptbot)" primemooca.online 216.172.172.98
57.141.2.32 - - [14/Mar/2026:09:49:02 -0300] "GET /shop/reinstation/achromatism152566507558.phtml HTTP/1.1" 404 2361 "-" "meta-externalagent/1.1 (+https://developers.facebook.com/docs/sharing/webmasters/crawler)" primemooca.online 216.172.172.98
57.141.2.32 - - [14/Mar/2026:09:49:02 -0300] "GET /shop/reinstation/achromatism152566507558.phtml HTTP/2.0" 404 2361 "-" "meta-externalagent/1.1 (+https://developers.facebook.com/docs/sharing/webmasters/crawler)" primemooca.online 216.172.172.98
57.141.2.60 - - [14/Mar/2026:09:49:05 -0300] "GET /shop/graminis/declaimer112521238549.phtml HTTP/1.1" 404 2361 "-" "meta-externalagent/1.1 (+https://developers.facebook.com/docs/sharing/webmasters/crawler)" primemooca.online 216.172.172.98
57.141.2.60 - - [14/Mar/2026:09:49:05 -0300] "GET /shop/graminis/declaimer112521238549.phtml HTTP/2.0" 404 2361 "-" "meta-externalagent/1.1 (+https://developers.facebook.com/docs/sharing/webmasters/crawler)" primemooca.online 216.172.172.98
57.141.2.10 - - [14/Mar/2026:09:49:07 -0300] "GET /shop/circumflexing/crimson111730720535.phtml HTTP/1.1" 404 2361 "-" "meta-externalagent/1.1 (+https://developers.facebook.com/docs/sharing/webmasters/crawler)" primemooca.online 216.172.172.98
57.141.2.10 - - [14/Mar/2026:09:49:07 -0300] "GET /shop/circumflexing/crimson111730720535.phtml HTTP/2.0" 404 2361 "-" "meta-externalagent/1.1 (+https://developers.facebook.com/docs/sharing/webmasters/crawler)" primemooca.online 216.172.172.98
57.141.2.26 - - [14/Mar/2026:09:49:09 -0300] "GET /shop/ipocras/surnia14609098001.phtml HTTP/1.1" 404 2361 "-" "meta-externalagent/1.1 (+https://developers.facebook.com/docs/sharing/webmasters/crawler)" primemooca.online 216.172.172.98
57.141.2.26 - - [14/Mar/2026:09:49:09 -0300] "GET /shop/ipocras/surnia14609098001.phtml HTTP/2.0" 404 2361 "-" "meta-externalagent/1.1 (+https://developers.facebook.com/docs/sharing/webmasters/crawler)" primemooca.online 216.172.172.98
74.7.242.7 - - [14/Mar/2026:09:49:10 -0300] "GET /shop/kreutzer/anomaloflorous164020050828.phtml HTTP/1.1" 404 836 "https://primemooca.online/sitemap-detail-1764.xml" "Mozilla/5.0 AppleWebKit/537.36 (KHTML, like Gecko; compatible; GPTBot/1.3; +https://openai.com/gptbot)" primemooca.online 216.172.172.98
74.7.242.7 - - [14/Mar/2026:09:49:10 -0300] "GET /shop/kreutzer/anomaloflorous164020050828.phtml HTTP/2.0" 404 836 "https://primemooca.online/sitemap-detail-1764.xml" "Mozilla/5.0 AppleWebKit/537.36 (KHTML, like Gecko; compatible; GPTBot/1.3; +https://openai.com/gptbot)" primemooca.online 216.172.172.98
57.141.2.16 - - [14/Mar/2026:09:49:11 -0300] "GET /shop/peonism/execrating131720184861.phtml HTTP/1.1" 404 2361 "-" "meta-externalagent/1.1 (+https://developers.facebook.com/docs/sharing/webmasters/crawler)" primemooca.online 216.172.172.98
57.141.2.16 - - [14/Mar/2026:09:49:11 -0300] "GET /shop/peonism/execrating131720184861.phtml HTTP/2.0" 404 2361 "-" "meta-externalagent/1.1 (+https://developers.facebook.com/docs/sharing/webmasters/crawler)" primemooca.online 216.172.172.98
57.141.2.47 - - [14/Mar/2026:09:49:13 -0300] "GET /shop/eyeteeth/eversmanni161549897320.phtml HTTP/1.1" 404 2361 "-" "meta-externalagent/1.1 (+https://developers.facebook.com/docs/sharing/webmasters/crawler)" primemooca.online 216.172.172.98
57.141.2.47 - - [14/Mar/2026:09:49:13 -0300] "GET /shop/eyeteeth/eversmanni161549897320.phtml HTTP/2.0" 404 2361 "-" "meta-externalagent/1.1 (+https://developers.facebook.com/docs/sharing/webmasters/crawler)" primemooca.online 216.172.172.98
57.141.2.60 - - [14/Mar/2026:09:49:16 -0300] "GET /shop/bellying/niding16493064864.phtml HTTP/1.1" 404 2361 "-" "meta-externalagent/1.1 (+https://developers.facebook.com/docs/sharing/webmasters/crawler)" primemooca.online 216.172.172.98
57.141.2.60 - - [14/Mar/2026:09:49:16 -0300] "GET /shop/bellying/niding16493064864.phtml HTTP/2.0" 404 2361 "-" "meta-externalagent/1.1 (+https://developers.facebook.com/docs/sharing/webmasters/crawler)" primemooca.online 216.172.172.98
57.141.2.57 - - [14/Mar/2026:09:49:18 -0300] "GET /shop/overraked/calorimetry113433439898.phtml HTTP/1.1" 404 2361 "-" "meta-externalagent/1.1 (+https://developers.facebook.com/docs/sharing/webmasters/crawler)" primemooca.online 216.172.172.98
57.141.2.57 - - [14/Mar/2026:09:49:18 -0300] "GET /shop/overraked/calorimetry113433439898.phtml HTTP/2.0" 404 2361 "-" "meta-externalagent/1.1 (+https://developers.facebook.com/docs/sharing/webmasters/crawler)" primemooca.online 216.172.172.98
